D/ ( 548): mtp_send_response_mtp_handle : [SUCCESS], Opcode[0x9802], ResponseCode[0x2001], NumParams[0]!!
D/ ( 548): DEVICE_PHASE_IDLE
D/ ( 548): DataLen:20 dwBytesReceived: 0
D/ ( 548): Resetting flag g_HostCancel 0
D/ ( 548): mtp_process_command_mtp_handle : COMMAND[0x9802]!!
D/ ( 548): mtp_send_response_mtp_handle : [SUCCESS], Opcode[0x9802], ResponseCode[0x2001], NumParams[0]!!
D/ ( 548): DEVICE_PHASE_IDLE
D/ ( 548): DataLen:20 dwBytesReceived: 0
D/ ( 548): Resetting flag g_HostCancel 0
D/ ( 548): mtp_process_command_mtp_handle : COMMAND[0x9802]!!
D/ ( 548): mtp_send_response_mtp_handle : [SUCCESS], Opcode[0x9802], ResponseCode[0x2001], NumParams[0]!!
D/ ( 548): DEVICE_PHASE_IDLE
D/ ( 548): DataLen:32 dwBytesReceived: 0
D/ ( 548): Resetting flag g_HostCancel 0
D/ ( 548): mtp_process_command_mtp_handle : COMMAND[0x9805]!!
D/ ( 548): Setting the property MTP_OBJ_PROPERTYCODE_PERSISTENTGUID!!
D/ ( 548): mtp_send_response_mtp_handle : [SUCCESS], Opcode[0x9805], ResponseCode[0x2001], NumParams[0]!!
D/ ( 548): DEVICE_PHASE_IDLE
D/ ( 548): DataLen:20 dwBytesReceived: 0
D/ ( 548): Resetting flag g_HostCancel 0
D/ ( 548): mtp_process_command_mtp_handle : COMMAND[0x9802]!!
D/ ( 548): mtp_send_response_mtp_handle : [SUCCESS], Opcode[0x9802], ResponseCode[0x2001], NumParams[0]!!
D/ ( 548): DEVICE_PHASE_IDLE
D/ ( 548): DataLen:20 dwBytesReceived: 0
D/ ( 548): Resetting flag g_HostCancel 0
D/ ( 548): mtp_process_command_mtp_handle : COMMAND[0x9802]!!
D/ ( 548): mtp_send_response_mtp_handle : [SUCCESS], Opcode[0x9802], ResponseCode[0x2001], NumParams[0]!!
D/ ( 548): DEVICE_PHASE_IDLE
D/ ( 548): DataLen:20 dwBytesReceived: 0
D/ ( 548): Resetting flag g_HostCancel 0
D/ ( 548): mtp_process_command_mtp_handle : COMMAND[0x9802]!!
D/ ( 548): mtp_send_response_mtp_handle : [SUCCESS], Opcode[0x9802], ResponseCode[0x2001], NumParams[0]!!
D/ ( 548): DEVICE_PHASE_IDLE
D/ ( 548): DataLen:20 dwBytesReceived: 0
D/ ( 548): Resetting flag g_HostCancel 0
D/ ( 548): mtp_process_command_mtp_handle : COMMAND[0x9802]!!
D/ ( 548): mtp_send_response_mtp_handle : [SUCCESS], Opcode[0x9802], ResponseCode[0x2001], NumParams[0]!!
D/ ( 548): DEVICE_PHASE_IDLE
D/ ( 548): DataLen:20 dwBytesReceived: 0
D/ ( 548): Resetting flag g_HostCancel 0
D/ ( 548): mtp_process_command_mtp_handle : COMMAND[0x9802]!!
D/ ( 548): mtp_send_response_mtp_handle : [SUCCESS], Opcode[0x9802], ResponseCode[0x2001], NumParams[0]!!
D/ ( 548): DEVICE_PHASE_IDLE
D/ ( 548): DataLen:20 dwBytesReceived: 0
D/ ( 548): Resetting flag g_HostCancel 0
D/ ( 548): mtp_process_command_mtp_handle : COMMAND[0x9802]!!
D/ ( 548): mtp_send_response_mtp_handle : [SUCCESS], Opcode[0x9802], ResponseCode[0x2001], NumParams[0]!!
D/ ( 548): DEVICE_PHASE_IDLE
D/ ( 548): DataLen:20 dwBytesReceived: 0
D/ ( 548): Resetting flag g_HostCancel 0
D/ ( 548): mtp_process_command_mtp_handle : COMMAND[0x9802]!!
D/ ( 548): mtp_send_response_mtp_handle : [SUCCESS], Opcode[0x9802], ResponseCode[0x2001], NumParams[0]!!
D/ ( 548): DEVICE_PHASE_IDLE
D/ ( 548): DataLen:20 dwBytesReceived: 0
D/ ( 548): Resetting flag g_HostCancel 0
D/ ( 548): mtp_process_command_mtp_handle : COMMAND[0x9802]!!
D/ ( 548): mtp_send_response_mtp_handle : [SUCCESS], Opcode[0x9802], ResponseCode[0x2001], NumParams[0]!!
D/ ( 548): DEVICE_PHASE_IDLE
D/ ( 548): DataLen:20 dwBytesReceived: 0
D/ ( 548): Resetting flag g_HostCancel 0
D/ ( 548): mtp_process_command_mtp_handle : COMMAND[0x9802]!!
D/ ( 548): mtp_send_response_mtp_handle : [SUCCESS], Opcode[0x9802], ResponseCode[0x2001], NumParams[0]!!
D/ ( 548): DEVICE_PHASE_IDLE
D/ ( 548): DataLen:20 dwBytesReceived: 0
D/ ( 548): Resetting flag g_HostCancel 0
D/ ( 548): mtp_process_command_mtp_handle : COMMAND[0x9802]!!
D/ ( 548): mtp_send_response_mtp_handle : [SUCCESS], Opcode[0x9802], ResponseCode[0x2001], NumParams[0]!!
D/ ( 548): DEVICE_PHASE_IDLE
D/ ( 548): DataLen:20 dwBytesReceived: 0
D/ ( 548): Resetting flag g_HostCancel 0
D/ ( 548): mtp_process_command_mtp_handle : COMMAND[0x9802]!!
D/ ( 548): mtp_send_response_mtp_handle : [SUCCESS], Opcode[0x9802], ResponseCode[0x2001], NumParams[0]!!
D/ ( 548): DEVICE_PHASE_IDLE
D/ ( 548): DataLen:20 dwBytesReceived: 0
D/ ( 548): Resetting flag g_HostCancel 0
D/ ( 548): mtp_process_command_mtp_handle : COMMAND[0x9802]!!
D/ ( 548): mtp_send_response_mtp_handle : [SUCCESS], Opcode[0x9802], ResponseCode[0x2001], NumParams[0]!!
D/ ( 548): DEVICE_PHASE_IDLE
D/ ( 548): DataLen:20 dwBytesReceived: 0
D/ ( 548): Resetting flag g_HostCancel 0
D/ ( 548): mtp_process_command_mtp_handle : COMMAND[0x9802]!!
D/ ( 548): mtp_send_response_mtp_handle : [SUCCESS], Opcode[0x9802], ResponseCode[0x2001], NumParams[0]!!
D/ ( 548): DEVICE_PHASE_IDLE
D/ ( 548): DataLen:20 dwBytesReceived: 0
D/ ( 548): Resetting flag g_HostCancel 0
D/ ( 548): mtp_process_command_mtp_handle : COMMAND[0x9802]!!
D/ ( 548): mtp_send_response_mtp_handle : [SUCCESS], Opcode[0x9802], ResponseCode[0x2001], NumParams[0]!!
D/ ( 548): DEVICE_PHASE_IDLE
D/ ( 548): DataLen:20 dwBytesReceived: 0
D/ ( 548): Resetting flag g_HostCancel 0
D/ ( 548): mtp_process_command_mtp_handle : COMMAND[0x9802]!!
D/ ( 548): mtp_send_response_mtp_handle : [SUCCESS], Opcode[0x9802], ResponseCode[0x2001], NumParams[0]!!
D/ ( 548): DEVICE_PHASE_IDLE
D/ ( 548): DataLen:20 dwBytesReceived: 0
D/ ( 548): Resetting flag g_HostCancel 0
D/ ( 548): mtp_process_command_mtp_handle : COMMAND[0x9802]!!
D/ ( 548): mtp_send_response_mtp_handle : [SUCCESS], Opcode[0x9802], ResponseCode[0x2001], NumParams[0]!!
D/ ( 548): DEVICE_PHASE_IDLE
D/ ( 548): DataLen:20 dwBytesReceived: 0
D/ ( 548): Resetting flag g_HostCancel 0
D/ ( 548): mtp_process_command_mtp_handle : COMMAND[0x9802]!!
D/ ( 548): mtp_send_response_mtp_handle : [SUCCESS], Opcode[0x9802], ResponseCode[0x2001], NumParams[0]!!
D/ ( 548): DEVICE_PHASE_IDLE
D/ ( 548): DataLen:20 dwBytesReceived: 0
D/ ( 548): Resetting flag g_HostCancel 0
D/ ( 548): mtp_process_command_mtp_handle : COMMAND[0x9802]!!
D/ ( 548): mtp_send_response_mtp_handle : [SUCCESS], Opcode[0x9802], ResponseCode[0x2001], NumParams[0]!!
D/ ( 548): DEVICE_PHASE_IDLE
D/ ( 548): DataLen:32 dwBytesReceived: 0
D/ ( 548): Resetting flag g_HostCancel 0
D/ ( 548): mtp_process_command_mtp_handle : COMMAND[0x9805]!!
D/ ( 548): Setting the property MTP_OBJ_PROPERTYCODE_PERSISTENTGUID!!
D/ ( 548): mtp_send_response_mtp_handle : [SUCCESS], Opcode[0x9805], ResponseCode[0x2001], NumParams[0]!!
D/ ( 548): DEVICE_PHASE_IDLE
D/ ( 548): DataLen:16 dwBytesReceived: 0
D/ ( 548): Resetting flag g_HostCancel 0
D/ ( 548): mtp_process_command_mtp_handle : COMMAND[0x9810]!!
D/ ( 548): mtp_send_response_mtp_handle : [SUCCESS], Opcode[0x9810], ResponseCode[0x2001], NumParams[0]!!
D/ ( 548): DEVICE_PHASE_IDLE
D/ ( 548): DataLen:20 dwBytesReceived: 0
D/ ( 548): Resetting flag g_HostCancel 0
D/ ( 548): mtp_process_command_mtp_handle : COMMAND[0x9802]!!
D/ ( 548): mtp_send_response_mtp_handle : [SUCCESS], Opcode[0x9802], ResponseCode[0x2001], NumParams[0]!!
D/ ( 548): DEVICE_PHASE_IDLE
D/ ( 548): DataLen:32 dwBytesReceived: 0
D/ ( 548): Resetting flag g_HostCancel 0
D/ ( 548): mtp_process_command_mtp_handle : COMMAND[0x9805]!!
D/ ( 548): Setting the property MTP_OBJ_PROPERTYCODE_PERSISTENTGUID!!
D/ ( 548): mtp_send_response_mtp_handle : [SUCCESS], Opcode[0x9805], ResponseCode[0x2001], NumParams[0]!!
D/ ( 548): DEVICE_PHASE_IDLE
D/ ( 548): DataLen:16 dwBytesReceived: 0
D/ ( 548): Resetting flag g_HostCancel 0
D/ ( 548): mtp_process_command_mtp_handle : COMMAND[0x1008]!!
D/ ( 548): inside mtp_get_object_info_mtp_handle
D/ ( 548): inside mtp_get_object_entry
D/ ( 548): Object Handle: 138
D/ ( 548): StorageID 65537
D/ ( 548): ObjectFormat 12289
D/ ( 548): ProtectionStatus 0
D/ ( 548): ObjectCompressedSize 1487329344
D/ ( 548): ThumbCompressedSize 0
D/ ( 548): ThumbPixHeight 0
D/ ( 548): ThumbPixWidth 0
D/ ( 548): ImagePixWidth 0
D/ ( 548): ImagePixHeight 0
D/ ( 548): ImageBitDepth 0
D/ ( 548): ParentHandle 9
D/ ( 548): AssociationType 1
D/ ( 548): AssociationDesc 0
D/ ( 548): SequenceNumber 0
D/ ( 548): file Name :
D/ ( 548): A
D/ ( 548): DateCreated
D/ ( 548): DateModified
D/ ( 548): _mtp_handle
D/ ( 548): KeyWord
D/ ( 548): mtp_send_response_mtp_handle : [SUCCESS], Opcode[0x1008], ResponseCode[0x2001], NumParams[0]!!
D/ ( 548): DEVICE_PHASE_IDLE
D/ ( 548): DataLen:20 dwBytesReceived: 0
D/ ( 548): Resetting flag g_HostCancel 0
D/ ( 548): mtp_process_command_mtp_handle : COMMAND[0x9802]!!
D/ ( 548): mtp_send_response_mtp_handle : [SUCCESS], Opcode[0x9802], ResponseCode[0x2001], NumParams[0]!!
D/ ( 548): DEVICE_PHASE_IDLE
D/ ( 548): DataLen:32 dwBytesReceived: 0
D/ ( 548): Resetting flag g_HostCancel 0
D/ ( 548): mtp_process_command_mtp_handle : COMMAND[0x9805]!!
D/ ( 548): Setting the property MTP_OBJ_PROPERTYCODE_PERSISTENTGUID!!
D/ ( 548): mtp_send_response_mtp_handle : [SUCCESS], Opcode[0x9805], ResponseCode[0x2001], NumParams[0]!!
D/ ( 548): DEVICE_PHASE_IDLE
D/ ( 548): DataLen:16 dwBytesReceived: 0
D/ ( 548): Resetting flag g_HostCancel 0
D/ ( 548): mtp_process_command_mtp_handle : COMMAND[0x9810]!!
D/ ( 548): mtp_send_response_mtp_handle : [SUCCESS], Opcode[0x9810], ResponseCode[0x2001], NumParams[0]!!
D/dalvikvm(25738): WAIT_FOR_CONCURRENT_GC blocked 0ms
D/dalvikvm(25738): GC_EXPLICIT freed 32K, 8% free 13139K/14215K, paused 11ms+10ms, total 128ms
D/ ( 548): DEVICE_PHASE_IDLE
D/ ( 548): DataLen:20 dwBytesReceived: 0
D/ ( 548): Resetting flag g_HostCancel 0
D/ ( 548): mtp_process_command_mtp_handle : COMMAND[0x9802]!!
D/ ( 548): DEVICE_PHASE_IDLE
D/ ( 548): DataLen:20 dwBytesReceived: 0
D/ ( 548): Resetting flag g_HostCancel 0
D/ ( 548): mtp_process_command_mtp_handle : COMMAND[0x9802]!!
D/ ( 548): mtp_send_response_mtp_handle : [SUCCESS], Opcode[0x9802], ResponseCode[0x2001], NumParams[0]!!
D/ ( 548): mtp_send_response_mtp_handle : [SUCCESS], Opcode[0x9802], ResponseCode[0x2001], NumParams[0]!!
D/ ( 548): DEVICE_PHASE_IDLE
D/ ( 548): DataLen:16 dwBytesReceived: 0
D/ ( 548): Resetting flag g_HostCancel 0
D/ ( 548): mtp_process_command_mtp_handle : COMMAND[0x9807]!!
D/ ( 548): DEVICE_PHASE_IDLE
D/ ( 548): DataLen:20 dwBytesReceived: 0
D/ ( 548): Resetting flag g_HostCancel 0
D/ ( 548): mtp_process_command_mtp_handle : COMMAND[0x9802]!!
D/ ( 548): mtp_send_response_mtp_handle : [SUCCESS], Opcode[0x9802], ResponseCode[0x2001], NumParams[0]!!
D/ ( 548): mtp_send_response_mtp_handle : [SUCCESS], Opcode[0x9807], ResponseCode[0x2001], NumParams[0]!!
D/ ( 548): DEVICE_PHASE_IDLE
D/ ( 548): DataLen:20 dwBytesReceived: 0
D/ ( 548): Resetting flag g_HostCancel 0
D/ ( 548): mtp_process_command_mtp_handle : COMMAND[0x9802]!!
D/ ( 548): mtp_send_response_mtp_handle : [SUCCESS], Opcode[0x9802], ResponseCode[0x2001], NumParams[0]!!
D/ ( 548): DEVICE_PHASE_IDLE
D/ ( 548): DataLen:20 dwBytesReceived: 0
D/ ( 548): Resetting flag g_HostCancel 0
D/ ( 548): mtp_process_command_mtp_handle : COMMAND[0x9802]!!
D/ ( 548): mtp_send_response_mtp_handle : [SUCCESS], Opcode[0x9802], ResponseCode[0x2001], NumParams[0]!!
D/ ( 548): DEVICE_PHASE_IDLE
D/ ( 548): DataLen:20 dwBytesReceived: 0
D/ ( 548): Resetting flag g_HostCancel 0
D/ ( 548): mtp_process_command_mtp_handle : COMMAND[0x9802]!!
D/ ( 548): mtp_send_response_mtp_handle : [SUCCESS], Opcode[0x9802], ResponseCode[0x2001], NumParams[0]!!
D/ ( 548): DEVICE_PHASE_IDLE
D/ ( 548): DataLen:20 dwBytesReceived: 0
D/ ( 548): Resetting flag g_HostCancel 0
D/ ( 548): mtp_process_command_mtp_handle : COMMAND[0x9802]!!
D/ ( 548): mtp_send_response_mtp_handle : [SUCCESS], Opcode[0x9802], ResponseCode[0x2001], NumParams[0]!!
D/ ( 548): DEVICE_PHASE_IDLE
D/ ( 548): DataLen:16 dwBytesReceived: 0
D/ ( 548): Resetting flag g_HostCancel 0
D/ ( 548): mtp_process_command_mtp_handle : COMMAND[0x9807]!!
D/ ( 548): mtp_send_response_mtp_handle : [SUCCESS], Opcode[0x9807], ResponseCode[0x2001], NumParams[0]!!
D/ ( 548): DEVICE_PHASE_IDLE
D/ ( 548): DataLen:16 dwBytesReceived: 0
D/ ( 548): Resetting flag g_HostCancel 0
D/ ( 548): mtp_process_command_mtp_handle : COMMAND[0x9807]!!
D/ ( 548): mtp_send_response_mtp_handle : [SUCCESS], Opcode[0x9807], ResponseCode[0x2001], NumParams[0]!!
D/ ( 548): DEVICE_PHASE_IDLE
D/ ( 548): DataLen:16 dwBytesReceived: 0
D/ ( 548): Resetting flag g_HostCancel 0
D/ ( 548): mtp_process_command_mtp_handle : COMMAND[0x9801]!!
D/ ( 548): mtp_send_response_mtp_handle : [SUCCESS], Opcode[0x9801], ResponseCode[0x2001], NumParams[0]!!
D/ ( 548): DEVICE_PHASE_IDLE
D/ ( 548): DataLen:20 dwBytesReceived: 0
D/ ( 548): Resetting flag g_HostCancel 0
D/ ( 548): mtp_process_command_mtp_handle : COMMAND[0x9802]!!
D/ ( 548): mtp_send_response_mtp_handle : [SUCCESS], Opcode[0x9802], ResponseCode[0x2001], NumParams[0]!!
D/ ( 548): DEVICE_PHASE_IDLE
D/ ( 548): DataLen:20 dwBytesReceived: 0
D/ ( 548): Resetting flag g_HostCancel 0
D/ ( 548): mtp_process_command_mtp_handle : COMMAND[0x9802]!!
D/ ( 548): mtp_send_response_mtp_handle : [SUCCESS], Opcode[0x9802], ResponseCode[0x2001], NumParams[0]!!
D/ ( 548): DEVICE_PHASE_IDLE
D/ ( 548): DataLen:20 dwBytesReceived: 0
D/ ( 548): Resetting flag g_HostCancel 0
D/ ( 548): mtp_process_command_mtp_handle : COMMAND[0x9802]!!
D/ ( 548): mtp_send_response_mtp_handle : [SUCCESS], Opcode[0x9802], ResponseCode[0x2001], NumParams[0]!!
D/ ( 548): DEVICE_PHASE_IDLE
D/ ( 548): DataLen:20 dwBytesReceived: 0
D/ ( 548): Resetting flag g_HostCancel 0
D/ ( 548): mtp_process_command_mtp_handle : COMMAND[0x9802]!!
D/ ( 548): mtp_send_response_mtp_handle : [SUCCESS], Opcode[0x9802], ResponseCode[0x2001], NumParams[0]!!
D/ ( 548): DEVICE_PHASE_IDLE
D/ ( 548): DataLen:20 dwBytesReceived: 0
D/ ( 548): Resetting flag g_HostCancel 0
D/ ( 548): mtp_process_command_mtp_handle : COMMAND[0x9802]!!
D/ ( 548): mtp_send_response_mtp_handle : [SUCCESS], Opcode[0x9802], ResponseCode[0x2001], NumParams[0]!!
D/ ( 548): DEVICE_PHASE_IDLE
D/ ( 548): DataLen:20 dwBytesReceived: 0
D/ ( 548): Resetting flag g_HostCancel 0
D/ ( 548): mtp_process_command_mtp_handle : COMMAND[0x9802]!!
D/ ( 548): mtp_send_response_mtp_handle : [SUCCESS], Opcode[0x9802], ResponseCode[0x2001], NumParams[0]!!
D/ ( 548): DEVICE_PHASE_IDLE
D/ ( 548): DataLen:16 dwBytesReceived: 0
D/ ( 548): Resetting flag g_HostCancel 0
D/ ( 548): mtp_process_command_mtp_handle : COMMAND[0x9807]!!
D/ ( 548): mtp_send_response_mtp_handle : [SUCCESS], Opcode[0x9807], ResponseCode[0x2001], NumParams[0]!!
D/ ( 548): DEVICE_PHASE_IDLE
D/ ( 548): DataLen:16 dwBytesReceived: 0
D/ ( 548): Resetting flag g_HostCancel 0
D/ ( 548): mtp_process_command_mtp_handle : COMMAND[0x9801]!!
D/ ( 548): mtp_send_response_mtp_handle : [SUCCESS], Opcode[0x9801], ResponseCode[0x2001], NumParams[0]!!
D/ ( 548): DEVICE_PHASE_IDLE
D/ ( 548): DataLen:16 dwBytesReceived: 0
D/ ( 548): Resetting flag g_HostCancel 0
D/ ( 548): mtp_process_command_mtp_handle : COMMAND[0x9807]!!
D/ ( 548): mtp_send_response_mtp_handle : [SUCCESS], Opcode[0x9807], ResponseCode[0x2001], NumParams[0]!!
D/ ( 548): DEVICE_PHASE_IDLE
D/ ( 548): DataLen:16 dwBytesReceived: 0
D/ ( 548): Resetting flag g_HostCancel 0
D/ ( 548): mtp_process_command_mtp_handle : COMMAND[0x9807]!!
D/ ( 548): mtp_send_response_mtp_handle : [SUCCESS], Opcode[0x9807], ResponseCode[0x2001], NumParams[0]!!
D/ ( 548): DEVICE_PHASE_IDLE
D/ ( 548): DataLen:16 dwBytesReceived: 0
D/ ( 548): Resetting flag g_HostCancel 0
D/ ( 548): mtp_process_command_mtp_handle : COMMAND[0x9807]!!
D/ ( 548): mtp_send_response_mtp_handle : [SUCCESS], Opcode[0x9807], ResponseCode[0x2001], NumParams[0]!!
D/ ( 548): DEVICE_PHASE_IDLE
D/ ( 548): DataLen:16 dwBytesReceived: 0
D/ ( 548): Resetting flag g_HostCancel 0
D/ ( 548): mtp_process_command_mtp_handle : COMMAND[0x9801]!!
D/ ( 548): mtp_send_response_mtp_handle : [SUCCESS], Opcode[0x9801], ResponseCode[0x2001], NumParams[0]!!
D/ ( 548): DEVICE_PHASE_IDLE
D/ ( 548): DataLen:16 dwBytesReceived: 0
D/ ( 548): Resetting flag g_HostCancel 0
D/ ( 548): mtp_process_command_mtp_handle : COMMAND[0x9807]!!
D/ ( 548): mtp_send_response_mtp_handle : [SUCCESS], Opcode[0x9807], ResponseCode[0x2001], NumParams[0]!!
D/ ( 548): DEVICE_PHASE_IDLE
D/ ( 548): DataLen:16 dwBytesReceived: 0
D/ ( 548): Resetting flag g_HostCancel 0
D/ ( 548): mtp_process_command_mtp_handle : COMMAND[0x9807]!!
D/ ( 548): mtp_send_response_mtp_handle : [SUCCESS], Opcode[0x9807], ResponseCode[0x2001], NumParams[0]!!
D/ ( 548): DEVICE_PHASE_IDLE
D/ ( 548): DataLen:16 dwBytesReceived: 0
D/ ( 548): Resetting flag g_HostCancel 0
D/ ( 548): mtp_process_command_mtp_handle : COMMAND[0x9801]!!
D/ ( 548): mtp_send_response_mtp_handle : [SUCCESS], Opcode[0x9801], ResponseCode[0x2001], NumParams[0]!!
D/ ( 548): DEVICE_PHASE_IDLE
D/ ( 548): DataLen:20 dwBytesReceived: 0
D/ ( 548): Resetting flag g_HostCancel 0
D/ ( 548): mtp_process_command_mtp_handle : COMMAND[0x9802]!!
D/ ( 548): mtp_send_response_mtp_handle : [SUCCESS], Opcode[0x9802], ResponseCode[0x2001], NumParams[0]!!
D/ ( 548): DEVICE_PHASE_IDLE
D/ ( 548): DataLen:20 dwBytesReceived: 0
D/ ( 548): Resetting flag g_HostCancel 0
D/ ( 548): mtp_process_command_mtp_handle : COMMAND[0x9802]!!
D/ ( 548): mtp_send_response_mtp_handle : [SUCCESS], Opcode[0x9802], ResponseCode[0x2001], NumParams[0]!!
D/ ( 548): DEVICE_PHASE_IDLE
D/ ( 548): DataLen:20 dwBytesReceived: 0
D/ ( 548): Resetting flag g_HostCancel 0
D/ ( 548): mtp_process_command_mtp_handle : COMMAND[0x9802]!!
D/ ( 548): mtp_send_response_mtp_handle : [SUCCESS], Opcode[0x9802], ResponseCode[0x2001], NumParams[0]!!
D/ ( 548): DEVICE_PHASE_IDLE
D/ ( 548): DataLen:20 dwBytesReceived: 0
D/ ( 548): Resetting flag g_HostCancel 0
D/ ( 548): mtp_process_command_mtp_handle : COMMAND[0x9802]!!
D/ ( 548): mtp_send_response_mtp_handle : [SUCCESS], Opcode[0x9802], ResponseCode[0x2001], NumParams[0]!!
D/ ( 548): DEVICE_PHASE_IDLE
D/ ( 548): DataLen:20 dwBytesReceived: 0
D/ ( 548): Resetting flag g_HostCancel 0
D/ ( 548): mtp_process_command_mtp_handle : COMMAND[0x9802]!!
D/ ( 548): mtp_send_response_mtp_handle : [SUCCESS], Opcode[0x9802], ResponseCode[0x2001], NumParams[0]!!
D/ ( 548): DEVICE_PHASE_IDLE
D/ ( 548): DataLen:20 dwBytesReceived: 0
D/ ( 548): Resetting flag g_HostCancel 0
D/ ( 548): mtp_process_command_mtp_handle : COMMAND[0x9802]!!
D/ ( 548): mtp_send_response_mtp_handle : [SUCCESS], Opcode[0x9802], ResponseCode[0x2001], NumParams[0]!!
D/ ( 548): DEVICE_PHASE_IDLE
D/ ( 548): DataLen:16 dwBytesReceived: 0
D/ ( 548): Resetting flag g_HostCancel 0
D/ ( 548): mtp_process_command_mtp_handle : COMMAND[0x9807]!!
D/ ( 548): mtp_send_response_mtp_handle : [SUCCESS], Opcode[0x9807], ResponseCode[0x2001], NumParams[0]!!
D/ ( 548): DEVICE_PHASE_IDLE
D/ ( 548): DataLen:16 dwBytesReceived: 0
D/ ( 548): Resetting flag g_HostCancel 0
D/ ( 548): mtp_process_command_mtp_handle : COMMAND[0x9801]!!
D/ ( 548): mtp_send_response_mtp_handle : [SUCCESS], Opcode[0x9801], ResponseCode[0x2001], NumParams[0]!!
D/ ( 548): DEVICE_PHASE_IDLE
D/ ( 548): DataLen:16 dwBytesReceived: 0
D/ ( 548): Resetting flag g_HostCancel 0
D/ ( 548): mtp_process_command_mtp_handle : COMMAND[0x9807]!!
D/ ( 548): mtp_send_response_mtp_handle : [SUCCESS], Opcode[0x9807], ResponseCode[0x2001], NumParams[0]!!
D/ ( 548): DEVICE_PHASE_IDLE
D/ ( 548): DataLen:16 dwBytesReceived: 0
D/ ( 548): Resetting flag g_HostCancel 0
D/ ( 548): mtp_process_command_mtp_handle : COMMAND[0x9801]!!
D/ ( 548): mtp_send_response_mtp_handle : [SUCCESS], Opcode[0x9801], ResponseCode[0x2001], NumParams[0]!!
D/ ( 548): DEVICE_PHASE_IDLE
D/ ( 548): DataLen:16 dwBytesReceived: 0
D/ ( 548): Resetting flag g_HostCancel 0
D/ ( 548): mtp_process_command_mtp_handle : COMMAND[0x9807]!!
D/ ( 548): mtp_send_response_mtp_handle : [SUCCESS], Opcode[0x9807], ResponseCode[0x2001], NumParams[0]!!
D/ ( 548): DEVICE_PHASE_IDLE
D/ ( 548): DataLen:16 dwBytesReceived: 0
D/ ( 548): Resetting flag g_HostCancel 0
D/ ( 548): mtp_process_command_mtp_handle : COMMAND[0x9801]!!
D/ ( 548): mtp_send_response_mtp_handle : [SUCCESS], Opcode[0x9801], ResponseCode[0x2001], NumParams[0]!!
D/ ( 548): DEVICE_PHASE_IDLE
D/ ( 548): DataLen:16 dwBytesReceived: 0
D/ ( 548): Resetting flag g_HostCancel 0
D/ ( 548): mtp_process_command_mtp_handle : COMMAND[0x9807]!!
D/ ( 548): mtp_send_response_mtp_handle : [SUCCESS], Opcode[0x9807], ResponseCode[0x2001], NumParams[0]!!
D/ ( 548): DEVICE_PHASE_IDLE
D/ ( 548): DataLen:16 dwBytesReceived: 0
D/ ( 548): Resetting flag g_HostCancel 0
D/ ( 548): mtp_process_command_mtp_handle : COMMAND[0x9801]!!
D/ ( 548): mtp_send_response_mtp_handle : [SUCCESS], Opcode[0x9801], ResponseCode[0x2001], NumParams[0]!!
D/ ( 548): DEVICE_PHASE_IDLE
D/ ( 548): DataLen:16 dwBytesReceived: 0
D/ ( 548): Resetting flag g_HostCancel 0
D/ ( 548): mtp_process_command_mtp_handle : COMMAND[0x9807]!!
D/ ( 548): mtp_send_response_mtp_handle : [SUCCESS], Opcode[0x9807], ResponseCode[0x2001], NumParams[0]!!
D/ ( 548): DEVICE_PHASE_IDLE
D/ ( 548): DataLen:16 dwBytesReceived: 0
D/ ( 548): Resetting flag g_HostCancel 0
D/ ( 548): mtp_process_command_mtp_handle : COMMAND[0x9801]!!
D/ ( 548): mtp_send_response_mtp_handle : [SUCCESS], Opcode[0x9801], ResponseCode[0x2001], NumParams[0]!!
D/ ( 548): DEVICE_PHASE_IDLE
D/ ( 548): DataLen:16 dwBytesReceived: 0
D/ ( 548): Resetting flag g_HostCancel 0
D/ ( 548): mtp_process_command_mtp_handle : COMMAND[0x9807]!!
D/ ( 548): mtp_send_response_mtp_handle : [SUCCESS], Opcode[0x9807], ResponseCode[0x2001], NumParams[0]!!
D/ ( 548): DEVICE_PHASE_IDLE
D/ ( 548): DataLen:16 dwBytesReceived: 0
D/ ( 548): Resetting flag g_HostCancel 0
D/ ( 548): mtp_process_command_mtp_handle : COMMAND[0x9801]!!
D/ ( 548): mtp_send_response_mtp_handle : [SUCCESS], Opcode[0x9801], ResponseCode[0x2001], NumParams[0]!!
D/ ( 548): DEVICE_PHASE_IDLE
D/ ( 548): DataLen:16 dwBytesReceived: 0
D/ ( 548): Resetting flag g_HostCancel 0
D/ ( 548): mtp_process_command_mtp_handle : COMMAND[0x9807]!!
D/ ( 548): mtp_send_response_mtp_handle : [SUCCESS], Opcode[0x9807], ResponseCode[0x2001], NumParams[0]!!
D/ ( 548): DEVICE_PHASE_IDLE
D/ ( 548): DataLen:16 dwBytesReceived: 0
D/ ( 548): Resetting flag g_HostCancel 0
D/ ( 548): mtp_process_command_mtp_handle : COMMAND[0x9801]!!
D/ ( 548): mtp_send_response_mtp_handle : [SUCCESS], Opcode[0x9801], ResponseCode[0x2001], NumParams[0]!!
D/ ( 548): DEVICE_PHASE_IDLE
D/ ( 548): DataLen:20 dwBytesReceived: 0
D/ ( 548): Resetting flag g_HostCancel 0
D/ ( 548): mtp_process_command_mtp_handle : COMMAND[0x9802]!!
D/ ( 548): mtp_send_response_mtp_handle : [SUCCESS], Opcode[0x9802], ResponseCode[0x2001], NumParams[0]!!
D/ ( 548): DEVICE_PHASE_IDLE
D/ ( 548): DataLen:20 dwBytesReceived: 0
D/ ( 548): Resetting flag g_HostCancel 0
D/ ( 548): mtp_process_command_mtp_handle : COMMAND[0x9802]!!
D/ ( 548): mtp_send_response_mtp_handle : [SUCCESS], Opcode[0x9802], ResponseCode[0x2001], NumParams[0]!!
D/ ( 548): DEVICE_PHASE_IDLE
D/ ( 548): DataLen:20 dwBytesReceived: 0
D/ ( 548): Resetting flag g_HostCancel 0
D/ ( 548): mtp_process_command_mtp_handle : COMMAND[0x9802]!!
D/ ( 548): mtp_send_response_mtp_handle : [SUCCESS], Opcode[0x9802], ResponseCode[0x2001], NumParams[0]!!
D/ ( 548): DEVICE_PHASE_IDLE
D/ ( 548): DataLen:20 dwBytesReceived: 0
D/ ( 548): Resetting flag g_HostCancel 0
D/ ( 548): mtp_process_command_mtp_handle : COMMAND[0x9802]!!
D/ ( 548): mtp_send_response_mtp_handle : [SUCCESS], Opcode[0x9802], ResponseCode[0x2001], NumParams[0]!!
D/ ( 548): DEVICE_PHASE_IDLE
D/ ( 548): DataLen:20 dwBytesReceived: 0
D/ ( 548): Resetting flag g_HostCancel 0
D/ ( 548): mtp_process_command_mtp_handle : COMMAND[0x9802]!!
D/ ( 548): mtp_send_response_mtp_handle : [SUCCESS], Opcode[0x9802], ResponseCode[0x2001], NumParams[0]!!
D/ ( 548): DEVICE_PHASE_IDLE
D/ ( 548): DataLen:20 dwBytesReceived: 0
D/ ( 548): Resetting flag g_HostCancel 0
D/ ( 548): mtp_process_command_mtp_handle : COMMAND[0x9802]!!
D/ ( 548): mtp_send_response_mtp_handle : [SUCCESS], Opcode[0x9802], ResponseCode[0x2001], NumParams[0]!!
D/ ( 548): DEVICE_PHASE_IDLE
D/ ( 548): DataLen:32 dwBytesReceived: 0
D/ ( 548): Resetting flag g_HostCancel 0
D/ ( 548): mtp_process_command_mtp_handle : COMMAND[0x9808]!!
D/ ( 548): mtp_process_command_mtp_handle : DATAOUT COMMAND PHASE!!
D/ ( 548): State change [3] -> [4]
W/MTPRx ( 548): notification from stack 4
W/MTPRx ( 548): Inside Syncronising4
E/MTPRx ( 548): Inside sendBooster
E/MTPRx ( 548): Sending the 5sec delayed message BOOSTER to run again.
E/MTPRx ( 548): Sending the broadcast com.sec.android.intent.action.DVFS_BOOSTER
D/ ( 548): Temp file : No such file or directory, create a new temp file
D/ ( 548): mtp_is_valid_cmd_usb_container : size[251], range : header[12] ~ container[36]
D/ ( 548): In MTP receive callback:changing to ONSERVICE
D/ ( 548): State change [4] -> [3]
D/ ( 548): Resetting flag g_HostCancel 0
D/ ( 548): mtp_process_command_mtp_handle : COMMAND[0x9808]!!
D/ ( 548): mtp_send_object_prop_list_mtp_handle : param storageID[0x10001] parentH[9] format[0x3000] size[953291]!!
D/ ( 548): num of bytes read : 239
D/ ( 548): usb_receivedata : temp total size[251]
D/ ( 548): mtp_main_get_available_storage :available size [3162759168]
D/ ( 548): mtp_add_object_entry: is enterred
D/ ( 548): mtp_main_get_available_storage :available size [3162759168]
D/ ( 548): inside mtp_update_property_values_mtp_object
D/ ( 548): parent handle is not ROOT and Add : Path[/storage/sdcard0/Download] Name[restrendercopyexActivity.apk] fullpath[/storage/sdcard0/Download/restrendercopyexActivity.apk]
D/ ( 548): mtp_add_object_entry :Rootpath path[/storage/sdcard0]!!!!
D/ ( 548): mtp_add_object_entry :tempfile path[/storage/sdcard0/mtptemp.apk]!!!!
D/ ( 548): inside mtp_update_property_values_mtp_object
D/ ( 548): mtp_send_response_mtp_handle : [SUCCESS], Opcode[0x9808], ResponseCode[0x2001], NumParams[4]!!
D/PowerManagerService( 2259): ATT: mIsSecuredLock 1 in setScreenOffTimeoutsLocked()=0
D/PowerManagerService( 2259): setScreenOffTimeouts mKeylightDelay=1500 mDimDelay=21500 mScreenOffDelay=7000 mDimScreen=true
D/ ( 548): DEVICE_PHASE_IDLE
D/ ( 548): DataLen:12 dwBytesReceived: 0
D/ ( 548): Resetting flag g_HostCancel 0
D/ ( 548): mtp_process_command_mtp_handle : COMMAND[0x100D]!!
D/ ( 548): mtp_process_command_mtp_handle : DATAOUT COMMAND PHASE!!
W/MTPRx ( 548): notification from stack 3
E/MTPRx ( 548): in isSyncFinished posting message with delay of 2sec
D/ClockWidget( 2259): refreshTime()
D/ClockWidget( 2259): TTS Message = Es ist 21:49., Freitag, Januar 3
I/TwDVFSBroadcastReceiver( 2930): onMtpIntent
D/PowerManager( 2930): DVFSLock : acquire : timeout : 4000
I/power ( 2259): *** acquire_dvfs_lock : lockType : 1 freq : 1400000
D/PowerManagerService( 2259): acquireDVFSLockLocked : type : DVFS_MIN_LIMIT frequency : 1400000 uid : 1000 pid : 2930 tag : TwDVFSBroadcastReceiver
D/ ( 548): State change [3] -> [4]
W/MTPRx ( 548): notification from stack 4
D/ ( 548): Temp file : No such file or directory, create a new temp file
D/ ( 548): __mtp_receive_usb_cb : [HEADER] continue data size 2048
D/ ( 548): mtp_is_valid_cmd_usb_container : size[983], range : header[12] ~ container[36]
D/ ( 548): In MTP receive callback:changing to ONSERVICE
D/ ( 548): State change [4] -> [3]
W/MTPRx ( 548): notification from stack 3
E/MTPRx ( 548): in isSyncFinished posting message with delay of 2sec
D/ ( 548): Resetting flag g_HostCancel 0
D/ ( 548): mtp_process_command_mtp_handle : COMMAND[0x100D]!!
D/ ( 548): + mtp_send_object_mtp_handle START
D/ ( 548): usb_receivefile : temp total[953303]
D/ ( 548): mtp_write_object_entry_data : Storage ID :65537
D/ ( 548): mtp_write_object_entry_data. Filename from object List /storage/sdcard0/Download/restrendercopyexActivity.apk
D/ ( 548): mtp_ifmove: Old path name :[/storage/sdcard0/mtptemp.apk], New Path name [/storage/sdcard0/Download/restrendercopyexActivity.apk]
D/ ( 548): Change mode of [File : /storage/sdcard0/Download/restrendercopyexActivity.apk] failed with [ error : Operation not permitted]
D/ ( 548): inside mtp_add_object_mtp_store
D/ ( 548): object info.Object Handle:139
D/ ( 548): object info.StorageID:65537
D/ ( 548): mtp_send_object_mtp_handle : PTP_RESPONSECODE_OK
D/ ( 548): mtp_send_response_mtp_handle : [SUCCESS], Opcode[0x100D], ResponseCode[0x2001], NumParams[0]!!
D/ ( 548): DEVICE_PHASE_IDLE
D/ ( 548): DataLen:32 dwBytesReceived: 0
D/ ( 548): Resetting flag g_HostCancel 0
D/ ( 548): mtp_process_command_mtp_handle : COMMAND[0x9805]!!
D/ ( 548): Setting the property MTP_OBJ_PROPERTYCODE_PERSISTENTGUID!!
D/ ( 548): mtp_send_response_mtp_handle : [SUCCESS], Opcode[0x9805], ResponseCode[0x2001], NumParams[0]!!
D/ ( 548): DEVICE_PHASE_IDLE
D/ ( 548): DataLen:32 dwBytesReceived: 0
D/ ( 548): Resetting flag g_HostCancel 0
D/ ( 548): mtp_process_command_mtp_handle : COMMAND[0x9805]!!
D/ ( 548): Setting the property MTP_OBJ_PROPERTYCODE_PERSISTENTGUID!!
D/ ( 548): mtp_send_response_mtp_handle : [SUCCESS], Opcode[0x9805], ResponseCode[0x2001], NumParams[0]!!
D/ ( 548): DEVICE_PHASE_IDLE
D/ ( 548): DataLen:16 dwBytesReceived: 0
D/ ( 548): Resetting flag g_HostCancel 0
D/ ( 548): mtp_process_command_mtp_handle : COMMAND[0x1008]!!
D/ ( 548): inside mtp_get_object_info_mtp_handle
D/ ( 548): inside mtp_get_object_entry
D/ ( 548): Object Handle: 139
D/ ( 548): StorageID 65537
D/ ( 548): ObjectFormat 12288
D/ ( 548): ProtectionStatus 0
D/ ( 548): ObjectCompressedSize 1487293264
D/ ( 548): ThumbCompressedSize 0
D/ ( 548): ThumbPixHeight 0
D/ ( 548): ThumbPixWidth 0
D/ ( 548): ImagePixWidth 0
D/ ( 548): ImagePixHeight 0
D/ ( 548): ImageBitDepth 0
D/ ( 548): ParentHandle 9
D/ ( 548): AssociationType 0
D/ ( 548): AssociationDesc 1090549760
D/ ( 548): SequenceNumber 1946182400
D/ ( 548): file Name :
D/ ( 548): r
D/ ( 548): DateCreated
D/ ( 548): DateModified
D/ ( 548): _mtp_handle
D/ ( 548): KeyWord
D/ ( 548): ÑÑÑÑÑÑÑÑÑÑÑÑÑÑÑÑÑÑ
D/ ( 548): mtp_send_response_mtp_handle : [SUCCESS], Opcode[0x1008], ResponseCode[0x2001], NumParams[0]!!
D/ ( 548): DEVICE_PHASE_IDLE
D/ ( 548): DataLen:16 dwBytesReceived: 0
D/ ( 548): Resetting flag g_HostCancel 0
D/ ( 548): mtp_process_command_mtp_handle : COMMAND[0x9810]!!
D/ ( 548): mtp_send_response_mtp_handle : [SUCCESS], Opcode[0x9810], ResponseCode[0x2001], NumParams[0]!!
D/ ( 548): DEVICE_PHASE_IDLE
D/ ( 548): DataLen:16 dwBytesReceived: 0
D/ ( 548): Resetting flag g_HostCancel 0
D/ ( 548): mtp_process_command_mtp_handle : COMMAND[0x1005]!!
D/ ( 548): mtp_get_storage_info_mtp_handle : START !!
D/ ( 548): [storePath : /storage/sdcard0]
D/ ( 548): mtp_init_storage_info_run_time : maxcapacity[11977498624] freespace in bytes [3161800704]
D/ ( 548): mtp_get_storagemaxcapacity[11977498624] freespace in bytes [3161800704]
D/ ( 548): ------------------ Free size : 3161800704
D/ ( 548): mtp_send_response_mtp_handle : [SUCCESS], Opcode[0x1005], ResponseCode[0x2001], NumParams[0]!!
D/ ( 548): mtp_get_storage_info_mtp_handle : PTP_RESPONSECODE_OK!!
W/MTPRx ( 548): notification from stack 12
D/PowerManagerService( 2259): ATT: mIsSecuredLock 1 in setScreenOffTimeoutsLocked()=0
D/PowerManagerService( 2259): setScreenOffTimeouts mKeylightDelay=1500 mDimDelay=21500 mScreenOffDelay=7000 mDimScreen=true
E/MTPRx ( 548): MS triggered
D/ClockWidget( 2259): refreshTime()
D/ClockWidget( 2259): TTS Message = Es ist 21:49., Freitag, Januar 3
D/MediaScannerReceiver( 421): action: android.intent.action.MTP_FILE_SCAN
D/MediaScannerService( 421): start scanning volume external: [/storage/sdcard0, /storage/extSdCard, /storage/UsbDriveA, /storage/UsbDriveB, /storage/UsbDriveC, /storage/UsbDriveD, /storage/UsbDriveE, /storage/UsbDriveF]
E/MTPPlaObsrvr( 548): On change is called.false
E/MTPPlaObsrvr( 548): URI of the playlistcontent://media/external/audio/playlists
E/MTPPlaObsrvr( 548): Content resolver is not null
E/MTPPlaObsrvr( 548): Count4mCount4
E/MTPPlaObsrvr( 548): Neither deleted nor added. Could be rename
E/MTPPlaObsrvr( 548): It is not renamed
E/MTPPlaObsrvr( 548): It is not renamed
E/MTPPlaObsrvr( 548): It is not renamed
E/MTPPlaObsrvr( 548): It is not renamed
W/AlarmManager( 2259): FACTORY_ON= 0
W/AlarmManager( 2259): FACTORY_ON= 0
W/AlarmManager( 2259): FACTORY_ON= 0
W/AlarmManager( 2259): FACTORY_ON= 0
W/AlarmManager( 2259): FACTORY_ON= 0
W/AlarmManager( 2259): FACTORY_ON= 0
D/MediaScanner( 421): Constructor set externalStorageSdPath : /storage/extSdCard
D/dalvikvm( 1437): GC_CONCURRENT freed 174K, 6% free 12450K/13191K, paused 19ms+3ms, total 42ms
D/dalvikvm( 1437): WAIT_FOR_CONCURRENT_GC blocked 15ms
D/dalvikvm( 1452): GC_CONCURRENT freed 164K, 6% free 12460K/13191K, paused 17ms+2ms, total 39ms
D/dalvikvm( 1452): WAIT_FOR_CONCURRENT_GC blocked 14ms
I/ActivityThread( 1452): Pub com.google.android.music.ConfigContent: com.google.android.music.store.ConfigContentProvider
D/dalvikvm( 1452): GC_CONCURRENT freed 184K, 6% free 12770K/13575K, paused 16ms+2ms, total 47ms
I/ActivityThread( 1452): Pub com.google.android.music.MusicContent: com.google.android.music.store.MusicContentProvider
I/MusicStore( 1452): Database version: 72
I/ActivityThread( 1452): Pub com.google.android.music.xdi: com.google.android.music.xdi.XdiContentProvider
I/MediaRouter( 1452): Found default route: MediaRouter.RouteInfo{ uniqueId=android:DEFAULT_ROUTE, name=Telefon, description=null, enabled=true, connecting=false, playbackType=0, playbackStream=3, volumeHandling=1, volume=12, volumeMax=15, presentationDisplayId=-1, extras=null, providerPackageName=android }
D/SyncManager( 2259): setIsSyncable: , provider com.google.android.music.MusicContent, user 0 -> 1
D/SyncManager( 2259): setIsSyncable: already set to 1, doing nothing
V/AlarmManager( 2259): waitForAlarm result :8
V/AlarmManager( 2259): ClockReceiver onReceive() ACTION_TIME_TICK
W/AlarmManager( 2259): FACTORY_ON= 0
D/STATUSBAR-Clock( 2707): onReceive() - ACTION_TIME_TICK
D/STATUSBAR-Clock( 2707): onReceive() - ACTION_TIME_TICK
D/ClockAlarmWidgetService(24641): [ClockAlarmWidgetService] onReceive: action = android.intent.action.TIME_TICK
E/ClockAlarmWidget(24641): [AlarmWidgetIdManager] getListItem() : itemIndex=0, widgetID:7
E/ClockAlarmWidget(24641): [AlarmWidgetIdManager] getListItem() : ItemIndex exceed ListItemCount. itemIndex=1
E/ClockAlarmWidget(24641): [AlarmWidgetIdManager] getListItem() : itemIndex=1, widgetID:7
D/BatteryService( 2259): update start
D/BatteryService( 2259): level:67 scale:100 status:2 health:2 present:true voltage: 4048 temperature: 297 technology: Li-ion AC powered:false USB powered:true icon:17303231 invalid charger:0
E/Parcel ( 7294): Reading a NULL string not supported here.
D/STATUSBAR-BatteryController( 2707): onReceive() - ACTION_BATTERY_CHANGED
D/STATUSBAR-BatteryController( 2707): onReceive() - level:67
D/STATUSBAR-BatteryController( 2707): onReceive() - plugged:2
D/STATUSBAR-BatteryController( 2707): onReceive() - BATTERY_STATUS_CHARGING:
D/STATUSBAR-PhoneStatusBar( 2707): ACTION_BATTERY_CHANGED
E/MtpService( 548): In MTPAPP onReceive:android.intent.action.BATTERY_CHANGED
E/MtpService( 548): battPlugged Type : 2
D/ClockAlarmDataProvider(24641): getAlarm() - too many same ID alarm data. nCount: 0
D/ClockWidget( 2259): refreshTime()
W/MTPRx ( 548): notification from stack 15
E/MTPRx ( 548): Condition matched
D/ClockWidget( 2259): TTS Message = Es ist 21:50., Freitag, Januar 3
D/ ( 7294): Get battery level: 67 .
D/ ( 7294): Get charging state:Charging
D/ ( 7294): It is charging
I/power ( 2259): *** release_dvfs_lock : lockType : 1
D/PowerManagerService( 2259): releaseDVFSLockLocked : all DVFS_MIN_LIMIT are released
I/ActivityManager( 2259): Process com.android.chrome (pid 1082) (adj 11) has died.
I/ActivityManager( 2259): Process com.google.android.youtube (pid 1098) (adj 11) has died.
I/ActivityManager( 2259): Process android.process.acore (pid 32676) (adj 10) has died.
I/ActivityManager( 2259): Process com.google.android.gsf.login (pid 1399) (adj 10) has died.
I/ActivityManager( 2259): Process com.google.android.apps.plus (pid 1178) (adj 10) has died.
I/ActivityManager( 2259): Process com.android.vending (pid 1255) (adj 10) has died.
D/dalvikvm( 421): GC_CONCURRENT freed 324K, 8% free 12366K/13319K, paused 14ms+2ms, total 48ms
I/ActivityManager( 2259): Process com.sec.android.provider.badge (pid 1383) (adj 10) has died.
I/ActivityManager( 2259): Process com.samsung.helphub (pid 32766) (adj 10) has died.
I/ActivityManager( 2259): Process com.sec.spp.push:RemoteDlcProcess (pid 1418) (adj 10) has died.
D/Launcher( 6417): onTrimMemory. Level: 5
I/ActivityManager( 2259): Process com.sec.android.app.tmserver (pid 899) (adj 10) has died.
I/ActivityManager( 2259): Process com.google.android.music:main (pid 1452) (adj 9) has died.
D/Launcher( 6417): onTrimMemory. Level: 10
I/ActivityManager( 2259): Process com.samsung.rcs (pid 1437) (adj 9) has died.
D/dalvikvm( 421): GC_CONCURRENT freed 424K, 8% free 12329K/13383K, paused 12ms+2ms, total 37ms
D/InputReader( 2259): Input event: value=1
D/KeyguardViewMediator( 2259): onWakeKeyWhenKeyguardShowing(3)
D/KeyguardViewMediator( 2259): wakeWhenReadyLocked(3)
D/KeyguardViewMediator( 2259): handleWakeWhenReady(3)
D/LockPatternKeyguardView( 2259): onWakeKey
D/LockPatternKeyguardView( 2259): poking wake lock immediately
D/KeyguardViewMediator( 2259): pokeWakelock(10000)
D/PowerManagerService( 2259): reactivateScreenLocksLocked mProxIgnoredBecauseScreenTurnedOff=false
D/PowerManagerService( 2259): Screen__On : acquireWakeLock flags=0x1000001a tag=keyguard uid=1000 pid=2259 myUID=1000 myPID=2259 myTID=2604
D/PowerManagerService( 2259): enableLightSensorLocked enable=true mLightSensorEnabled=false mAutoBrightessEnabled=false mWaitingForFirstLightSensor=false
D/PowerManagerService( 2259): sendNotificationLocked on=true
D/lights ( 2259): button : 1 +
D/lights ( 2259): button : 1 -
D/KeyguardViewMediator( 2259): onScreenTurnedOn, seq = 2232
D/KeyguardViewMediator( 2259): notifyScreenOnLocked
D/WindowManager( 2259): mSetIgnorePWR
I/PowerManagerService( 2259): Ulight 0x0->0x4|0x0
D/PowerManagerService( 2259): mNotificationTask : on
D/WindowOrientationListener( 2259): enable register mbSContext: false
V/WindowOrientationListener( 2259): WindowOrientationListener enabled
D/SensorService( 2259): info.rates.add, set DEFAULT_EVENTS_PERIOD
I/iNemoSensor( 2259): enable(): handle(0), en(1), what(0)
D/AkmSensor( 2259): akm_enable_sensor: Accel is enabled. (orien = 0)
I/AkmSensor( 2259): enable_accelerometer, mEnabled = 0, enable = 1
D/KeyguardViewMediator( 2259): handleNotifyScreenOn
D/LockPatternKeyguardView( 2259): screen on
D/iNemoSensor( 2259): enable(): MASK_ACC (1) MASK_MAG (0) MASK_GYR (0)
D/iNemoSensor( 2259): enable(): mEnAcc(1) mEnMag(0) mEnGyr(0)
D/CircleLockScreen( 2259): onResume()
I/iNemoSensor( 2259): update_delay wanted_accel = 200000000
D/SensorService( 2259): SensorDevice::activate (enable 1, disable 0) = 1
D/SensorService( 2259): activating sensor enable handle=0
D/CircleUnlockRippleRenderer( 2259): onResume isUnlocked = false
D/SensorService( 2259): activating sensor enable, Done!
D/SensorService( 2259): SensorDevice::activating sensor handle=0 ns=200000000
D/iNemoSensor( 2259): setDelay(): handle(0), en(200000000)
I/iNemoSensor( 2259): skip update_delay wanted_accel = 200000000 current delay = 200000000
I/SensorService( 2259): info.selectDelay() ns=200000000
D/iNemoSensor( 2259): setDelay(): handle(0), en(200000000)
I/iNemoSensor( 2259): skip update_delay wanted_accel = 200000000 current delay = 200000000
D/SensorService( 2259): SensorDevice::setDelay, Return(true 1, false 0) = 1
D/SensorManager( 2259): registerListener :: handle = 0 name= LSM330DLC 3-axis Accelerometer delay= 200000 Listener= android.view.WindowOrientationListener$SensorEventListenerImpl@424160b0
D/ActivityManager( 2259): isFakeShutDownmode= 0
D/InputReader( 2259): Input event: value=0
D/RestrictionPolicy( 2259): isHomeKeyEnabled :true
D/LockPatternUtils( 2259): isPcwEnable = 10
D/ClockWidget( 2259): isServiceEnable = false cityId = cityId:169582
D/ClockWidget( 2259): Weather Demon is not running, Set visibility to GONE
D/CircleShortcutWidget( 2259): onResume()
D/CircleLockScreen( 2259): mCallback.isShowingAndNotHidden()=true
D/CircleLockScreenMotion( 2259): register motion listener
D/MotionRecognitionManager( 2259): .registerListenerEvent : fail. already registered / listener count = 1, listener=com.android.internal.policy.impl.sec.CircleLockScreenMotion$2@428ade68
D/MotionRecognitionManager( 2259): .registerListenerEvent : fail. already registered / listener count = 1, listener=com.android.internal.policy.impl.sec.CircleLockScreenMotion$2@428ade68
D/CircleLockScreenMotion( 2259): reset motion engine
D/MotionRecognitionService( 2259): .resetMotionEngine
D/MotionEngine( 2259): [@@@ MotionEngine @@@] ResetMotionEngine............................ CALLED...............
D/WfdService( 2259): intent recieved android.intent.action.SCREEN_ON
D/lights ( 2259): write pattern : g_led_info = 0
D/lights ( 2259): led_pattern : 0 +
D/STATUSBAR-NotificationService( 2259): ACTION_SCREEN_ON
D/STATUSBAR-NotificationService( 2259): updateLightsLocked() : Turn off notification light
D/LightsService( 2259): [SvcLED] setSvcLedStateLocked:: id = 4, color = 0, mode = Off, set = Off
D/LightsService( 2259): [SvcLED] wl is acquired. It will be released after 350ms.
D/lights ( 2259): led_pattern : 0 -
I/AudioHardwareTinyALSA( 1920): setParameters(screen_state=on)
I/audio_wfd_hw( 1920): adev_set_parameters() screen_state=on
D/tms_audio_hw/AudioTmsIpc( 1920): adev_set_parameters : Enter
D/tms_audio_hw/AudioTmsIpc( 1920): adev_set_parameters : Exit
D/SensorService( 2259): sensor was already activated for this ident
D/SensorService( 2259): SensorDevice::activating sensor handle=0 ns=200000000
D/iNemoSensor( 2259): setDelay(): handle(0), en(200000000)
I/iNemoSensor( 2259): skip update_delay wanted_accel = 200000000 current delay = 200000000
I/SensorService( 2259): info.selectDelay() ns=200000000
D/iNemoSensor( 2259): setDelay(): handle(0), en(200000000)
I/iNemoSensor( 2259): skip update_delay wanted_accel = 200000000 current delay = 200000000
D/SensorService( 2259): SensorDevice::setDelay, Return(true 1, false 0) = 1
D/SensorManager( 2259): registerListener :: handle = 0 name= LSM330DLC 3-axis Accelerometer delay= 200000 Listener= android.view.WindowOrientationListener$SensorEventListenerImpl@422b7908
D/MotionRecognitionService( 2259): .checkSettingEngineEnabled : true
D/MotionRecognitionService( 2259): .initializeMotionEngine
D/WindowOrientationListener( 2259): enable register mbSContext: false
V/WindowOrientationListener( 2259): WindowOrientationListener enabled
V/MotionRecognitionService( 2259): .updateOrientation : rotation = -1
D/MotionEngine( 2259): [@@@ Motion Engine @@@] InitializeMotionManager.... RETURN........ (Already initialized......)
D/SensorService( 2259): sensor was already activated for this ident
D/SensorService( 2259): SensorDevice::activating sensor handle=0 ns=200000000
D/iNemoSensor( 2259): setDelay(): handle(0), en(200000000)
I/iNemoSensor( 2259): skip update_delay wanted_accel = 200000000 current delay = 200000000
I/SensorService( 2259): info.selectDelay() ns=20000000
D/iNemoSensor( 2259): setDelay(): handle(0), en(20000000)
I/iNemoSensor( 2259): update_delay wanted_accel = 20000000
D/SensorService( 2259): SensorDevice::setDelay, Return(true 1, false 0) = 1
D/SensorManager( 2259): registerListener :: handle = 0 name= LSM330DLC 3-axis Accelerometer delay= 20000 Listener= android.hardware.motion.MotionRecognitionService$4@41fd1708
D/SensorService( 2259): info.rates.add, set DEFAULT_EVENTS_PERIOD
I/iNemoSensor( 2259): enable(): handle(5), en(1), what(1)
I/iNemoSensor( 2259): enable:373 gyro_dps = 0 .
D/iNemoSensor( 2259): enableDev() : path(/sys/class/input/event4/device/enable), val(1)
D/iNemoSensor( 2259): enable(): MASK_ACC (1) MASK_MAG (0) MASK_GYR (2)
D/iNemoSensor( 2259): enable(): mEnAcc(1) mEnMag(0) mEnGyr(1)
I/iNemoSensor( 2259): iNemoSensor::update_delay wanted_gyro = 20000000
I/iNemoSensor( 2259): skip update_delay wanted_accel = 20000000 current delay = 20000000
D/SensorService( 2259): SensorDevice::activate (enable 1, disable 0) = 1
D/SensorService( 2259): activating sensor enable handle=5
D/SensorService( 2259): activating sensor enable, Done!
D/SensorService( 2259): SensorDevice::activating sensor handle=5 ns=200000000
D/iNemoSensor( 2259): setDelay(): handle(5), en(200000000)
I/iNemoSensor( 2259): iNemoSensor::update_delay wanted_gyro = 200000000
I/iNemoSensor( 2259): skip update_delay wanted_accel = 20000000 current delay = 20000000
I/SensorService( 2259): info.selectDelay() ns=20000000
D/iNemoSensor( 2259): setDelay(): handle(5), en(20000000)
I/iNemoSensor( 2259): iNemoSensor::update_delay wanted_gyro = 20000000
I/iNemoSensor( 2259): skip update_delay wanted_accel = 20000000 current delay = 20000000
D/SensorService( 2259): SensorDevice::setDelay, Return(true 1, false 0) = 1
D/SensorManager( 2259): registerListener :: handle = 5 name= LSM330DLC Gyroscope sensor delay= 20000 Listener= android.hardware.motion.MotionRecognitionService$5@41fd03b8
V/LockPatternKeyguardView( 2259): *** dispatchDraw() time: 1717095474
D/STATUSBAR-Clock( 2707): onReceive() - ACTION_SCREEN_ON
I/power ( 2259): *** acquire_dvfs_lock : lockType : 1 freq : 1400000
D/lights ( 2259): LCD : 1 +
I/WindowManager( 2259): Lock screen displayed!
I/PowerManagerService( 2259): Ulight 0x7->0x7|0x1
D/PowerManagerService( 2259): updateLightsLocked : mSystemPowerSaveModeEnabled:: brightness:117
D/PowerManagerService( 2259): acquireDVFSLockLocked : type : DVFS_MIN_LIMIT frequency : 1400000 uid : 1000 pid : 2259 tag : AMOLED_Animation
D/STATUSBAR-Clock( 2707): onReceive() - ACTION_SCREEN_ON
D/lights ( 2259): LCD : 1 -
D/lights ( 2259): LCD : 26 +
D/lights ( 2259): LCD : 26 -
D/lights ( 2259): LCD : 27 +
D/lights ( 2259): LCD : 27 -
I/TwDVFSBroadcastReceiver( 2930): onScreenOnIntent
D/lights ( 2259): LCD : 39 +
D/lights ( 2259): LCD : 39 -
D/lights ( 2259): LCD : 74 +
D/lights ( 2259): LCD : 74 -
D/AkmSensor( 2259): MeasureSNGLoop: interval.interval = 20000000, doze_max = 19600, prms->enabled = 2
D/lights ( 2259): LCD : 87 +
D/lights ( 2259): LCD : 87 -
D/lights ( 2259): LCD : 98 +
D/lights ( 2259): LCD : 98 -
W/AlarmManager( 2259): FACTORY_ON= 0
D/SurfaceFlinger( 1917): Screen about to return, flinger = 0x41037008
D/SecTVOutService( 1917): virtual void android::SecTVOutService::setSuspendMode(uint32_t) TV suspend mode = 0
D/SecTVOutService( 1917): virtual void android::SecTVOutService::setHdmiStatus(uint32_t) HDMI cable status = 1
D/ ( 1917): bool android::SecHdmi::connect()::m_flagHWConnected() fail
E/SecTVOutService( 1917): virtual void android::SecTVOutService::setHdmiStatus(uint32_t)::mSecHdmi.connect() fail
D/lights ( 2259): LCD : 111 +
D/lights ( 2259): LCD : 111 -
D/lights ( 2259): LCD : 117 +
D/lights ( 2259): LCD : 117 -
D/MotionEngine( 2259): [EXEC CAMERA] INIT..........
D/CircleLockScreenMotion( 2259): Here comes a motion event
I/PowerManagerService( 2259): Light Animator Finished currentValue=117
I/power ( 2259): *** release_dvfs_lock : lockType : 1
D/PowerManagerService( 2259): releaseDVFSLockLocked : all DVFS_MIN_LIMIT are released
D/CircleLockScreenMotion( 2259): Here comes a motion event
D/CircleLockScreenMotion( 2259): Here comes a motion event
D/CircleLockScreenMotion( 2259): Here comes a motion event
D/MotionEngine( 2259): [ACC DIRECT CALL] 11111111 ACC PROX READY STATE.........
D/CircleLockScreenMotion( 2259): Here comes a motion event
D/CircleLockScreenMotion( 2259): Here comes a motion event
D/CircleLockScreenMotion( 2259): Here comes a motion event
D/CircleLockScreenMotion( 2259): Here comes a motion event
D/com.samsung.app(31251): [MSC_HERO_Accu_JB]>>> WCS:251 [0:0] BR act = androidintentactionSCREEN_ON
D/widget ( 6417): [MSC_HERO_Accu_JB]>>> SM:1288 [0:0] bTCC WCV = 200
E/WifiHW ( 2259): ##################### set firmware type 0 #####################
D/WifiStateMachine( 2259): setWifiEnabled : WifiNative.setFwType(0)
D/widget ( 6417): [MSC_HERO_Accu_JB]>>> WC:1689 [0:0] drw 2nd Tm dt = 2150
D/CircleLockScreenMotion( 2259): Here comes a motion event
D/STATUSBAR-NetworkController( 2707): onReceive() - RSSI_CHANGED_ACTION, WIFI_STATE, NETWORK_STATE
D/MotionEngine( 2259): [@@@ Motion Engine @@@] MOVE Recognition ############ 100
D/CircleLockScreenMotion( 2259): Here comes a motion event
D/MotionEngine( 2259): [TURN OVER] ##### Init
D/STATUSBAR-NetworkController( 2707): refreshSignalCluster: data=0 bt=false
D/STATUSBAR-SignalClusterView( 2707): mSeparateMobileGroup=8
D/STATUSBAR-SignalClusterView( 2707): mSeparateMobileGroup=8
D/CircleLockScreenMotion( 2259): Here comes a motion event
D/ClockAlarmWidgetService(24641): [ClockAlarmWidgetService] onReceive: action = android.intent.action.SCREEN_ON
D/STATUSBAR-SignalClusterView( 2707): mSeparateMobileGroup=8
E/ClockAlarmWidget(24641): [AlarmWidgetIdManager] getListItem() : itemIndex=0, widgetID:7
E/ClockAlarmWidget(24641): [AlarmWidgetIdManager] getListItem() : ItemIndex exceed ListItemCount. itemIndex=1
E/ClockAlarmWidget(24641): [AlarmWidgetIdManager] getListItem() : itemIndex=1, widgetID:7
D/WindowManager( 2259): mUnSetIgnorePWR
D/CircleLockScreenMotion( 2259): Here comes a motion event
D/Launcher( 6417): onTrimMemory. Level: 15
D/MotionEngine( 2259): [LIST SCROLL] MOTION_EVENT_TILT_DOWN_LEVEL_1_LAND 11 18 25 11 18 25
D/CircleLockScreenMotion( 2259): Here comes a motion event
D/MotionEngine( 2259): [LIST SCROLL] MOTION_EVENT_TILT_LEVEL_ZERO_LAND 11 18 25 11 18 25
D/CircleLockScreenMotion( 2259): Here comes a motion event
D/ClockAlarmDataProvider(24641): getAlarm() - too many same ID alarm data. nCount: 0
D/comdaemonstockapp(24684): [Daemon_Stock]>>> DaemonService.java:51 [0:0] action : androidintentactionSCREEN_ON
D/CircleLockScreenMotion( 2259): Here comes a motion event
D/CircleLockScreenMotion( 2259): Here comes a motion event
D/comdaemonstockapp(24684): [Daemon_Stock]>>> Stockclock_DaemonService.java:49 [0:0] onReceive: daemonappstockclockSCREEN_ON
D/CircleLockScreenMotion( 2259): Here comes a motion event
E/videowall-TranscodeReceiver( 1021): broadcastMSG : android.intent.action.SCREEN_ON
