I/MusicStore( 3606): Database version: 72
I/ActivityThread( 3606): Pub com.google.android.music.xdi: com.google.android.music.xdi.XdiContentProvider
I/MediaRouter( 3606): Found default route: MediaRouter.RouteInfo{ uniqueId=android:DEFAULT_ROUTE, name=Telefon, description=null, enabled=true, connecting=false, playbackType=0, playbackStream=3, volumeHandling=1, volume=12, volumeMax=15, presentationDisplayId=-1, extras=null, providerPackageName=android }
D/dalvikvm( 3628): GC_CONCURRENT freed 163K, 6% free 12460K/13191K, paused 18ms+3ms, total 40ms
D/dalvikvm( 3628): WAIT_FOR_CONCURRENT_GC blocked 12ms
D/SyncManager( 2259): setIsSyncable: , provider com.google.android.music.MusicContent, user 0 -> 1
D/SyncManager( 2259): setIsSyncable: already set to 1, doing nothing
D/dalvikvm( 3606): GC_CONCURRENT freed 308K, 7% free 12900K/13831K, paused 21ms+3ms, total 134ms
I/ClientProxyImplement( 3628): init ClientProxyImplement
D/GCM (24524): Ignoring attempt to send heartbeat on dead connection.
W/AlarmManager( 2259): FACTORY_ON= 0
W/AlarmManager( 2259): FACTORY_ON= 0
D/dalvikvm( 3589): GC_CONCURRENT freed 155K, 6% free 12679K/13447K, paused 12ms+2ms, total 29ms
D/dalvikvm( 421): WAIT_FOR_CONCURRENT_GC blocked 0ms
D/dalvikvm( 421): GC_EXPLICIT freed 250K, 9% free 12429K/13575K, paused 2ms+6ms, total 52ms
D/dalvikvm( 3628): GC_CONCURRENT freed 199K, 7% free 12686K/13511K, paused 13ms+2ms, total 29ms
I/MediaStoreImporter( 3606): Update: incremental Added music: 0 Updated music: 0 Deleted music: 0 Created playlists: 0 Updated playlists: 2 Deleted playlists: 0 Inserted playlist items: 0 Deleted playlist items: 0 Removed orphaned playlist items: 0
D/dalvikvm( 3589): GC_CONCURRENT freed 126K, 6% free 12946K/13703K, paused 21ms+25ms, total 84ms
D/BatteryService( 2259): update start
D/BatteryService( 2259): level:68 scale:100 status:2 health:2 present:true voltage: 4049 temperature: 320 technology: Li-ion AC powered:false USB powered:true icon:17303231 invalid charger:0
D/STATUSBAR-BatteryController( 2707): onReceive() - ACTION_BATTERY_CHANGED
D/STATUSBAR-BatteryController( 2707): onReceive() - level:68
D/STATUSBAR-BatteryController( 2707): onReceive() - plugged:2
D/STATUSBAR-BatteryController( 2707): onReceive() - BATTERY_STATUS_CHARGING:
E/MtpService( 548): In MTPAPP onReceive:android.intent.action.BATTERY_CHANGED
E/MtpService( 548): battPlugged Type : 2
D/STATUSBAR-PhoneStatusBar( 2707): ACTION_BATTERY_CHANGED
E/Parcel ( 7294): Reading a NULL string not supported here.
D/ ( 7294): Get battery level: 68 .
D/ ( 7294): Get charging state:Charging
D/ ( 7294): It is charging
D/CacheService( 3606): onCreate
D/CacheService( 3606): onBind
D/dalvikvm( 3606): GC_CONCURRENT freed 211K, 7% free 13139K/14023K, paused 17ms+5ms, total 87ms
D/dalvikvm(24524): WAIT_FOR_CONCURRENT_GC blocked 0ms
D/dalvikvm(24524): GC_EXPLICIT freed 144K, 7% free 13128K/14087K, paused 8ms+7ms, total 86ms
I/MusicLeanback( 3606): Conditions not met for autocaching.
I/MusicLeanback( 3606): Stop autocaching.
D/CacheService( 3606): onDestroy
I/ActivityThread( 3651): Pub com.sec.android.widgetapp.alarmclock: com.sec.android.widgetapp.alarmclock.ClockAlarmDataProvider
E/ClockAlarmWidget( 3651): [AlarmWidgetIdManager] getListItem() : itemIndex=0, widgetID:7
E/ClockAlarmWidget( 3651): [AlarmWidgetIdManager] getListItem() : ItemIndex exceed ListItemCount. itemIndex=1
E/ClockAlarmWidget( 3651): [AlarmWidgetIdManager] getListItem() : itemIndex=1, widgetID:7
D/dalvikvm( 3665): GC_CONCURRENT freed 185K, 6% free 12439K/13191K, paused 27ms+2ms, total 55ms
D/dalvikvm( 3665): WAIT_FOR_CONCURRENT_GC blocked 22ms
I/ActivityThread( 3665): Pub com.sec.android.provider.stri_s1_worldclock: com.sec.android.app.clockpackage.worldclock.common.DataContentProvider
D/dalvikvm( 3665): GC_CONCURRENT freed 153K, 6% free 12823K/13575K, paused 12ms+15ms, total 54ms
I/ActivityThread( 3665): Pub com.samsung.sec.android.clockpackage: com.sec.android.app.clockpackage.alarm.AlarmProvider
D/AlarmProvider( 3665): DatabaseHelper: 1
D/ClockAlarmDataProvider( 3651): getAlarm() - too many same ID alarm data. nCount: 0
D/dalvikvm(20808): WAIT_FOR_CONCURRENT_GC blocked 0ms
D/dalvikvm(20808): GC_EXPLICIT freed 3K, 8% free 12692K/13767K, paused 10ms+11ms, total 121ms
V/AlarmManager( 2259): waitForAlarm result :8
W/AlarmManager( 2259): FACTORY_ON= 0
V/AlarmManager( 2259): waitForAlarm result :8
D/dalvikvm( 3679): GC_CONCURRENT freed 186K, 6% free 12438K/13191K, paused 23ms+4ms, total 70ms
D/dalvikvm( 3679): WAIT_FOR_CONCURRENT_GC blocked 22ms
D/dalvikvm( 3679): GC_CONCURRENT freed 164K, 6% free 12837K/13575K, paused 18ms+3ms, total 63ms
D/dalvikvm( 3679): WAIT_FOR_CONCURRENT_GC blocked 10ms
I/ActivityThread( 3679): Pub com.android.emailcommon.pgp.provider.PGPContentProvider: com.android.emailcommon.pgp.PGPContentProvider
I/ActivityThread( 3679): Pub com.android.email.directory.provider: com.android.email.provider.LdapDirectoryProvider
I/ActivityThread( 3679): Pub com.android.email.provider;com.android.email.notifier: com.android.email.provider.EmailProvider
D/dalvikvm( 3679): GC_CONCURRENT freed 162K, 6% free 13176K/13959K, paused 15ms+20ms, total 161ms
I/ActivityThread( 3679): Pub com.android.email.attachmentprovider: com.android.email.provider.AttachmentProvider
E/ActivityThread( 3679): Failed to find provider info for com.seven.provider.email
I/ActivityThread( 3696): Pub com.sec.badge: com.sec.android.provider.badge.BadgeProvider
D/dalvikvm( 2259): WAIT_FOR_CONCURRENT_GC blocked 0ms
D/dalvikvm( 2259): GC_EXPLICIT freed 1137K, 21% free 41264K/51655K, paused 6ms+13ms, total 159ms
D/CircleShortcutWidget( 2259): badge data changed!!
D/CircleShortcutWidget( 2259): count=0
D/CircleShortcutWidget( 2259): count=0
E/Watchdog( 2259): !@Sync 11522
D/dalvikvm( 964): WAIT_FOR_CONCURRENT_GC blocked 0ms
D/dalvikvm( 964): GC_EXPLICIT freed 2K, 7% free 12146K/12931K, paused 13ms+10ms, total 108ms
D/dalvikvm( 2917): WAIT_FOR_CONCURRENT_GC blocked 0ms
I/LogsProvider( 2917): LOWMEMORY
D/dalvikvm( 2917): GC_EXPLICIT freed 2K, 9% free 13064K/14215K, paused 16ms+11ms, total 137ms
D/BatteryService( 2259): update start
D/BatteryService( 2259): level:68 scale:100 status:2 health:2 present:true voltage: 4070 temperature: 321 technology: Li-ion AC powered:false USB powered:true icon:17303231 invalid charger:0
D/STATUSBAR-BatteryController( 2707): onReceive() - ACTION_BATTERY_CHANGED
D/STATUSBAR-BatteryController( 2707): onReceive() - level:68
D/STATUSBAR-BatteryController( 2707): onReceive() - plugged:2
D/STATUSBAR-BatteryController( 2707): onReceive() - BATTERY_STATUS_CHARGING:
E/MtpService( 548): In MTPAPP onReceive:android.intent.action.BATTERY_CHANGED
E/MtpService( 548): battPlugged Type : 2
D/STATUSBAR-PhoneStatusBar( 2707): ACTION_BATTERY_CHANGED
E/Parcel ( 7294): Reading a NULL string not supported here.
D/ ( 7294): Get battery level: 68 .
D/ ( 7294): Get charging state:Charging
D/ ( 7294): It is charging
D/dalvikvm( 2316): WAIT_FOR_CONCURRENT_GC blocked 0ms
D/dalvikvm( 2316): GC_EXPLICIT freed 31K, 8% free 12275K/13319K, paused 9ms+4ms, total 100ms
V/AlarmManager( 2259): waitForAlarm result :8
V/AlarmManager( 2259): ClockReceiver onReceive() ACTION_TIME_TICK
W/AlarmManager( 2259): FACTORY_ON= 0
D/STATUSBAR-Clock( 2707): onReceive() - ACTION_TIME_TICK
D/STATUSBAR-Clock( 2707): onReceive() - ACTION_TIME_TICK
D/ClockWidget( 2259): refreshTime()
D/ClockAlarmWidgetService( 3651): [ClockAlarmWidgetService] onReceive: action = android.intent.action.TIME_TICK
D/ClockWidget( 2259): TTS Message = Es ist 21:53., Freitag, Januar 3
E/ClockAlarmWidget( 3651): [AlarmWidgetIdManager] getListItem() : itemIndex=0, widgetID:7
E/ClockAlarmWidget( 3651): [AlarmWidgetIdManager] getListItem() : ItemIndex exceed ListItemCount. itemIndex=1
E/ClockAlarmWidget( 3651): [AlarmWidgetIdManager] getListItem() : itemIndex=1, widgetID:7
D/ClockAlarmDataProvider( 3651): getAlarm() - too many same ID alarm data. nCount: 0
D/dalvikvm( 548): WAIT_FOR_CONCURRENT_GC blocked 0ms
D/dalvikvm( 548): GC_EXPLICIT freed 258K, 7% free 12199K/13063K, paused 13ms+5ms, total 104ms
D/dalvikvm(22757): WAIT_FOR_CONCURRENT_GC blocked 0ms
D/dalvikvm(22757): GC_EXPLICIT freed 236K, 9% free 12805K/13959K, paused 11ms+5ms, total 115ms
E/Watchdog( 2259): !@Sync 11523
D/dalvikvm(30552): WAIT_FOR_CONCURRENT_GC blocked 0ms
D/dalvikvm(30552): GC_EXPLICIT freed 544K, 19% free 18405K/22471K, paused 17ms+33ms, total 284ms
V/AlarmManager( 2259): waitForAlarm result :4
D/BatteryService( 2259): update start
D/BatteryService( 2259): level:68 scale:100 status:2 health:2 present:true voltage: 4075 temperature: 315 technology: Li-ion AC powered:false USB powered:true icon:17303231 invalid charger:0
D/STATUSBAR-BatteryController( 2707): onReceive() - ACTION_BATTERY_CHANGED
D/STATUSBAR-BatteryController( 2707): onReceive() - level:68
D/STATUSBAR-BatteryController( 2707): onReceive() - plugged:2
D/STATUSBAR-BatteryController( 2707): onReceive() - BATTERY_STATUS_CHARGING:
E/Parcel ( 7294): Reading a NULL string not supported here.
D/ ( 7294): Get battery level: 68 .
D/ ( 7294): Get charging state:Charging
D/ ( 7294): It is charging
D/STATUSBAR-PhoneStatusBar( 2707): ACTION_BATTERY_CHANGED
E/MtpService( 548): In MTPAPP onReceive:android.intent.action.BATTERY_CHANGED
E/MtpService( 548): battPlugged Type : 2
D/dalvikvm( 2930): WAIT_FOR_CONCURRENT_GC blocked 0ms
D/dalvikvm( 2930): GC_EXPLICIT freed 78K, 9% free 12154K/13319K, paused 8ms+6ms, total 91ms
I/DrmEventService( 2259): DrmEventService : OnLowMemory....Save the Phone
D/dalvikvm( 2259): WAIT_FOR_CONCURRENT_GC blocked 0ms
D/dalvikvm( 2259): GC_EXPLICIT freed 279K, 21% free 41282K/51655K, paused 27ms+22ms, total 385ms
D/InputReader( 2259): Input event: value=1
D/KeyguardViewMediator( 2259): onWakeKeyWhenKeyguardShowing(3)
D/KeyguardViewMediator( 2259): wakeWhenReadyLocked(3)
D/KeyguardViewMediator( 2259): handleWakeWhenReady(3)
D/LockPatternKeyguardView( 2259): onWakeKey
D/LockPatternKeyguardView( 2259): poking wake lock immediately
D/KeyguardViewMediator( 2259): pokeWakelock(10000)
D/PowerManagerService( 2259): reactivateScreenLocksLocked mProxIgnoredBecauseScreenTurnedOff=false
D/PowerManagerService( 2259): Screen__On : acquireWakeLock flags=0x1000001a tag=keyguard uid=1000 pid=2259 myUID=1000 myPID=2259 myTID=2604
D/lights ( 2259): button : 1 +
D/lights ( 2259): button : 1 -
D/PowerManagerService( 2259): enableLightSensorLocked enable=true mLightSensorEnabled=false mAutoBrightessEnabled=false mWaitingForFirstLightSensor=false
D/PowerManagerService( 2259): sendNotificationLocked on=true
I/PowerManagerService( 2259): Ulight 0x0->0x4|0x0
D/PowerManagerService( 2259): mNotificationTask : on
D/KeyguardViewMediator( 2259): onScreenTurnedOn, seq = 2233
D/KeyguardViewMediator( 2259): notifyScreenOnLocked
D/WindowManager( 2259): mSetIgnorePWR
D/WindowOrientationListener( 2259): enable register mbSContext: false
V/WindowOrientationListener( 2259): WindowOrientationListener enabled
D/SensorService( 2259): info.rates.add, set DEFAULT_EVENTS_PERIOD
I/iNemoSensor( 2259): enable(): handle(0), en(1), what(0)
D/AkmSensor( 2259): akm_enable_sensor: Accel is enabled. (orien = 0)
I/AkmSensor( 2259): enable_accelerometer, mEnabled = 0, enable = 1
D/iNemoSensor( 2259): enable(): MASK_ACC (1) MASK_MAG (0) MASK_GYR (0)
D/iNemoSensor( 2259): enable(): mEnAcc(1) mEnMag(0) mEnGyr(0)
I/iNemoSensor( 2259): update_delay wanted_accel = 200000000
D/SensorService( 2259): SensorDevice::activate (enable 1, disable 0) = 1
D/SensorService( 2259): activating sensor enable handle=0
D/SensorService( 2259): activating sensor enable, Done!
D/SensorService( 2259): SensorDevice::activating sensor handle=0 ns=200000000
D/iNemoSensor( 2259): setDelay(): handle(0), en(200000000)
I/iNemoSensor( 2259): skip update_delay wanted_accel = 200000000 current delay = 200000000
I/SensorService( 2259): info.selectDelay() ns=200000000
D/iNemoSensor( 2259): setDelay(): handle(0), en(200000000)
I/iNemoSensor( 2259): skip update_delay wanted_accel = 200000000 current delay = 200000000
D/SensorService( 2259): SensorDevice::setDelay, Return(true 1, false 0) = 1
D/SensorManager( 2259): registerListener :: handle = 0 name= LSM330DLC 3-axis Accelerometer delay= 200000 Listener= android.view.WindowOrientationListener$SensorEventListenerImpl@424160b0
D/InputReader( 2259): Input event: value=0
D/RestrictionPolicy( 2259): isHomeKeyEnabled :true
D/ActivityManager( 2259): isFakeShutDownmode= 0
D/LockPatternUtils( 2259): isPcwEnable = 10
D/WfdService( 2259): intent recieved android.intent.action.SCREEN_ON
D/STATUSBAR-NotificationService( 2259): ACTION_SCREEN_ON
D/STATUSBAR-NotificationService( 2259): updateLightsLocked() : Turn off notification light
D/lights ( 2259): write pattern : g_led_info = 0
D/lights ( 2259): led_pattern : 0 +
D/LightsService( 2259): [SvcLED] setSvcLedStateLocked:: id = 4, color = 0, mode = Off, set = Off
D/LightsService( 2259): [SvcLED] wl is acquired. It will be released after 350ms.
D/lights ( 2259): led_pattern : 0 -
V/LockPatternKeyguardView( 2259): *** dispatchDraw() time: 1717301998
I/AudioHardwareTinyALSA( 1920): setParameters(screen_state=on)
I/audio_wfd_hw( 1920): adev_set_parameters() screen_state=on
D/tms_audio_hw/AudioTmsIpc( 1920): adev_set_parameters : Enter
D/tms_audio_hw/AudioTmsIpc( 1920): adev_set_parameters : Exit
D/SensorService( 2259): sensor was already activated for this ident
D/SensorService( 2259): SensorDevice::activating sensor handle=0 ns=200000000
D/iNemoSensor( 2259): setDelay(): handle(0), en(200000000)
I/iNemoSensor( 2259): skip update_delay wanted_accel = 200000000 current delay = 200000000
D/MotionRecognitionService( 2259): .checkSettingEngineEnabled : true
D/MotionRecognitionService( 2259): .initializeMotionEngine
D/WindowOrientationListener( 2259): enable register mbSContext: false
V/WindowOrientationListener( 2259): WindowOrientationListener enabled
D/KeyguardViewMediator( 2259): handleNotifyScreenOn
D/LockPatternKeyguardView( 2259): screen on
D/CircleLockScreen( 2259): onResume()
D/CircleUnlockRippleRenderer( 2259): onResume isUnlocked = false
I/SensorService( 2259): info.selectDelay() ns=200000000
D/iNemoSensor( 2259): setDelay(): handle(0), en(200000000)
I/iNemoSensor( 2259): skip update_delay wanted_accel = 200000000 current delay = 200000000
D/SensorService( 2259): SensorDevice::setDelay, Return(true 1, false 0) = 1
D/SensorManager( 2259): registerListener :: handle = 0 name= LSM330DLC 3-axis Accelerometer delay= 200000 Listener= android.view.WindowOrientationListener$SensorEventListenerImpl@422b7908
V/MotionRecognitionService( 2259): .updateOrientation : rotation = -1
D/ClockWidget( 2259): isServiceEnable = false cityId = cityId:169582
D/ClockWidget( 2259): Weather Demon is not running, Set visibility to GONE
D/CircleShortcutWidget( 2259): onResume()
D/CircleLockScreen( 2259): mCallback.isShowingAndNotHidden()=true
D/CircleLockScreenMotion( 2259): register motion listener
D/MotionRecognitionManager( 2259): .registerListenerEvent : fail. already registered / listener count = 1, listener=com.android.internal.policy.impl.sec.CircleLockScreenMotion$2@428cf750
D/MotionEngine( 2259): [@@@ Motion Engine @@@] InitializeMotionManager.... RETURN........ (Already initialized......)
D/SensorService( 2259): sensor was already activated for this ident
D/SensorService( 2259): SensorDevice::activating sensor handle=0 ns=200000000
D/iNemoSensor( 2259): setDelay(): handle(0), en(200000000)
I/iNemoSensor( 2259): skip update_delay wanted_accel = 200000000 current delay = 200000000
I/SensorService( 2259): info.selectDelay() ns=20000000
D/iNemoSensor( 2259): setDelay(): handle(0), en(20000000)
I/iNemoSensor( 2259): update_delay wanted_accel = 20000000
D/MotionRecognitionManager( 2259): .registerListenerEvent : fail. already registered / listener count = 1, listener=com.android.internal.policy.impl.sec.CircleLockScreenMotion$2@428cf750
D/CircleLockScreenMotion( 2259): reset motion engine
D/MotionEngine( 2259): [@@@ MotionEngine @@@] ResetMotionEngine............................ CALLED...............
D/SensorService( 2259): SensorDevice::setDelay, Return(true 1, false 0) = 1
D/SensorManager( 2259): registerListener :: handle = 0 name= LSM330DLC 3-axis Accelerometer delay= 20000 Listener= android.hardware.motion.MotionRecognitionService$4@41fd1708
D/SensorService( 2259): info.rates.add, set DEFAULT_EVENTS_PERIOD
I/iNemoSensor( 2259): enable(): handle(5), en(1), what(1)
I/iNemoSensor( 2259): enable:373 gyro_dps = 0 .
D/iNemoSensor( 2259): enableDev() : path(/sys/class/input/event4/device/enable), val(1)
D/MotionRecognitionService( 2259): .resetMotionEngine
D/iNemoSensor( 2259): enable(): MASK_ACC (1) MASK_MAG (0) MASK_GYR (2)
D/iNemoSensor( 2259): enable(): mEnAcc(1) mEnMag(0) mEnGyr(1)
I/iNemoSensor( 2259): iNemoSensor::update_delay wanted_gyro = 20000000
I/iNemoSensor( 2259): skip update_delay wanted_accel = 20000000 current delay = 20000000
D/SensorService( 2259): SensorDevice::activate (enable 1, disable 0) = 1
D/SensorService( 2259): activating sensor enable handle=5
D/SensorService( 2259): activating sensor enable, Done!
D/SensorService( 2259): SensorDevice::activating sensor handle=5 ns=200000000
D/iNemoSensor( 2259): setDelay(): handle(5), en(200000000)
I/iNemoSensor( 2259): iNemoSensor::update_delay wanted_gyro = 200000000
I/iNemoSensor( 2259): skip update_delay wanted_accel = 20000000 current delay = 20000000
I/SensorService( 2259): info.selectDelay() ns=20000000
D/iNemoSensor( 2259): setDelay(): handle(5), en(20000000)
I/iNemoSensor( 2259): iNemoSensor::update_delay wanted_gyro = 20000000
I/iNemoSensor( 2259): skip update_delay wanted_accel = 20000000 current delay = 20000000
D/SensorService( 2259): SensorDevice::setDelay, Return(true 1, false 0) = 1
D/SensorManager( 2259): registerListener :: handle = 5 name= LSM330DLC Gyroscope sensor delay= 20000 Listener= android.hardware.motion.MotionRecognitionService$5@41fd03b8
D/STATUSBAR-Clock( 2707): onReceive() - ACTION_SCREEN_ON
D/STATUSBAR-Clock( 2707): onReceive() - ACTION_SCREEN_ON
V/LockPatternKeyguardView( 2259): *** dispatchDraw() time: 1717302123
I/TwDVFSBroadcastReceiver( 2930): onScreenOnIntent
I/power ( 2259): *** acquire_dvfs_lock : lockType : 1 freq : 1400000
I/WindowManager( 2259): Lock screen displayed!
I/PowerManagerService( 2259): Ulight 0x7->0x7|0x1
D/PowerManagerService( 2259): updateLightsLocked : mSystemPowerSaveModeEnabled:: brightness:117
D/PowerManagerService( 2259): acquireDVFSLockLocked : type : DVFS_MIN_LIMIT frequency : 1400000 uid : 1000 pid : 2259 tag : AMOLED_Animation
D/lights ( 2259): LCD : 1 +
D/lights ( 2259): LCD : 1 -
D/lights ( 2259): LCD : 2 +
D/lights ( 2259): LCD : 2 -
D/lights ( 2259): LCD : 13 +
D/lights ( 2259): LCD : 13 -
D/lights ( 2259): LCD : 26 +
D/lights ( 2259): LCD : 26 -
D/SurfaceFlinger( 1917): Screen about to return, flinger = 0x41037008
D/lights ( 2259): LCD : 38 +
D/SecTVOutService( 1917): virtual void android::SecTVOutService::setSuspendMode(uint32_t) TV suspend mode = 0
D/SecTVOutService( 1917): virtual void android::SecTVOutService::setHdmiStatus(uint32_t) HDMI cable status = 1
D/ ( 1917): bool android::SecHdmi::connect()::m_flagHWConnected() fail
E/SecTVOutService( 1917): virtual void android::SecTVOutService::setHdmiStatus(uint32_t)::mSecHdmi.connect() fail
D/AkmSensor( 2259): MeasureSNGLoop: interval.interval = 20000000, doze_max = 19600, prms->enabled = 2
D/lights ( 2259): LCD : 38 -
D/lights ( 2259): LCD : 82 +
D/MotionEngine( 2259): [EXEC CAMERA] INIT..........
D/MotionEngine( 2259): [LIST SCROLL] MOTION_EVENT_TILT_LEVEL_ZERO_LAND 11 18 25 11 18 25
D/lights ( 2259): LCD : 82 -
D/lights ( 2259): LCD : 117 +
D/CircleLockScreenMotion( 2259): Here comes a motion event
D/CircleLockScreenMotion( 2259): Here comes a motion event
D/lights ( 2259): LCD : 117 -
I/power ( 2259): *** release_dvfs_lock : lockType : 1
I/PowerManagerService( 2259): Light Animator Finished currentValue=117
D/PowerManagerService( 2259): releaseDVFSLockLocked : all DVFS_MIN_LIMIT are released
D/CircleLockScreenMotion( 2259): Here comes a motion event
D/CircleLockScreenMotion( 2259): Here comes a motion event
D/MotionEngine( 2259): [ACC DIRECT CALL] 11111111 ACC PROX READY STATE.........
D/CircleLockScreenMotion( 2259): Here comes a motion event
D/CircleLockScreenMotion( 2259): Here comes a motion event
D/CircleLockScreenMotion( 2259): Here comes a motion event
I/ActivityManager( 2259): Process com.sec.android.gallery3d (pid 3575) (adj 10) has died.
D/CircleLockScreenMotion( 2259): Here comes a motion event
D/CircleLockScreenMotion( 2259): Here comes a motion event
D/com.samsung.app(31251): [MSC_HERO_Accu_JB]>>> WCS:251 [0:0] BR act = androidintentactionSCREEN_ON
E/WifiHW ( 2259): ##################### set firmware type 0 #####################
D/WifiStateMachine( 2259): setWifiEnabled : WifiNative.setFwType(0)
D/CircleLockScreenMotion( 2259): Here comes a motion event
D/widget ( 6417): [MSC_HERO_Accu_JB]>>> SM:1288 [0:0] bTCC WCV = 200
D/comdaemonstockapp(24684): [Daemon_Stock]>>> DaemonService.java:51 [0:0] action : androidintentactionSCREEN_ON
D/CircleLockScreenMotion( 2259): Here comes a motion event
D/WindowManager( 2259): mUnSetIgnorePWR
E/videowall-TranscodeReceiver( 1021): broadcastMSG : android.intent.action.SCREEN_ON
D/videowall-TranscodeService( 1021): Music is = false
D/videowall-TranscodeService( 1021): power : true / screen off : false
D/videowall-TranscodeService( 1021): releaseTransThread.
D/comdaemonstockapp(24684): [Daemon_Stock]>>> Stockclock_DaemonService.java:49 [0:0] onReceive: daemonappstockclockSCREEN_ON
D/comdaemonstockapp(24684): [Daemon_Stock]>>> Stockclock_DaemonService.java:56 [0:0] appServiceStatus: 9
D/comdaemonstockapp(24684): [Daemon_Stock]>>> Stockclock_DaemonService.java:57 [0:0] [AR]: 0
D/widget ( 6417): [MSC_HERO_Accu_JB]>>> WC:1689 [0:0] drw 2nd Tm dt = 2153
D/CircleLockScreenMotion( 2259): Here comes a motion event
D/ClockAlarmWidgetService( 3651): [ClockAlarmWidgetService] onReceive: action = android.intent.action.SCREEN_ON
E/ClockAlarmWidget( 3651): [AlarmWidgetIdManager] getListItem() : itemIndex=0, widgetID:7
E/ClockAlarmWidget( 3651): [AlarmWidgetIdManager] getListItem() : ItemIndex exceed ListItemCount. itemIndex=1
E/ClockAlarmWidget( 3651): [AlarmWidgetIdManager] getListItem() : itemIndex=1, widgetID:7
D/ClockAlarmDataProvider( 3651): getAlarm() - too many same ID alarm data. nCount: 0
D/CircleLockScreenMotion( 2259): Here comes a motion event
I/ActivityManager( 2259): Process com.samsung.rcs (pid 3533) (adj 10) has died.
D/CircleLockScreenMotion( 2259): Here comes a motion event
I/ActivityManager( 2259): Process android.process.acore (pid 3589) (adj 10) has died.
D/MotionEngine( 2259): [@@@ Motion Engine @@@] MOVE Recognition ############ 80
D/MotionEngine( 2259): [@@@ Motion Engine @@@] Event num 71 Occured
D/CircleLockScreenMotion( 2259): Here comes a motion event
I/MotionRecognitionService( 2259): send 71=FLAT ~~
D/CircleLockScreenMotion( 2259): Here comes a motion event
D/CircleLockScreenMotion( 2259): Here comes a motion event
D/CircleLockScreenMotion( 2259): Here comes a motion event
D/CircleLockScreenMotion( 2259): Here comes a motion event
D/CircleLockScreenMotion( 2259): Here comes a motion event
D/CircleLockScreenMotion( 2259): Here comes a motion event
D/CircleLockScreenMotion( 2259): Here comes a motion event
D/CircleLockScreenMotion( 2259): Here comes a motion event
I/InputReader( 2259): Touch event's action is 0x0 (deviceType=0) [pCnt=1, s=0.58392 ]
D/CircleLockScreenMotion( 2259): Here comes a motion event
I/InputDispatcher( 2259): Delivering touch to current input target: action: 0x0
I/InputDispatcher( 2259): Delivering touch to current input target: action: 0x0
I/InputDispatcher( 2259): Delivering touch to current input target: action: 0x0
D/CircleLockScreenMotion( 2259): register motion listener
D/MotionRecognitionManager( 2259): .registerListenerEvent : fail. already registered / listener count = 1, listener=com.android.internal.policy.impl.sec.CircleLockScreenMotion$2@428cf750
D/MotionRecognitionManager( 2259): .registerListenerEvent : fail. already registered / listener count = 1, listener=com.android.internal.policy.impl.sec.CircleLockScreenMotion$2@428cf750
D/CircleLockScreenMotion( 2259): reset motion engine
D/MotionEngine( 2259): [@@@ MotionEngine @@@] ResetMotionEngine............................ CALLED...............
D/CircleUnlockRipple( 2259): handleTouchEvent event : 0
D/CircleUnlockRipple( 2259): pokeWakelockWithTimeCheck time diffence = 1069
D/MotionRecognitionService( 2259): .resetMotionEngine
D/KeyguardViewMediator( 2259): pokeWakelock(10000)
D/CircleUnlockRipple( 2259): pokeWakelockWithTimeCheck mCallback.pokeWakelock(AWAKE_INTERVAL_DEFAULT_MS)
D/CircleUnlockRippleRenderer( 2259): event action: 0, view = null, src = 1002
D/PowerManagerService( 2259): acquireWakeLock flags=0x1000001a tag=keyguard uid=1000 pid=2259 myUID=1000 myPID=2259 myTID=2604
E/AudioPolicyService( 1920): getOutput() tid 7839 ++
E/AudioPolicyService( 1920): getOutput() tid 7839 --
V/AudioPolicyManagerBase( 1920): getOutput() stream 1, samplingRate 0, format 0, channelMask 3, flags 0
V/AudioPolicyManagerBase( 1920): getOutputsForDevice device 0002 -> 0002
V/AudioPolicyManagerBase( 1920): getOutput() returns output 2
E/AudioPolicyService( 1920): getOutput() tid 2219 ++
E/AudioPolicyService( 1920): getOutput() tid 2219 --
V/AudioPolicyManagerBase( 1920): getOutput() stream 1, samplingRate 0, format 0, channelMask 3, flags 0
V/AudioPolicyManagerBase( 1920): getOutputsForDevice device 0002 -> 0002
V/AudioPolicyManagerBase( 1920): getOutput() returns output 2
E/AudioPolicyService( 1920): getOutput() tid 3902 ++
E/AudioPolicyService( 1920): getOutput() tid 3902 --
V/AudioPolicyManagerBase( 1920): getOutput() stream 1, samplingRate 44100, format 1, channelMask 3, flags 4
V/AudioPolicyManagerBase( 1920): getOutputsForDevice device 0002 -> 0002
V/AudioPolicyManagerBase( 1920): getOutput() returns output 2
V/LvOutput( 1920): initCheck: 0
V/LvOutput( 1920): attachEffects: attach processing to output 2, stream 1, session 6359, mode 0
V/LvOutput( 1920): attachEffects: no output processing needs to be attached to this stream
V/LvOutput( 1920): LvOutput::setAllProcessorEnabled(false) mOutputs.size(118)
V/AudioPolicyManagerBase( 1920): startOutput() output 2, stream 1, session 6359
V/AudioPolicyManagerBase( 1920): changeRefCount() stream 1, count 1
V/AudioPolicyManagerBase( 1920): getNewDevice() selected device 2
V/AudioPolicyManagerBase( 1920): setOutputDevice() output 2 device 0002 force 0 delayMs 0
V/AudioPolicyManagerBase( 1920): setOutputDevice() prevDevice 0002
V/AudioPolicyManagerBase( 1920): setOutputDevice() setting same device 0002 or null device for output 2
D/MotionEngine( 2259): [EXEC CAMERA] INIT..........
D/MotionEngine( 2259): [LIST SCROLL] MOTION_EVENT_TILT_LEVEL_ZERO_LAND 11 18 25 11 18 25
D/CircleLockScreenMotion( 2259): Here comes a motion event
I/AudioMixer( 1920): setParameter(TRACK, FORMAT, 0x1)
E/AudioMixer( 1920): MOON > checkSEC_PCM ++ 1
I/AudioHardwareTinyALSA( 1920): AudioStreamOutALSA::write setDevice
D/AudioHardwareTinyALSA( 1920): OutALSA::setDevice: mode = 0, newDevice=0x2, currentDevice=0x2 ,force= 0
D/AudioHardwareTinyALSA( 1920): OutALSA::setDevice: mDevice 0x2, newDevice = 0x2
D/AudioHardwareTinyALSA( 1920): setOutputVolume
D/TinyUCM ( 1920): setModifier Normal, en=1
I/AudioHardwareTinyALSA( 1920): OutALSA::setDevice: mHandle NULL mode[0], Device[00000002]
I/AudioHardwareTinyALSA( 1920): Open: mDefaults->direction=0 device=0
D/AudioHardwareTinyALSA( 1920): Channel: 2, Samplerate: 44100, Format: 0, Peroid Size: 1024, Period Count: 4
I/AudioHardwareTinyALSA( 1920): before pcm_prepare
D/AudioHardwareTinyALSA( 1920): setPcmInterface: Stream=0x1, iSamplerate=8000++
D/AudioHardwareTinyALSA( 1920): setPcmInterface--
D/CircleLockScreenMotion( 2259): Here comes a motion event
D/CircleUnlockRipple( 2259): handleTouchEvent event : 2
D/CircleUnlockRipple( 2259): pokeWakelockWithTimeCheck time diffence = 1107
D/KeyguardViewMediator( 2259): pokeWakelock(10000)
D/CircleUnlockRipple( 2259): pokeWakelockWithTimeCheck mCallback.pokeWakelock(AWAKE_INTERVAL_DEFAULT_MS)
D/CircleUnlockRippleRenderer( 2259): event action: 2, view = null, src = 1002
D/PowerManagerService( 2259): acquireWakeLock flags=0x1000001a tag=keyguard uid=1000 pid=2259 myUID=1000 myPID=2259 myTID=2604
D/CircleUnlockRipple( 2259): handleTouchEvent event : 2
D/CircleUnlockRipple( 2259): pokeWakelockWithTimeCheck time diffence = 1123
D/KeyguardViewMediator( 2259): pokeWakelock(10000)
D/CircleUnlockRipple( 2259): pokeWakelockWithTimeCheck mCallback.pokeWakelock(AWAKE_INTERVAL_DEFAULT_MS)
D/CircleUnlockRippleRenderer( 2259): event action: 2, view = null, src = 1002
D/PowerManagerService( 2259): acquireWakeLock flags=0x1000001a tag=keyguard uid=1000 pid=2259 myUID=1000 myPID=2259 myTID=2604
D/CircleUnlockRipple( 2259): handleTouchEvent event : 2
D/CircleUnlockRipple( 2259): pokeWakelockWithTimeCheck time diffence = 1140
D/KeyguardViewMediator( 2259): pokeWakelock(10000)
D/CircleUnlockRipple( 2259): pokeWakelockWithTimeCheck mCallback.pokeWakelock(AWAKE_INTERVAL_DEFAULT_MS)
D/CircleUnlockRippleRenderer( 2259): event action: 2, view = null, src = 1002
D/PowerManagerService( 2259): acquireWakeLock flags=0x1000001a tag=keyguard uid=1000 pid=2259 myUID=1000 myPID=2259 myTID=2604
D/CircleUnlockRipple( 2259): handleTouchEvent event : 2
D/CircleUnlockRipple( 2259): pokeWakelockWithTimeCheck time diffence = 1159
D/KeyguardViewMediator( 2259): pokeWakelock(10000)
D/CircleUnlockRipple( 2259): pokeWakelockWithTimeCheck mCallback.pokeWakelock(AWAKE_INTERVAL_DEFAULT_MS)
D/PowerManagerService( 2259): acquireWakeLock flags=0x1000001a tag=keyguard uid=1000 pid=2259 myUID=1000 myPID=2259 myTID=2604
D/CircleUnlockRippleRenderer( 2259): event action: 2, view = null, src = 1002
D/MotionEngine( 2259): [ACC DIRECT CALL] 11111111 ACC PROX READY STATE.........
D/CircleUnlockRipple( 2259): handleTouchEvent event : 2
D/CircleUnlockRipple( 2259): pokeWakelockWithTimeCheck time diffence = 1174
D/KeyguardViewMediator( 2259): pokeWakelock(10000)
D/CircleUnlockRipple( 2259): pokeWakelockWithTimeCheck mCallback.pokeWakelock(AWAKE_INTERVAL_DEFAULT_MS)
D/CircleUnlockRippleRenderer( 2259): event action: 2, view = null, src = 1002
D/PowerManagerService( 2259): acquireWakeLock flags=0x1000001a tag=keyguard uid=1000 pid=2259 myUID=1000 myPID=2259 myTID=2604
D/CircleUnlockRipple( 2259): handleTouchEvent event : 2
D/CircleUnlockRipple( 2259): pokeWakelockWithTimeCheck time diffence = 1190
D/KeyguardViewMediator( 2259): pokeWakelock(10000)
D/CircleUnlockRipple( 2259): pokeWakelockWithTimeCheck mCallback.pokeWakelock(AWAKE_INTERVAL_DEFAULT_MS)
D/CircleUnlockRippleRenderer( 2259): event action: 2, view = null, src = 1002
D/PowerManagerService( 2259): acquireWakeLock flags=0x1000001a tag=keyguard uid=1000 pid=2259 myUID=1000 myPID=2259 myTID=2604
D/CircleLockScreenMotion( 2259): Here comes a motion event
D/CircleUnlockRipple( 2259): handleTouchEvent event : 2
D/CircleUnlockRipple( 2259): pokeWakelockWithTimeCheck time diffence = 1208
D/KeyguardViewMediator( 2259): pokeWakelock(10000)
D/CircleUnlockRipple( 2259): pokeWakelockWithTimeCheck mCallback.pokeWakelock(AWAKE_INTERVAL_DEFAULT_MS)
D/CircleUnlockRippleRenderer( 2259): event action: 2, view = null, src = 1002
E/AudioPolicyService( 1920): getOutput() tid 3902 ++
E/AudioPolicyService( 1920): getOutput() tid 3902 --
V/AudioPolicyManagerBase( 1920): getOutput() stream 1, samplingRate 0, format 0, channelMask 3, flags 0
V/AudioPolicyManagerBase( 1920): getOutputsForDevice device 0002 -> 0002
V/AudioPolicyManagerBase( 1920): getOutput() returns output 2
D/PowerManagerService( 2259): acquireWakeLock flags=0x1000001a tag=keyguard uid=1000 pid=2259 myUID=1000 myPID=2259 myTID=2604
E/AudioPolicyService( 1920): getOutput() tid 4793 ++
E/AudioPolicyService( 1920): getOutput() tid 4793 --
V/AudioPolicyManagerBase( 1920): getOutput() stream 1, samplingRate 0, format 0, channelMask 3, flags 0
V/AudioPolicyManagerBase( 1920): getOutputsForDevice device 0002 -> 0002
V/AudioPolicyManagerBase( 1920): getOutput() returns output 2
E/AudioPolicyService( 1920): getOutput() tid 1920 ++
E/AudioPolicyService( 1920): getOutput() tid 1920 --
V/AudioPolicyManagerBase( 1920): getOutput() stream 1, samplingRate 48000, format 1, channelMask 1, flags 4
V/AudioPolicyManagerBase( 1920): getOutputsForDevice device 0002 -> 0002
V/AudioPolicyManagerBase( 1920): getOutput() returns output 2
V/LvOutput( 1920): initCheck: 0
V/LvOutput( 1920): attachEffects: attach processing to output 2, stream 1, session 6360, mode 0
V/LvOutput( 1920): attachEffects: no output processing needs to be attached to this stream
V/LvOutput( 1920): LvOutput::setAllProcessorEnabled(false) mOutputs.size(118)
V/AudioPolicyManagerBase( 1920): startOutput() output 2, stream 1, session 6360
V/AudioPolicyManagerBase( 1920): changeRefCount() stream 1, count 2
I/AudioMixer( 1920): setParameter(TRACK, FORMAT, 0x1)
E/AudioMixer( 1920): MOON > checkSEC_PCM ++ 1
I/AudioMixer( 1920): AudioMixer::track_t::setResampler channelCount 1
E/AudioMixer( 1920): MOON > checkSEC_PCM ++ 1
I/AudioResampler( 1920): AudioResampler::AudioResampler() 1 bits, 1 channels
E/AudioResampler( 1920): Unsupported sample format, 1 bits, 1 channels
I/AudioResampler( 1920): new MM resampler(48000 -> 44100, 1)
D/CircleLockScreenMotion( 2259): Here comes a motion event
D/MotionEngine( 2259): [@@@ Motion Engine @@@] GetMotionScenarioId -0.708684 0.775721 9.969456 -1.124375 8.617501 0.745500 51 20
D/MotionEngine( 2259): [@@@ Motion Engine @@@] MOVE Recognition ############ 80
D/MotionEngine( 2259): [@@@ Motion Engine @@@] Event num 71 Occured
D/CircleLockScreenMotion( 2259): Here comes a motion event
D/CircleLockScreenMotion( 2259): Here comes a motion event
I/MotionRecognitionService( 2259): send 71=FLAT ~~
D/CircleUnlockRipple( 2259): handleTouchEvent event : 2
D/CircleUnlockRipple( 2259): pokeWakelockWithTimeCheck time diffence = 1274
D/KeyguardViewMediator( 2259): pokeWakelock(10000)
D/CircleUnlockRipple( 2259): pokeWakelockWithTimeCheck mCallback.pokeWakelock(AWAKE_INTERVAL_DEFAULT_MS)
D/PowerManagerService( 2259): acquireWakeLock flags=0x1000001a tag=keyguard uid=1000 pid=2259 myUID=1000 myPID=2259 myTID=2604
D/CircleUnlockRippleRenderer( 2259): event action: 2, view = null, src = 1002
E/AudioPolicyService( 1920): getOutput() tid 1920 ++
E/AudioPolicyService( 1920): getOutput() tid 1920 --
V/AudioPolicyManagerBase( 1920): getOutput() stream 1, samplingRate 0, format 0, channelMask 3, flags 0
V/AudioPolicyManagerBase( 1920): getOutputsForDevice device 0002 -> 0002
V/AudioPolicyManagerBase( 1920): getOutput() returns output 2
E/AudioPolicyService( 1920): getOutput() tid 2185 ++
E/AudioPolicyService( 1920): getOutput() tid 2185 --
V/AudioPolicyManagerBase( 1920): getOutput() stream 1, samplingRate 0, format 0, channelMask 3, flags 0
V/AudioPolicyManagerBase( 1920): getOutputsForDevice device 0002 -> 0002
V/AudioPolicyManagerBase( 1920): getOutput() returns output 2
E/AudioPolicyService( 1920): getOutput() tid 12626 ++
E/AudioPolicyService( 1920): getOutput() tid 12626 --
V/AudioPolicyManagerBase( 1920): getOutput() stream 1, samplingRate 48000, format 1, channelMask 1, flags 4
V/AudioPolicyManagerBase( 1920): getOutputsForDevice device 0002 -> 0002
V/AudioPolicyManagerBase( 1920): getOutput() returns output 2
V/LvOutput( 1920): initCheck: 0
V/LvOutput( 1920): attachEffects: attach processing to output 2, stream 1, session 6361, mode 0
V/LvOutput( 1920): attachEffects: no output processing needs to be attached to this stream
V/LvOutput( 1920): LvOutput::setAllProcessorEnabled(false) mOutputs.size(118)
V/AudioPolicyManagerBase( 1920): startOutput() output 2, stream 1, session 6361
V/AudioPolicyManagerBase( 1920): changeRefCount() stream 1, count 3
D/CircleLockScreenMotion( 2259): Here comes a motion event
I/AudioMixer( 1920): setParameter(TRACK, FORMAT, 0x1)
E/AudioMixer( 1920): MOON > checkSEC_PCM ++ 1
I/AudioMixer( 1920): AudioMixer::track_t::setResampler channelCount 1
E/AudioMixer( 1920): MOON > checkSEC_PCM ++ 1
I/AudioResampler( 1920): AudioResampler::AudioResampler() 1 bits, 1 channels
E/AudioResampler( 1920): Unsupported sample format, 1 bits, 1 channels
I/AudioResampler( 1920): new MM resampler(48000 -> 44100, 1)
D/CircleLockScreenMotion( 2259): Here comes a motion event
D/CircleLockScreenMotion( 2259): Here comes a motion event
D/CircleUnlockRipple( 2259): handleTouchEvent event : 2
D/CircleUnlockRipple( 2259): pokeWakelockWithTimeCheck time diffence = 1342
D/KeyguardViewMediator( 2259): pokeWakelock(10000)
D/CircleUnlockRipple( 2259): pokeWakelockWithTimeCheck mCallback.pokeWakelock(AWAKE_INTERVAL_DEFAULT_MS)
D/CircleUnlockRippleRenderer( 2259): event action: 2, view = null, src = 1002
D/LockPatternUtils( 2259): isPcwEnable = 10
D/PowerManagerService( 2259): acquireWakeLock flags=0x1000001a tag=keyguard uid=1000 pid=2259 myUID=1000 myPID=2259 myTID=2604
D/KeyguardViewMediator( 2259): keyguardDone(true)
D/KeyguardViewMediator( 2259): handleKeyguardDone
D/KeyguardViewMediator( 2259): handleHide
E/AudioPolicyService( 1920): getOutput() tid 12626 ++
E/AudioPolicyService( 1920): getOutput() tid 12626 --
V/AudioPolicyManagerBase( 1920): getOutput() stream 1, samplingRate 0, format 0, channelMask 3, flags 0
V/AudioPolicyManagerBase( 1920): getOutputsForDevice device 0002 -> 0002
V/AudioPolicyManagerBase( 1920): getOutput() returns output 2
E/AudioPolicyService( 1920): getOutput() tid 7839 ++
E/AudioPolicyService( 1920): getOutput() tid 7839 --
V/AudioPolicyManagerBase( 1920): getOutput() stream 1, samplingRate 0, format 0, channelMask 3, flags 0
V/AudioPolicyManagerBase( 1920): getOutputsForDevice device 0002 -> 0002
V/AudioPolicyManagerBase( 1920): getOutput() returns output 2
E/AudioPolicyService( 1920): getOutput() tid 2219 ++
E/AudioPolicyService( 1920): getOutput() tid 2219 --
V/AudioPolicyManagerBase( 1920): getOutput() stream 1, samplingRate 44100, format 1, channelMask 1, flags 4
V/AudioPolicyManagerBase( 1920): getOutputsForDevice device 0002 -> 0002
V/AudioPolicyManagerBase( 1920): getOutput() returns output 2
V/LvOutput( 1920): initCheck: 0
V/LvOutput( 1920): attachEffects: attach processing to output 2, stream 1, session 6362, mode 0
V/LvOutput( 1920): attachEffects: no output processing needs to be attached to this stream
V/LvOutput( 1920): LvOutput::setAllProcessorEnabled(false) mOutputs.size(118)
V/AudioPolicyManagerBase( 1920): startOutput() output 2, stream 1, session 6362
V/AudioPolicyManagerBase( 1920): changeRefCount() stream 1, count 4
V/AudioPolicyManagerBase( 1920): releaseOutput() 2
I/power ( 2259): *** acquire_dvfs_lock : lockType : 1 freq : 1000000
D/PowerManagerService( 2259): acquireDVFSLockLocked : type : DVFS_MIN_LIMIT frequency : 1000000 uid : 1000 pid : 2259 tag : ActivityManager
W/ActivityManager( 2259): mDVFSLock.acquire()
D/CircleLockScreenMotion( 2259): Here comes a motion event
I/InputReader( 2259): Touch event's action is 0x1 (deviceType=0) [pCnt=1, s=]
I/InputDispatcher( 2259): Delivering touch to current input target: action: 0x1
I/InputDispatcher( 2259): Delivering touch to current input target: action: 0x1
I/InputDispatcher( 2259): Delivering touch to current input target: action: 0x1
I/AudioMixer( 1920): setParameter(TRACK, FORMAT, 0x1)
E/AudioMixer( 1920): MOON > checkSEC_PCM ++ 1
D/CircleLockScreenMotion( 2259): Here comes a motion event
D/STATUSBAR-NetworkController( 2707): refreshSignalCluster: data=0 bt=false
D/STATUSBAR-SignalClusterView( 2707): mSeparateMobileGroup=8
D/STATUSBAR-SignalClusterView( 2707): mSeparateMobileGroup=8
D/STATUSBAR-SignalClusterView( 2707): mSeparateMobileGroup=8
D/KeyguardViewMediator( 2259): setHidden false
D/KeyguardViewMediator( 2259): setHidden false
D/KeyguardViewMediator( 2259): adjustUserActivityLocked mShowing: false mHidden: false
D/LockPatternUtils( 2259): isPcwEnable = 10
D/KeyguardViewMediator( 2259): adjustStatusBarLocked: mShowing=false mHidden=false isSecure=false --> flags=0x0
D/PowerManagerService( 2259): enableUserActivity true
D/STATUSBAR-StatusBarManagerService( 2259): manageDisableList what=0x0 pkg=android
D/KeyguardViewMediator( 2259): setHidden false
E/KeyguardViewMediator( 2259): 3. Lockscreen unlock
E/KeyguardViewMediator( 2259): Phone is boot completed. so can broadcast
D/lights ( 2259): button : 2 +
D/lights ( 2259): button : 2 -
E/KeyguardViewMediator( 2259): Phone is boot completed. so can broadcast
D/PhoneStatusBar( 2707): disable: < expand icons alerts ticker system_info BACK HOME recent* CLOCK > D/PowerManagerService( 2259): releaseWakeLockLocked flags=0x0 tag=keyguard myUID=1000 myPID=2259 myTID=2604
I/PowerManagerService( 2259): Ulight 0x7->0x3|0x0
D/STATUSBAR-NotificationService( 2259): ACTION_USER_PRESENT
D/LightsService( 2259): [SvcLED] setSvcLedStateLocked:: id = 4, color = 0, mode = Off, set = Off
E/MotionRecognitionService( 2259): mReceiver.onReceive : ACTION_USER_PRESENT :: UNLOCK SCREEN
D/LightsService( 2259): [SvcLED] wl is acquired. It will be released after 350ms.
D/CircleLockScreenMotion( 2259): Here comes a motion event
D/CircleUnlockRipple( 2259): handleTouchEvent event : 2
D/CircleUnlockRipple( 2259): pokeWakelockWithTimeCheck time diffence = 1453
D/KeyguardViewMediator( 2259): pokeWakelock canceled by the showing condition
D/CircleUnlockRipple( 2259): pokeWakelockWithTimeCheck mCallback.pokeWakelock(AWAKE_INTERVAL_DEFAULT_MS)
D/CircleUnlockRippleRenderer( 2259): event action: 2, view = null, src = 1002
D/CircleUnlockRippleRenderer( 2259): cleanUp
V/SoundPoolThread( 2259): Got message m=1, mData=0
V/SoundPoolThread( 2259): goodbye
D/dalvikvm( 1918): WAIT_FOR_CONCURRENT_GC blocked 0ms
V/SoundPoolThread( 2259): return from quit
V/LvOutput( 1920): initCheck: 0
V/LvOutput( 1920): detachEffects: detach processing for output 2, stream 1, session 6361
V/LvOutput( 1920): detachEffects: no output processing was attached to this stream
V/AudioPolicyManagerBase( 1920): stopOutput() output 2, stream 1, session 6361
V/AudioPolicyManagerBase( 1920): changeRefCount() stream 1, count 3
V/AudioPolicyManagerBase( 1920): releaseOutput() 2
V/LvOutput( 1920): initCheck: 0
V/LvOutput( 1920): detachEffects: detach processing for output 2, stream 1, session 6360
V/LvOutput( 1920): detachEffects: no output processing was attached to this stream
V/AudioPolicyManagerBase( 1920): stopOutput() output 2, stream 1, session 6360
V/AudioPolicyManagerBase( 1920): changeRefCount() stream 1, count 2
V/AudioPolicyManagerBase( 1920): releaseOutput() 2
V/LvOutput( 1920): initCheck: 0
V/LvOutput( 1920): detachEffects: detach processing for output 2, stream 1, session 6359
V/LvOutput( 1920): detachEffects: no output processing was attached to this stream
V/AudioPolicyManagerBase( 1920): stopOutput() output 2, stream 1, session 6359
V/AudioPolicyManagerBase( 1920): changeRefCount() stream 1, count 1
V/AudioPolicyManagerBase( 1920): releaseOutput() 2
V/SoundPoolThread( 2259): return from quit
D/CircleLockScreenMotion( 2259): reset motion engine
D/MotionEngine( 2259): [@@@ MotionEngine @@@] ResetMotionEngine............................ CALLED...............
D/CircleUnlockRipple( 2259): handleTouchEvent event : 1
D/CircleUnlockRipple( 2259): pokeWakelockWithTimeCheck time diffence = 1488
D/KeyguardViewMediator( 2259): pokeWakelock canceled by the showing condition
D/CircleUnlockRipple( 2259): pokeWakelockWithTimeCheck mCallback.pokeWakelock(AWAKE_INTERVAL_DEFAULT_MS)
D/CircleUnlockRippleRenderer( 2259): event action: 1, view = null, src = 1002
D/dalvikvm( 1918): GC_EXPLICIT freed 38K, 7% free 12119K/12931K, paused 4ms+2ms, total 35ms
D/dalvikvm( 1918): WAIT_FOR_CONCURRENT_GC blocked 0ms
D/MotionRecognitionService( 2259): .resetMotionEngine
D/MotionEngine( 2259): [EXEC CAMERA] INIT..........
D/MotionEngine( 2259): [LIST SCROLL] MOTION_EVENT_TILT_LEVEL_ZERO_LAND 11 18 25 11 18 25
D/CircleLockScreenMotion( 2259): Here comes a motion event
D/dalvikvm( 1918): GC_EXPLICIT freed <1K, 7% free 12119K/12931K, paused 2ms+2ms, total 34ms
D/dalvikvm( 1918): WAIT_FOR_CONCURRENT_GC blocked 0ms
D/dalvikvm( 1918): GC_EXPLICIT freed <1K, 7% free 12119K/12931K, paused 1ms+3ms, total 38ms
D/MotionEngine( 2259): [ACC DIRECT CALL] 11111111 ACC PROX READY STATE.........
D/CircleLockScreenMotion( 2259): Here comes a motion event
D/WindowManager( 2259): PhoneWindowManager: focusChangedLw
D/KeyguardViewMediator( 2259): setHidden false
V/WindowManager( 2259): rotationForOrientationLw(orient=-1, last=0); user=0 mLidState=-1 mDockMode=0 mHdmiPlugged=false mAccelerometerDefault=false sensorRotation=-1
D/WindowManager( 2259): mInputFocus is not null.
D/LockPatternKeyguardView( 2259): unfocused
D/CircleLockScreen( 2259): unfocused
D/WindowManager( 2259): mInputFocus is not null.
D/WindowManager( 2259): PhoneWindowManager: focusChangedLw
D/KeyguardViewMediator( 2259): setHidden false
D/STATUSBAR-StatusBarManagerService( 2259): setSystemUiVisibility(0x0)
D/STATUSBAR-StatusBarManagerService( 2259): manageDisableList what=0x0 pkg=WindowManager.LayoutParams
D/PhoneStatusBar( 2707): disable: < expand icons alerts ticker system_info back* home* recent clock* > W/InputMethodManagerService( 2259): Window already focused, ignoring focus gain of: com.android.internal.view.IInputMethodClient$Stub$Proxy@42c59c40 attribute=android.view.inputmethod.EditorInfo@42b30090
D/KeyguardViewMediator( 2259): setHidden false
D/CircleLockScreenMotion( 2259): Here comes a motion event
D/KeyguardViewMediator( 2259): setHidden false
D/MotionEngine( 2259): [@@@ Motion Engine @@@] MOVE Recognition ############ 80
D/MotionEngine( 2259): [@@@ Motion Engine @@@] Event num 71 Occured
D/CircleLockScreenMotion( 2259): Here comes a motion event
I/MotionRecognitionService( 2259): send 71=FLAT ~~
D/KeyguardViewMediator( 2259): setHidden false
D/KeyguardViewMediator( 2259): setHidden false
D/KeyguardViewMediator( 2259): setHidden false
D/KeyguardViewMediator( 2259): setHidden false
D/CircleLockScreenMotion( 2259): Here comes a motion event
D/KeyguardViewMediator( 2259): setHidden false
D/KeyguardViewMediator( 2259): setHidden false
D/KeyguardViewMediator( 2259): setHidden false
D/CircleLockScreenMotion( 2259): Here comes a motion event
D/KeyguardViewMediator( 2259): setHidden false
D/KeyguardViewMediator( 2259): setHidden false
I/SurfaceFlinger( 1917): id=18603 Removed Leyguard idx=5 MapSz=4
I/SurfaceFlinger( 1917): id=18603 Removed Leyguard idx=-2 MapSz=4
D/CircleLockScreen( 2259): onPause()
D/CircleShortcutWidget( 2259): onPause()
D/CircleLockScreenMotion( 2259): unregister motion listener
D/MotionRecognitionManager( 2259): @ member 0 = com.android.internal.policy.impl.sec.CircleLockScreenMotion$2@428cf750
I/MotionRecognitionManager( 2259): .unregisterListener : / listener count = 1->1, listener=com.android.internal.policy.impl.sec.CircleLockScreenMotion$1@428fbe90
D/MotionRecognitionManager( 2259): @ member 0 = com.android.internal.policy.impl.sec.CircleLockScreenMotion$2@428cf750
D/SensorManager( 2259): unregisterListener:: Listener= android.hardware.motion.MotionRecognitionService$4@41fd1708
I/SensorManager( 2259): Set min delay = 200000
D/MotionRecognitionService( 2259): .unregisterCallback : 0, client=com.android.internal.policy.impl.sec.CircleLockScreenMotion$2@428cf750
I/SensorManager( 2259): Set min delay = 200000
I/SensorManager( 2259): Before sending... delay = 200000
D/Sensors ( 2259): Remain listener = android.view.WindowOrientationListener$SensorEventListenerImpl@424160b0
I/Sensors ( 2259): sendDelay --- 200000000
I/SensorService( 2259): info.selectDelay() ns=200000000
D/iNemoSensor( 2259): setDelay(): handle(0), en(200000000)
I/iNemoSensor( 2259): iNemoSensor::skip update_delay wanted_gyro = 20000000 current delay = 20000000
I/iNemoSensor( 2259): update_delay wanted_accel = 200000000
D/SensorService( 2259): SensorDevice::setDelay, Return(true 1, false 0) = 1
D/SensorManager( 2259): JNI - sendDelay
D/SensorManager( 2259): unregisterListener:: Listener= android.hardware.motion.MotionRecognitionService$5@41fd03b8
D/AkmSensor( 2259): MeasureSNGLoop: interval.interval = 200000000, doze_max = 196000, prms->enabled = 2
I/iNemoSensor( 2259): enable(): handle(5), en(0), what(1)
D/iNemoSensor( 2259): enableDev() : path(/sys/class/input/event4/device/enable), val(0)
D/iNemoSensor( 2259): enable(): MASK_ACC (1) MASK_MAG (0) MASK_GYR (0)
D/iNemoSensor( 2259): enable(): mEnAcc(1) mEnMag(0) mEnGyr(0)
I/iNemoSensor( 2259): skip update_delay wanted_accel = 200000000 current delay = 200000000
D/SensorService( 2259): SensorDevice::activate (enable 1, disable 0) = 0
D/SensorService( 2259): activating sensor disable handle=5
D/SensorService( 2259): activating sensor disable, Done!
D/SensorService( 2259): SensorDevice::activating sensor handle=5 ns=20000000
D/iNemoSensor( 2259): setDelay(): handle(5), en(20000000)
I/iNemoSensor( 2259): skip update_delay wanted_accel = 200000000 current delay = 200000000
D/SensorManager( 2259): unregisterListener:: Listener= android.view.WindowOrientationListener$SensorEventListenerImpl@422b7908
I/SensorManager( 2259): Set min delay = 200000
I/SensorManager( 2259): Before sending... delay = 200000
D/Sensors ( 2259): Remain listener = android.view.WindowOrientationListener$SensorEventListenerImpl@424160b0
I/Sensors ( 2259): sendDelay --- 200000000
I/SensorService( 2259): info.selectDelay() ns=200000000
D/iNemoSensor( 2259): setDelay(): handle(0), en(200000000)
I/iNemoSensor( 2259): skip update_delay wanted_accel = 200000000 current delay = 200000000
D/SensorService( 2259): SensorDevice::setDelay, Return(true 1, false 0) = 1
D/SensorManager( 2259): JNI - sendDelay
I/MotionRecognitionManager( 2259): .unregisterListener : / listener count = 1->0, listener=com.android.internal.policy.impl.sec.CircleLockScreenMotion$2@428cf750
D/CircleLockScreen( 2259): cleanUp()
D/CircleUnlockRippleRenderer( 2259): cleanUp
