D/iNemoSensor( 2259): enable(): MASK_ACC (1) MASK_MAG (0) MASK_GYR (2)
D/iNemoSensor( 2259): enable(): mEnAcc(1) mEnMag(0) mEnGyr(1)
I/iNemoSensor( 2259): iNemoSensor::skip update_delay wanted_gyro = 20000000 current delay = 20000000
I/iNemoSensor( 2259): skip update_delay wanted_accel = 200000000 current delay = 200000000
D/SensorService( 2259): SensorDevice::activate (enable 1, disable 0) = 1
D/SensorService( 2259): activating sensor enable handle=5
D/SensorService( 2259): activating sensor enable, Done!
D/SensorService( 2259): SensorDevice::activating sensor handle=5 ns=200000000
D/iNemoSensor( 2259): setDelay(): handle(5), en(200000000)
I/iNemoSensor( 2259): iNemoSensor::update_delay wanted_gyro = 200000000
I/iNemoSensor( 2259): skip update_delay wanted_accel = 200000000 current delay = 200000000
I/SensorService( 2259): info.selectDelay() ns=20000000
D/iNemoSensor( 2259): setDelay(): handle(5), en(20000000)
I/iNemoSensor( 2259): iNemoSensor::update_delay wanted_gyro = 20000000
I/iNemoSensor( 2259): skip update_delay wanted_accel = 200000000 current delay = 200000000
D/SensorService( 2259): SensorDevice::setDelay, Return(true 1, false 0) = 1
D/SensorManager( 2091): registerListener :: handle = 5 name= LSM330DLC Gyroscope sensor delay= 20000 Listener= com.hamsterbeat.wallpapers.base.w@41bdbc78
D/KeyguardViewMediator( 2259): setHidden false
D/KeyguardViewMediator( 2259): setHidden false
D/KeyguardViewMediator( 2259): handleTimeout
D/KeyguardViewMediator( 2259): setHidden false
D/KeyguardViewMediator( 2259): setHidden false
D/InputReader( 2259): Input event: value=1
I/InputDispatcher( 2259): Delivering key to current input target: action: 0x0
I/InputDispatcher( 2259): Delivering key to current input target: action: 0x0
I/InputDispatcher( 2259): Delivering key to current input target: action: 0x0
D/InputReader( 2259): Input event: value=0
I/InputDispatcher( 2259): Delivering key to current input target: action: 0x1
I/InputDispatcher( 2259): Delivering key to current input target: action: 0x1
I/InputDispatcher( 2259): Delivering key to current input target: action: 0x1
I/ClipboardServiceEx( 2259): mCBPickerDialog enter case. MSG_DISMISS_DIALOG
I/Launcher.StuckInEdit( 6417): exitWidgetResizeMode State NORMAL
D/KeyguardViewMediator( 2259): setHidden false
I/SurfaceFlinger( 1917): id=18589 Removed Tettings idx=4 MapSz=3
I/SurfaceFlinger( 1917): id=18589 Removed Tettings idx=-2 MapSz=3
D/KeyguardViewMediator( 2259): setHidden false
D/KeyguardViewMediator( 2259): setHidden false
D/KeyguardViewMediator( 2259): setHidden false
V/WindowOrientationListener( 2259): nearestRotation : 0 Angle: 358 tilt: 47
W/SignalStrength( 2259): getGsmLevel=1
W/SignalStrength( 2707): getGsmLevel=1
W/SignalStrength( 2259): getLevel=1 (SignalStrength: 3 -1 -1 -1 -1 -1 -1 -1 -1 -1 -1 -1 gsm|lte 1)
W/SignalStrength( 2707): getLevel=1 (SignalStrength: 3 -1 -1 -1 -1 -1 -1 -1 -1 -1 -1 -1 gsm|lte 1)
W/SignalStrength( 2707): getGsmLevel=1
W/SignalStrength( 2707): getLevel=1 (SignalStrength: 3 -1 -1 -1 -1 -1 -1 -1 -1 -1 -1 -1 gsm|lte 1)
D/STATUSBAR-NetworkController( 2707): onSignalStrengthsChanged signalStrength=SignalStrength: 3 -1 -1 -1 -1 -1 -1 -1 -1 -1 -1 -1 gsm|lte 1 level=1
W/AlarmManager( 2259): FACTORY_ON= 0
W/SignalStrength( 2259): getGsmDbm=-107
W/SignalStrength( 2259): getDbm=-107
W/SignalStrength( 2259): getGsmAsuLevel=3
W/SignalStrength( 2259): getAsuLevel=3
D/lights ( 2259): button : 2 +
D/lights ( 2259): button : 2 -
W/PowerManagerService( 2259): Timer 0x7->0x3|0x0
I/PowerManagerService( 2259): Ulight 0x7->0x3|0x0
D/KeyguardViewMediator( 2259): setHidden false
V/WindowOrientationListener( 2259): Proposed rotation changed! proposedRotation=3, oldProposedRotation=-1currentRotation = 0
V/WindowManager( 2259): rotationForOrientationLw(orient=5, last=0); user=0 mLidState=-1 mDockMode=0 mHdmiPlugged=false mAccelerometerDefault=false sensorRotation=3
W/SignalStrength( 2259): getGsmLevel=1
W/SignalStrength( 2259): getLevel=1 (SignalStrength: 2 -1 -1 -1 -1 -1 -1 -1 -1 -1 -1 -1 gsm|lte 1)
W/SignalStrength( 2707): getGsmLevel=1
W/SignalStrength( 2707): getLevel=1 (SignalStrength: 2 -1 -1 -1 -1 -1 -1 -1 -1 -1 -1 -1 gsm|lte 1)
W/SignalStrength( 2707): getGsmLevel=1
W/SignalStrength( 2707): getLevel=1 (SignalStrength: 2 -1 -1 -1 -1 -1 -1 -1 -1 -1 -1 -1 gsm|lte 1)
W/AlarmManager( 2259): FACTORY_ON= 0
D/STATUSBAR-NetworkController( 2707): onSignalStrengthsChanged signalStrength=SignalStrength: 2 -1 -1 -1 -1 -1 -1 -1 -1 -1 -1 -1 gsm|lte 1 level=1
W/SignalStrength( 2259): getGsmDbm=-109
W/SignalStrength( 2259): getDbm=-109
W/SignalStrength( 2259): getGsmAsuLevel=2
W/SignalStrength( 2259): getAsuLevel=2
D/STATUSBAR-NetworkController( 2707): refreshSignalCluster: data=0 bt=false
D/STATUSBAR-SignalClusterView( 2707): mSeparateMobileGroup=8
D/STATUSBAR-SignalClusterView( 2707): mSeparateMobileGroup=8
D/STATUSBAR-SignalClusterView( 2707): mSeparateMobileGroup=8
D/STATUSBAR-NetworkController( 2707): refreshSignalCluster: data=0 bt=false
D/STATUSBAR-SignalClusterView( 2707): mSeparateMobileGroup=8
D/STATUSBAR-SignalClusterView( 2707): mSeparateMobileGroup=8
D/STATUSBAR-SignalClusterView( 2707): mSeparateMobileGroup=8
D/dalvikvm( 2969): WAIT_FOR_CONCURRENT_GC blocked 0ms
D/dalvikvm( 2969): GC_EXPLICIT freed 250K, 10% free 12173K/13511K, paused 9ms+3ms, total 54ms
D/STATUSBAR-NetworkController( 2707): refreshSignalCluster: data=0 bt=false
D/STATUSBAR-SignalClusterView( 2707): mSeparateMobileGroup=8
D/STATUSBAR-SignalClusterView( 2707): mSeparateMobileGroup=8
D/STATUSBAR-SignalClusterView( 2707): mSeparateMobileGroup=8
D/STATUSBAR-NetworkController( 2707): refreshSignalCluster: data=0 bt=false
D/STATUSBAR-SignalClusterView( 2707): mSeparateMobileGroup=8
D/STATUSBAR-SignalClusterView( 2707): mSeparateMobileGroup=8
D/STATUSBAR-SignalClusterView( 2707): mSeparateMobileGroup=8
D/STATUSBAR-NetworkController( 2707): refreshSignalCluster: data=0 bt=false
D/STATUSBAR-SignalClusterView( 2707): mSeparateMobileGroup=8
D/STATUSBAR-SignalClusterView( 2707): mSeparateMobileGroup=8
D/STATUSBAR-SignalClusterView( 2707): mSeparateMobileGroup=8
V/AlarmManager( 2259): waitForAlarm result :8
V/AlarmManager( 2259): ClockReceiver onReceive() ACTION_TIME_TICK
W/AlarmManager( 2259): FACTORY_ON= 0
D/STATUSBAR-Clock( 2707): onReceive() - ACTION_TIME_TICK
D/STATUSBAR-Clock( 2707): onReceive() - ACTION_TIME_TICK
D/widget ( 6417): [MSC_HERO_Accu_JB]>>> SM:1288 [0:0] bTCC WCV = 200
D/widget ( 6417): [MSC_HERO_Accu_JB]>>> WC:1689 [0:0] drw 2nd Tm dt = 2147
D/ClockAlarmWidgetService(24641): [ClockAlarmWidgetService] onReceive: action = android.intent.action.TIME_TICK
E/ClockAlarmWidget(24641): [AlarmWidgetIdManager] getListItem() : itemIndex=0, widgetID:7
E/ClockAlarmWidget(24641): [AlarmWidgetIdManager] getListItem() : ItemIndex exceed ListItemCount. itemIndex=1
E/ClockAlarmWidget(24641): [AlarmWidgetIdManager] getListItem() : itemIndex=1, widgetID:7
D/ClockAlarmDataProvider(24641): getAlarm() - too many same ID alarm data. nCount: 0
D/dalvikvm( 2259): GC_CONCURRENT freed 2126K, 28% free 37399K/51655K, paused 19ms+14ms, total 202ms
D/STATUSBAR-NetworkController( 2707): refreshSignalCluster: data=0 bt=false
D/STATUSBAR-SignalClusterView( 2707): mSeparateMobileGroup=8
D/STATUSBAR-SignalClusterView( 2707): mSeparateMobileGroup=8
D/STATUSBAR-SignalClusterView( 2707): mSeparateMobileGroup=8
W/AlarmManager( 2259): FACTORY_ON= 0
D/STATUSBAR-NetworkController( 2707): refreshSignalCluster: data=0 bt=false
D/STATUSBAR-SignalClusterView( 2707): mSeparateMobileGroup=8
D/STATUSBAR-SignalClusterView( 2707): mSeparateMobileGroup=8
D/STATUSBAR-SignalClusterView( 2707): mSeparateMobileGroup=8
D/STATUSBAR-NetworkController( 2707): refreshSignalCluster: data=0 bt=false
D/STATUSBAR-SignalClusterView( 2707): mSeparateMobileGroup=8
D/STATUSBAR-SignalClusterView( 2707): mSeparateMobileGroup=8
D/STATUSBAR-SignalClusterView( 2707): mSeparateMobileGroup=8
V/WindowOrientationListener( 2259): Proposed rotation changed! proposedRotation=1, oldProposedRotation=-1currentRotation = 0
V/WindowManager( 2259): rotationForOrientationLw(orient=5, last=0); user=0 mLidState=-1 mDockMode=0 mHdmiPlugged=false mAccelerometerDefault=false sensorRotation=1
D/KeyguardViewMediator( 2259): setHidden false
D/STATUSBAR-NetworkController( 2707): refreshSignalCluster: data=0 bt=false
D/STATUSBAR-SignalClusterView( 2707): mSeparateMobileGroup=8
D/STATUSBAR-SignalClusterView( 2707): mSeparateMobileGroup=8
D/STATUSBAR-SignalClusterView( 2707): mSeparateMobileGroup=8
W/AlarmManager( 2259): FACTORY_ON= 0
V/WindowOrientationListener( 2259): Proposed rotation changed! proposedRotation=1, oldProposedRotation=-1currentRotation = 0
D/KeyguardViewMediator( 2259): setHidden false
V/WindowManager( 2259): rotationForOrientationLw(orient=5, last=0); user=0 mLidState=-1 mDockMode=0 mHdmiPlugged=false mAccelerometerDefault=false sensorRotation=1
D/KeyguardViewMediator( 2259): setHidden false
V/WindowOrientationListener( 2259): Proposed rotation changed! proposedRotation=1, oldProposedRotation=-1currentRotation = 0
V/WindowManager( 2259): rotationForOrientationLw(orient=5, last=0); user=0 mLidState=-1 mDockMode=0 mHdmiPlugged=false mAccelerometerDefault=false sensorRotation=1
D/dalvikvm( 2707): WAIT_FOR_CONCURRENT_GC blocked 0ms
D/dalvikvm( 2707): GC_EXPLICIT freed 1719K, 45% free 17693K/32071K, paused 11ms+6ms, total 96ms
I/power ( 2259): *** acquire_dvfs_lock : lockType : 1 freq : 1400000
W/PowerManagerService( 2259): Timer 0x3->0x1|0x0
I/PowerManagerService( 2259): Ulight 0x3->0x1|0x0
D/PowerManagerService( 2259): updateLightsLocked : mSystemPowerSaveModeEnabled:: brightness:10
D/PowerManagerService( 2259): acquireDVFSLockLocked : type : DVFS_MIN_LIMIT frequency : 1400000 uid : 1000 pid : 2259 tag : AMOLED_Animation
D/lights ( 2259): LCD : 116 +
D/lights ( 2259): LCD : 116 -
D/lights ( 2259): LCD : 106 +
D/dalvikvm(20808): WAIT_FOR_CONCURRENT_GC blocked 0ms
D/lights ( 2259): LCD : 106 -
D/lights ( 2259): LCD : 43 +
D/dalvikvm(20808): GC_EXPLICIT freed 8K, 8% free 12690K/13767K, paused 10ms+3ms, total 73ms
D/lights ( 2259): LCD : 43 -
D/lights ( 2259): LCD : 16 +
D/lights ( 2259): LCD : 16 -
D/lights ( 2259): LCD : 10 +
D/lights ( 2259): LCD : 10 -
I/power ( 2259): *** release_dvfs_lock : lockType : 1
I/PowerManagerService( 2259): Light Animator Finished currentValue=10
D/PowerManagerService( 2259): releaseDVFSLockLocked : all DVFS_MIN_LIMIT are released
V/WindowOrientationListener( 2259): nearestRotation : 1 Angle: 83 tilt: -4
D/STATUSBAR-NetworkController( 2707): refreshSignalCluster: data=0 bt=false
D/STATUSBAR-SignalClusterView( 2707): mSeparateMobileGroup=8
D/STATUSBAR-SignalClusterView( 2707): mSeparateMobileGroup=8
D/STATUSBAR-SignalClusterView( 2707): mSeparateMobileGroup=8
E/Watchdog( 2259): !@Sync 11511
D/STATUSBAR-NetworkController( 2707): refreshSignalCluster: data=0 bt=false
D/STATUSBAR-SignalClusterView( 2707): mSeparateMobileGroup=8
D/STATUSBAR-SignalClusterView( 2707): mSeparateMobileGroup=8
D/STATUSBAR-SignalClusterView( 2707): mSeparateMobileGroup=8
D/dalvikvm( 2091): GC_CONCURRENT freed 432K, 8% free 12320K/13383K, paused 5ms+4ms, total 44ms
D/STATUSBAR-NetworkController( 2707): refreshSignalCluster: data=0 bt=false
D/STATUSBAR-SignalClusterView( 2707): mSeparateMobileGroup=8
D/STATUSBAR-SignalClusterView( 2707): mSeparateMobileGroup=8
D/STATUSBAR-SignalClusterView( 2707): mSeparateMobileGroup=8
D/dalvikvm( 964): WAIT_FOR_CONCURRENT_GC blocked 0ms
D/dalvikvm( 964): GC_EXPLICIT freed <1K, 7% free 12146K/12931K, paused 11ms+2ms, total 75ms
D/STATUSBAR-NetworkController( 2707): refreshSignalCluster: data=0 bt=false
D/STATUSBAR-SignalClusterView( 2707): mSeparateMobileGroup=8
D/STATUSBAR-SignalClusterView( 2707): mSeparateMobileGroup=8
D/STATUSBAR-SignalClusterView( 2707): mSeparateMobileGroup=8
D/STATUSBAR-NetworkController( 2707): refreshSignalCluster: data=0 bt=false
D/STATUSBAR-SignalClusterView( 2707): mSeparateMobileGroup=8
D/STATUSBAR-SignalClusterView( 2707): mSeparateMobileGroup=8
D/STATUSBAR-SignalClusterView( 2707): mSeparateMobileGroup=8
D/KeyguardViewMediator( 2259): setHidden false
V/WindowOrientationListener( 2259): Proposed rotation changed! proposedRotation=1, oldProposedRotation=-1currentRotation = 0
V/WindowManager( 2259): rotationForOrientationLw(orient=5, last=0); user=0 mLidState=-1 mDockMode=0 mHdmiPlugged=false mAccelerometerDefault=false sensorRotation=1
D/lights ( 2259): button : 2 +
D/lights ( 2259): button : 2 -
W/PowerManagerService( 2259): Timer 0x1->0x0|0x0
D/PowerManagerService( 2259): Screen__Off : Timeout
I/PowerManagerService( 2259): Ulight 0x1->0x0|0x0
W/PowerManagerService( 2259): CurLockF mPS:1 mUS=0
W/PowerManagerService( 2259): mPokeLocks.size=0:
D/PowerManagerService( 2259): enableLightSensorLocked enable=false mLightSensorEnabled=false mAutoBrightessEnabled=false mWaitingForFirstLightSensor=false
I/power ( 2259): *** acquire_dvfs_lock : lockType : 1 freq : 1400000
D/PowerManagerService( 2259): sendNotificationLocked on=false
D/PowerManagerService( 2259): acquireDVFSLockLocked : type : DVFS_MIN_LIMIT frequency : 1400000 uid : 1000 pid : 2259 tag : AMOLED_Animation
D/WindowManager( 2259): mSetIgnore
D/KeyguardViewMediator( 2259): onScreenTurnedOff(3)
D/PowerManagerService( 2259): mNotificationTask : off
D/SurfaceFlinger( 1917): About to give-up screen, flinger = 0x41037008
D/lights ( 2259): LCD : 9 +
D/lights ( 2259): LCD : 9 -
D/KeyguardViewMediator( 2259): setting alarm to turn off keyguard, seq = 2230
D/SensorManager( 2259): unregisterListener:: Listener= android.view.WindowOrientationListener$SensorEventListenerImpl@424160b0
D/SecTVOutService( 1917): virtual void android::SecTVOutService::setSuspendMode(uint32_t) TV suspend mode = 1
D/SecTVOutService( 1917): virtual void android::SecTVOutService::setHdmiStatus(uint32_t) HDMI cable status = 0
D/Sensors ( 2259): Remain listener = Sending .. normal delay 200ms
I/Sensors ( 2259): sendDelay --- 200000000
I/SensorService( 2259): info.selectDelay() ns=200000000
D/iNemoSensor( 2259): setDelay(): handle(0), en(200000000)
I/iNemoSensor( 2259): iNemoSensor::skip update_delay wanted_gyro = 20000000 current delay = 20000000
I/iNemoSensor( 2259): skip update_delay wanted_accel = 200000000 current delay = 200000000
D/SensorService( 2259): SensorDevice::setDelay, Return(true 1, false 0) = 1
D/SensorManager( 2259): JNI - sendDelay
I/SensorManager( 2259): Set normal delay = true
I/iNemoSensor( 2259): enable(): handle(0), en(0), what(0)
D/AkmSensor( 2259): akm_disable_sensor: Accel is disabled. (orien = 0)
I/AkmSensor( 2259): enable_accelerometer, mEnabled = 1, enable = 0
I/iNemoSensor( 2259): enable:373 gyro_dps = 0 .
D/iNemoSensor( 2259): enable(): MASK_ACC (0) MASK_MAG (0) MASK_GYR (2)
D/iNemoSensor( 2259): enable(): mEnAcc(0) mEnMag(0) mEnGyr(1)
I/iNemoSensor( 2259): iNemoSensor::skip update_delay wanted_gyro = 20000000 current delay = 20000000
I/iNemoSensor( 2259): update_delay wanted_accel = -1
D/SensorService( 2259): SensorDevice::activate (enable 1, disable 0) = 0
D/SensorService( 2259): activating sensor disable handle=0
D/SensorService( 2259): activating sensor disable, Done!
D/SensorService( 2259): SensorDevice::activating sensor handle=0 ns=200000000
D/iNemoSensor( 2259): setDelay(): handle(0), en(200000000)
I/iNemoSensor( 2259): iNemoSensor::skip update_delay wanted_gyro = 20000000 current delay = 20000000
I/iNemoSensor( 2259): skip update_delay wanted_accel = -1 current delay = -1
W/AlarmManager( 2259): FACTORY_ON= 0
V/WindowOrientationListener( 2259): WindowOrientationListener disabled
D/Launcher.HomeFragment( 6417): onPause
D/Launcher( 6417): onPause, Launcher: 1103527480
D/widget ( 6417): [MSC_HERO_Accu_JB]>>> WC:1028 [0:0] onPause
D/lights ( 2259): LCD : 8 +
D/lights ( 2259): LCD : 8 -
D/lights ( 2259): LCD : 7 +
D/lights ( 2259): LCD : 7 -
D/Launcher.HomeFragment( 6417): onStop
D/Launcher( 6417): onStop, Launcher: 1103527480
W/IInputConnectionWrapper( 6417): getSelectedText on inactive InputConnection
W/IInputConnectionWrapper( 6417): setComposingText on inactive InputConnection
W/IInputConnectionWrapper( 6417): getExtractedText on inactive InputConnection
D/WfdService( 2259): intent recieved android.intent.action.SCREEN_OFF
D/SensorService( 2259): info.rates.add, set DEFAULT_EVENTS_PERIOD
D/SensorService( 2259): SensorDevice::activate (enable 1, disable 0) = 1
D/SensorService( 2259): activating sensor enable handle=3
D/SensorService( 2259): activating sensor enable, Done!
D/SensorService( 2259): SensorDevice::activating sensor handle=3 ns=200000000
I/SensorService( 2259): info.selectDelay() ns=200000000
D/SensorService( 2259): SensorDevice::setDelay, Return(true 1, false 0) = 1
D/SensorManager( 2259): registerListener :: handle = 3 name= CM36651 Light sensor delay= 200000 Listener= com.android.server.LightsService$4@423c46d0
D/STATUSBAR-NotificationService( 2259): ACTION_SCREEN_OFF
D/STATUSBAR-NotificationService( 2259): updateLightsLocked() : Set default flashing notification light
D/LightsService( 2259): [SvcLED] setSvcLedStateLocked:: id = 4, color = -16711936, mode = 12, set = On
D/LightsService( 2259): [SvcLED] wl is acquired. It will be released after 350ms.
I/AudioHardwareTinyALSA( 1920): setParameters(screen_state=off)
I/audio_wfd_hw( 1920): adev_set_parameters() screen_state=off
D/tms_audio_hw/AudioTmsIpc( 1920): adev_set_parameters : Enter
D/tms_audio_hw/AudioTmsIpc( 1920): adev_set_parameters : Exit
D/lights ( 2259): LCD : 6 +
D/lights ( 2259): LCD : 6 -
D/StatusBar.FaceDetectionController( 2707): onReceive: action = android.intent.action.SCREEN_OFF mEnableDetect : false
D/PointerInterceptView( 2259): Receive COLLAPSED
D/PointerInterceptView( 2259): sendCallbackFunc, mPreviousOpen = false , isOpen = false , isForce = false
D/lights ( 2259): LCD : 5 +
D/lights ( 2259): LCD : 5 -
D/SensorManager( 2091): unregisterListener:: Listener= com.hamsterbeat.wallpapers.base.w@41bdbc78
I/iNemoSensor( 2259): enable(): handle(5), en(0), what(1)
D/iNemoSensor( 2259): enableDev() : path(/sys/class/input/event4/device/enable), val(0)
D/iNemoSensor( 2259): enable(): MASK_ACC (0) MASK_MAG (0) MASK_GYR (0)
D/iNemoSensor( 2259): enable(): mEnAcc(0) mEnMag(0) mEnGyr(0)
D/SensorService( 2259): SensorDevice::activate (enable 1, disable 0) = 0
D/SensorService( 2259): activating sensor disable handle=5
D/SensorService( 2259): activating sensor disable, Done!
D/SensorService( 2259): SensorDevice::activating sensor handle=5 ns=20000000
D/iNemoSensor( 2259): setDelay(): handle(5), en(20000000)
D/wpfx.pan.jni( 2091): RendererBase(57139100)::pause
D/lights ( 2259): LCD : 4 +
D/lights ( 2259): LCD : 4 -
I/Launcher.StuckInEdit( 6417): exitWidgetResizeMode State NORMAL
D/lights ( 2259): LCD : 3 +
D/lights ( 2259): LCD : 3 -
D/NfcService(20808): NFC-C OFF, disconnect
D/com.samsung.app(31251): [MSC_HERO_Accu_JB]>>> WCS:251 [0:0] BR act = androidintentactionSCREEN_OFF
D/lights ( 2259): LCD : 2 +
D/lights ( 2259): LCD : 2 -
W/AlarmManager( 2259): FACTORY_ON= 0
D/comdaemonstockapp(24684): [Daemon_Stock]>>> DaemonService.java:51 [0:0] action : androidintentactionSCREEN_OFF
D/lights ( 2259): LCD : 1 +
D/lights ( 2259): LCD : 1 -
D/lights ( 2259): LCD : 0 +
D/lights ( 2259): LCD : 0 -
I/power ( 2259): *** release_dvfs_lock : lockType : 1
D/comdaemonstockapp(24684): [Daemon_Stock]>>> Stockclock_DaemonService.java:49 [0:0] onReceive: daemonappstockclockSCREEN_OFF
D/comdaemonstockapp(24684): [Daemon_Stock]>>> Stockclock_DaemonService.java:56 [0:0] appServiceStatus: 9
D/comdaemonstockapp(24684): [Daemon_Stock]>>> Stockclock_DaemonService.java:57 [0:0] [AR]: 0
D/comdaemonstockapp(24684): [Daemon_Stock]>>> Stockclock_DaemonService.java:236 [0:0] screen off, stop scroll
W/AlarmManager( 2259): FACTORY_ON= 0
I/PowerManagerService( 2259): Light Animator Finished currentValue=0
D/PowerManagerService( 2259): releaseDVFSLockLocked : all DVFS_MIN_LIMIT are released
D/SensorManager( 2259): unregisterListener:: Listener= com.android.server.LightsService$4@423c46d0
D/SensorService( 2259): SensorDevice::activate (enable 1, disable 0) = 0
D/SensorService( 2259): activating sensor disable handle=3
D/SensorService( 2259): activating sensor disable, Done!
D/SensorService( 2259): SensorDevice::activating sensor handle=3 ns=200000000
D/lights ( 2259): write pattern : g_led_info = 2
D/lights ( 2259): led_pattern : 3 +
D/LightsService( 2259): [SvcLED] onSensorChanged::light value = 1
D/lights ( 2259): led_pattern : 3 -
W/AlarmManager( 2259): FACTORY_ON= 0
D/WindowManager( 2259): mUnSetIgnore, show = false
D/InputReader( 2259): Input event: value=1
D/InputReader( 2259): Input event: value=0
D/BatteryService( 2259): update start
D/BatteryService( 2259): level:66 scale:100 status:3 health:2 present:true voltage: 3899 temperature: 271 technology: Li-ion AC powered:false USB powered:false icon:17303213 invalid charger:0
D/lights ( 2259): button : 1 +
D/lights ( 2259): button : 1 -
D/RestrictionPolicy( 2259): isHomeKeyEnabled :true
D/WindowManager( 2259): Home long press behavior, keyguardOn = false
I/InputDispatcher( 2259): Dropped event because input dispatch is disabled.
D/KeyguardViewMediator( 2259): onScreenTurnedOn, seq = 2231
D/KeyguardViewMediator( 2259): notifyScreenOnLocked
D/WindowManager( 2259): mSetIgnorePWR
D/SensorService( 2259): info.rates.add, set DEFAULT_EVENTS_PERIOD
I/iNemoSensor( 2259): enable(): handle(0), en(1), what(0)
D/AkmSensor( 2259): akm_enable_sensor: Accel is enabled. (orien = 0)
I/AkmSensor( 2259): enable_accelerometer, mEnabled = 0, enable = 1
D/PowerManagerService( 2259): Screen__On : userActivity uid=1000 pid=2259 myUID=1000 myPID=2259 myTID=2613
D/PowerManagerService( 2259): reactivateScreenLocksLocked mProxIgnoredBecauseScreenTurnedOff=false
D/PowerManagerService( 2259): enableLightSensorLocked enable=true mLightSensorEnabled=false mAutoBrightessEnabled=false mWaitingForFirstLightSensor=false
D/PowerManagerService( 2259): sendNotificationLocked on=true
I/PowerManagerService( 2259): Ulight 0x0->0x4|0x0
D/PowerManagerService( 2259): mNotificationTask : on
D/WindowOrientationListener( 2259): enable register mbSContext: false
V/WindowOrientationListener( 2259): WindowOrientationListener enabled
D/KeyguardViewMediator( 2259): handleNotifyScreenOn
I/power ( 2259): *** acquire_dvfs_lock : lockType : 1 freq : 1400000
D/RestrictionPolicy( 2259): isHomeKeyEnabled :true
I/WindowManager( 2259): No lock screen!
I/PowerManagerService( 2259): Ulight 0x7->0x7|0x1
D/PowerManagerService( 2259): updateLightsLocked : mSystemPowerSaveModeEnabled:: brightness:117
D/PowerManagerService( 2259): acquireDVFSLockLocked : type : DVFS_MIN_LIMIT frequency : 1400000 uid : 1000 pid : 2259 tag : AMOLED_Animation
D/lights ( 2259): LCD : 1 +
D/lights ( 2259): LCD : 1 -
D/iNemoSensor( 2259): enable(): MASK_ACC (1) MASK_MAG (0) MASK_GYR (0)
D/iNemoSensor( 2259): enable(): mEnAcc(1) mEnMag(0) mEnGyr(0)
I/iNemoSensor( 2259): update_delay wanted_accel = 200000000
D/SensorService( 2259): SensorDevice::activate (enable 1, disable 0) = 1
D/SensorService( 2259): activating sensor enable handle=0
D/SensorService( 2259): activating sensor enable, Done!
D/SensorService( 2259): SensorDevice::activating sensor handle=0 ns=200000000
D/iNemoSensor( 2259): setDelay(): handle(0), en(200000000)
I/iNemoSensor( 2259): skip update_delay wanted_accel = 200000000 current delay = 200000000
I/SensorService( 2259): info.selectDelay() ns=200000000
D/iNemoSensor( 2259): setDelay(): handle(0), en(200000000)
I/iNemoSensor( 2259): skip update_delay wanted_accel = 200000000 current delay = 200000000
D/SensorService( 2259): SensorDevice::setDelay, Return(true 1, false 0) = 1
D/SensorManager( 2259): registerListener :: handle = 0 name= LSM330DLC 3-axis Accelerometer delay= 200000 Listener= android.view.WindowOrientationListener$SensorEventListenerImpl@424160b0
D/ActivityManager( 2259): isFakeShutDownmode= 0
V/ThermistorObserver( 2259): Thermistor UEVENT: {SUBSYSTEM=platform, DEVPATH=/devices/platform/s5p-tmu, SEQNUM=4153929, TMUSTATE=0, ACTION=change, DRIVER=s5p-tmu, MODALIAS=platform:s5p-tmu}
D/lights ( 2259): LCD : 2 +
D/lights ( 2259): LCD : 2 -
E/Parcel ( 7294): Reading a NULL string not supported here.
D/ ( 7294): Get battery level: 66 .
D/ ( 7294): Get charging state:Discharging
D/ ( 7294): It is not charging
D/KeyguardViewMediator( 2259): setHidden false
D/lights ( 2259): LCD : 15 +
D/lights ( 2259): LCD : 15 -
D/KeyguardViewMediator( 2259): setHidden false
D/KeyguardViewMediator( 2259): setHidden false
D/WfdService( 2259): intent recieved android.intent.action.SCREEN_ON
D/lights ( 2259): write pattern : g_led_info = 0
D/lights ( 2259): led_pattern : 0 +
D/STATUSBAR-NotificationService( 2259): ACTION_SCREEN_ON
D/STATUSBAR-NotificationService( 2259): updateLightsLocked() : Turn off notification light
D/LightsService( 2259): [SvcLED] setSvcLedStateLocked:: id = 4, color = 0, mode = Off, set = Off
D/LightsService( 2259): [SvcLED] wl is acquired. It will be released after 350ms.
D/lights ( 2259): LCD : 27 +
D/lights ( 2259): LCD : 27 -
D/lights ( 2259): led_pattern : 0 -
D/lights ( 2259): LCD : 38 +
D/lights ( 2259): LCD : 38 -
I/AudioHardwareTinyALSA( 1920): setParameters(screen_state=on)
I/audio_wfd_hw( 1920): adev_set_parameters() screen_state=on
D/tms_audio_hw/AudioTmsIpc( 1920): adev_set_parameters : Enter
D/tms_audio_hw/AudioTmsIpc( 1920): adev_set_parameters : Exit
D/lights ( 2259): LCD : 51 +
D/lights ( 2259): LCD : 51 -
D/STATUSBAR-BatteryController( 2707): onReceive() - ACTION_BATTERY_CHANGED
D/STATUSBAR-BatteryController( 2707): onReceive() - level:66
D/STATUSBAR-BatteryController( 2707): onReceive() - plugged:0
D/STATUSBAR-BatteryController( 2707): onReceive() - BATTERY_STATUS_DISCHARGING: stat_sys_battery
D/STATUSBAR-PhoneStatusBar( 2707): ACTION_BATTERY_CHANGED
D/lights ( 2259): LCD : 62 +
D/lights ( 2259): LCD : 62 -
D/Launcher( 6417): onRestart, Launcher: 1103527480
D/Launcher( 6417): onStart, Launcher: 1103527480
D/Launcher.HomeFragment( 6417): onStart
D/Launcher( 6417): onResume, Launcher: 1103527480
D/lights ( 2259): LCD : 75 +
D/lights ( 2259): LCD : 75 -
D/lights ( 2259): LCD : 87 +
D/lights ( 2259): LCD : 87 -
D/STATUSBAR-Clock( 2707): onReceive() - ACTION_SCREEN_ON
D/comsamsunglog( 6417): [MSC_HERO_Accu_JB]>>> ====================================================================================================================
D/comsamsunglog( 6417): [MSC_HERO_Accu_JB]>>> widgetappapheroaccuweatherwidget [Version : 12091801] [ 1 ]
D/comsamsunglog( 6417): [MSC_HERO_Accu_JB]>>> Header set to : ===> "widget" <===
D/comsamsunglog( 6417): [MSC_HERO_Accu_JB]>>> ====================================================================================================================
D/widget ( 6417): [MSC_HERO_Accu_JB]>>> WC:917 [0:0] onResume :: fU = true cEUi = true
D/widget ( 6417): [MSC_HERO_Accu_JB]>>> WC:2075 [0:0] AR_S_T : 0
D/widget ( 6417): [MSC_HERO_Accu_JB]>>> WC:953 [0:0] onResume :: mFAR = false, cC = false, cEUI = true
D/widget ( 6417): [MSC_HERO_Accu_JB]>>> WC:1265 [0:0] cUI : cnt = 1, mRC = true
D/lights ( 2259): LCD : 99 +
D/lights ( 2259): LCD : 99 -
D/STATUSBAR-Clock( 2707): onReceive() - ACTION_SCREEN_ON
D/lights ( 2259): LCD : 111 +
D/lights ( 2259): LCD : 111 -
D/lights ( 2259): LCD : 117 +
D/lights ( 2259): LCD : 117 -
I/power ( 2259): *** release_dvfs_lock : lockType : 1
I/PowerManagerService( 2259): Light Animator Finished currentValue=117
D/PowerManagerService( 2259): releaseDVFSLockLocked : all DVFS_MIN_LIMIT are released
I/TwDVFSBroadcastReceiver( 2930): onScreenOnIntent
I/FlashBarService( 2808): mPkgManagerReceiver : onReceive
D/wpfx.pan.jni( 2091): RendererBase(57139100)::resume
D/SensorService( 2259): info.rates.add, set DEFAULT_EVENTS_PERIOD
I/iNemoSensor( 2259): enable(): handle(5), en(1), what(1)
I/iNemoSensor( 2259): enable:373 gyro_dps = 0 .
D/iNemoSensor( 2259): enableDev() : path(/sys/class/input/event4/device/enable), val(1)
D/iNemoSensor( 2259): enable(): MASK_ACC (1) MASK_MAG (0) MASK_GYR (2)
D/iNemoSensor( 2259): enable(): mEnAcc(1) mEnMag(0) mEnGyr(1)
I/iNemoSensor( 2259): iNemoSensor::update_delay wanted_gyro = 20000000
I/iNemoSensor( 2259): skip update_delay wanted_accel = 200000000 current delay = 200000000
D/SensorService( 2259): SensorDevice::activate (enable 1, disable 0) = 1
D/SensorService( 2259): activating sensor enable handle=5
D/SensorService( 2259): activating sensor enable, Done!
D/SensorService( 2259): SensorDevice::activating sensor handle=5 ns=200000000
D/iNemoSensor( 2259): setDelay(): handle(5), en(200000000)
I/iNemoSensor( 2259): iNemoSensor::update_delay wanted_gyro = 200000000
I/iNemoSensor( 2259): skip update_delay wanted_accel = 200000000 current delay = 200000000
I/SensorService( 2259): info.selectDelay() ns=20000000
D/iNemoSensor( 2259): setDelay(): handle(5), en(20000000)
I/iNemoSensor( 2259): iNemoSensor::update_delay wanted_gyro = 20000000
I/iNemoSensor( 2259): skip update_delay wanted_accel = 200000000 current delay = 200000000
D/SensorService( 2259): SensorDevice::setDelay, Return(true 1, false 0) = 1
D/SensorManager( 2091): registerListener :: handle = 5 name= LSM330DLC Gyroscope sensor delay= 20000 Listener= com.hamsterbeat.wallpapers.base.w@41bdbc78
E/Launcher( 6417): Error finding setting, default accessibility to not found: accessibility_enabled
D/Launcher.HomeFragment( 6417): onResume
D/MenuAppsGridFragment( 6417): onResume
D/KeyguardViewMediator( 2259): setHidden false
D/widget ( 6417): [MSC_HERO_Accu_JB]>>> WC:668 [0:0] mSUDH(): id = cityId:169582, tZ=GMT+1
D/widget ( 6417): [MSC_HERO_Accu_JB]>>> WC:679 [0:0] ===== mSetUIDataHandler(): day = 8:31 AM, night=3:59 PM
D/widget ( 6417): [MSC_HERO_Accu_JB]>>> SM:1256 [0:0] sta ani iPA = false, flkDir = 0, iFA = false
D/widget ( 6417): [MSC_HERO_Accu_JB]>>> WC:1713 [0:0] drw all Tm dt = 2147
D/widget ( 6417): [MSC_HERO_Accu_JB]>>> SM:516 [0:0] IR : false, IPR : false
D/com.samsung.app(31251): [MSC_HERO_Accu_JB]>>> WCS:251 [0:0] BR act = androidintentactionSCREEN_ON
D/dalvikvm( 2259): WAIT_FOR_CONCURRENT_GC blocked 0ms
D/widget ( 6417): [MSC_HERO_Accu_JB]>>> SM:1288 [0:0] bTCC WCV = 200
D/widget ( 6417): [MSC_HERO_Accu_JB]>>> WC:1689 [0:0] drw 2nd Tm dt = 2147
E/WifiHW ( 2259): ##################### set firmware type 0 #####################
D/WifiStateMachine( 2259): setWifiEnabled : WifiNative.setFwType(0)
D/ClockAlarmWidgetService(24641): [ClockAlarmWidgetService] onReceive: action = android.intent.action.SCREEN_ON
E/ClockAlarmWidget(24641): [AlarmWidgetIdManager] getListItem() : itemIndex=0, widgetID:7
E/ClockAlarmWidget(24641): [AlarmWidgetIdManager] getListItem() : ItemIndex exceed ListItemCount. itemIndex=1
E/ClockAlarmWidget(24641): [AlarmWidgetIdManager] getListItem() : itemIndex=1, widgetID:7
D/SurfaceFlinger( 1917): Screen about to return, flinger = 0x41037008
D/SecTVOutService( 1917): virtual void android::SecTVOutService::setSuspendMode(uint32_t) TV suspend mode = 0
D/SecTVOutService( 1917): virtual void android::SecTVOutService::setHdmiStatus(uint32_t) HDMI cable status = 1
D/ ( 1917): bool android::SecHdmi::connect()::m_flagHWConnected() fail
E/SecTVOutService( 1917): virtual void android::SecTVOutService::setHdmiStatus(uint32_t)::mSecHdmi.connect() fail
D/NfcService(20808): NFC-C ON
D/dalvikvm( 2259): GC_EXPLICIT freed 877K, 28% free 37364K/51655K, paused 30ms+14ms, total 241ms
D/ClockAlarmDataProvider(24641): getAlarm() - too many same ID alarm data. nCount: 0
D/comdaemonstockapp(24684): [Daemon_Stock]>>> DaemonService.java:51 [0:0] action : androidintentactionSCREEN_ON
D/comdaemonstockapp(24684): [Daemon_Stock]>>> Stockclock_DaemonService.java:49 [0:0] onReceive: daemonappstockclockSCREEN_ON
D/comdaemonstockapp(24684): [Daemon_Stock]>>> Stockclock_DaemonService.java:56 [0:0] appServiceStatus: 9
D/comdaemonstockapp(24684): [Daemon_Stock]>>> Stockclock_DaemonService.java:57 [0:0] [AR]: 0
D/WindowManager( 2259): mUnSetIgnorePWR
D/dalvikvm( 2707): GC_CONCURRENT freed 507K, 41% free 19006K/32071K, paused 12ms+4ms, total 63ms
D/dalvikvm( 2707): GC_FOR_ALLOC freed 136K, 36% free 20547K/32071K, paused 45ms, total 45ms
D/dalvikvm( 2707): GC_FOR_ALLOC freed 59K, 31% free 22185K/32071K, paused 38ms, total 38ms
D/lights ( 2259): button : 2 +
D/lights ( 2259): button : 2 -
W/PowerManagerService( 2259): Timer 0x7->0x3|0x0
I/PowerManagerService( 2259): Ulight 0x7->0x3|0x0
V/AlarmManager( 2259): waitForAlarm result :4
D/KeyguardViewMediator( 2259): received DELAYED_KEYGUARD_ACTION with seq = 2230, mDelayedShowingSequence = 2231
V/AlarmManager( 2259): trigger ELAPSED_REALTIME_WAKEUP or RTC_WAKEUP
D/STATUSBAR-NetworkController( 2707): refreshSignalCluster: data=0 bt=false
D/STATUSBAR-SignalClusterView( 2707): mSeparateMobileGroup=8
D/STATUSBAR-SignalClusterView( 2707): mSeparateMobileGroup=8
D/STATUSBAR-SignalClusterView( 2707): mSeparateMobileGroup=8
V/UsbDeviceManager( 2259): USB UEVENT: {USB_STATE=CONNECTED, SUBSYSTEM=android_usb, DEVPATH=/devices/virtual/android_usb/android0, SEQNUM=4153943, ACTION=change}
D/UsbDeviceManager( 2259): handleMessage -> MSG_UPDATE_STATE connected = 1,configured = 0
D/UsbDeviceManager( 2259): updateUsbNotification : mConnected = true, mConfigured = false, mCurrentFunctions = mtp,adb
D/ApplicationPolicy( 2259): isStatusBarNotificationAllowed: packageName = android
D/STATUSBAR-NotificationService( 2259): Noti Alert - mSystemReady:true, AlertEnabled:true
D/UsbDeviceManager( 2259): updateUsbNotification : notify id = 17040719, title = Als Mediengerät verbunden
D/UsbDeviceManager( 2259): updateAdbNotification : mAdbEnabled = true, mConnected = true, mAdbNotificationShown = false
D/PhoneStatusBar( 2707): addNotification score=10
D/UsbDeviceManager( 2259): sending intent : ACTION_USB_STATE : connected = true, configured = false, functions = mtp,adb
E/MTPRx ( 548): In MtpReceiverandroid.hardware.usb.action.USB_STATE
E/MTPRx ( 548): check value of boot_completed is1
E/MTPRx ( 548): check booting is completed_sys.boot_completed
E/MTPRx ( 548): Sd-Card path/storage/extSdCard
E/MTPRx ( 548): Status for mount/Unmount :mounted
E/MTPRx ( 548): SDcard is available
E/MTPRx ( 548): The value of first_boot is 1
E/MTPRx ( 548): [ 662] The value of first_boot is 1NORMAL SEQUENCE
D/StatusBar( 2707): expanding top notification at 2entry.userCollapsed() = false
W/MTPRx ( 548): value of connected istrue
W/MTPRx ( 548): value of configured isfalse
W/MTPRx ( 548): value of mtpEnabled istrue
W/MTPRx ( 548): value of ptpEnabled isfalse
E/MTPRx ( 548): Received USB_STATE with sdCardLaunch = 0
E/MTPRx ( 548): configured is false
D/dalvikvm( 1918): WAIT_FOR_CONCURRENT_GC blocked 0ms
D/dalvikvm( 1918): GC_EXPLICIT freed 39K, 7% free 12119K/12931K, paused 2ms+2ms, total 24ms
D/dalvikvm( 1918): WAIT_FOR_CONCURRENT_GC blocked 0ms
D/dalvikvm( 1918): GC_EXPLICIT freed <1K, 7% free 12119K/12931K, paused 2ms+4ms, total 26ms
D/dalvikvm( 1918): WAIT_FOR_CONCURRENT_GC blocked 0ms
D/dalvikvm( 1918): GC_EXPLICIT freed <1K, 7% free 12119K/12931K, paused 2ms+2ms, total 24ms
D/TMSERVER/TMNetworkReceiver( 899): TMNetworkReceiver.TMNetworkReceiver() Enter 1 main
D/TMSERVER/TMNetworkReceiver( 899): TMNetworkReceiver.StartTMHandler - enter
D/TMSERVER/TMNetworkReceiver( 899): TMNetworkReceiver.StartTMHandler - exit
D/TMSERVER/TMNetworkReceiver( 899): TMNetworkReceiver.onReceive() Enter
D/TMSERVER/TMNetworkReceiver( 899): TMNetworkReceiver.onReceive() Action android.hardware.usb.action.USB_STATE
D/TMSERVER/TMNetworkReceiver( 899): TMNetworkReceiver.onReceive() on USB
D/TMSERVER/TMNetworkReceiver( 899): usbEventReceiver:onReceive(): connected = true
D/TMSERVER/TMNetworkReceiver( 899): usbEventReceiver:onReceive(): configured = false
D/TMSERVER/TMNetworkReceiver( 899): usbEventReceiver:onReceive(): isUsbCableConnected = false
D/TMSERVER/TMNetworkReceiver( 899): usbEventReceiver:onReceive(): isUsbCableConnected made to<<<= true
D/TMSERVER/TMNetworkReceiver( 899): TMNetworkReceiver.onReceive() USB CONNECTED
D/TMSERVER/TMNetworkReceiver( 899): TMNetworkReceiver.onReceive() usb file content is major 0 minor 0 vendor 0
D/TMSERVER/TMNetworkReceiver( 899): TMNetworkReceiver.onReceive() Major Version not equal to 1
D/TMSERVER/TMNetworkReceiver( 899): TMNetworkReceiver.onReceive() Retry reading the file..Sysfs might be updated after the Connected signal. counter -0
D/BatteryService( 2259): update start
D/BatteryService( 2259): level:66 scale:100 status:2 health:2 present:true voltage: 3911 temperature: 274 technology: Li-ion AC powered:false USB powered:true icon:17303231 invalid charger:0
E/Parcel ( 7294): Reading a NULL string not supported here.
D/ ( 7294): Get battery level: 66 .
D/ ( 7294): Get charging state:Charging
D/ ( 7294): It is charging
D/ ( 7294): Get battery level: 66 . D/Norton Community Watch/smrsd( 7294): onreceive connect power intent D/Norton Community Watch/smrsd( 7294): receive connect power intent
D/dalvikvm( 7294): cmd: am broadcast -a com.symantec.smrs.collector.COLLECT_DATA --es cmd POWER_CONNECT
D/UsbDeviceManager( 2259): handleMessage -> MSG_POWER_STATE = 1
D/UsbDeviceManager( 2259): sending intent : ACTION_USB_CABLE_STATE : connected = true
D/STATUSBAR-BatteryController( 2707): onReceive() - ACTION_BATTERY_CHANGED
D/STATUSBAR-BatteryController( 2707): onReceive() - level:66
D/STATUSBAR-BatteryController( 2707): onReceive() - plugged:2
D/STATUSBAR-BatteryController( 2707): onReceive() - BATTERY_STATUS_CHARGING:
D/TMSERVER/TMNetworkReceiver( 899): TMNetworkReceiver.onReceive() usb file content is major 0 minor 0 vendor 0
D/TMSERVER/TMNetworkReceiver( 899): TMNetworkReceiver.onReceive() Major Version not equal to 1
D/TMSERVER/TMNetworkReceiver( 899): TMNetworkReceiver.onReceive() Retry reading the file..Sysfs might be updated after the Connected signal. counter -1
D/STATUSBAR-PhoneStatusBar( 2707): ACTION_BATTERY_CHANGED
D/PowerUI ( 2707): playSound : 1
D/PowerUI ( 2707): RINGER_MODE_NORMAL
V/MediaPlayer-JNI( 2707): native_setup
V/MediaPlayer( 2707): constructor
V/MediaPlayer( 2707): setListener
V/MediaPlayer-JNI( 2707): setAudioStreamType: 5
V/MediaPlayer( 2707): MediaPlayer::setAudioStreamType
V/MediaPlayer-JNI( 2707): setDataSourceFD: fd 65
V/MediaPlayer( 2707): setDataSource(65, 0, 576460752303423487)
V/MediaPlayerService( 1920): Client(1918) constructor
V/MediaPlayerService( 1920): Create new client(1918) from pid 2707, uid 1000,
V/MediaPlayerService( 1920): setDataSource fd=81, offset=0, length=576460752303423487
V/MediaPlayerService( 1920): st_dev = 45833
V/MediaPlayerService( 1920): st_mode = 33188
V/MediaPlayerService( 1920): st_uid = 0
V/MediaPlayerService( 1920): st_gid = 0
V/MediaPlayerService( 1920): st_size = 10584
V/MediaPlayerService( 1920): calculated length = 10584
V/MediaPlayerService( 1920): player type = 3
V/MediaPlayerService( 1920): create StagefrightPlayer
V/AwesomePlayer( 1920): setDefault
V/AwesomePlayer( 1920): constructor
V/AwesomePlayer( 1920): setDefault
I/AwesomePlayer( 1920): reset
I/AwesomePlayer( 1920): cancel player events
V/AwesomePlayer( 1920): mAudioTrackVector clear
V/StagefrightPlayer( 1920): StagefrightPlayer
V/AwesomePlayer( 1920): setListener
V/StagefrightPlayer( 1920): initCheck
V/AwesomePlayer( 1920): AwesomePlayer running on behalf of uid 1000
V/AudioSink( 1920): AudioOutput(6355)
V/StagefrightPlayer( 1920): setDataSource(81, 0, 10584)
V/AwesomePlayer( 1920): setDataSource (85, 0, 10584)
I/AwesomePlayer( 1920): cancel player events
V/AwesomePlayer( 1920): mAudioTrackVector clear
V/AwesomePlayer( 1920): track of type 'audio/vorbis' does not publish bitrate
V/AwesomePlayer( 1920): mBitrate = -1 bits/sec
W/AwesomePlayer( 1920): couldn't get userdata - Weather
W/AwesomePlayer( 1920): couldn't get userdata - Authorization
W/AwesomePlayer( 1920): couldn't get userdata - SnapShot
V/AwesomePlayer( 1920): current audio track (0)
V/AwesomePlayer( 1920): current audio track (0) is added to vector[0]
V/AwesomePlayer( 1920): setDataSource_l: Audio(1), Video(0)
I/AwesomePlayer( 1920): AwesomePlayer::setDataSource_l():: This is not a DRM content
V/MediaPlayerService( 1920): setDataSource
V/MediaPlayer-JNI( 2707): setLooping: 0
V/MediaPlayer( 2707): MediaPlayer::setLooping
V/MediaPlayerService( 1920): [1918] setLooping(0)
V/StagefrightPlayer( 1920): setLooping
V/AwesomePlayer( 1920): setLooping (0)
V/MediaPlayer( 2707): setVideoSurfaceTexture
V/MediaPlayerService( 1920): [1918] setVideoSurfaceTexture(0x0)
V/MediaPlayer( 2707): prepare
V/MediaPlayerService( 1920): [1918] setAudioStreamType(5)
V/MediaPlayerService( 1920): [1918] prepareAsync
V/AwesomePlayer( 1920): prepareAsync
D/dalvikvm(25738): GC_CONCURRENT freed 427K, 8% free 13159K/14215K, paused 141ms+7ms, total 201ms
V/AwesomePlayer( 1920): onPrepareAsyncEvent
V/AwesomePlayer( 1920): notifyListner_l() msg (5-MEDIA_SET_VIDEO_SIZE), ext1 (0), ext2 (0)
V/MediaPlayerService( 1920): [1918] notify (0x41d58de0, 5, 0, 0)
V/AwesomePlayer( 1920): notifyListner_l() msg (1-MEDIA_PREPARED), ext1 (0), ext2 (0)
V/MediaPlayerService( 1920): [1918] notify (0x41d58de0, 1, 0, 0)
V/MediaPlayer( 2707): message received msg=5, ext1=0, ext2=0
V/MediaPlayer( 2707): New video size 0 x 0
V/MediaPlayer( 2707): callback application
V/MediaPlayer( 2707): back from callback
V/MediaPlayer( 2707): message received msg=1, ext1=0, ext2=0
V/MediaPlayer( 2707): prepared
V/MediaPlayer( 2707): signal application thread
V/MediaPlayer( 2707): callback application
V/MediaPlayer( 2707): back from callback
V/MediaPlayer( 2707): prepare complete - status=0
I/AudioService( 2259): AudioFocus requestAudioFocus() from 2707 focusChangeHint:3
V/MediaPlayer-JNI( 2707): start
V/MediaPlayer( 2707): start
V/MediaPlayerService( 1920): [1918] setLooping(0)
V/StagefrightPlayer( 1920): setLooping
V/AwesomePlayer( 1920): setLooping (0)
V/MediaPlayerService( 1920): [1918] setVolume(1.000000, 1.000000)
V/AudioSink( 1920): setVolume(1.000000, 1.000000)
V/MediaPlayerService( 1920): [1918] setAuxEffectSendLevel(0.000000)
V/AudioSink( 1920): setAuxEffectSendLevel(0.000000)
V/MediaPlayerService( 1920): [1918] start
V/StagefrightPlayer( 1920): setLooping
V/AwesomePlayer( 1920): setLooping (0)
V/StagefrightPlayer( 1920): start
V/AwesomePlayer( 1920): play
V/AwesomePlayer( 1920): AwesomePlayer::play_l():: This is not a DRM content
I/AudioPlayer( 1920): Audioplayer kKeyAudioPCMFormat:1, 1, 0
I/AudioPlayer( 1920): Audioplayer1 (1, 1)
V/AudioSink( 1920): open(44100, 1, 0x0, 1, 4, 6355)
E/AudioPolicyService( 1920): getOutput() tid 7839 ++
E/AudioPolicyService( 1920): getOutput() tid 7839 --
V/AudioPolicyManagerBase( 1920): getOutput() stream 5, samplingRate 0, format 0, channelMask 3, flags 0
V/AudioPolicyManagerBase( 1920): getOutputsForDevice device 0002 -> 0002
V/AudioPolicyManagerBase( 1920): getOutput() returns output 2
E/AudioPolicyService( 1920): getOutput() tid 7839 ++
E/AudioPolicyService( 1920): getOutput() tid 7839 --
V/AudioPolicyManagerBase( 1920): getOutput() stream 5, samplingRate 0, format 0, channelMask 3, flags 0
V/AudioPolicyManagerBase( 1920): getOutputsForDevice device 0002 -> 0002
V/AudioPolicyManagerBase( 1920): getOutput() returns output 2
E/AudioPolicyService( 1920): getOutput() tid 7839 ++
E/AudioPolicyService( 1920): getOutput() tid 7839 --
V/AudioPolicyManagerBase( 1920): getOutput() stream 5, samplingRate 44100, format 1, channelMask 1, flags 0
V/AudioPolicyManagerBase( 1920): getOutputsForDevice device 0002 -> 0002
V/AudioPolicyManagerBase( 1920): getOutput() returns output 2
V/AudioSink( 1920): setVolume
E/AudioPolicyService( 1920): getOutput() tid 7839 ++
E/AudioPolicyService( 1920): getOutput() tid 7839 --
V/AudioPolicyManagerBase( 1920): getOutput() stream 5, samplingRate 0, format 0, channelMask 3, flags 0
V/AudioPolicyManagerBase( 1920): getOutputsForDevice device 0002 -> 0002
V/AudioPolicyManagerBase( 1920): getOutput() returns output 2
V/AudioSink( 1920): start
V/LvOutput( 1920): initCheck: 0
V/LvOutput( 1920): attachEffects: attach processing to output 2, stream 5, session 6355, mode 0
V/LvOutput( 1920): attachEffects: no output processing needs to be attached to this stream
V/LvOutput( 1920): LvOutput::setAllProcessorEnabled(false) mOutputs.size(118)
V/AudioPolicyManagerBase( 1920): startOutput() output 2, stream 5, session 6355
V/AudioPolicyManagerBase( 1920): changeRefCount() stream 5, count 1
V/AudioPolicyManagerBase( 1920): getNewDevice() selected device 2
V/AudioPolicyManagerBase( 1920): setOutputDevice() output 2 device 0002 force 0 delayMs 0
V/AudioPolicyManagerBase( 1920): setOutputDevice() prevDevice 0002
V/AudioPolicyManagerBase( 1920): setOutputDevice() setting same device 0002 or null device for output 2
V/MediaPlayer-JNI( 2707): release
V/MediaPlayer( 2707): setListener
V/MediaPlayer( 2707): disconnect
V/MediaPlayerService( 1920): disconnect(1777) from pid 2707
V/StagefrightPlayer( 1920): reset
I/AwesomePlayer( 1920): reset
I/AwesomePlayer( 1920): cancel player events
V/AwesomePlayer( 1920): mAudioTrackVector clear
V/AudioSink( 1920): stop
I/AudioSink( 1920): +++ close
V/AudioPolicyManagerBase( 1920): releaseOutput() 2
I/AudioSink( 1920): --- close
I/OMXCodec( 1920): [OMX.google.vorbis.decoder] stop() sendCommand(0x1a68, OMX_CommandStateSet, OMX_StateIdle)
I/OMXCodec( 1920): [OMX.google.vorbis.decoder] stopped in state 1
V/StagefrightPlayer( 1920): ~StagefrightPlayer
V/StagefrightPlayer( 1920): reset
I/AwesomePlayer( 1920): reset
I/AwesomePlayer( 1920): cancel player events
V/AwesomePlayer( 1920): mAudioTrackVector clear
I/AwesomePlayer( 1920): reset
I/AwesomePlayer( 1920): cancel player events
V/AwesomePlayer( 1920): mAudioTrackVector clear
V/AwesomePlayer( 1920): ~AwesomePlayer()
V/MediaPlayer( 2707): destructor
V/MediaPlayerService( 1920): Client(1777) destructor pid = 2707
I/AudioSink( 1920): +++ close
I/AudioSink( 1920): --- close
V/MediaPlayerService( 1920): disconnect(1777) from pid 2707
V/MediaPlayer( 2707): disconnect
I/MediaPlayer( 2707): Don't send intent. msg.arg1 = 0, msg.arg2 = 0
I/AudioMixer( 1920): setParameter(TRACK, FORMAT, 0x1)
E/AudioMixer( 1920): MOON > checkSEC_PCM ++ 1
I/AudioHardwareTinyALSA( 1920): AudioStreamOutALSA::write setDevice
D/AudioHardwareTinyALSA( 1920): OutALSA::setDevice: mode = 0, newDevice=0x2, currentDevice=0x2 ,force= 0
D/AudioHardwareTinyALSA( 1920): OutALSA::setDevice: mDevice 0x2, newDevice = 0x2
D/AudioHardwareTinyALSA( 1920): setOutputVolume
D/TinyUCM ( 1920): setModifier Normal, en=1
I/AudioHardwareTinyALSA( 1920): OutALSA::setDevice: mHandle NULL mode[0], Device[00000002]
I/AudioHardwareTinyALSA( 1920): Open: mDefaults->direction=0 device=0
D/AudioHardwareTinyALSA( 1920): Channel: 2, Samplerate: 44100, Format: 0, Peroid Size: 1024, Period Count: 4
I/AudioHardwareTinyALSA( 1920): before pcm_prepare
D/AudioHardwareTinyALSA( 1920): setPcmInterface: Stream=0x1, iSamplerate=8000++
D/AudioHardwareTinyALSA( 1920): setPcmInterface--
D/STATUSBAR-NetworkController( 2707): refreshSignalCluster: data=0 bt=false
D/STATUSBAR-SignalClusterView( 2707): mSeparateMobileGroup=8
D/STATUSBAR-SignalClusterView( 2707): mSeparateMobileGroup=8
D/STATUSBAR-SignalClusterView( 2707): mSeparateMobileGroup=8
D/TMSERVER/TMNetworkReceiver( 899): TMNetworkReceiver.onReceive() usb file content is major 0 minor 0 vendor 0
D/TMSERVER/TMNetworkReceiver( 899): TMNetworkReceiver.onReceive() Major Version not equal to 1
D/TMSERVER/TMNetworkReceiver( 899): TMNetworkReceiver.onReceive() Retry reading the file..Sysfs might be updated after the Connected signal. counter -2
D/BatteryService( 2259): update start
D/BatteryService( 2259): level:66 scale:100 status:2 health:2 present:true voltage: 3970 temperature: 280 technology: Li-ion AC powered:false USB powered:true icon:17303231 invalid charger:0
E/Parcel ( 7294): Reading a NULL string not supported here.
D/ ( 7294): Get battery level: 66 .
D/ ( 7294): Get charging state:Charging
D/ ( 7294): It is charging
D/STATUSBAR-BatteryController( 2707): onReceive() - ACTION_BATTERY_CHANGED
D/STATUSBAR-BatteryController( 2707): onReceive() - level:66
D/STATUSBAR-BatteryController( 2707): onReceive() - plugged:2
D/STATUSBAR-BatteryController( 2707): onReceive() - BATTERY_STATUS_CHARGING:
D/STATUSBAR-PhoneStatusBar( 2707): ACTION_BATTERY_CHANGED
E/OMXCodec( 1920): [OMX.google.vorbis.decoder] err = -1011
D/AndroidRuntime( 938):
D/AndroidRuntime( 938): >>>>>> AndroidRuntime START com.android.internal.os.RuntimeInit <<<<<<
D/AndroidRuntime( 938): CheckJNI is OFF
D/AndroidRuntime( 938): setted country_code = Germany
D/AndroidRuntime( 938): setted countryiso_code = DE
D/AndroidRuntime( 938): setted sales_code = DBT
D/AndroidRuntime( 938): readGMSProperty: start
D/AndroidRuntime( 938): readGMSProperty: already setted!!
D/AndroidRuntime( 938): readGMSProperty: end
D/AndroidRuntime( 938): addProductProperty: start
D/dalvikvm( 938): Trying to load lib libjavacore.so 0x0
D/dalvikvm( 938): Added shared lib libjavacore.so 0x0
D/dalvikvm( 938): Trying to load lib libnativehelper.so 0x0
D/dalvikvm( 938): Added shared lib libnativehelper.so 0x0
D/TMSERVER/TMNetworkReceiver( 899): TMNetworkReceiver.onReceive() Exit
D/TMSERVER/TMNetworkReceiver( 899): TMNetworkReceiver.handleMessage - enter1 main
D/TMSERVER/TMNetworkReceiver( 899): TMNetworkReceiver.handleMessage - enter action = 0
D/TMSERVER/TMNetworkReceiver( 899): TMNetworkReceiver.handleMessage - finsihed case 0 mIsSCMInstalled = false
D/TMSERVER/TMNetworkReceiver( 899): TMNetworkReceiver.handleMessage - exit
D/TMSERVER/TMLogRemovalReceiver( 899): TMLogRemovalReceiver.onReceive() Enter isCalled =false
D/TMSERVER/TMLogRemovalReceiver( 899): TMLogRemovalReceiver.onReceive() action android.hardware.usb.action.USB_STATE
D/TMSERVER/TMLogRemovalReceiver( 899): TMLogRemovalReceiver.onReceive() Exit
D/dalvikvm( 956): GC_CONCURRENT freed 164K, 6% free 12460K/13191K, paused 14ms+2ms, total 39ms
D/dalvikvm( 956): WAIT_FOR_CONCURRENT_GC blocked 11ms
V/AwesomePlayer( 1920): MEDIA_PLAYBACK_COMPLETE
V/AwesomePlayer( 1920): notifyListner_l() msg (2-MEDIA_PLAYBACK_COMPLETE), ext1 (0), ext2 (0)
V/MediaPlayerService( 1920): [1918] notify (0x41d58de0, 2, 0, 0)
V/AudioSink( 1920): stop
