V/AudioCache( 1920): notify(0x400bd570, 1, 0, 0)
V/AudioCache( 1920): prepared
V/AudioCache( 1920): wait - success
V/MediaPlayerService( 1920): start
V/StagefrightPlayer( 1920): start
V/AwesomePlayer( 1920): play
V/AwesomePlayer( 1920): AwesomePlayer::play_l():: This is not a DRM content
I/AudioPlayer( 1920): Audioplayer kKeyAudioPCMFormat:1, 1, 0
I/AudioPlayer( 1920): Audioplayer1 (1, 1)
V/AudioCache( 1920): open(48000, 1, 0x0, 1, 4)
V/MediaPlayerService( 1920): wait for playback complete
V/AudioCache( 1920): write(0x41bddb10, 2048)
V/AudioCache( 1920): memcpy(0x44d49000, 0x41bddb10, 2048)
V/AudioCache( 1920): write(0x41bddb10, 2048)
V/AudioCache( 1920): memcpy(0x44d49800, 0x41bddb10, 2048)
V/AudioCache( 1920): write(0x41bddb10, 2048)
V/AudioCache( 1920): memcpy(0x44d4a000, 0x41bddb10, 2048)
V/AudioCache( 1920): write(0x41bddb10, 2048)
V/AudioCache( 1920): memcpy(0x44d4a800, 0x41bddb10, 2048)
V/AudioCache( 1920): write(0x41bddb10, 2048)
V/AudioCache( 1920): memcpy(0x44d4b000, 0x41bddb10, 2048)
V/AudioCache( 1920): write(0x41bddb10, 2048)
V/AudioCache( 1920): memcpy(0x44d4b800, 0x41bddb10, 2048)
V/AudioCache( 1920): write(0x41bddb10, 2048)
V/AudioCache( 1920): memcpy(0x44d4c000, 0x41bddb10, 2048)
V/AudioCache( 1920): write(0x41bddb10, 2048)
V/AudioCache( 1920): memcpy(0x44d4c800, 0x41bddb10, 2048)
V/AudioCache( 1920): write(0x41bddb10, 2048)
V/AudioCache( 1920): memcpy(0x44d4d000, 0x41bddb10, 2048)
V/AudioCache( 1920): write(0x41bddb10, 2048)
V/AudioCache( 1920): memcpy(0x44d4d800, 0x41bddb10, 2048)
V/AudioCache( 1920): write(0x41bddb10, 2048)
V/AudioCache( 1920): memcpy(0x44d4e000, 0x41bddb10, 2048)
V/AudioCache( 1920): write(0x41bddb10, 2048)
V/AudioCache( 1920): memcpy(0x44d4e800, 0x41bddb10, 2048)
V/AudioCache( 1920): write(0x41bddb10, 2048)
V/AudioCache( 1920): memcpy(0x44d4f000, 0x41bddb10, 2048)
V/AudioCache( 1920): write(0x41bddb10, 2048)
V/AudioCache( 1920): memcpy(0x44d4f800, 0x41bddb10, 2048)
V/AudioCache( 1920): write(0x41bddb10, 2048)
V/AudioCache( 1920): memcpy(0x44d50000, 0x41bddb10, 2048)
V/AudioCache( 1920): write(0x41bddb10, 2048)
V/AudioCache( 1920): memcpy(0x44d50800, 0x41bddb10, 2048)
V/AudioCache( 1920): write(0x41bddb10, 2048)
V/AudioCache( 1920): memcpy(0x44d51000, 0x41bddb10, 2048)
V/AudioCache( 1920): write(0x41bddb10, 2048)
V/AudioCache( 1920): memcpy(0x44d51800, 0x41bddb10, 2048)
V/AudioCache( 1920): write(0x41bddb10, 2048)
V/AudioCache( 1920): memcpy(0x44d52000, 0x41bddb10, 2048)
V/AudioCache( 1920): write(0x41bddb10, 2048)
V/AudioCache( 1920): memcpy(0x44d52800, 0x41bddb10, 2048)
V/AudioCache( 1920): write(0x41bddb10, 2048)
V/AudioCache( 1920): memcpy(0x44d53000, 0x41bddb10, 2048)
V/AudioCache( 1920): write(0x41bddb10, 2048)
V/AudioCache( 1920): memcpy(0x44d53800, 0x41bddb10, 2048)
V/AudioCache( 1920): write(0x41bddb10, 2048)
V/AudioCache( 1920): memcpy(0x44d54000, 0x41bddb10, 2048)
V/AudioCache( 1920): write(0x41bddb10, 2048)
V/AudioCache( 1920): memcpy(0x44d54800, 0x41bddb10, 2048)
V/AudioCache( 1920): write(0x41bddb10, 2048)
V/AudioCache( 1920): memcpy(0x44d55000, 0x41bddb10, 2048)
V/AudioCache( 1920): write(0x41bddb10, 2048)
V/AudioCache( 1920): memcpy(0x44d55800, 0x41bddb10, 2048)
V/AudioCache( 1920): write(0x41bddb10, 2048)
V/AudioCache( 1920): memcpy(0x44d56000, 0x41bddb10, 2048)
V/AudioCache( 1920): write(0x41bddb10, 2048)
V/AudioCache( 1920): memcpy(0x44d56800, 0x41bddb10, 2048)
V/AudioCache( 1920): write(0x41bddb10, 2048)
V/AudioCache( 1920): memcpy(0x44d57000, 0x41bddb10, 2048)
V/AudioCache( 1920): write(0x41bddb10, 2048)
V/AudioCache( 1920): memcpy(0x44d57800, 0x41bddb10, 2048)
V/AudioCache( 1920): write(0x41bddb10, 2048)
V/AudioCache( 1920): memcpy(0x44d58000, 0x41bddb10, 2048)
V/AudioCache( 1920): write(0x41bddb10, 2048)
V/AudioCache( 1920): memcpy(0x44d58800, 0x41bddb10, 2048)
V/AudioCache( 1920): write(0x41bddb10, 2048)
V/AudioCache( 1920): memcpy(0x44d59000, 0x41bddb10, 2048)
V/AudioCache( 1920): write(0x41bddb10, 2048)
V/AudioCache( 1920): memcpy(0x44d59800, 0x41bddb10, 2048)
V/AudioCache( 1920): write(0x41bddb10, 2048)
V/AudioCache( 1920): memcpy(0x44d5a000, 0x41bddb10, 2048)
V/AudioCache( 1920): write(0x41bddb10, 2048)
V/AudioCache( 1920): memcpy(0x44d5a800, 0x41bddb10, 2048)
V/AudioCache( 1920): write(0x41bddb10, 2048)
V/AudioCache( 1920): memcpy(0x44d5b000, 0x41bddb10, 2048)
V/AudioCache( 1920): write(0x41bddb10, 2048)
V/AudioCache( 1920): memcpy(0x44d5b800, 0x41bddb10, 2048)
V/AudioCache( 1920): write(0x41bddb10, 2048)
V/AudioCache( 1920): memcpy(0x44d5c000, 0x41bddb10, 2048)
V/AudioCache( 1920): write(0x41bddb10, 2048)
V/AudioCache( 1920): memcpy(0x44d5c800, 0x41bddb10, 2048)
V/AudioCache( 1920): write(0x41bddb10, 2048)
V/AudioCache( 1920): memcpy(0x44d5d000, 0x41bddb10, 2048)
V/AudioCache( 1920): write(0x41bddb10, 2048)
V/AudioCache( 1920): memcpy(0x44d5d800, 0x41bddb10, 2048)
V/AudioCache( 1920): write(0x41bddb10, 2048)
V/AudioCache( 1920): memcpy(0x44d5e000, 0x41bddb10, 2048)
E/OMXCodec( 1920): [OMX.google.vorbis.decoder] err = -1011
V/AudioCache( 1920): write(0x41bddb10, 2048)
V/AudioCache( 1920): memcpy(0x44d5e800, 0x41bddb10, 2048)
V/AudioCache( 1920): write(0x41bddb10, 2048)
V/AudioCache( 1920): memcpy(0x44d5f000, 0x41bddb10, 2048)
V/AudioCache( 1920): write(0x41bddb10, 2048)
V/AudioCache( 1920): memcpy(0x44d5f800, 0x41bddb10, 2048)
V/AudioCache( 1920): write(0x41bddb10, 2048)
V/AudioCache( 1920): memcpy(0x44d60000, 0x41bddb10, 2048)
V/AudioCache( 1920): write(0x41bddb10, 824)
V/AudioCache( 1920): memcpy(0x44d60800, 0x41bddb10, 824)
V/AwesomePlayer( 1920): MEDIA_PLAYBACK_COMPLETE
V/AwesomePlayer( 1920): notifyListner_l() msg (2-MEDIA_PLAYBACK_COMPLETE), ext1 (0), ext2 (0)
V/AudioCache( 1920): notify(0x400bd570, 2, 0, 0)
V/AudioCache( 1920): playback complete - thread will wake up later
I/ActivityThread( 1383): Pub com.sec.badge: com.sec.android.provider.badge.BadgeProvider
V/AudioCache( 1920): wait - success
V/StagefrightPlayer( 1920): reset
I/AwesomePlayer( 1920): reset
I/AwesomePlayer( 1920): cancel player events
V/AwesomePlayer( 1920): mAudioTrackVector clear
I/OMXCodec( 1920): [OMX.google.vorbis.decoder] stop() sendCommand(0x1d04, OMX_CommandStateSet, OMX_StateIdle)
I/OMXCodec( 1920): [OMX.google.vorbis.decoder] stopped in state 1
V/StagefrightPlayer( 1920): ~StagefrightPlayer
V/StagefrightPlayer( 1920): reset
I/AwesomePlayer( 1920): reset
I/AwesomePlayer( 1920): cancel player events
V/AwesomePlayer( 1920): mAudioTrackVector clear
I/AwesomePlayer( 1920): reset
I/AwesomePlayer( 1920): cancel player events
V/AwesomePlayer( 1920): mAudioTrackVector clear
V/AwesomePlayer( 1920): ~AwesomePlayer()
D/dalvikvm( 1021): GC_CONCURRENT freed 429K, 9% free 12455K/13575K, paused 12ms+237ms, total 424ms
E/Parcel ( 7294): Reading a NULL string not supported here.
D/ ( 7294): Get battery level: 67 .
D/ ( 7294): Get charging state:Charging
D/ ( 7294): It is charging
D/CircleShortcutWidget( 2259): BitmapDrawable
D/vwengine( 1021): -> ~moviefilestream( 0 )
D/videowall-TranscodeService( 1021): duration time : 20
E/videowall-TranscodeService( 1021): duration time is 20 ==> not Live but Static thumbnail
D/videowall-TranscodeService( 1021): VIDEO_NON_DRM
E/CircleShortcutWidget( 2259): pkg name =com.sec.chaton, activityName=com.sec.chaton.HomeActivity
D/CircleShortcutWidget( 2259): mIconWidth =96
D/vwengine( 1021): -> ~moviefilestream( 0 )
D/videowall-TranscodeService( 1021): duration time : 13
E/videowall-TranscodeService( 1021): duration time is 13 ==> not Live but Static thumbnail
D/videowall-TranscodeService( 1021): VIDEO_NON_DRM
D/videowall-TranscodeService( 1021): Thread end
D/videowall-TranscodeService( 1021): wl.release();
D/CircleShortcutWidget( 2259): BitmapDrawable
E/CircleShortcutWidget( 2259): pkg name =com.android.browser, activityName=com.android.browser.BrowserActivity
D/CircleShortcutWidget( 2259): mIconWidth =96
D/CircleShortcutWidget( 2259): BitmapDrawable
E/CircleShortcutWidget( 2259): pkg name =com.sec.android.app.camera, activityName=com.sec.android.app.camera.Camera
D/CircleShortcutWidget( 2259): mIconWidth =96
D/CircleShortcutWidget( 2259): BitmapDrawable
D/CircleLockScreen( 2259): cursor.getInt(0) = 0
D/CircleLockScreen( 2259): cursor.getInt(0) = 0
D/CircleLockScreen( 2259): cursor.getInt(0) = 0
D/CircleLockScreen( 2259): mChecked = 111
D/CircleLockScreen( 2259): onRefreshBatteryInfo() showPatteryInfo: true pluggedIn: true batteryLevel: 66
D/ClockWidget( 2259): refreshTime()
D/ClockWidget( 2259): TTS Message = Es ist 21:47., Freitag, Januar 3
D/ClockWidget( 2259): refreshTime()
D/ClockWidget( 2259): TTS Message = Es ist 21:47., Freitag, Januar 3
W/LockPatternKeyguardView( 2259): Couldn't find transport control widget
D/LockPatternUtils( 2259): isPcwEnable = 10
I/System.out( 2259): Not a DRM File, opening notmally
I/System.out( 2259): buffer returned
D/dalvikvm( 2259): GC_FOR_ALLOC freed 364K, 26% free 38231K/51655K, paused 133ms, total 142ms
D/LockPatternKeyguardView( 2259): max failed attempt for device disable :0
D/LockPatternUtils( 2259): isPcwEnable = 10
D/LockPatternUtils( 2259): isPcwEnable = 10
D/ClockWidget( 2259): refreshTime()
D/ClockWidget( 2259): TTS Message = Es ist 21:47., Freitag, Januar 3
D/ClockWidget( 2259): isServiceEnable = false cityId = cityId:169582
D/ClockWidget( 2259): Weather Demon is not running, Set visibility to GONE
D/CircleLockScreen( 2259): onResume()
D/CircleUnlockRippleRenderer( 2259): onResume isUnlocked = false
D/ClockWidget( 2259): isServiceEnable = false cityId = cityId:169582
D/ClockWidget( 2259): Weather Demon is not running, Set visibility to GONE
D/CircleShortcutWidget( 2259): onResume()
D/CircleLockScreen( 2259): mCallback.isShowingAndNotHidden()=false
D/CircleLockScreenMotion( 2259): register motion listener
D/MotionRecognitionService( 2259): .registerCallback : 1, motion_sensors=3, client=com.android.internal.policy.impl.sec.CircleLockScreenMotion$2@428ade68
D/MotionEngine( 2259): [@@@ Motion Engine @@@] InitializeMotionManager ALLLLLLLLLLLLLLLLLLLLLLLLL
V/MotionRecognitionManager( 2259): .registerListenerEvent : success. listener count = 0->1, motion_sensors=3, motion event = 128, listener=com.android.internal.policy.impl.sec.CircleLockScreenMotion$2@428ade68
D/MotionRecognitionManager( 2259): .registerListenerEvent : fail. already registered / listener count = 1, listener=com.android.internal.policy.impl.sec.CircleLockScreenMotion$2@428ade68
D/CircleLockScreenMotion( 2259): reset motion engine
D/MotionEngine( 2259): [@@@ MotionEngine @@@] ResetMotionEngine............................ CALLED...............
V/KeyguardViewManager( 2259): KGVM: Set visibility on com.android.internal.policy.impl.KeyguardViewManager$KeyguardViewHost@4233b6c8 to 6291456
V/AlarmManager( 2259): waitForAlarm result :8
D/MotionRecognitionService( 2259): .checkSettingEngineEnabled : true
D/MotionRecognitionService( 2259): .resetMotionEngine
D/KeyguardViewMediator( 2259): adjustUserActivityLocked mShowing: true mHidden: false
D/LockPatternUtils( 2259): isPcwEnable = 10
D/LockPatternUtils( 2259): isPcwEnable = 10
D/LockPatternUtils( 2259): isPcwEnable = 10
D/PowerManagerService( 2259): enableUserActivity false
V/AlarmManager( 2259): ClockReceiver onReceive() ACTION_TIME_TICK
W/AlarmManager( 2259): FACTORY_ON= 0
D/KeyguardViewMediator( 2259): adjustStatusBarLocked: mShowing=true mHidden=false isSecure=false --> flags=0x1000000
D/STATUSBAR-StatusBarManagerService( 2259): manageDisableList what=0x1000000 pkg=android
D/STATUSBAR-Clock( 2707): onReceive() - ACTION_TIME_TICK
E/KeyguardViewMediator( 2259): 2. Lockscreen lock
E/KeyguardViewMediator( 2259): Phone is boot completed. so can broadcast
I/Choreographer( 2259): Skipped 47 frames! The application may be doing too much work on its main thread.
D/STATUSBAR-Clock( 2707): onReceive() - ACTION_TIME_TICK
D/PhoneStatusBar( 2707): disable: < expand icons alerts ticker system_info back home RECENT* clock > I/SurfaceFlinger( 1917): id=18591(5201) createSurf 0x410beb6c (720x1230),1 flag=0, Leyguard
I/SurfaceFlinger( 1917): SurfaceFlinger : eMagnificationFactorChanged. magnificationFactor=1.0
I/SurfaceFlinger( 1917): SurfaceFlinger : eZoomPositionChanged. zoomX=0.0 zoomY=0.0
D/WindowManager( 2259): PhoneWindowManager: focusChangedLw
D/KeyguardViewMediator( 2259): setHidden false
I/SurfaceFlinger( 1917): id=18592(5202) createSurf 0x4100d2e4 (720x1230),3 flag=400, TurfaceView
I/SurfaceFlinger( 1917): SurfaceFlinger : eMagnificationFactorChanged. magnificationFactor=1.0
I/SurfaceFlinger( 1917): SurfaceFlinger : eZoomPositionChanged. zoomX=0.0 zoomY=0.0
D/KeyguardViewMediator( 2259): setHidden false
D/SurfaceView( 2259): SurfaceView.MyWindow.resized() is call in system process.
D/ClockAlarmWidgetService(24641): [ClockAlarmWidgetService] onReceive: action = android.intent.action.TIME_TICK
D/CircleUnlockRippleRenderer( 2259): onSurfaceCreated
D/CircleUnlockRippleRenderer( 2259): mWallpaperPath =/data/data/com.sec.android.gallery3d/lockscreen_wallpaper_ripple.jpg
D/CircleUnlockRippleRenderer( 2259): wallpaperFile exist
E/ClockAlarmWidget(24641): [AlarmWidgetIdManager] getListItem() : itemIndex=0, widgetID:7
E/ClockAlarmWidget(24641): [AlarmWidgetIdManager] getListItem() : ItemIndex exceed ListItemCount. itemIndex=1
E/ClockAlarmWidget(24641): [AlarmWidgetIdManager] getListItem() : itemIndex=1, widgetID:7
D/dalvikvm( 2259): GC_FOR_ALLOC freed 200K, 25% free 39166K/51655K, paused 164ms, total 165ms
W/LockPatternKeyguardView( 2259): no unlock screen when trying to enable fallback
D/CircleUnlockRippleRenderer( 2259): pBitmap, getWidth = 653, pBitmap.getHeight() = 653
D/ClockAlarmDataProvider(24641): getAlarm() - too many same ID alarm data. nCount: 0
D/dalvikvm( 2259): GC_FOR_ALLOC freed 60K, 22% free 40786K/51655K, paused 134ms, total 134ms
D/CircleUnlockRippleRenderer( 2259): onSurfaceChanged
D/CircleUnlockRippleRenderer( 2259): windowWidth = 720, windowHeight = 1280, width = 720, height = 1230
D/CircleUnlockRippleRenderer( 2259): ondrawfrmae drawCount = 0
D/CircleUnlockRippleRenderer( 2259): mCntSurfaceChanged in drawframe = 0
E/LockPatternKeyguardView( 2259): !!! callback setLockScreenReady
E/CircleUnlockRippleRenderer( 2259): CircleUnlockRippleRenderer setLockScreenReady
D/KeyguardViewMediator( 2259): setHidden false
D/CircleLockScreen( 2259): onRefreshBatteryInfo() showPatteryInfo: true pluggedIn: true batteryLevel: 67
D/LockPatternUtils( 2259): isPcwEnable = 10
D/LockPatternUtils( 2259): isPcwEnable = 10
D/LockPatternUtils( 2259): isPcwEnable = 10
D/KeyguardViewMediator( 2259): adjustStatusBarLocked: mShowing=true mHidden=false isSecure=false --> flags=0x1000000
V/LockPatternKeyguardView( 2259): Set visibility on com.android.internal.policy.impl.LockPatternKeyguardView$4@41f9fd50 to 8388608
D/STATUSBAR-StatusBarManagerService( 2259): manageDisableList what=0x1000000 pkg=android
W/IInputConnectionWrapper( 2259): showStatusIcon on inactive InputConnection
W/IInputConnectionWrapper( 6417): showStatusIcon on inactive InputConnection
D/STATUSBAR-StatusBarManagerService( 2259): setSystemUiVisibility(0x600008)
D/STATUSBAR-StatusBarManagerService( 2259): manageDisableList what=0x600000 pkg=WindowManager.LayoutParams
D/LockPatternKeyguardView( 2259): focused
D/CircleLockScreen( 2259): focused
D/PhoneStatusBar( 2707): disable: < expand icons alerts ticker system_info BACK* HOME* RECENT clock > D/ClockWidget( 2259): refreshTime()
D/ClockWidget( 2259): TTS Message = Es ist 21:48., Freitag, Januar 3
D/KeyguardViewMediator( 2259): setHidden false
D/KeyguardViewMediator( 2259): setHidden false
V/LockPatternKeyguardView( 2259): *** dispatchDraw() time: 1716970504
D/KeyguardViewMediator( 2259): setHidden false
D/STATUSBAR-StatusBarManagerService( 2259): setSystemUiVisibility(0xe00008)
D/STATUSBAR-StatusBarManagerService( 2259): manageDisableList what=0xe00000 pkg=WindowManager.LayoutParams
D/PhoneStatusBar( 2707): disable: < expand icons alerts ticker system_info BACK HOME RECENT CLOCK* > D/KeyguardViewMediator( 2259): setHidden false
D/dalvikvm(30552): WAIT_FOR_CONCURRENT_GC blocked 0ms
D/dalvikvm(30552): GC_EXPLICIT freed 1631K, 21% free 17950K/22471K, paused 12ms+32ms, total 296ms
W/PowerManagerService( 2259): Timer 0x0->0x0|0x0
D/dalvikvm( 2930): WAIT_FOR_CONCURRENT_GC blocked 0ms
E/Watchdog( 2259): !@Sync 11513
D/dalvikvm( 2930): GC_EXPLICIT freed 255K, 9% free 12158K/13319K, paused 9ms+10ms, total 105ms
I/DrmEventService( 2259): DrmEventService : OnLowMemory....Save the Phone
D/dalvikvm( 2259): WAIT_FOR_CONCURRENT_GC blocked 0ms
D/dalvikvm( 2259): GC_EXPLICIT freed 229K, 19% free 42030K/51655K, paused 23ms+16ms, total 346ms
V/AlarmManager( 2259): waitForAlarm result :4
V/AlarmManager( 2259): trigger ELAPSED_REALTIME_WAKEUP or RTC_WAKEUP
E/SPPClientService(22757): [b] sendPingReq
W/AlarmManager( 2259): FACTORY_ON= 0
W/AlarmManager( 2259): FACTORY_ON= 0
E/SPPClientService(22757): [b] __PingReply__
W/AlarmManager( 2259): FACTORY_ON= 0
E/SPPClientService( 1418): ============PushLog. commonIsShipBuild. stop!
D/SPPClientService( 1418): PushLog.txt file is not deleted.
D/SPPClientService( 1418): PushLog.txt file is not deleted.
D/SPPClientService( 1418): ============PushLog. stop!
E/SPPClientService( 1418): [PushClientApplication] Push log off : This is Ship build version
D/LLog ( 1418): ============SsfLog. commonIsShipBuild. stop!
E/dalvikvm( 1418): Could not find class 'android.os.UserManager', referenced from method com.sec.spp.push.dlc.sender.DlcRequestReceiver.b
W/dalvikvm( 1418): VFY: unable to resolve check-cast 90 (Landroid/os/UserManager;) in Lcom/sec/spp/push/dlc/sender/DlcRequestReceiver;
D/dalvikvm( 1418): VFY: replacing opcode 0x1f at 0x0026
I/dalvikvm( 1418): Could not find method android.os.Process.myUserHandle, referenced from method com.sec.spp.push.util.f.j
W/dalvikvm( 1418): VFY: unable to resolve static method 259: Landroid/os/Process;.myUserHandle ()Landroid/os/UserHandle;
D/dalvikvm( 1418): VFY: replacing opcode 0x71 at 0x0009
I/dalvikvm( 1418): Could not find method android.os.Process.myUserHandle, referenced from method com.sec.spp.push.dlc.util.d.a
W/dalvikvm( 1418): VFY: unable to resolve static method 259: Landroid/os/Process;.myUserHandle ()Landroid/os/UserHandle;
D/dalvikvm( 1418): VFY: replacing opcode 0x71 at 0x0009
V/AlarmManager( 2259): waitForAlarm result :4
V/AlarmManager( 2259): trigger ELAPSED_REALTIME_WAKEUP or RTC_WAKEUP
V/AlarmManager( 2259): waitForAlarm result :4
V/AlarmManager( 2259): trigger ELAPSED_REALTIME_WAKEUP or RTC_WAKEUP
D/BatteryService( 2259): update start
D/BatteryService( 2259): level:67 scale:100 status:2 health:2 present:true voltage: 4055 temperature: 295 technology: Li-ion AC powered:false USB powered:true icon:17303231 invalid charger:0
D/STATUSBAR-BatteryController( 2707): onReceive() - ACTION_BATTERY_CHANGED
D/STATUSBAR-BatteryController( 2707): onReceive() - level:67
D/STATUSBAR-BatteryController( 2707): onReceive() - plugged:2
D/STATUSBAR-BatteryController( 2707): onReceive() - BATTERY_STATUS_CHARGING:
D/STATUSBAR-PhoneStatusBar( 2707): ACTION_BATTERY_CHANGED
E/MtpService( 548): In MTPAPP onReceive:android.intent.action.BATTERY_CHANGED
E/MtpService( 548): battPlugged Type : 2
E/Parcel ( 7294): Reading a NULL string not supported here.
D/ ( 7294): Get battery level: 67 .
D/ ( 7294): Get charging state:Charging
D/ ( 7294): It is charging
D/MTPRx ( 548): DRIVER_TIME_OUT 60s lapsed
D/dalvikvm( 2899): WAIT_FOR_CONCURRENT_GC blocked 0ms
D/dalvikvm( 2899): GC_EXPLICIT freed 1704K, 33% free 25471K/37831K, paused 16ms+19ms, total 225ms
E/Watchdog( 2259): !@Sync 11514
D/dalvikvm( 3201): WAIT_FOR_CONCURRENT_GC blocked 0ms
D/dalvikvm( 3201): GC_EXPLICIT freed 10K, 7% free 12132K/12931K, paused 8ms+10ms, total 95ms
D/dalvikvm(25080): WAIT_FOR_CONCURRENT_GC blocked 1ms
D/AbsListView(25080): [unregisterDoubleTapMotionListener]
D/dalvikvm(25080): GC_EXPLICIT freed 807K, 10% free 54279K/59847K, paused 12ms+40ms, total 278ms
I/MotionRecognitionManager(25080): .unregisterListener : / listener count = 0->0, listener=android.widget.AbsListView$4@41c6cc10
D/AbsListView(25080): [unregisterDoubleTapMotionListener]
I/MotionRecognitionManager(25080): .unregisterListener : / listener count = 0->0, listener=android.widget.AbsListView$4@41f05540
D/AbsListView(25080): [unregisterDoubleTapMotionListener]
I/MotionRecognitionManager(25080): .unregisterListener : / listener count = 0->0, listener=android.widget.AbsListView$4@41dd23d0
D/dalvikvm(30318): WAIT_FOR_CONCURRENT_GC blocked 0ms
D/dalvikvm(30318): GC_EXPLICIT freed 415K, 33% free 18478K/27271K, paused 11ms+17ms, total 171ms
D/dalvikvm( 3016): WAIT_FOR_CONCURRENT_GC blocked 0ms
D/dalvikvm( 3016): GC_EXPLICIT freed 10K, 7% free 12129K/12931K, paused 9ms+9ms, total 95ms
V/AlarmManager( 2259): waitForAlarm result :8
V/AlarmManager( 2259): ClockReceiver onReceive() ACTION_TIME_TICK
W/AlarmManager( 2259): FACTORY_ON= 0
D/BatteryService( 2259): update start
D/BatteryService( 2259): level:67 scale:100 status:2 health:2 present:true voltage: 4061 temperature: 294 technology: Li-ion AC powered:false USB powered:true icon:17303231 invalid charger:0
D/STATUSBAR-BatteryController( 2707): onReceive() - ACTION_BATTERY_CHANGED
D/STATUSBAR-BatteryController( 2707): onReceive() - level:67
D/STATUSBAR-BatteryController( 2707): onReceive() - plugged:2
D/STATUSBAR-BatteryController( 2707): onReceive() - BATTERY_STATUS_CHARGING:
D/STATUSBAR-PhoneStatusBar( 2707): ACTION_BATTERY_CHANGED
E/Parcel ( 7294): Reading a NULL string not supported here.
D/ ( 7294): Get battery level: 67 .
D/ ( 7294): Get charging state:Charging
D/ ( 7294): It is charging
E/MtpService( 548): In MTPAPP onReceive:android.intent.action.BATTERY_CHANGED
E/MtpService( 548): battPlugged Type : 2
D/STATUSBAR-Clock( 2707): onReceive() - ACTION_TIME_TICK
D/STATUSBAR-Clock( 2707): onReceive() - ACTION_TIME_TICK
D/ClockAlarmWidgetService(24641): [ClockAlarmWidgetService] onReceive: action = android.intent.action.TIME_TICK
E/ClockAlarmWidget(24641): [AlarmWidgetIdManager] getListItem() : itemIndex=0, widgetID:7
E/ClockAlarmWidget(24641): [AlarmWidgetIdManager] getListItem() : ItemIndex exceed ListItemCount. itemIndex=1
E/ClockAlarmWidget(24641): [AlarmWidgetIdManager] getListItem() : itemIndex=1, widgetID:7
D/ClockAlarmDataProvider(24641): getAlarm() - too many same ID alarm data. nCount: 0
D/ClockWidget( 2259): refreshTime()
D/ClockWidget( 2259): TTS Message = Es ist 21:49., Freitag, Januar 3
W/SignalStrength( 2707): getGsmLevel=1
W/SignalStrength( 2707): getLevel=1 (SignalStrength: 2 -1 -1 -1 -1 -1 -1 -1 -1 -1 -1 -1 gsm|lte 1)
W/SignalStrength( 2707): getGsmLevel=1
W/SignalStrength( 2707): getLevel=1 (SignalStrength: 2 -1 -1 -1 -1 -1 -1 -1 -1 -1 -1 -1 gsm|lte 1)
W/SignalStrength( 2259): getGsmLevel=1
W/SignalStrength( 2259): getLevel=1 (SignalStrength: 2 -1 -1 -1 -1 -1 -1 -1 -1 -1 -1 -1 gsm|lte 1)
D/STATUSBAR-NetworkController( 2707): onSignalStrengthsChanged signalStrength=SignalStrength: 2 -1 -1 -1 -1 -1 -1 -1 -1 -1 -1 -1 gsm|lte 1 level=1
W/SignalStrength( 2259): getGsmDbm=-109
W/SignalStrength( 2259): getDbm=-109
W/SignalStrength( 2259): getGsmAsuLevel=2
W/SignalStrength( 2259): getAsuLevel=2
W/AlarmManager( 2259): FACTORY_ON= 0
D/dalvikvm( 3411): WAIT_FOR_CONCURRENT_GC blocked 0ms
D/dalvikvm( 3411): GC_EXPLICIT freed 10K, 7% free 12135K/12931K, paused 9ms+10ms, total 98ms
E/Watchdog( 2259): !@Sync 11515
D/dalvikvm( 2091): WAIT_FOR_CONCURRENT_GC blocked 0ms
D/dalvikvm( 2091): GC_EXPLICIT freed 189K, 8% free 12318K/13383K, paused 9ms+10ms, total 104ms
D/dalvikvm(24666): WAIT_FOR_CONCURRENT_GC blocked 0ms
D/dalvikvm(24666): GC_EXPLICIT freed 82K, 6% free 12596K/13319K, paused 9ms+10ms, total 115ms
D/dalvikvm(24684): WAIT_FOR_CONCURRENT_GC blocked 0ms
D/dalvikvm(24684): GC_EXPLICIT freed 234K, 8% free 12196K/13191K, paused 9ms+9ms, total 104ms
D/dalvikvm(23766): WAIT_FOR_CONCURRENT_GC blocked 0ms
D/dalvikvm(23766): GC_EXPLICIT freed 76K, 7% free 12147K/12931K, paused 10ms+10ms, total 114ms
W/SignalStrength( 2707): getGsmLevel=1
W/SignalStrength( 2707): getLevel=1 (SignalStrength: 1 -1 -1 -1 -1 -1 -1 -1 -1 -1 -1 -1 gsm|lte 1)
W/SignalStrength( 2707): getGsmLevel=1
D/STATUSBAR-NetworkController( 2707): onSignalStrengthsChanged signalStrength=SignalStrength: 1 -1 -1 -1 -1 -1 -1 -1 -1 -1 -1 -1 gsm|lte 1 level=1
W/SignalStrength( 2259): getGsmLevel=1
W/SignalStrength( 2259): getLevel=1 (SignalStrength: 1 -1 -1 -1 -1 -1 -1 -1 -1 -1 -1 -1 gsm|lte 1)
W/SignalStrength( 2707): getLevel=1 (SignalStrength: 1 -1 -1 -1 -1 -1 -1 -1 -1 -1 -1 -1 gsm|lte 1)
W/SignalStrength( 2259): getGsmDbm=-111
W/SignalStrength( 2259): getDbm=-111
W/SignalStrength( 2259): getGsmAsuLevel=1
W/SignalStrength( 2259): getAsuLevel=1
W/AlarmManager( 2259): FACTORY_ON= 0
D/BatteryService( 2259): update start
D/BatteryService( 2259): level:67 scale:100 status:2 health:2 present:true voltage: 4064 temperature: 294 technology: Li-ion AC powered:false USB powered:true icon:17303231 invalid charger:0
D/STATUSBAR-BatteryController( 2707): onReceive() - ACTION_BATTERY_CHANGED
D/STATUSBAR-BatteryController( 2707): onReceive() - level:67
D/STATUSBAR-BatteryController( 2707): onReceive() - plugged:2
D/STATUSBAR-BatteryController( 2707): onReceive() - BATTERY_STATUS_CHARGING:
E/Parcel ( 7294): Reading a NULL string not supported here.
D/ ( 7294): Get battery level: 67 .
D/ ( 7294): Get charging state:Charging
D/ ( 7294): It is charging
D/STATUSBAR-PhoneStatusBar( 2707): ACTION_BATTERY_CHANGED
E/MtpService( 548): In MTPAPP onReceive:android.intent.action.BATTERY_CHANGED
E/MtpService( 548): battPlugged Type : 2
D/dalvikvm( 2259): WAIT_FOR_CONCURRENT_GC blocked 0ms
D/dalvikvm( 2259): GC_EXPLICIT freed 1334K, 21% free 41316K/51655K, paused 23ms+31ms, total 419ms
D/dalvikvm(24524): WAIT_FOR_CONCURRENT_GC blocked 0ms
D/dalvikvm(24524): GC_EXPLICIT freed 122K, 8% free 13075K/14087K, paused 13ms+13ms, total 146ms
D/dalvikvm( 6417): WAIT_FOR_CONCURRENT_GC blocked 0ms
D/dalvikvm( 6417): GC_EXPLICIT freed 453K, 13% free 32045K/36743K, paused 12ms+15ms, total 191ms
E/Watchdog( 2259): !@Sync 11516
D/dalvikvm(31251): WAIT_FOR_CONCURRENT_GC blocked 0ms
D/dalvikvm(31251): GC_EXPLICIT freed 232K, 8% free 12202K/13191K, paused 8ms+10ms, total 106ms
D/ ( 548): DEVICE_PHASE_IDLE
D/ ( 548): DataLen:16 dwBytesReceived: 0
D/ ( 548): Resetting flag g_HostCancel 0
D/ ( 548): mtp_process_command_mtp_handle : COMMAND[0x1008]!!
D/ ( 548): inside mtp_get_object_info_mtp_handle
D/ ( 548): inside mtp_get_object_entry
D/ ( 548): Object Handle: 1
D/ ( 548): StorageID 65537
D/ ( 548): ObjectFormat 12289
D/ ( 548): ProtectionStatus 0
D/ ( 548): ObjectCompressedSize 1460882952
D/ ( 548): ThumbCompressedSize 0
D/ ( 548): ThumbPixHeight 0
D/ ( 548): ThumbPixWidth 0
D/ ( 548): ImagePixWidth 0
D/ ( 548): ImagePixHeight 0
D/ ( 548): ImageBitDepth 0
D/ ( 548): ParentHandle 0
D/ ( 548): AssociationType 1
D/ ( 548): AssociationDesc 0
D/ ( 548): SequenceNumber 0
D/ ( 548): file Name :
D/ ( 548): S
D/ ( 548): DateCreated
D/ ( 548): DateModified
D/ ( 548): _mtp_handle
D/ ( 548): KeyWord
D/ ( 548): mtp_send_response_mtp_handle : [SUCCESS], Opcode[0x1008], ResponseCode[0x2001], NumParams[0]!!
D/ ( 548): DEVICE_PHASE_IDLE
D/ ( 548): DataLen:20 dwBytesReceived: 0
D/ ( 548): Resetting flag g_HostCancel 0
D/ ( 548): mtp_process_command_mtp_handle : COMMAND[0x9802]!!
D/ ( 548): mtp_send_response_mtp_handle : [SUCCESS], Opcode[0x9802], ResponseCode[0x2001], NumParams[0]!!
D/ ( 548): DEVICE_PHASE_IDLE
D/ ( 548): DataLen:20 dwBytesReceived: 0
D/ ( 548): Resetting flag g_HostCancel 0
D/ ( 548): mtp_process_command_mtp_handle : COMMAND[0x9802]!!
D/ ( 548): mtp_send_response_mtp_handle : [SUCCESS], Opcode[0x9802], ResponseCode[0x2001], NumParams[0]!!
D/ ( 548): DEVICE_PHASE_IDLE
D/ ( 548): DataLen:20 dwBytesReceived: 0
D/ ( 548): Resetting flag g_HostCancel 0
D/ ( 548): mtp_process_command_mtp_handle : COMMAND[0x9802]!!
D/ ( 548): mtp_send_response_mtp_handle : [SUCCESS], Opcode[0x9802], ResponseCode[0x2001], NumParams[0]!!
D/ ( 548): DEVICE_PHASE_IDLE
D/ ( 548): DataLen:20 dwBytesReceived: 0
D/ ( 548): Resetting flag g_HostCancel 0
D/ ( 548): mtp_process_command_mtp_handle : COMMAND[0x9802]!!
D/ ( 548): mtp_send_response_mtp_handle : [SUCCESS], Opcode[0x9802], ResponseCode[0x2001], NumParams[0]!!
D/ ( 548): DEVICE_PHASE_IDLE
D/ ( 548): DataLen:20 dwBytesReceived: 0
D/ ( 548): Resetting flag g_HostCancel 0
D/ ( 548): mtp_process_command_mtp_handle : COMMAND[0x9802]!!
D/ ( 548): mtp_send_response_mtp_handle : [SUCCESS], Opcode[0x9802], ResponseCode[0x2001], NumParams[0]!!
D/ ( 548): DEVICE_PHASE_IDLE
D/ ( 548): DataLen:20 dwBytesReceived: 0
D/ ( 548): Resetting flag g_HostCancel 0
D/ ( 548): mtp_process_command_mtp_handle : COMMAND[0x9802]!!
D/ ( 548): mtp_send_response_mtp_handle : [SUCCESS], Opcode[0x9802], ResponseCode[0x2001], NumParams[0]!!
D/ ( 548): DEVICE_PHASE_IDLE
D/ ( 548): DataLen:20 dwBytesReceived: 0
D/ ( 548): Resetting flag g_HostCancel 0
D/ ( 548): mtp_process_command_mtp_handle : COMMAND[0x9802]!!
D/ ( 548): mtp_send_response_mtp_handle : [SUCCESS], Opcode[0x9802], ResponseCode[0x2001], NumParams[0]!!
D/ ( 548): DEVICE_PHASE_IDLE
D/ ( 548): DataLen:20 dwBytesReceived: 0
D/ ( 548): Resetting flag g_HostCancel 0
D/ ( 548): mtp_process_command_mtp_handle : COMMAND[0x9802]!!
D/ ( 548): mtp_send_response_mtp_handle : [SUCCESS], Opcode[0x9802], ResponseCode[0x2001], NumParams[0]!!
D/ ( 548): DEVICE_PHASE_IDLE
D/ ( 548): DataLen:32 dwBytesReceived: 0
D/ ( 548): Resetting flag g_HostCancel 0
D/ ( 548): mtp_process_command_mtp_handle : COMMAND[0x9805]!!
D/ ( 548): Setting the property MTP_OBJ_PROPERTYCODE_PERSISTENTGUID!!
D/ ( 548): mtp_send_response_mtp_handle : [SUCCESS], Opcode[0x9805], ResponseCode[0x2001], NumParams[0]!!
D/ ( 548): DEVICE_PHASE_IDLE
D/ ( 548): DataLen:16 dwBytesReceived: 0
D/ ( 548): Resetting flag g_HostCancel 0
D/ ( 548): mtp_process_command_mtp_handle : COMMAND[0x9810]!!
D/ ( 548): mtp_send_response_mtp_handle : [SUCCESS], Opcode[0x9810], ResponseCode[0x2001], NumParams[0]!!
D/ ( 548): DEVICE_PHASE_IDLE
D/ ( 548): DataLen:20 dwBytesReceived: 0
D/ ( 548): Resetting flag g_HostCancel 0
D/ ( 548): mtp_process_command_mtp_handle : COMMAND[0x9802]!!
D/ ( 548): mtp_send_response_mtp_handle : [SUCCESS], Opcode[0x9802], ResponseCode[0x2001], NumParams[0]!!
D/ ( 548): DEVICE_PHASE_IDLE
D/ ( 548): DataLen:16 dwBytesReceived: 0
D/ ( 548): Resetting flag g_HostCancel 0
D/ ( 548): mtp_process_command_mtp_handle : COMMAND[0x1008]!!
D/ ( 548): inside mtp_get_object_info_mtp_handle
D/ ( 548): inside mtp_get_object_entry
D/ ( 548): Object Handle: 2
D/ ( 548): StorageID 65537
D/ ( 548): ObjectFormat 12289
D/ ( 548): ProtectionStatus 0
D/ ( 548): ObjectCompressedSize 1460890160
D/ ( 548): ThumbCompressedSize 0
D/ ( 548): ThumbPixHeight 0
D/ ( 548): ThumbPixWidth 0
D/ ( 548): ImagePixWidth 0
D/ ( 548): ImagePixHeight 0
D/ ( 548): ImageBitDepth 0
D/ ( 548): ParentHandle 0
D/ ( 548): AssociationType 1
D/ ( 548): AssociationDesc 0
D/ ( 548): SequenceNumber 0
D/ ( 548): file Name :
D/ ( 548): M
D/ ( 548): DateCreated
D/ ( 548): DateModified
D/ ( 548): _mtp_handle
D/ ( 548): KeyWord
D/ ( 548): mtp_send_response_mtp_handle : [SUCCESS], Opcode[0x1008], ResponseCode[0x2001], NumParams[0]!!
D/ ( 548): DEVICE_PHASE_IDLE
D/ ( 548): DataLen:32 dwBytesReceived: 0
D/ ( 548): Resetting flag g_HostCancel 0
D/ ( 548): mtp_process_command_mtp_handle : COMMAND[0x9805]!!
D/ ( 548): Setting the property MTP_OBJ_PROPERTYCODE_PERSISTENTGUID!!
D/ ( 548): mtp_send_response_mtp_handle : [SUCCESS], Opcode[0x9805], ResponseCode[0x2001], NumParams[0]!!
D/ ( 548): DEVICE_PHASE_IDLE
D/ ( 548): DataLen:16 dwBytesReceived: 0
D/ ( 548): Resetting flag g_HostCancel 0
D/ ( 548): mtp_process_command_mtp_handle : COMMAND[0x9810]!!
D/ ( 548): mtp_send_response_mtp_handle : [SUCCESS], Opcode[0x9810], ResponseCode[0x2001], NumParams[0]!!
D/ ( 548): DEVICE_PHASE_IDLE
D/ ( 548): DataLen:16 dwBytesReceived: 0
D/ ( 548): Resetting flag g_HostCancel 0
D/ ( 548): mtp_process_command_mtp_handle : COMMAND[0x1008]!!
D/ ( 548): inside mtp_get_object_info_mtp_handle
D/ ( 548): inside mtp_get_object_entry
D/ ( 548): Object Handle: 3
D/ ( 548): StorageID 65537
D/ ( 548): ObjectFormat 12289
D/ ( 548): ProtectionStatus 0
D/ ( 548): ObjectCompressedSize 1460897368
D/ ( 548): ThumbCompressedSize 0
D/ ( 548): ThumbPixHeight 0
D/ ( 548): ThumbPixWidth 0
D/ ( 548): ImagePixWidth 0
D/ ( 548): ImagePixHeight 0
D/ ( 548): ImageBitDepth 0
D/ ( 548): ParentHandle 0
D/ ( 548): AssociationType 1
D/ ( 548): AssociationDesc 0
D/ ( 548): SequenceNumber 0
D/ ( 548): file Name :
D/ ( 548): P
D/ ( 548): DateCreated
D/ ( 548): DateModified
D/ ( 548): _mtp_handle
D/ ( 548): KeyWord
D/ ( 548): mtp_send_response_mtp_handle : [SUCCESS], Opcode[0x1008], ResponseCode[0x2001], NumParams[0]!!
D/ ( 548): DEVICE_PHASE_IDLE
D/ ( 548): DataLen:32 dwBytesReceived: 0
D/ ( 548): Resetting flag g_HostCancel 0
D/ ( 548): mtp_process_command_mtp_handle : COMMAND[0x9805]!!
D/ ( 548): Setting the property MTP_OBJ_PROPERTYCODE_PERSISTENTGUID!!
D/ ( 548): mtp_send_response_mtp_handle : [SUCCESS], Opcode[0x9805], ResponseCode[0x2001], NumParams[0]!!
D/ ( 548): DEVICE_PHASE_IDLE
D/ ( 548): DataLen:16 dwBytesReceived: 0
D/ ( 548): Resetting flag g_HostCancel 0
D/ ( 548): mtp_process_command_mtp_handle : COMMAND[0x9810]!!
D/ ( 548): mtp_send_response_mtp_handle : [SUCCESS], Opcode[0x9810], ResponseCode[0x2001], NumParams[0]!!
D/ ( 548): DEVICE_PHASE_IDLE
D/ ( 548): DataLen:16 dwBytesReceived: 0
D/ ( 548): Resetting flag g_HostCancel 0
D/ ( 548): mtp_process_command_mtp_handle : COMMAND[0x1008]!!
D/ ( 548): inside mtp_get_object_info_mtp_handle
D/ ( 548): inside mtp_get_object_entry
D/ ( 548): Object Handle: 4
D/ ( 548): StorageID 65537
D/ ( 548): ObjectFormat 12289
D/ ( 548): ProtectionStatus 0
D/ ( 548): ObjectCompressedSize 1460904576
D/ ( 548): ThumbCompressedSize 0
D/ ( 548): ThumbPixHeight 0
D/ ( 548): ThumbPixWidth 0
D/ ( 548): ImagePixWidth 0
D/ ( 548): ImagePixHeight 0
D/ ( 548): ImageBitDepth 0
D/ ( 548): ParentHandle 0
D/ ( 548): AssociationType 1
D/ ( 548): AssociationDesc 0
D/ ( 548): SequenceNumber 0
D/ ( 548): file Name :
D/ ( 548): R
D/ ( 548): DateCreated
D/ ( 548): DateModified
D/ ( 548): _mtp_handle
D/ ( 548): KeyWord
D/ ( 548): ƒX
D/ ( 548): mtp_send_response_mtp_handle : [SUCCESS], Opcode[0x1008], ResponseCode[0x2001], NumParams[0]!!
D/ ( 548): DEVICE_PHASE_IDLE
D/ ( 548): DataLen:32 dwBytesReceived: 0
D/ ( 548): Resetting flag g_HostCancel 0
D/ ( 548): mtp_process_command_mtp_handle : COMMAND[0x9805]!!
D/ ( 548): Setting the property MTP_OBJ_PROPERTYCODE_PERSISTENTGUID!!
D/ ( 548): mtp_send_response_mtp_handle : [SUCCESS], Opcode[0x9805], ResponseCode[0x2001], NumParams[0]!!
D/ ( 548): DEVICE_PHASE_IDLE
D/ ( 548): DataLen:16 dwBytesReceived: 0
D/ ( 548): Resetting flag g_HostCancel 0
D/ ( 548): mtp_process_command_mtp_handle : COMMAND[0x9810]!!
D/ ( 548): mtp_send_response_mtp_handle : [SUCCESS], Opcode[0x9810], ResponseCode[0x2001], NumParams[0]!!
D/ ( 548): DEVICE_PHASE_IDLE
D/ ( 548): DataLen:16 dwBytesReceived: 0
D/ ( 548): Resetting flag g_HostCancel 0
D/ ( 548): mtp_process_command_mtp_handle : COMMAND[0x1008]!!
D/ ( 548): inside mtp_get_object_info_mtp_handle
D/ ( 548): inside mtp_get_object_entry
D/ ( 548): Object Handle: 5
D/ ( 548): StorageID 65537
D/ ( 548): ObjectFormat 12289
D/ ( 548): ProtectionStatus 0
D/ ( 548): ObjectCompressedSize 1460911784
D/ ( 548): ThumbCompressedSize 0
D/ ( 548): ThumbPixHeight 0
D/ ( 548): ThumbPixWidth 0
D/ ( 548): ImagePixWidth 0
D/ ( 548): ImagePixHeight 0
D/ ( 548): ImageBitDepth 0
D/ ( 548): ParentHandle 0
D/ ( 548): AssociationType 1
D/ ( 548): AssociationDesc 0
D/ ( 548): SequenceNumber 0
D/ ( 548): file Name :
D/ ( 548): A
D/ ( 548): DateCreated
D/ ( 548): DateModified
D/ ( 548): _mtp_handle
D/ ( 548): KeyWord
D/ ( 548): mtp_send_response_mtp_handle : [SUCCESS], Opcode[0x1008], ResponseCode[0x2001], NumParams[0]!!
D/ ( 548): DEVICE_PHASE_IDLE
D/ ( 548): DataLen:32 dwBytesReceived: 0
D/ ( 548): Resetting flag g_HostCancel 0
D/ ( 548): mtp_process_command_mtp_handle : COMMAND[0x9805]!!
D/ ( 548): Setting the property MTP_OBJ_PROPERTYCODE_PERSISTENTGUID!!
D/ ( 548): mtp_send_response_mtp_handle : [SUCCESS], Opcode[0x9805], ResponseCode[0x2001], NumParams[0]!!
D/ ( 548): DEVICE_PHASE_IDLE
D/ ( 548): DataLen:16 dwBytesReceived: 0
D/ ( 548): Resetting flag g_HostCancel 0
D/ ( 548): mtp_process_command_mtp_handle : COMMAND[0x9810]!!
D/ ( 548): mtp_send_response_mtp_handle : [SUCCESS], Opcode[0x9810], ResponseCode[0x2001], NumParams[0]!!
D/ ( 548): DEVICE_PHASE_IDLE
D/ ( 548): DataLen:16 dwBytesReceived: 0
D/ ( 548): Resetting flag g_HostCancel 0
D/ ( 548): mtp_process_command_mtp_handle : COMMAND[0x1008]!!
D/ ( 548): inside mtp_get_object_info_mtp_handle
D/ ( 548): inside mtp_get_object_entry
D/ ( 548): Object Handle: 6
D/ ( 548): StorageID 65537
D/ ( 548): ObjectFormat 12289
D/ ( 548): ProtectionStatus 0
D/ ( 548): ObjectCompressedSize 1088778248
D/ ( 548): ThumbCompressedSize 0
D/ ( 548): ThumbPixHeight 0
D/ ( 548): ThumbPixWidth 0
D/ ( 548): ImagePixWidth 0
D/ ( 548): ImagePixHeight 0
D/ ( 548): ImageBitDepth 0
D/ ( 548): ParentHandle 0
D/ ( 548): AssociationType 1
D/ ( 548): AssociationDesc 0
D/ ( 548): SequenceNumber 0
D/ ( 548): file Name :
D/ ( 548): N
D/ ( 548): DateCreated
D/ ( 548): DateModified
D/ ( 548): _mtp_handle
D/ ( 548): KeyWord
D/ ( 548): mtp_send_response_mtp_handle : [SUCCESS], Opcode[0x1008], ResponseCode[0x2001], NumParams[0]!!
D/ ( 548): DEVICE_PHASE_IDLE
D/ ( 548): DataLen:32 dwBytesReceived: 0
D/ ( 548): Resetting flag g_HostCancel 0
D/ ( 548): mtp_process_command_mtp_handle : COMMAND[0x9805]!!
D/ ( 548): Setting the property MTP_OBJ_PROPERTYCODE_PERSISTENTGUID!!
D/ ( 548): mtp_send_response_mtp_handle : [SUCCESS], Opcode[0x9805], ResponseCode[0x2001], NumParams[0]!!
D/ ( 548): DEVICE_PHASE_IDLE
D/ ( 548): DataLen:16 dwBytesReceived: 0
D/ ( 548): Resetting flag g_HostCancel 0
D/ ( 548): mtp_process_command_mtp_handle : COMMAND[0x9810]!!
D/ ( 548): mtp_send_response_mtp_handle : [SUCCESS], Opcode[0x9810], ResponseCode[0x2001], NumParams[0]!!
D/ ( 548): DEVICE_PHASE_IDLE
D/ ( 548): DataLen:16 dwBytesReceived: 0
D/ ( 548): Resetting flag g_HostCancel 0
D/ ( 548): mtp_process_command_mtp_handle : COMMAND[0x1008]!!
D/ ( 548): inside mtp_get_object_info_mtp_handle
D/ ( 548): inside mtp_get_object_entry
D/ ( 548): Object Handle: 7
D/ ( 548): StorageID 65537
D/ ( 548): ObjectFormat 12289
D/ ( 548): ProtectionStatus 0
D/ ( 548): ObjectCompressedSize 1363476488
D/ ( 548): ThumbCompressedSize 0
D/ ( 548): ThumbPixHeight 0
D/ ( 548): ThumbPixWidth 0
D/ ( 548): ImagePixWidth 0
D/ ( 548): ImagePixHeight 0
D/ ( 548): ImageBitDepth 0
D/ ( 548): ParentHandle 0
D/ ( 548): AssociationType 1
D/ ( 548): AssociationDesc 0
D/ ( 548): SequenceNumber 0
D/ ( 548): file Name :
D/ ( 548): P
D/ ( 548): DateCreated
D/ ( 548): DateModified
D/ ( 548): _mtp_handle
D/ ( 548): KeyWord
D/ ( 548): mtp_send_response_mtp_handle : [SUCCESS], Opcode[0x1008], ResponseCode[0x2001], NumParams[0]!!
D/ ( 548): DEVICE_PHASE_IDLE
D/ ( 548): DataLen:32 dwBytesReceived: 0
D/ ( 548): Resetting flag g_HostCancel 0
D/ ( 548): mtp_process_command_mtp_handle : COMMAND[0x9805]!!
D/ ( 548): Setting the property MTP_OBJ_PROPERTYCODE_PERSISTENTGUID!!
D/ ( 548): mtp_send_response_mtp_handle : [SUCCESS], Opcode[0x9805], ResponseCode[0x2001], NumParams[0]!!
D/ ( 548): DEVICE_PHASE_IDLE
D/ ( 548): DataLen:16 dwBytesReceived: 0
D/ ( 548): Resetting flag g_HostCancel 0
D/ ( 548): mtp_process_command_mtp_handle : COMMAND[0x9810]!!
D/ ( 548): mtp_send_response_mtp_handle : [SUCCESS], Opcode[0x9810], ResponseCode[0x2001], NumParams[0]!!
D/dalvikvm(25415): WAIT_FOR_CONCURRENT_GC blocked 0ms
D/ ( 548): DEVICE_PHASE_IDLE
D/ ( 548): DataLen:16 dwBytesReceived: 0
D/ ( 548): Resetting flag g_HostCancel 0
D/ ( 548): mtp_process_command_mtp_handle : COMMAND[0x1008]!!
D/ ( 548): inside mtp_get_object_info_mtp_handle
D/ ( 548): inside mtp_get_object_entry
D/ ( 548): Object Handle: 8
D/ ( 548): StorageID 65537
D/ ( 548): ObjectFormat 12289
D/ ( 548): ProtectionStatus 0
D/ ( 548): ObjectCompressedSize 1460723720
D/ ( 548): ThumbCompressedSize 0
D/ ( 548): ThumbPixHeight 0
D/ ( 548): ThumbPixWidth 0
D/ ( 548): ImagePixWidth 0
D/ ( 548): ImagePixHeight 0
D/ ( 548): ImageBitDepth 0
D/ ( 548): ParentHandle 0
D/ ( 548): AssociationType 1
D/ ( 548): AssociationDesc 0
D/ ( 548): SequenceNumber 0
D/ ( 548): file Name :
D/ ( 548): M
D/ ( 548): DateCreated
D/ ( 548): DateModified
D/ ( 548): _mtp_handle
D/ ( 548): KeyWord
D/ ( 548): mtp_send_response_mtp_handle : [SUCCESS], Opcode[0x1008], ResponseCode[0x2001], NumParams[0]!!
D/ ( 548): DEVICE_PHASE_IDLE
D/ ( 548): DataLen:32 dwBytesReceived: 0
D/ ( 548): Resetting flag g_HostCancel 0
D/ ( 548): mtp_process_command_mtp_handle : COMMAND[0x9805]!!
D/ ( 548): Setting the property MTP_OBJ_PROPERTYCODE_PERSISTENTGUID!!
D/ ( 548): mtp_send_response_mtp_handle : [SUCCESS], Opcode[0x9805], ResponseCode[0x2001], NumParams[0]!!
D/ ( 548): DEVICE_PHASE_IDLE
D/ ( 548): DataLen:16 dwBytesReceived: 0
D/ ( 548): Resetting flag g_HostCancel 0
D/ ( 548): mtp_process_command_mtp_handle : COMMAND[0x9810]!!
D/ ( 548): mtp_send_response_mtp_handle : [SUCCESS], Opcode[0x9810], ResponseCode[0x2001], NumParams[0]!!
D/ ( 548): DEVICE_PHASE_IDLE
D/ ( 548): DataLen:16 dwBytesReceived: 0
D/ ( 548): Resetting flag g_HostCancel 0
D/ ( 548): mtp_process_command_mtp_handle : COMMAND[0x1008]!!
D/ ( 548): inside mtp_get_object_info_mtp_handle
D/ ( 548): inside mtp_get_object_entry
D/ ( 548): Object Handle: 9
D/ ( 548): StorageID 65537
D/ ( 548): ObjectFormat 12289
D/ ( 548): ProtectionStatus 0
D/ ( 548): ObjectCompressedSize 1460728464
D/ ( 548): ThumbCompressedSize 0
D/ ( 548): ThumbPixHeight 0
D/ ( 548): ThumbPixWidth 0
D/ ( 548): ImagePixWidth 0
D/ ( 548): ImagePixHeight 0
D/ ( 548): ImageBitDepth 0
D/ ( 548): ParentHandle 0
D/ ( 548): AssociationType 1
D/ ( 548): AssociationDesc 0
D/ ( 548): SequenceNumber 0
D/ ( 548): file Name :
D/ ( 548): D
D/ ( 548): DateCreated
D/ ( 548): DateModified
D/ ( 548): _mtp_handle
D/ ( 548): KeyWord
D/ ( 548): mtp_send_response_mtp_handle : [SUCCESS], Opcode[0x1008], ResponseCode[0x2001], NumParams[0]!!
D/ ( 548): DEVICE_PHASE_IDLE
D/ ( 548): DataLen:32 dwBytesReceived: 0
D/ ( 548): Resetting flag g_HostCancel 0
D/ ( 548): mtp_process_command_mtp_handle : COMMAND[0x9805]!!
D/ ( 548): Setting the property MTP_OBJ_PROPERTYCODE_PERSISTENTGUID!!
D/ ( 548): mtp_send_response_mtp_handle : [SUCCESS], Opcode[0x9805], ResponseCode[0x2001], NumParams[0]!!
D/dalvikvm(25415): GC_EXPLICIT freed 391K, 8% free 12383K/13447K, paused 9ms+6ms, total 147ms
D/ ( 548): DEVICE_PHASE_IDLE
D/ ( 548): DataLen:16 dwBytesReceived: 0
D/ ( 548): Resetting flag g_HostCancel 0
D/ ( 548): mtp_process_command_mtp_handle : COMMAND[0x9810]!!
D/ ( 548): mtp_send_response_mtp_handle : [SUCCESS], Opcode[0x9810], ResponseCode[0x2001], NumParams[0]!!
D/ ( 548): DEVICE_PHASE_IDLE
D/ ( 548): DataLen:16 dwBytesReceived: 0
D/ ( 548): Resetting flag g_HostCancel 0
D/ ( 548): mtp_process_command_mtp_handle : COMMAND[0x1008]!!
D/ ( 548): inside mtp_get_object_info_mtp_handle
D/ ( 548): inside mtp_get_object_entry
D/ ( 548): Object Handle: 10
D/ ( 548): StorageID 65537
D/ ( 548): ObjectFormat 12289
D/ ( 548): ProtectionStatus 0
D/ ( 548): ObjectCompressedSize 1460734928
D/ ( 548): ThumbCompressedSize 0
D/ ( 548): ThumbPixHeight 0
D/ ( 548): ThumbPixWidth 0
D/ ( 548): ImagePixWidth 0
D/ ( 548): ImagePixHeight 0
D/ ( 548): ImageBitDepth 0
D/ ( 548): ParentHandle 0
D/ ( 548): AssociationType 1
D/ ( 548): AssociationDesc 0
D/ ( 548): SequenceNumber 0
D/ ( 548): file Name :
D/ ( 548): D
D/ ( 548): DateCreated
D/ ( 548): DateModified
D/ ( 548): _mtp_handle
D/ ( 548): KeyWord
D/ ( 548): mtp_send_response_mtp_handle : [SUCCESS], Opcode[0x1008], ResponseCode[0x2001], NumParams[0]!!
D/ ( 548): DEVICE_PHASE_IDLE
D/ ( 548): DataLen:32 dwBytesReceived: 0
D/ ( 548): Resetting flag g_HostCancel 0
D/ ( 548): mtp_process_command_mtp_handle : COMMAND[0x9805]!!
D/ ( 548): Setting the property MTP_OBJ_PROPERTYCODE_PERSISTENTGUID!!
D/ ( 548): mtp_send_response_mtp_handle : [SUCCESS], Opcode[0x9805], ResponseCode[0x2001], NumParams[0]!!
D/ ( 548): DEVICE_PHASE_IDLE
D/ ( 548): DataLen:16 dwBytesReceived: 0
D/ ( 548): Resetting flag g_HostCancel 0
D/ ( 548): mtp_process_command_mtp_handle : COMMAND[0x9810]!!
D/ ( 548): mtp_send_response_mtp_handle : [SUCCESS], Opcode[0x9810], ResponseCode[0x2001], NumParams[0]!!
D/ ( 548): DEVICE_PHASE_IDLE
D/ ( 548): DataLen:16 dwBytesReceived: 0
D/ ( 548): Resetting flag g_HostCancel 0
D/ ( 548): mtp_process_command_mtp_handle : COMMAND[0x1008]!!
D/ ( 548): inside mtp_get_object_info_mtp_handle
D/ ( 548): inside mtp_get_object_entry
D/ ( 548): Object Handle: 11
D/ ( 548): StorageID 65537
D/ ( 548): ObjectFormat 12289
D/ ( 548): ProtectionStatus 0
D/ ( 548): ObjectCompressedSize 1460920328
D/ ( 548): ThumbCompressedSize 0
D/ ( 548): ThumbPixHeight 0
D/ ( 548): ThumbPixWidth 0
D/ ( 548): ImagePixWidth 0
D/ ( 548): ImagePixHeight 0
D/ ( 548): ImageBitDepth 0
D/ ( 548): ParentHandle 0
D/ ( 548): AssociationType 1
D/ ( 548): AssociationDesc 0
D/ ( 548): SequenceNumber 0
D/ ( 548): file Name :
D/ ( 548): A
D/ ( 548): DateCreated
D/ ( 548): DateModified
D/ ( 548): _mtp_handle
D/ ( 548): KeyWord
D/ ( 548): mtp_send_response_mtp_handle : [SUCCESS], Opcode[0x1008], ResponseCode[0x2001], NumParams[0]!!
D/ ( 548): DEVICE_PHASE_IDLE
D/ ( 548): DataLen:32 dwBytesReceived: 0
D/ ( 548): Resetting flag g_HostCancel 0
D/ ( 548): mtp_process_command_mtp_handle : COMMAND[0x9805]!!
D/ ( 548): Setting the property MTP_OBJ_PROPERTYCODE_PERSISTENTGUID!!
D/ ( 548): mtp_send_response_mtp_handle : [SUCCESS], Opcode[0x9805], ResponseCode[0x2001], NumParams[0]!!
D/ ( 548): DEVICE_PHASE_IDLE
D/ ( 548): DataLen:16 dwBytesReceived: 0
D/ ( 548): Resetting flag g_HostCancel 0
D/ ( 548): mtp_process_command_mtp_handle : COMMAND[0x9810]!!
D/ ( 548): mtp_send_response_mtp_handle : [SUCCESS], Opcode[0x9810], ResponseCode[0x2001], NumParams[0]!!
D/ ( 548): DEVICE_PHASE_IDLE
D/ ( 548): DataLen:16 dwBytesReceived: 0
D/ ( 548): Resetting flag g_HostCancel 0
D/ ( 548): mtp_process_command_mtp_handle : COMMAND[0x1008]!!
D/ ( 548): inside mtp_get_object_info_mtp_handle
D/ ( 548): inside mtp_get_object_entry
D/ ( 548): Object Handle: 12
D/ ( 548): StorageID 65537
D/ ( 548): ObjectFormat 12289
D/ ( 548): ProtectionStatus 0
D/ ( 548): ObjectCompressedSize 1461950528
D/ ( 548): ThumbCompressedSize 0
D/ ( 548): ThumbPixHeight 0
D/ ( 548): ThumbPixWidth 0
D/ ( 548): ImagePixWidth 0
D/ ( 548): ImagePixHeight 0
D/ ( 548): ImageBitDepth 0
D/ ( 548): ParentHandle 0
D/ ( 548): AssociationType 1
D/ ( 548): AssociationDesc 0
D/ ( 548): SequenceNumber 0
D/ ( 548): file Name :
D/ ( 548): A
D/ ( 548): DateCreated
D/ ( 548): DateModified
D/ ( 548): _mtp_handle
D/ ( 548): KeyWord
D/ ( 548): mtp_send_response_mtp_handle : [SUCCESS], Opcode[0x1008], ResponseCode[0x2001], NumParams[0]!!
D/ ( 548): DEVICE_PHASE_IDLE
D/ ( 548): DataLen:32 dwBytesReceived: 0
D/ ( 548): Resetting flag g_HostCancel 0
D/ ( 548): mtp_process_command_mtp_handle : COMMAND[0x9805]!!
D/ ( 548): Setting the property MTP_OBJ_PROPERTYCODE_PERSISTENTGUID!!
D/ ( 548): mtp_send_response_mtp_handle : [SUCCESS], Opcode[0x9805], ResponseCode[0x2001], NumParams[0]!!
D/ ( 548): DEVICE_PHASE_IDLE
D/ ( 548): DataLen:16 dwBytesReceived: 0
D/ ( 548): Resetting flag g_HostCancel 0
D/ ( 548): mtp_process_command_mtp_handle : COMMAND[0x9810]!!
D/ ( 548): mtp_send_response_mtp_handle : [SUCCESS], Opcode[0x9810], ResponseCode[0x2001], NumParams[0]!!
D/ ( 548): DEVICE_PHASE_IDLE
D/ ( 548): DataLen:16 dwBytesReceived: 0
D/ ( 548): Resetting flag g_HostCancel 0
D/ ( 548): mtp_process_command_mtp_handle : COMMAND[0x1008]!!
D/ ( 548): inside mtp_get_object_info_mtp_handle
D/ ( 548): inside mtp_get_object_entry
D/ ( 548): Object Handle: 13
D/ ( 548): StorageID 65537
D/ ( 548): ObjectFormat 12289
D/ ( 548): ProtectionStatus 0
D/ ( 548): ObjectCompressedSize 1461956832
D/ ( 548): ThumbCompressedSize 0
D/ ( 548): ThumbPixHeight 0
D/ ( 548): ThumbPixWidth 0
D/ ( 548): ImagePixWidth 0
D/ ( 548): ImagePixHeight 0
D/ ( 548): ImageBitDepth 0
D/ ( 548): ParentHandle 0
D/ ( 548): AssociationType 1
D/ ( 548): AssociationDesc 0
D/ ( 548): SequenceNumber 0
D/ ( 548): file Name :
D/ ( 548): N
D/ ( 548): DateCreated
D/ ( 548): DateModified
D/ ( 548): _mtp_handle
D/ ( 548): KeyWord
D/ ( 548): mtp_send_response_mtp_handle : [SUCCESS], Opcode[0x1008], ResponseCode[0x2001], NumParams[0]!!
D/ ( 548): DEVICE_PHASE_IDLE
D/ ( 548): DataLen:32 dwBytesReceived: 0
D/ ( 548): Resetting flag g_HostCancel 0
D/ ( 548): mtp_process_command_mtp_handle : COMMAND[0x9805]!!
D/ ( 548): Setting the property MTP_OBJ_PROPERTYCODE_PERSISTENTGUID!!
D/ ( 548): mtp_send_response_mtp_handle : [SUCCESS], Opcode[0x9805], ResponseCode[0x2001], NumParams[0]!!
D/ ( 548): DEVICE_PHASE_IDLE
D/ ( 548): DataLen:16 dwBytesReceived: 0
D/ ( 548): Resetting flag g_HostCancel 0
D/ ( 548): mtp_process_command_mtp_handle : COMMAND[0x9810]!!
D/ ( 548): mtp_send_response_mtp_handle : [SUCCESS], Opcode[0x9810], ResponseCode[0x2001], NumParams[0]!!
D/ ( 548): DEVICE_PHASE_IDLE
D/ ( 548): DataLen:16 dwBytesReceived: 0
D/ ( 548): Resetting flag g_HostCancel 0
D/ ( 548): mtp_process_command_mtp_handle : COMMAND[0x1008]!!
D/ ( 548): inside mtp_get_object_info_mtp_handle
D/ ( 548): inside mtp_get_object_entry
D/ ( 548): Object Handle: 14
D/ ( 548): StorageID 65537
D/ ( 548): ObjectFormat 12289
D/ ( 548): ProtectionStatus 0
D/ ( 548): ObjectCompressedSize 1462987976
D/ ( 548): ThumbCompressedSize 0
D/ ( 548): ThumbPixHeight 0
D/ ( 548): ThumbPixWidth 0
D/ ( 548): ImagePixWidth 0
D/ ( 548): ImagePixHeight 0
D/ ( 548): ImageBitDepth 0
D/ ( 548): ParentHandle 0
D/ ( 548): AssociationType 1
D/ ( 548): AssociationDesc 0
D/ ( 548): SequenceNumber 0
D/ ( 548): file Name :
D/ ( 548): W
D/ ( 548): DateCreated
D/ ( 548): DateModified
D/ ( 548): _mtp_handle
D/ ( 548): KeyWord
