D/iNemoSensor( 2259): setDelay(): handle(5), en(20000000)
I/iNemoSensor( 2259): iNemoSensor::update_delay wanted_gyro = 20000000
I/iNemoSensor( 2259): skip update_delay wanted_accel = 20000000 current delay = 20000000
D/SensorService( 2259): SensorDevice::setDelay, Return(true 1, false 0) = 1
D/SensorManager( 2259): registerListener :: handle = 5 name= LSM330DLC Gyroscope sensor delay= 20000 Listener= android.hardware.motion.MotionRecognitionService$5@41fd03b8
V/LockPatternKeyguardView( 2259): *** dispatchDraw() time: 1713119400
I/TwDVFSBroadcastReceiver( 2930): onScreenOnIntent
D/AkmSensor( 2259): MeasureSNGLoop: interval.interval = 20000000, doze_max = 19600, prms->enabled = 2
D/SurfaceFlinger( 1917): Screen about to return, flinger = 0x41037008
D/SecTVOutService( 1917): virtual void android::SecTVOutService::setSuspendMode(uint32_t) TV suspend mode = 0
D/SecTVOutService( 1917): virtual void android::SecTVOutService::setHdmiStatus(uint32_t) HDMI cable status = 1
D/ ( 1917): bool android::SecHdmi::connect()::m_flagHWConnected() fail
E/SecTVOutService( 1917): virtual void android::SecTVOutService::setHdmiStatus(uint32_t)::mSecHdmi.connect() fail
D/dalvikvm( 2259): GC_CONCURRENT freed 1952K, 21% free 41255K/51655K, paused 91ms+20ms, total 443ms
D/dalvikvm( 2259): WAIT_FOR_CONCURRENT_GC blocked 162ms
I/power ( 2259): *** acquire_dvfs_lock : lockType : 1 freq : 1400000
D/dalvikvm( 2259): WAIT_FOR_CONCURRENT_GC blocked 162ms
D/dalvikvm( 2259): WAIT_FOR_CONCURRENT_GC blocked 166ms
D/lights ( 2259): LCD : 117 +
D/MotionEngine( 2259): [EXEC CAMERA] INIT..........
D/MotionEngine( 2259): [LIST SCROLL] MOTION_EVENT_TILT_LEVEL_ZERO_LAND 11 18 25 11 18 25
D/CircleLockScreenMotion( 2259): Here comes a motion event
D/CircleLockScreenMotion( 2259): Here comes a motion event
D/lights ( 2259): LCD : 117 -
I/power ( 2259): *** release_dvfs_lock : lockType : 1
D/CircleLockScreenMotion( 2259): Here comes a motion event
D/CircleLockScreenMotion( 2259): Here comes a motion event
D/MotionEngine( 2259): [ACC DIRECT CALL] 11111111 ACC PROX READY STATE.........
D/CircleLockScreenMotion( 2259): Here comes a motion event
D/CircleLockScreenMotion( 2259): Here comes a motion event
D/CircleLockScreenMotion( 2259): Here comes a motion event
D/CircleLockScreenMotion( 2259): Here comes a motion event
D/CircleLockScreenMotion( 2259): Here comes a motion event
D/MotionEngine( 2259): [@@@ Motion Engine @@@] MOVE Recognition ############ 100
D/CircleLockScreenMotion( 2259): Here comes a motion event
E/Watchdog( 2259): !@Sync 11495
D/MotionEngine( 2259): [TURN OVER] ##### Init
D/CircleLockScreenMotion( 2259): Here comes a motion event
D/WindowManager( 2259): mUnSetIgnorePWR
D/com.samsung.app(31251): [MSC_HERO_Accu_JB]>>> WCS:251 [0:0] BR act = androidintentactionSCREEN_ON
D/widget ( 6417): [MSC_HERO_Accu_JB]>>> SM:1288 [0:0] bTCC WCV = 200
D/widget ( 6417): [MSC_HERO_Accu_JB]>>> WC:1689 [0:0] drw 2nd Tm dt = 2043
D/CircleLockScreenMotion( 2259): Here comes a motion event
D/CircleLockScreenMotion( 2259): Here comes a motion event
D/MotionEngine( 2259): [LIST SCROLL] MOTION_EVENT_TILT_UP_LEVEL_1 11 18 25 11 18 25
D/CircleLockScreenMotion( 2259): Here comes a motion event
E/WifiHW ( 2259): ##################### set firmware type 0 #####################
D/WifiStateMachine( 2259): setWifiEnabled : WifiNative.setFwType(0)
D/CircleLockScreenMotion( 2259): Here comes a motion event
D/ClockAlarmWidgetService(24641): [ClockAlarmWidgetService] onReceive: action = android.intent.action.SCREEN_ON
E/ClockAlarmWidget(24641): [AlarmWidgetIdManager] getListItem() : itemIndex=0, widgetID:7
E/ClockAlarmWidget(24641): [AlarmWidgetIdManager] getListItem() : ItemIndex exceed ListItemCount. itemIndex=1
E/ClockAlarmWidget(24641): [AlarmWidgetIdManager] getListItem() : itemIndex=1, widgetID:7
D/CircleLockScreenMotion( 2259): Here comes a motion event
D/ClockAlarmDataProvider(24641): getAlarm() - too many same ID alarm data. nCount: 0
D/comdaemonstockapp(24684): [Daemon_Stock]>>> DaemonService.java:51 [0:0] action : androidintentactionSCREEN_ON
D/CircleLockScreenMotion( 2259): Here comes a motion event
D/CircleLockScreenMotion( 2259): Here comes a motion event
D/CircleLockScreenMotion( 2259): Here comes a motion event
D/comdaemonstockapp(24684): [Daemon_Stock]>>> Stockclock_DaemonService.java:49 [0:0] onReceive: daemonappstockclockSCREEN_ON
D/comdaemonstockapp(24684): [Daemon_Stock]>>> Stockclock_DaemonService.java:56 [0:0] appServiceStatus: 9
D/comdaemonstockapp(24684): [Daemon_Stock]>>> Stockclock_DaemonService.java:57 [0:0] [AR]: 0
D/ ( 7294): Get battery level: 67 .
D/ ( 7294): Get charging state:Discharging
D/ ( 7294): It is not charging
D/CircleLockScreenMotion( 2259): Here comes a motion event
D/CircleLockScreenMotion( 2259): Here comes a motion event
D/CircleLockScreenMotion( 2259): Here comes a motion event
D/CircleLockScreenMotion( 2259): Here comes a motion event
D/CircleLockScreenMotion( 2259): Here comes a motion event
D/CircleLockScreenMotion( 2259): Here comes a motion event
D/CircleLockScreenMotion( 2259): Here comes a motion event
D/CircleLockScreenMotion( 2259): Here comes a motion event
D/InputReader( 2259): Input event: value=1
D/CircleLockScreenMotion( 2259): Here comes a motion event
D/CircleLockScreenMotion( 2259): Here comes a motion event
D/CircleLockScreenMotion( 2259): Here comes a motion event
D/CircleLockScreenMotion( 2259): Here comes a motion event
D/CircleLockScreenMotion( 2259): Here comes a motion event
D/MotionEngine( 2259): [LIST SCROLL] MOTION_EVENT_TILT_LEVEL_ZERO 11 18 25 11 18 25
D/CircleLockScreenMotion( 2259): Here comes a motion event
D/CircleLockScreenMotion( 2259): Here comes a motion event
D/CircleLockScreenMotion( 2259): Here comes a motion event
D/InputReader( 2259): Input event: value=0
D/lights ( 2259): button : 2 +
D/lights ( 2259): button : 2 -
I/power ( 2259): *** acquire_dvfs_lock : lockType : 1 freq : 1400000
D/lights ( 2259): LCD : 114 +
D/lights ( 2259): LCD : 114 -
D/lights ( 2259): button : 2 +
D/SurfaceFlinger( 1917): About to give-up screen, flinger = 0x41037008
D/lights ( 2259): button : 2 -
D/lights ( 2259): LCD : 113 +
D/lights ( 2259): LCD : 113 -
D/SecTVOutService( 1917): virtual void android::SecTVOutService::setSuspendMode(uint32_t) TV suspend mode = 1
D/SecTVOutService( 1917): virtual void android::SecTVOutService::setHdmiStatus(uint32_t) HDMI cable status = 0
D/WindowManager( 2259): mSetIgnore
D/KeyguardViewMediator( 2259): onScreenTurnedOff(2)
D/CircleLockScreenMotion( 2259): Here comes a motion event
D/CircleLockScreenMotion( 2259): Here comes a motion event
D/KeyguardViewMediator( 2259): notifyScreenOffLocked
D/KeyguardViewMediator( 2259): resetStateLocked
D/KeyguardViewMediator( 2259): handleNotifyScreenOff
D/LockPatternKeyguardView( 2259): screen off
D/LockPatternKeyguardView( 2259): ((KeyguardScreen) mLockScreen).onPause();
D/CircleLockScreen( 2259): onPause()
D/CircleShortcutWidget( 2259): onPause()
D/CircleLockScreenMotion( 2259): unregister motion listener
D/MotionRecognitionManager( 2259): @ member 0 = com.android.internal.policy.impl.sec.CircleLockScreenMotion$2@4265e4f8
I/MotionRecognitionManager( 2259): .unregisterListener : / listener count = 1->1, listener=com.android.internal.policy.impl.sec.CircleLockScreenMotion$1@42657830
D/MotionRecognitionManager( 2259): @ member 0 = com.android.internal.policy.impl.sec.CircleLockScreenMotion$2@4265e4f8
D/SensorManager( 2259): unregisterListener:: Listener= android.hardware.motion.MotionRecognitionService$4@41fd1708
I/SensorManager( 2259): Set min delay = 200000
I/SensorManager( 2259): Set min delay = 200000
I/SensorManager( 2259): Before sending... delay = 200000
D/Sensors ( 2259): Remain listener = android.view.WindowOrientationListener$SensorEventListenerImpl@424160b0
I/Sensors ( 2259): sendDelay --- 200000000
I/SensorService( 2259): info.selectDelay() ns=200000000
D/iNemoSensor( 2259): setDelay(): handle(0), en(200000000)
I/iNemoSensor( 2259): iNemoSensor::skip update_delay wanted_gyro = 20000000 current delay = 20000000
I/iNemoSensor( 2259): update_delay wanted_accel = 200000000
D/SensorManager( 2259): unregisterListener:: Listener= android.view.WindowOrientationListener$SensorEventListenerImpl@424160b0
D/SensorService( 2259): SensorDevice::setDelay, Return(true 1, false 0) = 1
D/SensorManager( 2259): JNI - sendDelay
D/SensorManager( 2259): unregisterListener:: Listener= android.hardware.motion.MotionRecognitionService$5@41fd03b8
I/iNemoSensor( 2259): enable(): handle(5), en(0), what(1)
D/iNemoSensor( 2259): enableDev() : path(/sys/class/input/event4/device/enable), val(0)
D/iNemoSensor( 2259): enable(): MASK_ACC (1) MASK_MAG (0) MASK_GYR (0)
D/iNemoSensor( 2259): enable(): mEnAcc(1) mEnMag(0) mEnGyr(0)
I/iNemoSensor( 2259): skip update_delay wanted_accel = 200000000 current delay = 200000000
D/SensorService( 2259): SensorDevice::activate (enable 1, disable 0) = 0
D/SensorService( 2259): activating sensor disable handle=5
D/SensorService( 2259): activating sensor disable, Done!
D/SensorService( 2259): SensorDevice::activating sensor handle=5 ns=20000000
D/iNemoSensor( 2259): setDelay(): handle(5), en(20000000)
I/iNemoSensor( 2259): skip update_delay wanted_accel = 200000000 current delay = 200000000
D/SensorManager( 2259): unregisterListener:: Listener= android.view.WindowOrientationListener$SensorEventListenerImpl@422b7908
I/SensorManager( 2259): Set min delay = 200000
I/SensorManager( 2259): Before sending... delay = 200000
D/Sensors ( 2259): Remain listener = android.view.WindowOrientationListener$SensorEventListenerImpl@424160b0
I/Sensors ( 2259): sendDelay --- 200000000
I/SensorService( 2259): info.selectDelay() ns=200000000
D/iNemoSensor( 2259): setDelay(): handle(0), en(200000000)
I/iNemoSensor( 2259): skip update_delay wanted_accel = 200000000 current delay = 200000000
D/SensorService( 2259): SensorDevice::setDelay, Return(true 1, false 0) = 1
D/SensorManager( 2259): JNI - sendDelay
I/MotionRecognitionManager( 2259): .unregisterListener : / listener count = 1->0, listener=com.android.internal.policy.impl.sec.CircleLockScreenMotion$2@4265e4f8
D/KeyguardViewMediator( 2259): handleReset
V/LockPatternKeyguardView( 2259): reset()
D/Sensors ( 2259): Remain listener = Sending .. normal delay 200ms
I/Sensors ( 2259): sendDelay --- 200000000
I/SensorService( 2259): info.selectDelay() ns=200000000
D/iNemoSensor( 2259): setDelay(): handle(0), en(200000000)
I/iNemoSensor( 2259): skip update_delay wanted_accel = 200000000 current delay = 200000000
D/SensorService( 2259): SensorDevice::setDelay, Return(true 1, false 0) = 1
D/SensorManager( 2259): JNI - sendDelay
I/SensorManager( 2259): Set normal delay = true
I/iNemoSensor( 2259): enable(): handle(0), en(0), what(0)
D/AkmSensor( 2259): akm_disable_sensor: Accel is disabled. (orien = 0)
I/AkmSensor( 2259): enable_accelerometer, mEnabled = 1, enable = 0
D/iNemoSensor( 2259): enable(): MASK_ACC (0) MASK_MAG (0) MASK_GYR (0)
D/iNemoSensor( 2259): enable(): mEnAcc(0) mEnMag(0) mEnGyr(0)
D/SensorService( 2259): SensorDevice::activate (enable 1, disable 0) = 0
D/SensorService( 2259): activating sensor disable handle=0
D/SensorService( 2259): activating sensor disable, Done!
D/SensorService( 2259): SensorDevice::activating sensor handle=0 ns=200000000
D/iNemoSensor( 2259): setDelay(): handle(0), en(200000000)
D/lights ( 2259): LCD : 103 +
D/LockPatternUtils( 2259): isPcwEnable = 10
D/WfdService( 2259): intent recieved android.intent.action.SCREEN_OFF
D/lights ( 2259): LCD : 103 -
D/lights ( 2259): LCD : 74 +
D/CircleLockScreen( 2259): onPause()
D/CircleShortcutWidget( 2259): onPause()
D/CircleLockScreenMotion( 2259): unregister motion listener
I/MotionRecognitionManager( 2259): .unregisterListener : / listener count = 0->0, listener=com.android.internal.policy.impl.sec.CircleLockScreenMotion$1@42657830
I/MotionRecognitionManager( 2259): .unregisterListener : / listener count = 0->0, listener=com.android.internal.policy.impl.sec.CircleLockScreenMotion$2@4265e4f8
D/CircleLockScreen( 2259): cleanUp()
D/CircleUnlockRippleRenderer( 2259): cleanUp
V/SoundPoolThread( 2259): Got message m=1, mData=0
V/SoundPoolThread( 2259): goodbye
V/SoundPoolThread( 2259): return from quit
V/SoundPoolThread( 2259): return from quit
D/CircleShortcutWidget( 2259): cleanUp()
D/CircleLockScreenMotion( 2259): cleanUp
I/MotionRecognitionManager( 2259): .unregisterListener : / listener count = 0->0, listener=com.android.internal.policy.impl.sec.CircleLockScreenMotion$1@42657830
I/MotionRecognitionManager( 2259): .unregisterListener : / listener count = 0->0, listener=com.android.internal.policy.impl.sec.CircleLockScreenMotion$2@4265e4f8
I/AudioHardwareTinyALSA( 1920): setParameters(screen_state=off)
I/audio_wfd_hw( 1920): adev_set_parameters() screen_state=off
D/tms_audio_hw/AudioTmsIpc( 1920): adev_set_parameters : Enter
D/tms_audio_hw/AudioTmsIpc( 1920): adev_set_parameters : Exit
D/KeyguardViewMediator( 2259): setHidden false
W/SurfaceView( 2259): CHECK surface infomation creating=false formatChanged=false sizeChanged=false visible=false visibleChanged=true surfaceChanged=true realSizeChanged=false redrawNeeded=false left=false top=false
I/SurfaceFlinger( 1917): id=18542 Removed TurfaceView idx=4 MapSz=4
I/SurfaceFlinger( 1917): id=18542 Removed TurfaceView idx=-2 MapSz=4
D/KeyguardViewMediator( 2259): setHidden false
D/lights ( 2259): LCD : 74 -
D/lights ( 2259): LCD : 54 +
D/lights ( 2259): LCD : 54 -
D/lights ( 2259): LCD : 53 +
D/lights ( 2259): LCD : 53 -
D/lights ( 2259): LCD : 52 +
D/lights ( 2259): LCD : 52 -
D/lights ( 2259): LCD : 51 +
D/lights ( 2259): LCD : 51 -
D/PointerInterceptView( 2259): Receive COLLAPSED
D/PointerInterceptView( 2259): sendCallbackFunc, mPreviousOpen = false , isOpen = false , isForce = false
D/lights ( 2259): LCD : 42 +
D/lights ( 2259): LCD : 42 -
D/CircleLockScreen( 2259): drv mode off
D/CircleLockScreen( 2259): mTalkbackEnabled =false
D/CircleLockScreen( 2259): explore by touch mode off
D/lights ( 2259): LCD : 33 +
D/lights ( 2259): LCD : 33 -
D/lights ( 2259): LCD : 23 +
D/lights ( 2259): LCD : 23 -
D/CircleUnlockRippleRenderer( 2259): CircleUnlockRippleRenderer Constructor
D/CircleUnlockRippleRenderer( 2259): isRippleLightEnable = false
D/CircleUnlockRippleRenderer( 2259): isInkEnable = false
D/CircleUnlockRippleRenderer( 2259): isUseLCD = true
D/CircleUnlockRippleRenderer( 2259): Def.MODE = RIPPLE_ONLY
D/lights ( 2259): LCD : 13 +
D/lights ( 2259): LCD : 13 -
I/Launcher.StuckInEdit( 6417): exitWidgetResizeMode State NORMAL
D/lights ( 2259): LCD : 4 +
D/lights ( 2259): LCD : 4 -
V/SoundPoolThread( 2259): beginThread
V/SoundPoolThread( 2259): run
V/SoundPoolThread( 2259): Got message m=2, mData=1
V/MediaPlayer( 2259): decode(365, 20758104, 11571)
V/MediaPlayerService( 1920): decode(73, 20758104, 11571)
V/MediaPlayerService( 1920): player type = 3
V/MediaPlayerService( 1920): create StagefrightPlayer
V/AwesomePlayer( 1920): setDefault
V/AwesomePlayer( 1920): constructor
D/com.samsung.app(31251): [MSC_HERO_Accu_JB]>>> WCS:251 [0:0] BR act = androidintentactionSCREEN_OFF
V/AwesomePlayer( 1920): setDefault
I/AwesomePlayer( 1920): reset
I/AwesomePlayer( 1920): cancel player events
V/AwesomePlayer( 1920): mAudioTrackVector clear
V/StagefrightPlayer( 1920): StagefrightPlayer
V/AwesomePlayer( 1920): setListener
V/StagefrightPlayer( 1920): initCheck
V/StagefrightPlayer( 1920): setDataSource(73, 20758104, 11571)
V/AwesomePlayer( 1920): setDataSource (79, 20758104, 11571)
I/AwesomePlayer( 1920): cancel player events
V/AwesomePlayer( 1920): mAudioTrackVector clear
V/AwesomePlayer( 1920): track of type 'audio/vorbis' does not publish bitrate
V/AwesomePlayer( 1920): mBitrate = -1 bits/sec
W/AwesomePlayer( 1920): couldn't get userdata - Weather
W/AwesomePlayer( 1920): couldn't get userdata - Authorization
W/AwesomePlayer( 1920): couldn't get userdata - SnapShot
V/AwesomePlayer( 1920): current audio track (0)
V/AwesomePlayer( 1920): current audio track (0) is added to vector[0]
V/AwesomePlayer( 1920): setDataSource_l: Audio(1), Video(0)
I/AwesomePlayer( 1920): AwesomePlayer::setDataSource_l():: This is not a DRM content
V/MediaPlayerService( 1920): prepare
V/AwesomePlayer( 1920): prepareAsync
V/MediaPlayerService( 1920): wait for prepare
D/lights ( 2259): LCD : 0 +
D/lights ( 2259): LCD : 0 -
I/power ( 2259): *** release_dvfs_lock : lockType : 1
V/AwesomePlayer( 1920): onPrepareAsyncEvent
V/AwesomePlayer( 1920): notifyListner_l() msg (5-MEDIA_SET_VIDEO_SIZE), ext1 (0), ext2 (0)
V/AudioCache( 1920): notify(0x41ed3500, 5, 0, 0)
V/AudioCache( 1920): ignored
V/AwesomePlayer( 1920): notifyListner_l() msg (1-MEDIA_PREPARED), ext1 (0), ext2 (0)
V/AudioCache( 1920): notify(0x41ed3500, 1, 0, 0)
V/AudioCache( 1920): prepared
V/AudioCache( 1920): wait - success
V/MediaPlayerService( 1920): start
V/StagefrightPlayer( 1920): start
D/comdaemonstockapp(24684): [Daemon_Stock]>>> DaemonService.java:51 [0:0] action : androidintentactionSCREEN_OFF
V/AwesomePlayer( 1920): play
V/AwesomePlayer( 1920): AwesomePlayer::play_l():: This is not a DRM content
I/AudioPlayer( 1920): Audioplayer kKeyAudioPCMFormat:1, 2, 0
I/AudioPlayer( 1920): Audioplayer1 (2, 1)
V/AudioCache( 1920): open(44100, 2, 0x0, 1, 4)
V/AudioCache( 1920): write(0x41f32820, 4096)
V/AudioCache( 1920): memcpy(0x44c49000, 0x41f32820, 4096)
V/AudioCache( 1920): write(0x41f32820, 4096)
V/AudioCache( 1920): memcpy(0x44c4a000, 0x41f32820, 4096)
V/AudioCache( 1920): write(0x41f32820, 4096)
V/AudioCache( 1920): memcpy(0x44c4b000, 0x41f32820, 4096)
V/AudioCache( 1920): write(0x41f32820, 4096)
V/AudioCache( 1920): memcpy(0x44c4c000, 0x41f32820, 4096)
V/AudioCache( 1920): write(0x41f32820, 4096)
V/AudioCache( 1920): memcpy(0x44c4d000, 0x41f32820, 4096)
V/AudioCache( 1920): write(0x41f32820, 4096)
V/AudioCache( 1920): memcpy(0x44c4e000, 0x41f32820, 4096)
V/AudioCache( 1920): write(0x41f32820, 4096)
V/AudioCache( 1920): memcpy(0x44c4f000, 0x41f32820, 4096)
V/AudioCache( 1920): write(0x41f32820, 4096)
V/AudioCache( 1920): memcpy(0x44c50000, 0x41f32820, 4096)
V/AudioCache( 1920): write(0x41f32820, 4096)
V/AudioCache( 1920): memcpy(0x44c51000, 0x41f32820, 4096)
V/AudioCache( 1920): write(0x41f32820, 4096)
V/AudioCache( 1920): memcpy(0x44c52000, 0x41f32820, 4096)
V/AudioCache( 1920): write(0x41f32820, 4096)
V/AudioCache( 1920): memcpy(0x44c53000, 0x41f32820, 4096)
V/AudioCache( 1920): write(0x41f32820, 4096)
V/AudioCache( 1920): memcpy(0x44c54000, 0x41f32820, 4096)
V/AudioCache( 1920): write(0x41f32820, 4096)
V/AudioCache( 1920): memcpy(0x44c55000, 0x41f32820, 4096)
V/AudioCache( 1920): write(0x41f32820, 4096)
V/AudioCache( 1920): memcpy(0x44c56000, 0x41f32820, 4096)
V/AudioCache( 1920): write(0x41f32820, 4096)
V/AudioCache( 1920): memcpy(0x44c57000, 0x41f32820, 4096)
V/AudioCache( 1920): write(0x41f32820, 4096)
V/AudioCache( 1920): memcpy(0x44c58000, 0x41f32820, 4096)
V/AudioCache( 1920): write(0x41f32820, 4096)
V/AudioCache( 1920): memcpy(0x44c59000, 0x41f32820, 4096)
V/AudioCache( 1920): write(0x41f32820, 4096)
V/AudioCache( 1920): memcpy(0x44c5a000, 0x41f32820, 4096)
V/AudioCache( 1920): write(0x41f32820, 4096)
V/AudioCache( 1920): memcpy(0x44c5b000, 0x41f32820, 4096)
V/AudioCache( 1920): write(0x41f32820, 4096)
V/AudioCache( 1920): memcpy(0x44c5c000, 0x41f32820, 4096)
V/AudioCache( 1920): write(0x41f32820, 4096)
V/AudioCache( 1920): memcpy(0x44c5d000, 0x41f32820, 4096)
V/AudioCache( 1920): write(0x41f32820, 4096)
V/AudioCache( 1920): memcpy(0x44c5e000, 0x41f32820, 4096)
V/AudioCache( 1920): write(0x41f32820, 4096)
V/AudioCache( 1920): memcpy(0x44c5f000, 0x41f32820, 4096)
V/AudioCache( 1920): write(0x41f32820, 4096)
V/AudioCache( 1920): memcpy(0x44c60000, 0x41f32820, 4096)
V/AudioCache( 1920): write(0x41f32820, 4096)
V/AudioCache( 1920): memcpy(0x44c61000, 0x41f32820, 4096)
E/OMXCodec( 1920): [OMX.google.vorbis.decoder] err = -1011
V/AudioCache( 1920): write(0x41f32820, 4096)
V/AudioCache( 1920): memcpy(0x44c62000, 0x41f32820, 4096)
V/AudioCache( 1920): write(0x41f32820, 4096)
V/AudioCache( 1920): memcpy(0x44c63000, 0x41f32820, 4096)
V/AudioCache( 1920): write(0x41f32820, 4096)
V/AudioCache( 1920): memcpy(0x44c64000, 0x41f32820, 4096)
V/AudioCache( 1920): write(0x41f32820, 4096)
V/AudioCache( 1920): memcpy(0x44c65000, 0x41f32820, 4096)
V/AudioCache( 1920): write(0x41f32820, 1256)
V/AudioCache( 1920): memcpy(0x44c66000, 0x41f32820, 1256)
D/comdaemonstockapp(24684): [Daemon_Stock]>>> Stockclock_DaemonService.java:49 [0:0] onReceive: daemonappstockclockSCREEN_OFF
D/comdaemonstockapp(24684): [Daemon_Stock]>>> Stockclock_DaemonService.java:56 [0:0] appServiceStatus: 9
D/comdaemonstockapp(24684): [Daemon_Stock]>>> Stockclock_DaemonService.java:57 [0:0] [AR]: 0
V/MediaPlayerService( 1920): wait for playback complete
V/AwesomePlayer( 1920): MEDIA_PLAYBACK_COMPLETE
V/AwesomePlayer( 1920): notifyListner_l() msg (2-MEDIA_PLAYBACK_COMPLETE), ext1 (0), ext2 (0)
V/AudioCache( 1920): notify(0x41ed3500, 2, 0, 0)
V/AudioCache( 1920): playback complete - thread will wake up later
D/CircleMissedEventWidget( 2259): explore by touch mode off
E/CircleShortcutWidget( 2259): density = 320
D/CircleShortcutWidget( 2259): explore by touch mode off
E/CircleShortcutWidget( 2259): pkg name =com.android.contacts, activityName=com.android.contacts.activities.DialtactsActivity
D/CircleShortcutWidget( 2259): mIconWidth =96
V/AudioCache( 1920): wait - success
V/StagefrightPlayer( 1920): reset
I/AwesomePlayer( 1920): reset
I/AwesomePlayer( 1920): cancel player events
V/AwesomePlayer( 1920): mAudioTrackVector clear
I/OMXCodec( 1920): [OMX.google.vorbis.decoder] stop() sendCommand(0x1cf3, OMX_CommandStateSet, OMX_StateIdle)
I/OMXCodec( 1920): [OMX.google.vorbis.decoder] stopped in state 1
V/StagefrightPlayer( 1920): ~StagefrightPlayer
V/StagefrightPlayer( 1920): reset
I/AwesomePlayer( 1920): reset
I/AwesomePlayer( 1920): cancel player events
V/AwesomePlayer( 1920): mAudioTrackVector clear
I/AwesomePlayer( 1920): reset
I/AwesomePlayer( 1920): cancel player events
V/AwesomePlayer( 1920): mAudioTrackVector clear
V/AwesomePlayer( 1920): ~AwesomePlayer()
V/SoundPoolThread( 2259): Got message m=2, mData=2
V/MediaPlayer( 2259): decode(369, 21242672, 20394)
V/MediaPlayerService( 1920): decode(73, 21242672, 20394)
V/MediaPlayerService( 1920): player type = 3
V/MediaPlayerService( 1920): create StagefrightPlayer
V/AwesomePlayer( 1920): setDefault
V/AwesomePlayer( 1920): constructor
V/AwesomePlayer( 1920): setDefault
I/AwesomePlayer( 1920): reset
I/AwesomePlayer( 1920): cancel player events
V/AwesomePlayer( 1920): mAudioTrackVector clear
V/StagefrightPlayer( 1920): StagefrightPlayer
V/AwesomePlayer( 1920): setListener
V/StagefrightPlayer( 1920): initCheck
V/StagefrightPlayer( 1920): setDataSource(73, 21242672, 20394)
V/AwesomePlayer( 1920): setDataSource (80, 21242672, 20394)
I/AwesomePlayer( 1920): cancel player events
V/AwesomePlayer( 1920): mAudioTrackVector clear
D/CircleShortcutWidget( 2259): BitmapDrawable
V/AwesomePlayer( 1920): track of type 'audio/vorbis' does not publish bitrate
V/AwesomePlayer( 1920): mBitrate = -1 bits/sec
W/AwesomePlayer( 1920): couldn't get userdata - Weather
W/AwesomePlayer( 1920): couldn't get userdata - Authorization
W/AwesomePlayer( 1920): couldn't get userdata - SnapShot
V/AwesomePlayer( 1920): current audio track (0)
V/AwesomePlayer( 1920): current audio track (0) is added to vector[0]
V/AwesomePlayer( 1920): setDataSource_l: Audio(1), Video(0)
I/AwesomePlayer( 1920): AwesomePlayer::setDataSource_l():: This is not a DRM content
V/MediaPlayerService( 1920): prepare
V/AwesomePlayer( 1920): prepareAsync
V/MediaPlayerService( 1920): wait for prepare
E/CircleShortcutWidget( 2259): pkg name =com.sec.chaton, activityName=com.sec.chaton.HomeActivity
D/CircleShortcutWidget( 2259): mIconWidth =96
V/AwesomePlayer( 1920): onPrepareAsyncEvent
V/AwesomePlayer( 1920): notifyListner_l() msg (5-MEDIA_SET_VIDEO_SIZE), ext1 (0), ext2 (0)
V/AudioCache( 1920): notify(0x41ed3500, 5, 0, 0)
V/AudioCache( 1920): ignored
V/AwesomePlayer( 1920): notifyListner_l() msg (1-MEDIA_PREPARED), ext1 (0), ext2 (0)
V/AudioCache( 1920): notify(0x41ed3500, 1, 0, 0)
V/AudioCache( 1920): prepared
V/AudioCache( 1920): wait - success
V/MediaPlayerService( 1920): start
V/StagefrightPlayer( 1920): start
V/AwesomePlayer( 1920): play
V/AwesomePlayer( 1920): AwesomePlayer::play_l():: This is not a DRM content
I/AudioPlayer( 1920): Audioplayer kKeyAudioPCMFormat:1, 1, 0
I/AudioPlayer( 1920): Audioplayer1 (1, 1)
V/AudioCache( 1920): open(48000, 1, 0x0, 1, 4)
V/MediaPlayerService( 1920): wait for playback complete
D/CircleShortcutWidget( 2259): BitmapDrawable
V/AudioCache( 1920): write(0x41edc008, 2048)
V/AudioCache( 1920): memcpy(0x44d49000, 0x41edc008, 2048)
V/AudioCache( 1920): write(0x41edc008, 2048)
V/AudioCache( 1920): memcpy(0x44d49800, 0x41edc008, 2048)
V/AudioCache( 1920): write(0x41edc008, 2048)
V/AudioCache( 1920): memcpy(0x44d4a000, 0x41edc008, 2048)
V/AudioCache( 1920): write(0x41edc008, 2048)
V/AudioCache( 1920): memcpy(0x44d4a800, 0x41edc008, 2048)
V/AudioCache( 1920): write(0x41edc008, 2048)
V/AudioCache( 1920): memcpy(0x44d4b000, 0x41edc008, 2048)
V/AudioCache( 1920): write(0x41edc008, 2048)
V/AudioCache( 1920): memcpy(0x44d4b800, 0x41edc008, 2048)
V/AudioCache( 1920): write(0x41edc008, 2048)
V/AudioCache( 1920): memcpy(0x44d4c000, 0x41edc008, 2048)
V/AudioCache( 1920): write(0x41edc008, 2048)
V/AudioCache( 1920): memcpy(0x44d4c800, 0x41edc008, 2048)
V/AudioCache( 1920): write(0x41edc008, 2048)
V/AudioCache( 1920): memcpy(0x44d4d000, 0x41edc008, 2048)
V/AudioCache( 1920): write(0x41edc008, 2048)
V/AudioCache( 1920): memcpy(0x44d4d800, 0x41edc008, 2048)
V/AudioCache( 1920): write(0x41edc008, 2048)
V/AudioCache( 1920): memcpy(0x44d4e000, 0x41edc008, 2048)
E/CircleShortcutWidget( 2259): pkg name =com.android.browser, activityName=com.android.browser.BrowserActivity
D/CircleShortcutWidget( 2259): mIconWidth =96
V/AudioCache( 1920): write(0x41edc008, 2048)
V/AudioCache( 1920): memcpy(0x44d4e800, 0x41edc008, 2048)
V/AudioCache( 1920): write(0x41edc008, 2048)
V/AudioCache( 1920): memcpy(0x44d4f000, 0x41edc008, 2048)
V/AudioCache( 1920): write(0x41edc008, 2048)
V/AudioCache( 1920): memcpy(0x44d4f800, 0x41edc008, 2048)
V/AudioCache( 1920): write(0x41edc008, 2048)
V/AudioCache( 1920): memcpy(0x44d50000, 0x41edc008, 2048)
V/AudioCache( 1920): write(0x41edc008, 2048)
V/AudioCache( 1920): memcpy(0x44d50800, 0x41edc008, 2048)
V/AudioCache( 1920): write(0x41edc008, 2048)
V/AudioCache( 1920): memcpy(0x44d51000, 0x41edc008, 2048)
V/AudioCache( 1920): write(0x41edc008, 2048)
V/AudioCache( 1920): memcpy(0x44d51800, 0x41edc008, 2048)
V/AudioCache( 1920): write(0x41edc008, 2048)
V/AudioCache( 1920): memcpy(0x44d52000, 0x41edc008, 2048)
V/AudioCache( 1920): write(0x41edc008, 2048)
V/AudioCache( 1920): memcpy(0x44d52800, 0x41edc008, 2048)
V/AudioCache( 1920): write(0x41edc008, 2048)
V/AudioCache( 1920): memcpy(0x44d53000, 0x41edc008, 2048)
V/AudioCache( 1920): write(0x41edc008, 2048)
V/AudioCache( 1920): memcpy(0x44d53800, 0x41edc008, 2048)
D/CircleShortcutWidget( 2259): BitmapDrawable
E/CircleShortcutWidget( 2259): pkg name =com.sec.android.app.camera, activityName=com.sec.android.app.camera.Camera
V/AudioCache( 1920): write(0x41edc008, 2048)
V/AudioCache( 1920): memcpy(0x44d54000, 0x41edc008, 2048)
V/AudioCache( 1920): write(0x41edc008, 2048)
V/AudioCache( 1920): memcpy(0x44d54800, 0x41edc008, 2048)
V/AudioCache( 1920): write(0x41edc008, 2048)
V/AudioCache( 1920): memcpy(0x44d55000, 0x41edc008, 2048)
D/CircleShortcutWidget( 2259): mIconWidth =96
V/AudioCache( 1920): write(0x41edc008, 2048)
V/AudioCache( 1920): memcpy(0x44d55800, 0x41edc008, 2048)
V/AudioCache( 1920): write(0x41edc008, 2048)
V/AudioCache( 1920): memcpy(0x44d56000, 0x41edc008, 2048)
V/AudioCache( 1920): write(0x41edc008, 2048)
V/AudioCache( 1920): memcpy(0x44d56800, 0x41edc008, 2048)
V/AudioCache( 1920): write(0x41edc008, 2048)
V/AudioCache( 1920): memcpy(0x44d57000, 0x41edc008, 2048)
V/AudioCache( 1920): write(0x41edc008, 2048)
V/AudioCache( 1920): memcpy(0x44d57800, 0x41edc008, 2048)
V/AudioCache( 1920): write(0x41edc008, 2048)
V/AudioCache( 1920): memcpy(0x44d58000, 0x41edc008, 2048)
V/AudioCache( 1920): write(0x41edc008, 2048)
V/AudioCache( 1920): memcpy(0x44d58800, 0x41edc008, 2048)
V/AudioCache( 1920): write(0x41edc008, 2048)
V/AudioCache( 1920): memcpy(0x44d59000, 0x41edc008, 2048)
V/AudioCache( 1920): write(0x41edc008, 2048)
V/AudioCache( 1920): memcpy(0x44d59800, 0x41edc008, 2048)
V/AudioCache( 1920): write(0x41edc008, 2048)
V/AudioCache( 1920): memcpy(0x44d5a000, 0x41edc008, 2048)
V/AudioCache( 1920): write(0x41edc008, 2048)
V/AudioCache( 1920): memcpy(0x44d5a800, 0x41edc008, 2048)
V/AudioCache( 1920): write(0x41edc008, 2048)
V/AudioCache( 1920): memcpy(0x44d5b000, 0x41edc008, 2048)
V/AudioCache( 1920): write(0x41edc008, 2048)
V/AudioCache( 1920): memcpy(0x44d5b800, 0x41edc008, 2048)
V/AudioCache( 1920): write(0x41edc008, 2048)
V/AudioCache( 1920): memcpy(0x44d5c000, 0x41edc008, 2048)
V/AudioCache( 1920): write(0x41edc008, 2048)
V/AudioCache( 1920): memcpy(0x44d5c800, 0x41edc008, 2048)
V/AudioCache( 1920): write(0x41edc008, 2048)
V/AudioCache( 1920): memcpy(0x44d5d000, 0x41edc008, 2048)
V/AudioCache( 1920): write(0x41edc008, 2048)
V/AudioCache( 1920): memcpy(0x44d5d800, 0x41edc008, 2048)
V/AudioCache( 1920): write(0x41edc008, 2048)
V/AudioCache( 1920): memcpy(0x44d5e000, 0x41edc008, 2048)
D/CircleShortcutWidget( 2259): BitmapDrawable
E/OMXCodec( 1920): [OMX.google.vorbis.decoder] err = -1011
V/AudioCache( 1920): write(0x41edc008, 2048)
V/AudioCache( 1920): memcpy(0x44d5e800, 0x41edc008, 2048)
V/AudioCache( 1920): write(0x41edc008, 2048)
V/AudioCache( 1920): memcpy(0x44d5f000, 0x41edc008, 2048)
V/AudioCache( 1920): write(0x41edc008, 2048)
V/AudioCache( 1920): memcpy(0x44d5f800, 0x41edc008, 2048)
V/AudioCache( 1920): write(0x41edc008, 2048)
V/AudioCache( 1920): memcpy(0x44d60000, 0x41edc008, 2048)
V/AudioCache( 1920): write(0x41edc008, 824)
V/AudioCache( 1920): memcpy(0x44d60800, 0x41edc008, 824)
V/AwesomePlayer( 1920): MEDIA_PLAYBACK_COMPLETE
V/AwesomePlayer( 1920): notifyListner_l() msg (2-MEDIA_PLAYBACK_COMPLETE), ext1 (0), ext2 (0)
V/AudioCache( 1920): notify(0x41ed3500, 2, 0, 0)
V/AudioCache( 1920): playback complete - thread will wake up later
V/AudioCache( 1920): wait - success
V/StagefrightPlayer( 1920): reset
I/AwesomePlayer( 1920): reset
I/AwesomePlayer( 1920): cancel player events
V/AwesomePlayer( 1920): mAudioTrackVector clear
I/OMXCodec( 1920): [OMX.google.vorbis.decoder] stop() sendCommand(0x1cf4, OMX_CommandStateSet, OMX_StateIdle)
I/OMXCodec( 1920): [OMX.google.vorbis.decoder] stopped in state 1
V/StagefrightPlayer( 1920): ~StagefrightPlayer
V/StagefrightPlayer( 1920): reset
I/AwesomePlayer( 1920): reset
I/AwesomePlayer( 1920): cancel player events
V/AwesomePlayer( 1920): mAudioTrackVector clear
I/AwesomePlayer( 1920): reset
I/AwesomePlayer( 1920): cancel player events
V/AwesomePlayer( 1920): mAudioTrackVector clear
V/AwesomePlayer( 1920): ~AwesomePlayer()
D/CircleLockScreen( 2259): cursor.getInt(0) = 0
D/CircleLockScreen( 2259): cursor.getInt(0) = 0
D/CircleLockScreen( 2259): cursor.getInt(0) = 0
D/CircleLockScreen( 2259): mChecked = 111
D/CircleLockScreen( 2259): onRefreshBatteryInfo() showPatteryInfo: false pluggedIn: false batteryLevel: 67
D/ClockWidget( 2259): refreshTime()
D/ClockWidget( 2259): TTS Message = Es ist 20:43., Freitag, Januar 3
D/ClockWidget( 2259): refreshTime()
D/ClockWidget( 2259): TTS Message = Es ist 20:43., Freitag, Januar 3
W/LockPatternKeyguardView( 2259): Couldn't find transport control widget
D/ClockWidget( 2259): refreshTime()
D/ClockWidget( 2259): TTS Message = Es ist 20:43., Freitag, Januar 3
D/ClockWidget( 2259): isServiceEnable = false cityId = cityId:169582
D/ClockWidget( 2259): Weather Demon is not running, Set visibility to GONE
D/LockPatternUtils( 2259): isPcwEnable = 10
I/Choreographer( 2259): Skipped 33 frames! The application may be doing too much work on its main thread.
D/KeyguardViewMediator( 2259): setHidden false
I/SurfaceFlinger( 1917): id=18543(5188) createSurf 0x40d3bb54 (720x1230),3 flag=400, TurfaceView
I/SurfaceFlinger( 1917): SurfaceFlinger : eMagnificationFactorChanged. magnificationFactor=1.0
I/SurfaceFlinger( 1917): SurfaceFlinger : eZoomPositionChanged. zoomX=0.0 zoomY=0.0
D/KeyguardViewMediator( 2259): setHidden false
D/SurfaceView( 2259): SurfaceView.MyWindow.resized() is call in system process.
D/KeyguardViewMediator( 2259): setHidden false
D/CircleUnlockRippleRenderer( 2259): onSurfaceCreated
D/CircleUnlockRippleRenderer( 2259): mWallpaperPath =/data/data/com.sec.android.gallery3d/lockscreen_wallpaper_ripple.jpg
D/CircleUnlockRippleRenderer( 2259): wallpaperFile exist
D/comdaemonstockapp(24684): [Daemon_Stock]>>> Stockclock_DaemonService.java:236 [0:0] screen off, stop scroll
D/dalvikvm( 2259): GC_FOR_ALLOC freed 3784K, 25% free 39055K/51655K, paused 135ms, total 135ms
D/CircleUnlockRippleRenderer( 2259): pBitmap, getWidth = 653, pBitmap.getHeight() = 653
D/dalvikvm( 2259): GC_FOR_ALLOC freed 98K, 22% free 40631K/51655K, paused 151ms, total 151ms
D/CircleUnlockRippleRenderer( 2259): onSurfaceChanged
D/CircleUnlockRippleRenderer( 2259): windowWidth = 720, windowHeight = 1280, width = 720, height = 1230
D/CircleUnlockRippleRenderer( 2259): ondrawfrmae drawCount = 0
D/CircleUnlockRippleRenderer( 2259): mCntSurfaceChanged in drawframe = 0
E/LockPatternKeyguardView( 2259): !!! callback setLockScreenReady
E/CircleUnlockRippleRenderer( 2259): CircleUnlockRippleRenderer setLockScreenReady
D/KeyguardViewMediator( 2259): setHidden false
D/LockPatternUtils( 2259): isPcwEnable = 10
D/LockPatternUtils( 2259): isPcwEnable = 10
D/LockPatternUtils( 2259): isPcwEnable = 10
D/KeyguardViewMediator( 2259): adjustStatusBarLocked: mShowing=true mHidden=false isSecure=false --> flags=0x1000000
V/LockPatternKeyguardView( 2259): Set visibility on com.android.internal.policy.impl.LockPatternKeyguardView$4@42450cc8 to 8388608
W/IInputConnectionWrapper( 2259): showStatusIcon on inactive InputConnection
D/LockPatternUtils( 2259): isPcwEnable = 10
D/LockPatternUtils( 2259): isPcwEnable = 10
D/LockPatternUtils( 2259): isPcwEnable = 10
D/KeyguardViewMediator( 2259): adjustStatusBarLocked: mShowing=true mHidden=false isSecure=false --> flags=0x1000000
V/LockPatternKeyguardView( 2259): Set visibility on com.android.internal.policy.impl.LockPatternKeyguardView$4@42450cc8 to 8388608
D/WindowManager( 2259): mUnSetIgnore, show = false
D/KeyguardViewMediator( 2259): setHidden false
D/KeyguardViewMediator( 2259): setHidden false
E/Parcel ( 7294): Reading a NULL string not supported here.
D/ ( 7294): Get battery level: 67 .
D/ ( 7294): Get charging state:Discharging
D/ ( 7294): It is not charging
W/SignalStrength( 2259): getGsmLevel=2
W/SignalStrength( 2259): getLevel=2 (SignalStrength: 6 -1 -1 -1 -1 -1 -1 -1 -1 -1 -1 -1 gsm|lte 2)
W/SignalStrength( 2707): getGsmLevel=2
W/SignalStrength( 2707): getLevel=2 (SignalStrength: 6 -1 -1 -1 -1 -1 -1 -1 -1 -1 -1 -1 gsm|lte 2)
W/SignalStrength( 2707): getGsmLevel=2
W/SignalStrength( 2707): getLevel=2 (SignalStrength: 6 -1 -1 -1 -1 -1 -1 -1 -1 -1 -1 -1 gsm|lte 2)
W/SignalStrength( 2259): getGsmDbm=-101
W/SignalStrength( 2259): getDbm=-101
W/SignalStrength( 2259): getGsmAsuLevel=6
W/SignalStrength( 2259): getAsuLevel=6
W/SignalStrength( 2259): getGsmLevel=1
W/SignalStrength( 2259): getLevel=1 (SignalStrength: 6 -1 -1 -1 -1 -1 -1 -1 -1 -1 -1 -1 gsm|lte 1)
W/SignalStrength( 2707): getGsmLevel=1
W/SignalStrength( 2707): getLevel=1 (SignalStrength: 6 -1 -1 -1 -1 -1 -1 -1 -1 -1 -1 -1 gsm|lte 1)
W/SignalStrength( 2707): getGsmLevel=1
W/SignalStrength( 2707): getLevel=1 (SignalStrength: 6 -1 -1 -1 -1 -1 -1 -1 -1 -1 -1 -1 gsm|lte 1)
E/Parcel ( 7294): Reading a NULL string not supported here.
W/SignalStrength( 2259): getGsmDbm=-101
W/SignalStrength( 2259): getDbm=-101
W/SignalStrength( 2259): getGsmAsuLevel=6
W/SignalStrength( 2259): getAsuLevel=6
D/ClockAlarmWidgetService(24641): [ClockAlarmWidgetService] onReceive: action = android.intent.action.TIME_TICK
E/ClockAlarmWidget(24641): [AlarmWidgetIdManager] getListItem() : itemIndex=0, widgetID:7
E/ClockAlarmWidget(24641): [AlarmWidgetIdManager] getListItem() : ItemIndex exceed ListItemCount. itemIndex=1
E/ClockAlarmWidget(24641): [AlarmWidgetIdManager] getListItem() : itemIndex=1, widgetID:7
D/ClockAlarmDataProvider(24641): getAlarm() - too many same ID alarm data. nCount: 0
D/ClockWidget( 2259): refreshTime()
D/ClockWidget( 2259): TTS Message = Es ist 20:44., Freitag, Januar 3
D/ ( 7294): Get battery level: 67 .
D/ ( 7294): Get charging state:Discharging
D/ ( 7294): It is not charging
W/SignalStrength( 2259): getGsmLevel=1
W/SignalStrength( 2259): getLevel=1 (SignalStrength: 3 -1 -1 -1 -1 -1 -1 -1 -1 -1 -1 -1 gsm|lte 1)
W/SignalStrength( 2707): getGsmLevel=1
W/SignalStrength( 2707): getLevel=1 (SignalStrength: 3 -1 -1 -1 -1 -1 -1 -1 -1 -1 -1 -1 gsm|lte 1)
W/SignalStrength( 2707): getGsmLevel=1
W/SignalStrength( 2707): getLevel=1 (SignalStrength: 3 -1 -1 -1 -1 -1 -1 -1 -1 -1 -1 -1 gsm|lte 1)
W/SignalStrength( 2259): getGsmDbm=-107
W/SignalStrength( 2259): getDbm=-107
W/SignalStrength( 2259): getGsmAsuLevel=3
W/SignalStrength( 2259): getAsuLevel=3
E/Parcel ( 7294): Reading a NULL string not supported here.
D/ ( 7294): Get battery level: 67 .
D/ ( 7294): Get charging state:Discharging
D/ ( 7294): It is not charging
D/ClockAlarmWidgetService(24641): [ClockAlarmWidgetService] onReceive: action = android.intent.action.TIME_TICK
E/ClockAlarmWidget(24641): [AlarmWidgetIdManager] getListItem() : itemIndex=0, widgetID:7
E/ClockAlarmWidget(24641): [AlarmWidgetIdManager] getListItem() : ItemIndex exceed ListItemCount. itemIndex=1
E/ClockAlarmWidget(24641): [AlarmWidgetIdManager] getListItem() : itemIndex=1, widgetID:7
D/ClockAlarmDataProvider(24641): getAlarm() - too many same ID alarm data. nCount: 0
D/ClockWidget( 2259): refreshTime()
D/ClockWidget( 2259): TTS Message = Es ist 20:45., Freitag, Januar 3
E/Parcel ( 7294): Reading a NULL string not supported here.
D/ ( 7294): Get battery level: 67 .
D/ ( 7294): Get charging state:Discharging
D/ ( 7294): It is not charging
D/KeyguardViewMediator( 2259): handleTimeout
E/Parcel ( 7294): Reading a NULL string not supported here.
D/ ( 7294): Get battery level: 67 .
D/ ( 7294): Get charging state:Discharging
D/ ( 7294): It is not charging
D/ClockAlarmWidgetService(24641): [ClockAlarmWidgetService] onReceive: action = android.intent.action.TIME_TICK
E/ClockAlarmWidget(24641): [AlarmWidgetIdManager] getListItem() : itemIndex=0, widgetID:7
E/ClockAlarmWidget(24641): [AlarmWidgetIdManager] getListItem() : ItemIndex exceed ListItemCount. itemIndex=1
E/ClockAlarmWidget(24641): [AlarmWidgetIdManager] getListItem() : itemIndex=1, widgetID:7
D/ClockAlarmDataProvider(24641): getAlarm() - too many same ID alarm data. nCount: 0
D/ClockWidget( 2259): refreshTime()
D/ClockWidget( 2259): TTS Message = Es ist 20:46., Freitag, Januar 3
E/Parcel ( 7294): Reading a NULL string not supported here.
D/ ( 7294): Get battery level: 67 .
D/ ( 7294): Get charging state:Discharging
D/ ( 7294): It is not charging
E/Parcel ( 7294): Reading a NULL string not supported here.
D/ ( 7294): Get battery level: 67 .
D/ ( 7294): Get charging state:Discharging
D/ ( 7294): It is not charging
D/ClockAlarmWidgetService(24641): [ClockAlarmWidgetService] onReceive: action = android.intent.action.TIME_TICK
E/ClockAlarmWidget(24641): [AlarmWidgetIdManager] getListItem() : itemIndex=0, widgetID:7
E/ClockAlarmWidget(24641): [AlarmWidgetIdManager] getListItem() : ItemIndex exceed ListItemCount. itemIndex=1
E/ClockAlarmWidget(24641): [AlarmWidgetIdManager] getListItem() : itemIndex=1, widgetID:7
D/ClockAlarmDataProvider(24641): getAlarm() - too many same ID alarm data. nCount: 0
D/ClockWidget( 2259): refreshTime()
D/ClockWidget( 2259): TTS Message = Es ist 20:47., Freitag, Januar 3
E/Parcel ( 7294): Reading a NULL string not supported here.
D/ ( 7294): Get battery level: 67 .
D/ ( 7294): Get charging state:Discharging
D/ ( 7294): It is not charging
D/dalvikvm(25738): GC_CONCURRENT freed 364K, 8% free 13157K/14151K, paused 3ms+2ms, total 30ms
E/Parcel ( 7294): Reading a NULL string not supported here.
D/ ( 7294): Get battery level: 67 .
D/ ( 7294): Get charging state:Discharging
D/ ( 7294): It is not charging
D/ClockAlarmWidgetService(24641): [ClockAlarmWidgetService] onReceive: action = android.intent.action.TIME_TICK
E/ClockAlarmWidget(24641): [AlarmWidgetIdManager] getListItem() : itemIndex=0, widgetID:7
E/ClockAlarmWidget(24641): [AlarmWidgetIdManager] getListItem() : ItemIndex exceed ListItemCount. itemIndex=1
E/ClockAlarmWidget(24641): [AlarmWidgetIdManager] getListItem() : itemIndex=1, widgetID:7
D/dalvikvm( 2259): GC_CONCURRENT freed 801K, 20% free 41762K/51655K, paused 21ms+15ms, total 199ms
D/dalvikvm( 2259): WAIT_FOR_CONCURRENT_GC blocked 31ms
D/dalvikvm( 2259): GC_EXPLICIT freed 48K, 20% free 41713K/51655K, paused 6ms+11ms, total 161ms
D/ClockAlarmDataProvider(24641): getAlarm() - too many same ID alarm data. nCount: 0
D/ClockWidget( 2259): refreshTime()
D/ClockWidget( 2259): TTS Message = Es ist 20:48., Freitag, Januar 3
E/SPPClientService(22757): [b] sendPingReq
E/Parcel ( 7294): Reading a NULL string not supported here.
D/ ( 7294): Get battery level: 67 .
D/ ( 7294): Get charging state:Discharging
D/ ( 7294): It is not charging
E/SPPClientService(22757): [b] __PingReply__
E/Parcel ( 7294): Reading a NULL string not supported here.
D/ ( 7294): Get battery level: 67 .
D/ ( 7294): Get charging state:Discharging
D/ ( 7294): It is not charging
E/Parcel ( 7294): Reading a NULL string not supported here.
D/ ( 7294): Get battery level: 67 .
D/ ( 7294): Get charging state:Discharging
D/ ( 7294): It is not charging
D/ClockAlarmWidgetService(24641): [ClockAlarmWidgetService] onReceive: action = android.intent.action.TIME_TICK
E/ClockAlarmWidget(24641): [AlarmWidgetIdManager] getListItem() : itemIndex=0, widgetID:7
E/ClockAlarmWidget(24641): [AlarmWidgetIdManager] getListItem() : ItemIndex exceed ListItemCount. itemIndex=1
E/ClockAlarmWidget(24641): [AlarmWidgetIdManager] getListItem() : itemIndex=1, widgetID:7
D/ClockAlarmDataProvider(24641): getAlarm() - too many same ID alarm data. nCount: 0
W/SignalStrength( 2259): getGsmLevel=1
W/SignalStrength( 2259): getLevel=1 (SignalStrength: 2 -1 -1 -1 -1 -1 -1 -1 -1 -1 -1 -1 gsm|lte 1)
W/SignalStrength( 2707): getGsmLevel=1
W/SignalStrength( 2707): getLevel=1 (SignalStrength: 2 -1 -1 -1 -1 -1 -1 -1 -1 -1 -1 -1 gsm|lte 1)
W/SignalStrength( 2707): getGsmLevel=1
W/SignalStrength( 2707): getLevel=1 (SignalStrength: 2 -1 -1 -1 -1 -1 -1 -1 -1 -1 -1 -1 gsm|lte 1)
W/SignalStrength( 2259): getGsmDbm=-109
W/SignalStrength( 2259): getDbm=-109
W/SignalStrength( 2259): getGsmAsuLevel=2
W/SignalStrength( 2259): getAsuLevel=2
D/ClockWidget( 2259): refreshTime()
D/ClockWidget( 2259): TTS Message = Es ist 20:49., Freitag, Januar 3
E/Parcel ( 7294): Reading a NULL string not supported here.
D/ ( 7294): Get battery level: 67 .
D/ ( 7294): Get charging state:Discharging
D/ ( 7294): It is not charging
E/Parcel ( 7294): Reading a NULL string not supported here.
D/ ( 7294): Get battery level: 67 .
D/ ( 7294): Get charging state:Discharging
D/ ( 7294): It is not charging
E/Parcel ( 7294): Reading a NULL string not supported here.
D/ ( 7294): Get battery level: 67 .
D/ ( 7294): Get charging state:Discharging
D/ ( 7294): It is not charging
D/ClockAlarmWidgetService(24641): [ClockAlarmWidgetService] onReceive: action = android.intent.action.TIME_TICK
E/ClockAlarmWidget(24641): [AlarmWidgetIdManager] getListItem() : itemIndex=0, widgetID:7
E/ClockAlarmWidget(24641): [AlarmWidgetIdManager] getListItem() : ItemIndex exceed ListItemCount. itemIndex=1
E/ClockAlarmWidget(24641): [AlarmWidgetIdManager] getListItem() : itemIndex=1, widgetID:7
D/ClockAlarmDataProvider(24641): getAlarm() - too many same ID alarm data. nCount: 0
D/ClockWidget( 2259): refreshTime()
D/ClockWidget( 2259): TTS Message = Es ist 20:50., Freitag, Januar 3
E/Parcel ( 7294): Reading a NULL string not supported here.
D/ ( 7294): Get battery level: 67 .
D/ ( 7294): Get charging state:Discharging
D/ ( 7294): It is not charging
W/SignalStrength( 2259): getGsmLevel=2
W/SignalStrength( 2259): getLevel=2 (SignalStrength: 2 -1 -1 -1 -1 -1 -1 -1 -1 -1 -1 -1 gsm|lte 2)
W/SignalStrength( 2707): getGsmLevel=2
W/SignalStrength( 2707): getLevel=2 (SignalStrength: 2 -1 -1 -1 -1 -1 -1 -1 -1 -1 -1 -1 gsm|lte 2)
W/SignalStrength( 2707): getGsmLevel=2
W/SignalStrength( 2707): getLevel=2 (SignalStrength: 2 -1 -1 -1 -1 -1 -1 -1 -1 -1 -1 -1 gsm|lte 2)
W/SignalStrength( 2259): getGsmDbm=-109
W/SignalStrength( 2259): getDbm=-109
W/SignalStrength( 2259): getGsmAsuLevel=2
W/SignalStrength( 2259): getAsuLevel=2
E/Parcel ( 7294): Reading a NULL string not supported here.
D/ ( 7294): Get battery level: 67 .
D/ ( 7294): Get charging state:Discharging
D/ ( 7294): It is not charging
D/ClockAlarmWidgetService(24641): [ClockAlarmWidgetService] onReceive: action = android.intent.action.TIME_TICK
E/ClockAlarmWidget(24641): [AlarmWidgetIdManager] getListItem() : itemIndex=0, widgetID:7
E/ClockAlarmWidget(24641): [AlarmWidgetIdManager] getListItem() : ItemIndex exceed ListItemCount. itemIndex=1
E/ClockAlarmWidget(24641): [AlarmWidgetIdManager] getListItem() : itemIndex=1, widgetID:7
D/ClockAlarmDataProvider(24641): getAlarm() - too many same ID alarm data. nCount: 0
D/ClockWidget( 2259): refreshTime()
D/ClockWidget( 2259): TTS Message = Es ist 20:51., Freitag, Januar 3
W/SignalStrength( 2259): getGsmLevel=1
W/SignalStrength( 2259): getLevel=1 (SignalStrength: 2 -1 -1 -1 -1 -1 -1 -1 -1 -1 -1 -1 gsm|lte 1)
W/SignalStrength( 2707): getGsmLevel=1
W/SignalStrength( 2707): getLevel=1 (SignalStrength: 2 -1 -1 -1 -1 -1 -1 -1 -1 -1 -1 -1 gsm|lte 1)
W/SignalStrength( 2707): getGsmLevel=1
W/SignalStrength( 2707): getLevel=1 (SignalStrength: 2 -1 -1 -1 -1 -1 -1 -1 -1 -1 -1 -1 gsm|lte 1)
W/SignalStrength( 2259): getGsmDbm=-109
W/SignalStrength( 2259): getDbm=-109
W/SignalStrength( 2259): getGsmAsuLevel=2
W/SignalStrength( 2259): getAsuLevel=2
E/Parcel ( 7294): Reading a NULL string not supported here.
D/ ( 7294): Get battery level: 67 .
D/ ( 7294): Get charging state:Discharging
D/ ( 7294): It is not charging
D/ClockAlarmWidgetService(24641): [ClockAlarmWidgetService] onReceive: action = android.intent.action.TIME_TICK
E/ClockAlarmWidget(24641): [AlarmWidgetIdManager] getListItem() : itemIndex=0, widgetID:7
E/ClockAlarmWidget(24641): [AlarmWidgetIdManager] getListItem() : ItemIndex exceed ListItemCount. itemIndex=1
E/ClockAlarmWidget(24641): [AlarmWidgetIdManager] getListItem() : itemIndex=1, widgetID:7
D/ClockAlarmDataProvider(24641): getAlarm() - too many same ID alarm data. nCount: 0
D/ClockWidget( 2259): refreshTime()
D/ClockWidget( 2259): TTS Message = Es ist 20:52., Freitag, Januar 3
W/SignalStrength( 2259): getGsmLevel=1
W/SignalStrength( 2259): getLevel=1 (SignalStrength: 4 -1 -1 -1 -1 -1 -1 -1 -1 -1 -1 -1 gsm|lte 1)
W/SignalStrength( 2707): getGsmLevel=1
W/SignalStrength( 2707): getLevel=1 (SignalStrength: 4 -1 -1 -1 -1 -1 -1 -1 -1 -1 -1 -1 gsm|lte 1)
W/SignalStrength( 2707): getGsmLevel=1
W/SignalStrength( 2707): getLevel=1 (SignalStrength: 4 -1 -1 -1 -1 -1 -1 -1 -1 -1 -1 -1 gsm|lte 1)
W/SignalStrength( 2259): getGsmDbm=-105
W/SignalStrength( 2259): getDbm=-105
W/SignalStrength( 2259): getGsmAsuLevel=4
W/SignalStrength( 2259): getAsuLevel=4
E/Watchdog( 2259): !@Sync 11496
E/Parcel ( 7294): Reading a NULL string not supported here.
D/ ( 7294): Get battery level: 67 .
D/ ( 7294): Get charging state:Discharging
D/ ( 7294): It is not charging
D/GCM (24524): Ignoring attempt to send heartbeat on dead connection.
E/Parcel ( 7294): Reading a NULL string not supported here.
D/ ( 7294): Get battery level: 67 .
D/ ( 7294): Get charging state:Discharging
D/ ( 7294): It is not charging
E/Parcel ( 7294): Reading a NULL string not supported here.
D/ ( 7294): Get battery level: 67 .
D/ ( 7294): Get charging state:Discharging
D/ ( 7294): It is not charging
D/dalvikvm( 2707): GC_CONCURRENT freed 1512K, 47% free 17164K/32071K, paused 3ms+6ms, total 95ms
D/ClockAlarmWidgetService(24641): [ClockAlarmWidgetService] onReceive: action = android.intent.action.TIME_TICK
E/ClockAlarmWidget(24641): [AlarmWidgetIdManager] getListItem() : itemIndex=0, widgetID:7
E/ClockAlarmWidget(24641): [AlarmWidgetIdManager] getListItem() : ItemIndex exceed ListItemCount. itemIndex=1
E/ClockAlarmWidget(24641): [AlarmWidgetIdManager] getListItem() : itemIndex=1, widgetID:7
D/dalvikvm(27098): WAIT_FOR_CONCURRENT_GC blocked 0ms
D/dalvikvm(27098): GC_EXPLICIT freed 82K, 5% free 12972K/13639K, paused 7ms+4ms, total 54ms
D/ClockAlarmDataProvider(24641): getAlarm() - too many same ID alarm data. nCount: 0
D/ClockWidget( 2259): refreshTime()
D/ClockWidget( 2259): TTS Message = Es ist 20:53., Freitag, Januar 3
E/Parcel ( 7294): Reading a NULL string not supported here.
D/ ( 7294): Get battery level: 67 .
D/ ( 7294): Get charging state:Discharging
D/ ( 7294): It is not charging
D/SensorService( 2259): info.rates.add, set DEFAULT_EVENTS_PERIOD
D/SensorService( 2259): SensorDevice::activate (enable 1, disable 0) = 1
D/SensorService( 2259): activating sensor enable handle=3
D/SensorService( 2259): activating sensor enable, Done!
D/SensorService( 2259): SensorDevice::activating sensor handle=3 ns=200000000
I/SensorService( 2259): info.selectDelay() ns=200000000
D/SensorService( 2259): SensorDevice::setDelay, Return(true 1, false 0) = 1
D/SensorManager( 2259): registerListener :: handle = 3 name= CM36651 Light sensor delay= 200000 Listener= com.android.server.LightsService$4@423c46d0
D/SensorManager( 2259): unregisterListener:: Listener= com.android.server.LightsService$4@423c46d0
D/SensorService( 2259): SensorDevice::activate (enable 1, disable 0) = 0
D/SensorService( 2259): activating sensor disable handle=3
D/SensorService( 2259): activating sensor disable, Done!
