D/CircleUnlockRippleRenderer( 2259): mWallpaperPath =/data/data/com.sec.android.gallery3d/lockscreen_wallpaper_ripple.jpg
D/CircleUnlockRippleRenderer( 2259): wallpaperFile exist
D/dalvikvm( 2259): GC_FOR_ALLOC freed 182K, 25% free 39052K/51655K, paused 157ms, total 158ms
D/CircleUnlockRippleRenderer( 2259): pBitmap, getWidth = 653, pBitmap.getHeight() = 653
D/dalvikvm( 2259): GC_FOR_ALLOC freed 46K, 22% free 40677K/51655K, paused 156ms, total 156ms
W/LockPatternKeyguardView( 2259): no unlock screen when trying to enable fallback
D/CircleUnlockRippleRenderer( 2259): onSurfaceChanged
D/CircleUnlockRippleRenderer( 2259): windowWidth = 720, windowHeight = 1280, width = 720, height = 1230
D/CircleUnlockRippleRenderer( 2259): ondrawfrmae drawCount = 0
D/CircleUnlockRippleRenderer( 2259): mCntSurfaceChanged in drawframe = 0
E/LockPatternKeyguardView( 2259): !!! callback setLockScreenReady
E/CircleUnlockRippleRenderer( 2259): CircleUnlockRippleRenderer setLockScreenReady
D/KeyguardViewMediator( 2259): setHidden false
D/WindowManager( 2259): mUnSetIgnore, show = false
D/LockPatternUtils( 2259): isPcwEnable = 10
D/LockPatternUtils( 2259): isPcwEnable = 10
D/LockPatternUtils( 2259): isPcwEnable = 10
D/KeyguardViewMediator( 2259): adjustStatusBarLocked: mShowing=true mHidden=false isSecure=false --> flags=0x1000000
D/STATUSBAR-StatusBarManagerService( 2259): manageDisableList what=0x1000000 pkg=android
V/LockPatternKeyguardView( 2259): Set visibility on com.android.internal.policy.impl.LockPatternKeyguardView$4@42433a38 to 8388608
W/IInputConnectionWrapper( 2259): showStatusIcon on inactive InputConnection
W/IInputConnectionWrapper( 6417): showStatusIcon on inactive InputConnection
D/STATUSBAR-StatusBarManagerService( 2259): setSystemUiVisibility(0x600008)
D/STATUSBAR-StatusBarManagerService( 2259): manageDisableList what=0x600000 pkg=WindowManager.LayoutParams
D/LockPatternKeyguardView( 2259): focused
D/CircleLockScreen( 2259): focused
D/PhoneStatusBar( 2707): disable: < expand icons alerts ticker system_info BACK* HOME* RECENT clock > D/KeyguardViewMediator( 2259): setHidden false
D/KeyguardViewMediator( 2259): setHidden false
V/LockPatternKeyguardView( 2259): *** dispatchDraw() time: 1716261902
D/KeyguardViewMediator( 2259): setHidden false
D/STATUSBAR-StatusBarManagerService( 2259): setSystemUiVisibility(0xe00008)
D/STATUSBAR-StatusBarManagerService( 2259): manageDisableList what=0xe00000 pkg=WindowManager.LayoutParams
D/PhoneStatusBar( 2707): disable: < expand icons alerts ticker system_info BACK HOME RECENT CLOCK* > D/KeyguardViewMediator( 2259): setHidden false
D/AudioHardwareTinyALSA( 1920): Entering AudioStreamOutALSA standby mode
I/AudioHardwareTinyALSA( 1920): Close mHandle:41bb0570
W/SignalStrength( 2707): getGsmLevel=1
W/SignalStrength( 2707): getLevel=1 (SignalStrength: 1 -1 -1 -1 -1 -1 -1 -1 -1 -1 -1 -1 gsm|lte 1)
D/STATUSBAR-NetworkController( 2707): onSignalStrengthsChanged signalStrength=SignalStrength: 1 -1 -1 -1 -1 -1 -1 -1 -1 -1 -1 -1 gsm|lte 1 level=1
W/SignalStrength( 2707): getGsmLevel=1
W/SignalStrength( 2707): getLevel=1 (SignalStrength: 1 -1 -1 -1 -1 -1 -1 -1 -1 -1 -1 -1 gsm|lte 1)
W/SignalStrength( 2259): getGsmLevel=1
W/SignalStrength( 2259): getLevel=1 (SignalStrength: 1 -1 -1 -1 -1 -1 -1 -1 -1 -1 -1 -1 gsm|lte 1)
D/BatteryService( 2259): update start
D/BatteryService( 2259): level:67 scale:100 status:3 health:2 present:true voltage: 3892 temperature: 282 technology: Li-ion AC powered:false USB powered:false icon:17303213 invalid charger:0
D/STATUSBAR-NetworkController( 2707): refreshSignalCluster: data=0 bt=false
D/STATUSBAR-SignalClusterView( 2707): mSeparateMobileGroup=8
D/STATUSBAR-SignalClusterView( 2707): mSeparateMobileGroup=8
D/STATUSBAR-SignalClusterView( 2707): mSeparateMobileGroup=8
V/ThermistorObserver( 2259): Thermistor UEVENT: {SUBSYSTEM=platform, DEVPATH=/devices/platform/s5p-tmu, SEQNUM=4153442, TMUSTATE=0, ACTION=change, DRIVER=s5p-tmu, MODALIAS=platform:s5p-tmu}
W/SignalStrength( 2259): getGsmDbm=-111
W/SignalStrength( 2259): getDbm=-111
W/SignalStrength( 2259): getGsmAsuLevel=1
W/SignalStrength( 2259): getAsuLevel=1
D/STATUSBAR-BatteryController( 2707): onReceive() - ACTION_BATTERY_CHANGED
D/STATUSBAR-BatteryController( 2707): onReceive() - level:67
D/STATUSBAR-BatteryController( 2707): onReceive() - plugged:0
D/STATUSBAR-BatteryController( 2707): onReceive() - BATTERY_STATUS_DISCHARGING: stat_sys_battery
D/STATUSBAR-PhoneStatusBar( 2707): ACTION_BATTERY_CHANGED
W/AlarmManager( 2259): FACTORY_ON= 0
E/Parcel ( 7294): Reading a NULL string not supported here.
D/ ( 7294): Get battery level: 67 .
D/ ( 7294): Get charging state:Discharging
D/ ( 7294): It is not charging
D/BatteryService( 2259): update start
D/BatteryService( 2259): level:67 scale:100 status:3 health:2 present:true voltage: 3896 temperature: 285 technology: Li-ion AC powered:false USB powered:false icon:17303213 invalid charger:0
W/SignalStrength( 2259): getGsmLevel=1
W/SignalStrength( 2259): getLevel=1 (SignalStrength: 2 -1 -1 -1 -1 -1 -1 -1 -1 -1 -1 -1 gsm|lte 1)
V/AlarmManager( 2259): waitForAlarm result :1
W/SignalStrength( 2707): getGsmLevel=1
W/SignalStrength( 2707): getLevel=1 (SignalStrength: 2 -1 -1 -1 -1 -1 -1 -1 -1 -1 -1 -1 gsm|lte 1)
W/SignalStrength( 2707): getGsmLevel=1
W/SignalStrength( 2707): getLevel=1 (SignalStrength: 2 -1 -1 -1 -1 -1 -1 -1 -1 -1 -1 -1 gsm|lte 1)
D/STATUSBAR-NetworkController( 2707): onSignalStrengthsChanged signalStrength=SignalStrength: 2 -1 -1 -1 -1 -1 -1 -1 -1 -1 -1 -1 gsm|lte 1 level=1
D/STATUSBAR-BatteryController( 2707): onReceive() - ACTION_BATTERY_CHANGED
D/STATUSBAR-BatteryController( 2707): onReceive() - level:67
D/STATUSBAR-BatteryController( 2707): onReceive() - plugged:0
D/STATUSBAR-BatteryController( 2707): onReceive() - BATTERY_STATUS_DISCHARGING: stat_sys_battery
E/Parcel ( 7294): Reading a NULL string not supported here.
V/AlarmManager( 2259): trigger ELAPSED_REALTIME_WAKEUP or RTC_WAKEUP
D/STATUSBAR-PhoneStatusBar( 2707): ACTION_BATTERY_CHANGED
V/ThermistorObserver( 2259): Thermistor UEVENT: {SUBSYSTEM=platform, DEVPATH=/devices/platform/s5p-tmu, SEQNUM=4153447, TMUSTATE=0, ACTION=change, DRIVER=s5p-tmu, MODALIAS=platform:s5p-tmu}
W/SignalStrength( 2259): getGsmDbm=-109
W/AlarmManager( 2259): FACTORY_ON= 0
W/SignalStrength( 2259): getDbm=-109
W/SignalStrength( 2259): getGsmAsuLevel=2
W/SignalStrength( 2259): getAsuLevel=2
D/ ( 7294): Get battery level: 67 .
D/ ( 7294): Get charging state:Discharging
D/ ( 7294): It is not charging
W/PowerManagerService( 2259): Timer 0x0->0x0|0x0
D/BatteryService( 2259): update start
D/BatteryService( 2259): level:67 scale:100 status:3 health:2 present:true voltage: 3900 temperature: 280 technology: Li-ion AC powered:false USB powered:false icon:17303213 invalid charger:0
E/Watchdog( 2259): !@Sync 11508
D/STATUSBAR-BatteryController( 2707): onReceive() - ACTION_BATTERY_CHANGED
D/STATUSBAR-BatteryController( 2707): onReceive() - level:67
D/STATUSBAR-BatteryController( 2707): onReceive() - plugged:0
D/STATUSBAR-BatteryController( 2707): onReceive() - BATTERY_STATUS_DISCHARGING: stat_sys_battery
D/STATUSBAR-PhoneStatusBar( 2707): ACTION_BATTERY_CHANGED
E/Parcel ( 7294): Reading a NULL string not supported here.
D/ ( 7294): Get battery level: 67 .
D/ ( 7294): Get charging state:Discharging
D/ ( 7294): It is not charging
V/ThermistorObserver( 2259): Thermistor UEVENT: {SUBSYSTEM=platform, DEVPATH=/devices/platform/s5p-tmu, SEQNUM=4153452, TMUSTATE=0, ACTION=change, DRIVER=s5p-tmu, MODALIAS=platform:s5p-tmu}
D/BatteryService( 2259): update start
D/BatteryService( 2259): level:67 scale:100 status:3 health:2 present:true voltage: 3905 temperature: 274 technology: Li-ion AC powered:false USB powered:false icon:17303213 invalid charger:0
V/AlarmManager( 2259): waitForAlarm result :4
V/AlarmManager( 2259): trigger ELAPSED_REALTIME_WAKEUP or RTC_WAKEUP
V/AlarmManager( 2259): trigger ELAPSED_REALTIME_WAKEUP or RTC_WAKEUP
V/ThermistorObserver( 2259): Thermistor UEVENT: {SUBSYSTEM=platform, DEVPATH=/devices/platform/s5p-tmu, SEQNUM=4153457, TMUSTATE=0, ACTION=change, DRIVER=s5p-tmu, MODALIAS=platform:s5p-tmu}
D/STATUSBAR-BatteryController( 2707): onReceive() - ACTION_BATTERY_CHANGED
D/STATUSBAR-BatteryController( 2707): onReceive() - level:67
D/STATUSBAR-BatteryController( 2707): onReceive() - plugged:0
D/STATUSBAR-BatteryController( 2707): onReceive() - BATTERY_STATUS_DISCHARGING: stat_sys_battery
E/Parcel ( 7294): Reading a NULL string not supported here.
D/ ( 7294): Get battery level: 67 .
D/ ( 7294): Get charging state:Discharging
D/ ( 7294): It is not charging
D/STATUSBAR-PhoneStatusBar( 2707): ACTION_BATTERY_CHANGED
W/SignalStrength( 2259): getGsmLevel=1
W/SignalStrength( 2259): getLevel=1 (SignalStrength: 4 -1 -1 -1 -1 -1 -1 -1 -1 -1 -1 -1 gsm|lte 1)
W/SignalStrength( 2707): getGsmLevel=1
W/SignalStrength( 2707): getLevel=1 (SignalStrength: 4 -1 -1 -1 -1 -1 -1 -1 -1 -1 -1 -1 gsm|lte 1)
W/SignalStrength( 2707): getGsmLevel=1
W/SignalStrength( 2707): getLevel=1 (SignalStrength: 4 -1 -1 -1 -1 -1 -1 -1 -1 -1 -1 -1 gsm|lte 1)
W/SignalStrength( 2259): getGsmDbm=-105
W/SignalStrength( 2259): getDbm=-105
W/SignalStrength( 2259): getGsmAsuLevel=4
W/SignalStrength( 2259): getAsuLevel=4
D/STATUSBAR-NetworkController( 2707): onSignalStrengthsChanged signalStrength=SignalStrength: 4 -1 -1 -1 -1 -1 -1 -1 -1 -1 -1 -1 gsm|lte 1 level=1
W/AlarmManager( 2259): FACTORY_ON= 0
D/BatteryService( 2259): update start
D/BatteryService( 2259): level:67 scale:100 status:3 health:2 present:true voltage: 3902 temperature: 277 technology: Li-ion AC powered:false USB powered:false icon:17303213 invalid charger:0
V/AlarmManager( 2259): waitForAlarm result :12
V/AlarmManager( 2259): trigger ELAPSED_REALTIME_WAKEUP or RTC_WAKEUP
D/STATUSBAR-BatteryController( 2707): onReceive() - ACTION_BATTERY_CHANGED
D/STATUSBAR-BatteryController( 2707): onReceive() - level:67
D/STATUSBAR-BatteryController( 2707): onReceive() - plugged:0
D/STATUSBAR-BatteryController( 2707): onReceive() - BATTERY_STATUS_DISCHARGING: stat_sys_battery
D/STATUSBAR-PhoneStatusBar( 2707): ACTION_BATTERY_CHANGED
E/Parcel ( 7294): Reading a NULL string not supported here.
V/ThermistorObserver( 2259): Thermistor UEVENT: {SUBSYSTEM=platform, DEVPATH=/devices/platform/s5p-tmu, SEQNUM=4153462, TMUSTATE=0, ACTION=change, DRIVER=s5p-tmu, MODALIAS=platform:s5p-tmu}
D/ ( 7294): Get battery level: 67 .
D/ ( 7294): Get charging state:Discharging
D/ ( 7294): It is not charging
D/dalvikvm( 2259): GC_CONCURRENT freed 655K, 19% free 42070K/51655K, paused 26ms+13ms, total 196ms
D/dalvikvm( 2259): WAIT_FOR_CONCURRENT_GC blocked 140ms
D/MobileDataStateTracker( 2259): default: setPolicyDataEnable(enabled=true)
D/BatteryService( 2259): update start
D/BatteryService( 2259): level:67 scale:100 status:3 health:2 present:true voltage: 3900 temperature: 266 technology: Li-ion AC powered:false USB powered:false icon:17303213 invalid charger:0
D/STATUSBAR-BatteryController( 2707): onReceive() - ACTION_BATTERY_CHANGED
D/STATUSBAR-BatteryController( 2707): onReceive() - level:67
D/STATUSBAR-BatteryController( 2707): onReceive() - plugged:0
D/STATUSBAR-BatteryController( 2707): onReceive() - BATTERY_STATUS_DISCHARGING: stat_sys_battery
D/STATUSBAR-PhoneStatusBar( 2707): ACTION_BATTERY_CHANGED
E/Parcel ( 7294): Reading a NULL string not supported here.
D/ ( 7294): Get battery level: 67 .
D/ ( 7294): Get charging state:Discharging
D/ ( 7294): It is not charging
V/ThermistorObserver( 2259): Thermistor UEVENT: {SUBSYSTEM=platform, DEVPATH=/devices/platform/s5p-tmu, SEQNUM=4153467, TMUSTATE=0, ACTION=change, DRIVER=s5p-tmu, MODALIAS=platform:s5p-tmu}
V/AlarmManager( 2259): waitForAlarm result :8
V/AlarmManager( 2259): ClockReceiver onReceive() ACTION_TIME_TICK
W/AlarmManager( 2259): FACTORY_ON= 0
D/STATUSBAR-Clock( 2707): onReceive() - ACTION_TIME_TICK
D/STATUSBAR-Clock( 2707): onReceive() - ACTION_TIME_TICK
D/ClockAlarmWidgetService(24641): [ClockAlarmWidgetService] onReceive: action = android.intent.action.TIME_TICK
E/ClockAlarmWidget(24641): [AlarmWidgetIdManager] getListItem() : itemIndex=0, widgetID:7
E/ClockAlarmWidget(24641): [AlarmWidgetIdManager] getListItem() : ItemIndex exceed ListItemCount. itemIndex=1
E/ClockAlarmWidget(24641): [AlarmWidgetIdManager] getListItem() : itemIndex=1, widgetID:7
D/dalvikvm( 406): GC_CONCURRENT freed 182K, 6% free 12442K/13191K, paused 29ms+2ms, total 65ms
D/dalvikvm( 406): WAIT_FOR_CONCURRENT_GC blocked 19ms
I/ActivityThread( 406): Pub com.sec.android.provider.stri_s1_worldclock: com.sec.android.app.clockpackage.worldclock.common.DataContentProvider
D/dalvikvm( 406): GC_CONCURRENT freed 152K, 6% free 12823K/13575K, paused 13ms+15ms, total 63ms
I/ActivityThread( 406): Pub com.samsung.sec.android.clockpackage: com.sec.android.app.clockpackage.alarm.AlarmProvider
D/AlarmProvider( 406): DatabaseHelper: 1
D/ClockAlarmDataProvider(24641): getAlarm() - too many same ID alarm data. nCount: 0
D/ClockWidget( 2259): refreshTime()
D/ClockWidget( 2259): TTS Message = Es ist 21:37., Freitag, Januar 3
D/BatteryService( 2259): update start
D/BatteryService( 2259): level:67 scale:100 status:3 health:2 present:true voltage: 3903 temperature: 267 technology: Li-ion AC powered:false USB powered:false icon:17303213 invalid charger:0
V/ThermistorObserver( 2259): Thermistor UEVENT: {SUBSYSTEM=platform, DEVPATH=/devices/platform/s5p-tmu, SEQNUM=4153472, TMUSTATE=0, ACTION=change, DRIVER=s5p-tmu, MODALIAS=platform:s5p-tmu}
D/STATUSBAR-BatteryController( 2707): onReceive() - ACTION_BATTERY_CHANGED
D/STATUSBAR-BatteryController( 2707): onReceive() - level:67
D/STATUSBAR-BatteryController( 2707): onReceive() - plugged:0
D/STATUSBAR-BatteryController( 2707): onReceive() - BATTERY_STATUS_DISCHARGING: stat_sys_battery
E/Parcel ( 7294): Reading a NULL string not supported here.
D/ ( 7294): Get battery level: 67 .
D/ ( 7294): Get charging state:Discharging
D/ ( 7294): It is not charging
D/STATUSBAR-PhoneStatusBar( 2707): ACTION_BATTERY_CHANGED
W/AlarmManager( 2259): FACTORY_ON= 0
D/GcmIntentService(30297): Received GCM message: Bundle{message=fashionhippiee: Oki:), unread_private_msg_count=1, collapse_key=do_not_collapse, user_id=2976358, unread_msg_count=1, unread_important_notification_count=0, android.support.content.wakelockid=3, from=1041460890447, type=notification, uri=kk://messaging?id=80574202, unread_notification_count=0}
D/ApplicationPolicy( 2259): isStatusBarNotificationAllowed: packageName = de.kleiderkreisel
D/PhoneStatusBar( 2707): addNotification score=0
D/ClockWidget( 2259): received MISSED_EVENT intent !!
D/STATUSBAR-NotificationService( 2259): Noti Alert - mSystemReady:true, AlertEnabled:true
D/MotionRecognitionService( 2259): .registerCallback : 2, motion_sensors=3, client=com.android.server.NotificationManagerService$OverTurnPlayer$1@42360f18
D/MotionEngine( 2259): [@@@ Motion Engine @@@] InitializeMotionManager.... RETURN........ (Already initialized......)
D/MotionRecognitionService( 2259): .checkSettingEngineEnabled : true
D/MotionRecognitionService( 2259): enableAccINT
V/MediaPlayer-JNI( 2707): native_setup
V/MotionRecognitionManager( 2259): .registerListenerEvent : success. listener count = 1->2, motion_sensors=3, motion event = 1, listener=com.android.server.NotificationManagerService$OverTurnPlayer$1@42360f18
V/MediaPlayer( 2707): constructor
V/MediaPlayer( 2707): setListener
V/MediaPlayer-JNI( 2707): setAudioStreamType: 5
V/MediaPlayer( 2707): MediaPlayer::setAudioStreamType
I/MediaPlayer( 2707): it is a Ringtone type is : 2
D/RingtoneManager( 2707): getActualDefaultRingtoneUri type :2
D/RingtoneManager( 2707): checkDefaultRingtoneProperUri : InternalMediaAudio uriString not null type:2
D/MotionRecognitionService( 2259): enableAccINT Complete!!
I/STATUSBAR-NotificationService( 2259): Reg. OverTurn
D/STATUSBAR-NotificationService( 2259): Noti Alert - doVibrate
D/STATUSBAR-NotificationService( 2259): updateLightsLocked() : Set default flashing notification light
D/LightsService( 2259): [SvcLED] setSvcLedStateLocked:: id = 4, color = -16711936, mode = 12, set = On
D/LightsService( 2259): [SvcLED] wl is acquired. It will be released after 350ms.
D/SensorService( 2259): info.rates.add, set DEFAULT_EVENTS_PERIOD
D/SensorService( 2259): SensorDevice::activate (enable 1, disable 0) = 1
D/SensorService( 2259): activating sensor enable handle=3
D/SensorService( 2259): activating sensor enable, Done!
D/SensorService( 2259): SensorDevice::activating sensor handle=3 ns=200000000
I/SensorService( 2259): info.selectDelay() ns=200000000
D/SensorService( 2259): SensorDevice::setDelay, Return(true 1, false 0) = 1
D/SensorManager( 2259): registerListener :: handle = 3 name= CM36651 Light sensor delay= 200000 Listener= com.android.server.LightsService$4@423c46d0
D/StatusBar( 2707): expanding top notification at 0entry.userCollapsed() = false
I/ActivityThread( 421): Pub downloads: com.android.providers.downloads.DownloadProvider
I/ActivityThread( 421): Pub drm: com.android.providers.drm.DrmProvider
I/ActivityThread( 421): Pub media: com.android.providers.media.MediaProvider
D/dalvikvm( 2259): WAIT_FOR_CONCURRENT_GC blocked 0ms
D/LightsService( 2259): [SvcLED] onSensorChanged::light value = 19
D/SensorManager( 2259): unregisterListener:: Listener= com.android.server.LightsService$4@423c46d0
D/SensorService( 2259): SensorDevice::activate (enable 1, disable 0) = 0
D/SensorService( 2259): activating sensor disable handle=3
D/SensorService( 2259): activating sensor disable, Done!
D/SensorService( 2259): SensorDevice::activating sensor handle=3 ns=200000000
D/lights ( 2259): write pattern : g_led_info = 2
D/lights ( 2259): led_pattern : 3 +
D/lights ( 2259): led_pattern : 3 -
W/AlarmManager( 2259): FACTORY_ON= 0
D/dalvikvm( 2259): GC_EXPLICIT freed 929K, 19% free 41987K/51655K, paused 7ms+12ms, total 180ms
D/MediaScanner( 421): Scanner initMutex res = 0
D/facerecognition( 421): FR_FileOpen /sdcard/.face/facedata=55
D/facerecognition( 421): FR_FileOpen /data/user/0/com.android.providers.media/face/facedata=56
I/ActivityThread( 421): Pub sisodownloads: com.sec.android.providers.downloads.SecDownloadProvider
D/STATUSBAR-NotificationService( 2259): cancelAllNotifications()
I/MediaPlayer( 2707): It is a Not a DRM RingTone: return NULL
I/MediaPlayer( 2707): path is null
D/RingtoneManager( 2259): getActualDefaultRingtoneUri type :2
D/RingtoneManager( 2259): checkDefaultRingtoneProperUri : InternalMediaAudio uriString not null type:2
V/MediaPlayer-JNI( 2707): setDataSourceFD: fd 74
V/MediaPlayer( 2707): setDataSource(74, 0, 576460752303423487)
V/MediaPlayerService( 1920): Client(1916) constructor
V/MediaPlayerService( 1920): Create new client(1916) from pid 2707, uid 1000,
V/MediaPlayerService( 1920): setDataSource fd=71, offset=0, length=576460752303423487
V/MediaPlayerService( 1920): st_dev = 45833
V/MediaPlayerService( 1920): st_mode = 33188
V/MediaPlayerService( 1920): st_uid = 0
V/MediaPlayerService( 1920): st_gid = 0
V/MediaPlayerService( 1920): st_size = 23900
V/MediaPlayerService( 1920): calculated length = 23900
V/MediaPlayerService( 1920): player type = 3
V/MediaPlayerService( 1920): create StagefrightPlayer
V/AwesomePlayer( 1920): setDefault
V/AwesomePlayer( 1920): constructor
V/AwesomePlayer( 1920): setDefault
I/AwesomePlayer( 1920): reset
I/AwesomePlayer( 1920): cancel player events
V/AwesomePlayer( 1920): mAudioTrackVector clear
V/StagefrightPlayer( 1920): StagefrightPlayer
V/AwesomePlayer( 1920): setListener
V/StagefrightPlayer( 1920): initCheck
V/AwesomePlayer( 1920): AwesomePlayer running on behalf of uid 1000
V/AudioSink( 1920): AudioOutput(6349)
V/StagefrightPlayer( 1920): setDataSource(71, 0, 23900)
V/AwesomePlayer( 1920): setDataSource (73, 0, 23900)
I/AwesomePlayer( 1920): cancel player events
V/AwesomePlayer( 1920): mAudioTrackVector clear
V/AwesomePlayer( 1920): track of type 'audio/vorbis' does not publish bitrate
V/AwesomePlayer( 1920): mBitrate = -1 bits/sec
W/AwesomePlayer( 1920): couldn't get userdata - Weather
W/AwesomePlayer( 1920): couldn't get userdata - Authorization
W/AwesomePlayer( 1920): couldn't get userdata - SnapShot
V/AwesomePlayer( 1920): current audio track (0)
V/AwesomePlayer( 1920): current audio track (0) is added to vector[0]
V/AwesomePlayer( 1920): setDataSource_l: Audio(1), Video(0)
I/AwesomePlayer( 1920): AwesomePlayer::setDataSource_l():: This is not a DRM content
V/MediaPlayerService( 1920): setDataSource
V/MediaPlayer-JNI( 2707): setLooping: 0
V/MediaPlayer( 2707): MediaPlayer::setLooping
V/MediaPlayerService( 1920): [1916] setLooping(0)
V/StagefrightPlayer( 1920): setLooping
V/AwesomePlayer( 1920): setLooping (0)
V/MediaPlayer( 2707): setVideoSurfaceTexture
V/MediaPlayerService( 1920): [1916] setVideoSurfaceTexture(0x0)
V/MediaPlayer( 2707): prepare
V/MediaPlayerService( 1920): [1916] setAudioStreamType(5)
V/MediaPlayerService( 1920): [1916] prepareAsync
V/AwesomePlayer( 1920): prepareAsync
V/AwesomePlayer( 1920): onPrepareAsyncEvent
V/AwesomePlayer( 1920): notifyListner_l() msg (5-MEDIA_SET_VIDEO_SIZE), ext1 (0), ext2 (0)
V/MediaPlayerService( 1920): [1916] notify (0x41f11f20, 5, 0, 0)
V/AwesomePlayer( 1920): notifyListner_l() msg (1-MEDIA_PREPARED), ext1 (0), ext2 (0)
V/MediaPlayerService( 1920): [1916] notify (0x41f11f20, 1, 0, 0)
V/MediaPlayer( 2707): message received msg=5, ext1=0, ext2=0
V/MediaPlayer( 2707): New video size 0 x 0
V/MediaPlayer( 2707): callback application
V/MediaPlayer( 2707): back from callback
V/MediaPlayer( 2707): message received msg=1, ext1=0, ext2=0
V/MediaPlayer( 2707): prepared
V/MediaPlayer( 2707): signal application thread
V/MediaPlayer( 2707): callback application
V/MediaPlayer( 2707): back from callback
V/MediaPlayer( 2707): prepare complete - status=0
I/AudioService( 2259): AudioFocus requestAudioFocus() from 2707 focusChangeHint:3
V/MediaPlayer-JNI( 2707): start
V/MediaPlayer( 2707): start
V/MediaPlayerService( 1920): [1916] setLooping(0)
V/StagefrightPlayer( 1920): setLooping
V/AwesomePlayer( 1920): setLooping (0)
V/MediaPlayerService( 1920): [1916] setVolume(1.000000, 1.000000)
V/AudioSink( 1920): setVolume(1.000000, 1.000000)
V/MediaPlayerService( 1920): [1916] setAuxEffectSendLevel(0.000000)
V/AudioSink( 1920): setAuxEffectSendLevel(0.000000)
V/MediaPlayerService( 1920): [1916] start
V/StagefrightPlayer( 1920): setLooping
V/AwesomePlayer( 1920): setLooping (0)
V/StagefrightPlayer( 1920): start
V/AwesomePlayer( 1920): play
V/AwesomePlayer( 1920): AwesomePlayer::play_l():: This is not a DRM content
I/AudioPlayer( 1920): Audioplayer kKeyAudioPCMFormat:1, 2, 0
I/AudioPlayer( 1920): Audioplayer1 (2, 1)
V/AudioSink( 1920): open(44100, 2, 0x0, 1, 4, 6349)
E/AudioPolicyService( 1920): getOutput() tid 7839 ++
E/AudioPolicyService( 1920): getOutput() tid 7839 --
V/AudioPolicyManagerBase( 1920): getOutput() stream 5, samplingRate 0, format 0, channelMask 3, flags 0
V/AudioPolicyManagerBase( 1920): getOutputsForDevice device 0002 -> 0002
V/AudioPolicyManagerBase( 1920): getOutput() returns output 2
E/AudioPolicyService( 1920): getOutput() tid 7839 ++
E/AudioPolicyService( 1920): getOutput() tid 7839 --
V/AudioPolicyManagerBase( 1920): getOutput() stream 5, samplingRate 0, format 0, channelMask 3, flags 0
V/AudioPolicyManagerBase( 1920): getOutputsForDevice device 0002 -> 0002
V/AudioPolicyManagerBase( 1920): getOutput() returns output 2
E/AudioPolicyService( 1920): getOutput() tid 7839 ++
E/AudioPolicyService( 1920): getOutput() tid 7839 --
V/AudioPolicyManagerBase( 1920): getOutput() stream 5, samplingRate 44100, format 1, channelMask 3, flags 0
V/AudioPolicyManagerBase( 1920): getOutputsForDevice device 0002 -> 0002
V/AudioPolicyManagerBase( 1920): getOutput() returns output 2
V/AudioSink( 1920): setVolume
E/AudioPolicyService( 1920): getOutput() tid 7839 ++
E/AudioPolicyService( 1920): getOutput() tid 7839 --
V/AudioPolicyManagerBase( 1920): getOutput() stream 5, samplingRate 0, format 0, channelMask 3, flags 0
V/AudioPolicyManagerBase( 1920): getOutputsForDevice device 0002 -> 0002
V/AudioPolicyManagerBase( 1920): getOutput() returns output 2
V/AudioSink( 1920): start
V/LvOutput( 1920): initCheck: 0
V/LvOutput( 1920): attachEffects: attach processing to output 2, stream 5, session 6349, mode 0
V/LvOutput( 1920): attachEffects: no output processing needs to be attached to this stream
V/LvOutput( 1920): LvOutput::setAllProcessorEnabled(false) mOutputs.size(118)
V/AudioPolicyManagerBase( 1920): startOutput() output 2, stream 5, session 6349
V/AudioPolicyManagerBase( 1920): changeRefCount() stream 5, count 1
V/AudioPolicyManagerBase( 1920): getNewDevice() selected device 2
V/AudioPolicyManagerBase( 1920): setOutputDevice() output 2 device 0002 force 0 delayMs 0
V/AudioPolicyManagerBase( 1920): setOutputDevice() prevDevice 0002
V/AudioPolicyManagerBase( 1920): setOutputDevice() setting same device 0002 or null device for output 2
I/MediaPlayer( 2707): Don't send intent. msg.arg1 = 0, msg.arg2 = 0
I/AudioMixer( 1920): setParameter(TRACK, FORMAT, 0x1)
E/AudioMixer( 1920): MOON > checkSEC_PCM ++ 1
I/AudioHardwareTinyALSA( 1920): AudioStreamOutALSA::write setDevice
D/AudioHardwareTinyALSA( 1920): OutALSA::setDevice: mode = 0, newDevice=0x2, currentDevice=0x2 ,force= 0
D/AudioHardwareTinyALSA( 1920): OutALSA::setDevice: mDevice 0x2, newDevice = 0x2
D/AudioHardwareTinyALSA( 1920): setOutputVolume
D/TinyUCM ( 1920): setModifier Normal, en=1
I/AudioHardwareTinyALSA( 1920): OutALSA::setDevice: mHandle NULL mode[0], Device[00000002]
I/AudioHardwareTinyALSA( 1920): Open: mDefaults->direction=0 device=0
D/AudioHardwareTinyALSA( 1920): Channel: 2, Samplerate: 44100, Format: 0, Peroid Size: 1024, Period Count: 4
I/AudioHardwareTinyALSA( 1920): before pcm_prepare
D/AudioHardwareTinyALSA( 1920): setPcmInterface: Stream=0x1, iSamplerate=8000++
D/AudioHardwareTinyALSA( 1920): setPcmInterface--
D/dalvikvm( 421): GC_CONCURRENT freed 273K, 7% free 12288K/13191K, paused 17ms+13ms, total 51ms
E/OMXCodec( 1920): [OMX.google.vorbis.decoder] err = -1011
V/AwesomePlayer( 1920): MEDIA_PLAYBACK_COMPLETE
V/AwesomePlayer( 1920): notifyListner_l() msg (2-MEDIA_PLAYBACK_COMPLETE), ext1 (0), ext2 (0)
V/MediaPlayerService( 1920): [1916] notify (0x41f11f20, 2, 0, 0)
V/AudioSink( 1920): stop
V/MediaPlayer( 2707): message received msg=2, ext1=0, ext2=0
V/MediaPlayer( 2707): playback complete
V/MediaPlayer( 2707): callback application
V/MediaPlayer( 2707): back from callback
V/LvOutput( 1920): initCheck: 0
V/LvOutput( 1920): detachEffects: detach processing for output 2, stream 5, session 6349
V/LvOutput( 1920): detachEffects: no output processing was attached to this stream
V/AudioPolicyManagerBase( 1920): stopOutput() output 2, stream 5, session 6349
V/AudioPolicyManagerBase( 1920): changeRefCount() stream 5, count 0
V/AudioPolicyManagerBase( 1920): getNewDevice() selected device 0
V/AudioPolicyManagerBase( 1920): setOutputDevice() output 2 device 0000 force 0 delayMs 184
V/AudioPolicyManagerBase( 1920): setOutputDevice() prevDevice 0002
V/AudioPolicyManagerBase( 1920): setOutputDevice() setting same device 0000 or null device for output 2
I/AudioService( 2259): AudioFocus abandonAudioFocus() from 2707
D/MotionRecognitionManager( 2259): @ member 0 = com.android.internal.policy.impl.sec.CircleLockScreenMotion$2@424be458
D/MotionRecognitionManager( 2259): @ member 1 = com.android.server.NotificationManagerService$OverTurnPlayer$1@42360f18
I/MotionRecognitionManager( 2259): .unregisterListener : / listener count = 2->1, listener=com.android.server.NotificationManagerService$OverTurnPlayer$1@42360f18
D/MotionRecognitionService( 2259): .unregisterCallback : 1, client=com.android.server.NotificationManagerService$OverTurnPlayer$1@42360f18
D/MotionRecognitionService( 2259): .checkSettingEngineEnabled : true
E/MotionRecognitionService( 2259): Cancel reactive alert mode
D/MotionRecognitionService( 2259): disableAccINT
D/MotionRecognitionService( 2259): disableAccINT Complete!!
I/STATUSBAR-NotificationService( 2259): UnReg. OverTurn
D/dalvikvm( 2808): WAIT_FOR_CONCURRENT_GC blocked 0ms
D/dalvikvm( 2808): GC_EXPLICIT freed 6K, 7% free 12285K/13191K, paused 4ms+7ms, total 65ms
D/AudioHardwareTinyALSA( 1920): Entering AudioStreamOutALSA standby mode
I/AudioHardwareTinyALSA( 1920): Close mHandle:41bb0570
D/BatteryService( 2259): update start
D/BatteryService( 2259): level:67 scale:100 status:3 health:2 present:true voltage: 3905 temperature: 274 technology: Li-ion AC powered:false USB powered:false icon:17303213 invalid charger:0
D/STATUSBAR-BatteryController( 2707): onReceive() - ACTION_BATTERY_CHANGED
D/STATUSBAR-BatteryController( 2707): onReceive() - level:67
D/STATUSBAR-BatteryController( 2707): onReceive() - plugged:0
D/STATUSBAR-BatteryController( 2707): onReceive() - BATTERY_STATUS_DISCHARGING: stat_sys_battery
D/STATUSBAR-PhoneStatusBar( 2707): ACTION_BATTERY_CHANGED
E/Parcel ( 7294): Reading a NULL string not supported here.
D/ ( 7294): Get battery level: 67 .
D/ ( 7294): Get charging state:Discharging
D/ ( 7294): It is not charging
V/ThermistorObserver( 2259): Thermistor UEVENT: {SUBSYSTEM=platform, DEVPATH=/devices/platform/s5p-tmu, SEQNUM=4153477, TMUSTATE=0, ACTION=change, DRIVER=s5p-tmu, MODALIAS=platform:s5p-tmu}
D/BatteryService( 2259): update start
D/BatteryService( 2259): level:67 scale:100 status:3 health:2 present:true voltage: 3904 temperature: 272 technology: Li-ion AC powered:false USB powered:false icon:17303213 invalid charger:0
D/STATUSBAR-BatteryController( 2707): onReceive() - ACTION_BATTERY_CHANGED
D/STATUSBAR-BatteryController( 2707): onReceive() - level:67
D/STATUSBAR-BatteryController( 2707): onReceive() - plugged:0
D/STATUSBAR-BatteryController( 2707): onReceive() - BATTERY_STATUS_DISCHARGING: stat_sys_battery
D/STATUSBAR-PhoneStatusBar( 2707): ACTION_BATTERY_CHANGED
E/Parcel ( 7294): Reading a NULL string not supported here.
D/ ( 7294): Get battery level: 67 .
D/ ( 7294): Get charging state:Discharging
D/ ( 7294): It is not charging
V/ThermistorObserver( 2259): Thermistor UEVENT: {SUBSYSTEM=platform, DEVPATH=/devices/platform/s5p-tmu, SEQNUM=4153482, TMUSTATE=0, ACTION=change, DRIVER=s5p-tmu, MODALIAS=platform:s5p-tmu}
D/BatteryService( 2259): update start
D/BatteryService( 2259): level:67 scale:100 status:3 health:2 present:true voltage: 3900 temperature: 270 technology: Li-ion AC powered:false USB powered:false icon:17303213 invalid charger:0
V/AlarmManager( 2259): waitForAlarm result :8
V/ThermistorObserver( 2259): Thermistor UEVENT: {SUBSYSTEM=platform, DEVPATH=/devices/platform/s5p-tmu, SEQNUM=4153487, TMUSTATE=0, ACTION=change, DRIVER=s5p-tmu, MODALIAS=platform:s5p-tmu}
D/STATUSBAR-BatteryController( 2707): onReceive() - ACTION_BATTERY_CHANGED
D/STATUSBAR-BatteryController( 2707): onReceive() - level:67
D/STATUSBAR-BatteryController( 2707): onReceive() - plugged:0
D/STATUSBAR-BatteryController( 2707): onReceive() - BATTERY_STATUS_DISCHARGING: stat_sys_battery
D/STATUSBAR-PhoneStatusBar( 2707): ACTION_BATTERY_CHANGED
V/AlarmManager( 2259): ClockReceiver onReceive() ACTION_TIME_TICK
W/AlarmManager( 2259): FACTORY_ON= 0
E/Parcel ( 7294): Reading a NULL string not supported here.
D/ ( 7294): Get battery level: 67 .
D/ ( 7294): Get charging state:Discharging
D/ ( 7294): It is not charging
D/STATUSBAR-Clock( 2707): onReceive() - ACTION_TIME_TICK
W/SignalStrength( 2259): getGsmLevel=1
W/SignalStrength( 2259): getLevel=1 (SignalStrength: 3 -1 -1 -1 -1 -1 -1 -1 -1 -1 -1 -1 gsm|lte 1)
W/SignalStrength( 2707): getGsmLevel=1
W/SignalStrength( 2707): getLevel=1 (SignalStrength: 3 -1 -1 -1 -1 -1 -1 -1 -1 -1 -1 -1 gsm|lte 1)
W/SignalStrength( 2707): getGsmLevel=1
W/SignalStrength( 2707): getLevel=1 (SignalStrength: 3 -1 -1 -1 -1 -1 -1 -1 -1 -1 -1 -1 gsm|lte 1)
W/SignalStrength( 2259): getGsmDbm=-107
W/SignalStrength( 2259): getDbm=-107
W/SignalStrength( 2259): getGsmAsuLevel=3
W/SignalStrength( 2259): getAsuLevel=3
D/STATUSBAR-NetworkController( 2707): onSignalStrengthsChanged signalStrength=SignalStrength: 3 -1 -1 -1 -1 -1 -1 -1 -1 -1 -1 -1 gsm|lte 1 level=1
D/STATUSBAR-Clock( 2707): onReceive() - ACTION_TIME_TICK
D/ClockAlarmWidgetService(24641): [ClockAlarmWidgetService] onReceive: action = android.intent.action.TIME_TICK
E/ClockAlarmWidget(24641): [AlarmWidgetIdManager] getListItem() : itemIndex=0, widgetID:7
E/ClockAlarmWidget(24641): [AlarmWidgetIdManager] getListItem() : ItemIndex exceed ListItemCount. itemIndex=1
E/ClockAlarmWidget(24641): [AlarmWidgetIdManager] getListItem() : itemIndex=1, widgetID:7
W/AlarmManager( 2259): FACTORY_ON= 0
D/ClockAlarmDataProvider(24641): getAlarm() - too many same ID alarm data. nCount: 0
D/ClockWidget( 2259): refreshTime()
D/ClockWidget( 2259): TTS Message = Es ist 21:38., Freitag, Januar 3
D/BatteryService( 2259): update start
D/BatteryService( 2259): level:67 scale:100 status:3 health:2 present:true voltage: 3908 temperature: 265 technology: Li-ion AC powered:false USB powered:false icon:17303213 invalid charger:0
V/ThermistorObserver( 2259): Thermistor UEVENT: {SUBSYSTEM=platform, DEVPATH=/devices/platform/s5p-tmu, SEQNUM=4153492, TMUSTATE=0, ACTION=change, DRIVER=s5p-tmu, MODALIAS=platform:s5p-tmu}
D/STATUSBAR-BatteryController( 2707): onReceive() - ACTION_BATTERY_CHANGED
D/STATUSBAR-BatteryController( 2707): onReceive() - level:67
D/STATUSBAR-BatteryController( 2707): onReceive() - plugged:0
D/STATUSBAR-BatteryController( 2707): onReceive() - BATTERY_STATUS_DISCHARGING: stat_sys_battery
E/Parcel ( 7294): Reading a NULL string not supported here.
D/ ( 7294): Get battery level: 67 .
D/ ( 7294): Get charging state:Discharging
D/ ( 7294): It is not charging
D/STATUSBAR-PhoneStatusBar( 2707): ACTION_BATTERY_CHANGED
D/BatteryService( 2259): update start
D/BatteryService( 2259): level:67 scale:100 status:3 health:2 present:true voltage: 3911 temperature: 262 technology: Li-ion AC powered:false USB powered:false icon:17303213 invalid charger:0
D/STATUSBAR-BatteryController( 2707): onReceive() - ACTION_BATTERY_CHANGED
D/STATUSBAR-BatteryController( 2707): onReceive() - level:67
D/STATUSBAR-BatteryController( 2707): onReceive() - plugged:0
D/STATUSBAR-BatteryController( 2707): onReceive() - BATTERY_STATUS_DISCHARGING: stat_sys_battery
W/SignalStrength( 2259): getGsmLevel=1
W/SignalStrength( 2259): getLevel=1 (SignalStrength: 4 -1 -1 -1 -1 -1 -1 -1 -1 -1 -1 -1 gsm|lte 1)
D/STATUSBAR-PhoneStatusBar( 2707): ACTION_BATTERY_CHANGED
W/SignalStrength( 2259): getGsmDbm=-105
W/SignalStrength( 2259): getDbm=-105
W/SignalStrength( 2259): getGsmAsuLevel=4
W/SignalStrength( 2259): getAsuLevel=4
W/SignalStrength( 2707): getGsmLevel=1
W/SignalStrength( 2707): getLevel=1 (SignalStrength: 4 -1 -1 -1 -1 -1 -1 -1 -1 -1 -1 -1 gsm|lte 1)
W/SignalStrength( 2707): getGsmLevel=1
W/SignalStrength( 2707): getLevel=1 (SignalStrength: 4 -1 -1 -1 -1 -1 -1 -1 -1 -1 -1 -1 gsm|lte 1)
D/STATUSBAR-NetworkController( 2707): onSignalStrengthsChanged signalStrength=SignalStrength: 4 -1 -1 -1 -1 -1 -1 -1 -1 -1 -1 -1 gsm|lte 1 level=1
E/Parcel ( 7294): Reading a NULL string not supported here.
D/ ( 7294): Get battery level: 67 .
D/ ( 7294): Get charging state:Discharging
D/ ( 7294): It is not charging
V/ThermistorObserver( 2259): Thermistor UEVENT: {SUBSYSTEM=platform, DEVPATH=/devices/platform/s5p-tmu, SEQNUM=4153497, TMUSTATE=0, ACTION=change, DRIVER=s5p-tmu, MODALIAS=platform:s5p-tmu}
W/AlarmManager( 2259): FACTORY_ON= 0
D/BatteryService( 2259): update start
D/BatteryService( 2259): level:67 scale:100 status:3 health:2 present:true voltage: 3911 temperature: 264 technology: Li-ion AC powered:false USB powered:false icon:17303213 invalid charger:0
V/AlarmManager( 2259): waitForAlarm result :8
E/Parcel ( 7294): Reading a NULL string not supported here.
D/ ( 7294): Get battery level: 67 .
D/ ( 7294): Get charging state:Discharging
D/ ( 7294): It is not charging
D/STATUSBAR-BatteryController( 2707): onReceive() - ACTION_BATTERY_CHANGED
D/STATUSBAR-BatteryController( 2707): onReceive() - level:67
D/STATUSBAR-BatteryController( 2707): onReceive() - plugged:0
D/STATUSBAR-BatteryController( 2707): onReceive() - BATTERY_STATUS_DISCHARGING: stat_sys_battery
D/STATUSBAR-PhoneStatusBar( 2707): ACTION_BATTERY_CHANGED
W/SignalStrength( 2259): getGsmLevel=2
W/SignalStrength( 2259): getLevel=2 (SignalStrength: 4 -1 -1 -1 -1 -1 -1 -1 -1 -1 -1 -1 gsm|lte 2)
V/AlarmManager( 2259): ClockReceiver onReceive() ACTION_TIME_TICK
W/AlarmManager( 2259): FACTORY_ON= 0
V/ThermistorObserver( 2259): Thermistor UEVENT: {SUBSYSTEM=platform, DEVPATH=/devices/platform/s5p-tmu, SEQNUM=4153502, TMUSTATE=0, ACTION=change, DRIVER=s5p-tmu, MODALIAS=platform:s5p-tmu}
W/SignalStrength( 2259): getGsmDbm=-105
W/SignalStrength( 2259): getDbm=-105
W/SignalStrength( 2259): getGsmAsuLevel=4
W/SignalStrength( 2259): getAsuLevel=4
W/SignalStrength( 2707): getGsmLevel=2
W/SignalStrength( 2707): getLevel=2 (SignalStrength: 4 -1 -1 -1 -1 -1 -1 -1 -1 -1 -1 -1 gsm|lte 2)
W/SignalStrength( 2707): getGsmLevel=2
W/SignalStrength( 2707): getLevel=2 (SignalStrength: 4 -1 -1 -1 -1 -1 -1 -1 -1 -1 -1 -1 gsm|lte 2)
D/STATUSBAR-NetworkController( 2707): onSignalStrengthsChanged signalStrength=SignalStrength: 4 -1 -1 -1 -1 -1 -1 -1 -1 -1 -1 -1 gsm|lte 2 level=2
D/STATUSBAR-NetworkController( 2707): refreshSignalCluster: data=0 bt=false
D/STATUSBAR-SignalClusterView( 2707): mSeparateMobileGroup=8
D/STATUSBAR-SignalClusterView( 2707): mSeparateMobileGroup=8
D/STATUSBAR-SignalClusterView( 2707): mSeparateMobileGroup=8
D/STATUSBAR-Clock( 2707): onReceive() - ACTION_TIME_TICK
W/AlarmManager( 2259): FACTORY_ON= 0
D/STATUSBAR-Clock( 2707): onReceive() - ACTION_TIME_TICK
D/ClockAlarmWidgetService(24641): [ClockAlarmWidgetService] onReceive: action = android.intent.action.TIME_TICK
E/ClockAlarmWidget(24641): [AlarmWidgetIdManager] getListItem() : itemIndex=0, widgetID:7
E/ClockAlarmWidget(24641): [AlarmWidgetIdManager] getListItem() : ItemIndex exceed ListItemCount. itemIndex=1
E/ClockAlarmWidget(24641): [AlarmWidgetIdManager] getListItem() : itemIndex=1, widgetID:7
D/ClockAlarmDataProvider(24641): getAlarm() - too many same ID alarm data. nCount: 0
D/ClockWidget( 2259): refreshTime()
D/ClockWidget( 2259): TTS Message = Es ist 21:39., Freitag, Januar 3
D/BatteryService( 2259): update start
D/BatteryService( 2259): level:67 scale:100 status:3 health:2 present:true voltage: 3910 temperature: 260 technology: Li-ion AC powered:false USB powered:false icon:17303213 invalid charger:0
D/STATUSBAR-BatteryController( 2707): onReceive() - ACTION_BATTERY_CHANGED
D/STATUSBAR-BatteryController( 2707): onReceive() - level:67
D/STATUSBAR-BatteryController( 2707): onReceive() - plugged:0
D/STATUSBAR-BatteryController( 2707): onReceive() - BATTERY_STATUS_DISCHARGING: stat_sys_battery
D/STATUSBAR-PhoneStatusBar( 2707): ACTION_BATTERY_CHANGED
E/Parcel ( 7294): Reading a NULL string not supported here.
D/ ( 7294): Get battery level: 67 .
D/ ( 7294): Get charging state:Discharging
D/ ( 7294): It is not charging
V/ThermistorObserver( 2259): Thermistor UEVENT: {SUBSYSTEM=platform, DEVPATH=/devices/platform/s5p-tmu, SEQNUM=4153507, TMUSTATE=0, ACTION=change, DRIVER=s5p-tmu, MODALIAS=platform:s5p-tmu}
D/BatteryService( 2259): update start
D/BatteryService( 2259): level:67 scale:100 status:3 health:2 present:true voltage: 3911 temperature: 260 technology: Li-ion AC powered:false USB powered:false icon:17303213 invalid charger:0
D/STATUSBAR-BatteryController( 2707): onReceive() - ACTION_BATTERY_CHANGED
D/STATUSBAR-BatteryController( 2707): onReceive() - level:67
D/STATUSBAR-BatteryController( 2707): onReceive() - plugged:0
D/STATUSBAR-BatteryController( 2707): onReceive() - BATTERY_STATUS_DISCHARGING: stat_sys_battery
D/STATUSBAR-PhoneStatusBar( 2707): ACTION_BATTERY_CHANGED
E/Parcel ( 7294): Reading a NULL string not supported here.
D/ ( 7294): Get battery level: 67 .
D/ ( 7294): Get charging state:Discharging
D/ ( 7294): It is not charging
V/ThermistorObserver( 2259): Thermistor UEVENT: {SUBSYSTEM=platform, DEVPATH=/devices/platform/s5p-tmu, SEQNUM=4153512, TMUSTATE=0, ACTION=change, DRIVER=s5p-tmu, MODALIAS=platform:s5p-tmu}
D/BatteryService( 2259): update start
D/BatteryService( 2259): level:67 scale:100 status:3 health:2 present:true voltage: 3914 temperature: 268 technology: Li-ion AC powered:false USB powered:false icon:17303213 invalid charger:0
V/ThermistorObserver( 2259): Thermistor UEVENT: {SUBSYSTEM=platform, DEVPATH=/devices/platform/s5p-tmu, SEQNUM=4153517, TMUSTATE=0, ACTION=change, DRIVER=s5p-tmu, MODALIAS=platform:s5p-tmu}
D/STATUSBAR-BatteryController( 2707): onReceive() - ACTION_BATTERY_CHANGED
D/STATUSBAR-BatteryController( 2707): onReceive() - level:67
D/STATUSBAR-BatteryController( 2707): onReceive() - plugged:0
D/STATUSBAR-BatteryController( 2707): onReceive() - BATTERY_STATUS_DISCHARGING: stat_sys_battery
D/STATUSBAR-PhoneStatusBar( 2707): ACTION_BATTERY_CHANGED
E/Parcel ( 7294): Reading a NULL string not supported here.
D/ ( 7294): Get battery level: 67 .
D/ ( 7294): Get charging state:Discharging
D/ ( 7294): It is not charging
V/MediaPlayer-JNI(30688): native_setup
V/MediaPlayer(30688): constructor
D/ApplicationPolicy( 2259): isStatusBarNotificationAllowed: packageName = com.whatsapp
D/PhoneStatusBar( 2707): addNotification score=0
D/STATUSBAR-NotificationService( 2259): Noti Alert - mSystemReady:true, AlertEnabled:true
D/STATUSBAR-NotificationService( 2259): updateLightsLocked() : Set default flashing notification light
D/LightsService( 2259): [SvcLED] setSvcLedStateLocked:: id = 4, color = -16711936, mode = 12, set = On
D/ClockWidget( 2259): received MISSED_EVENT intent !!
D/LightsService( 2259): [SvcLED] wl is acquired. It will be released after 350ms.
V/MediaPlayer(30688): setListener
D/SensorService( 2259): info.rates.add, set DEFAULT_EVENTS_PERIOD
D/SensorService( 2259): SensorDevice::activate (enable 1, disable 0) = 1
D/SensorService( 2259): activating sensor enable handle=3
D/SensorService( 2259): activating sensor enable, Done!
D/SensorService( 2259): SensorDevice::activating sensor handle=3 ns=200000000
I/SensorService( 2259): info.selectDelay() ns=200000000
D/SensorService( 2259): SensorDevice::setDelay, Return(true 1, false 0) = 1
D/SensorManager( 2259): registerListener :: handle = 3 name= CM36651 Light sensor delay= 200000 Listener= com.android.server.LightsService$4@423c46d0
V/MediaPlayer-JNI(30688): setAudioStreamType: 5
V/MediaPlayer(30688): MediaPlayer::setAudioStreamType
W/SignalStrength( 2259): getGsmLevel=2
W/SignalStrength( 2259): getLevel=2 (SignalStrength: 5 -1 -1 -1 -1 -1 -1 -1 -1 -1 -1 -1 gsm|lte 2)
W/SignalStrength( 2259): getGsmDbm=-103
W/SignalStrength( 2259): getDbm=-103
W/SignalStrength( 2259): getGsmAsuLevel=5
W/SignalStrength( 2259): getAsuLevel=5
W/AlarmManager( 2259): FACTORY_ON= 0
D/StatusBar( 2707): expanding top notification at 1entry.userCollapsed() = false
W/SignalStrength( 2707): getGsmLevel=2
W/SignalStrength( 2707): getLevel=2 (SignalStrength: 5 -1 -1 -1 -1 -1 -1 -1 -1 -1 -1 -1 gsm|lte 2)
D/STATUSBAR-NetworkController( 2707): onSignalStrengthsChanged signalStrength=SignalStrength: 5 -1 -1 -1 -1 -1 -1 -1 -1 -1 -1 -1 gsm|lte 2 level=2
W/SignalStrength( 2707): getGsmLevel=2
W/SignalStrength( 2707): getLevel=2 (SignalStrength: 5 -1 -1 -1 -1 -1 -1 -1 -1 -1 -1 -1 gsm|lte 2)
V/MediaPlayer-JNI(30688): setDataSourceFD: fd 75
V/MediaPlayer(30688): setDataSource(75, 0, 576460752303423487)
V/MediaPlayerService( 1920): Client(1917) constructor
V/MediaPlayerService( 1920): Create new client(1917) from pid 30688, uid 10136,
V/MediaPlayerService( 1920): setDataSource fd=81, offset=0, length=576460752303423487
V/MediaPlayerService( 1920): st_dev = 45833
V/MediaPlayerService( 1920): st_mode = 33188
V/MediaPlayerService( 1920): st_uid = 0
V/MediaPlayerService( 1920): st_gid = 0
V/MediaPlayerService( 1920): st_size = 13701
V/MediaPlayerService( 1920): calculated length = 13701
V/MediaPlayerService( 1920): player type = 3
V/MediaPlayerService( 1920): create StagefrightPlayer
V/AwesomePlayer( 1920): setDefault
V/AwesomePlayer( 1920): constructor
V/AwesomePlayer( 1920): setDefault
I/AwesomePlayer( 1920): reset
I/AwesomePlayer( 1920): cancel player events
V/AwesomePlayer( 1920): mAudioTrackVector clear
V/StagefrightPlayer( 1920): StagefrightPlayer
V/AwesomePlayer( 1920): setListener
V/StagefrightPlayer( 1920): initCheck
V/AwesomePlayer( 1920): AwesomePlayer running on behalf of uid 10136
V/AudioSink( 1920): AudioOutput(6350)
V/StagefrightPlayer( 1920): setDataSource(81, 0, 13701)
V/AwesomePlayer( 1920): setDataSource (88, 0, 13701)
I/AwesomePlayer( 1920): cancel player events
V/AwesomePlayer( 1920): mAudioTrackVector clear
V/AwesomePlayer( 1920): track of type 'audio/vorbis' does not publish bitrate
V/AwesomePlayer( 1920): mBitrate = -1 bits/sec
W/AwesomePlayer( 1920): couldn't get userdata - Weather
W/AwesomePlayer( 1920): couldn't get userdata - Authorization
W/AwesomePlayer( 1920): couldn't get userdata - SnapShot
V/AwesomePlayer( 1920): current audio track (0)
V/AwesomePlayer( 1920): current audio track (0) is added to vector[0]
V/AwesomePlayer( 1920): setDataSource_l: Audio(1), Video(0)
I/AwesomePlayer( 1920): AwesomePlayer::setDataSource_l():: This is not a DRM content
V/MediaPlayerService( 1920): setDataSource
V/MediaPlayer-JNI(30688): setLooping: 0
V/MediaPlayer(30688): MediaPlayer::setLooping
V/MediaPlayerService( 1920): [1917] setLooping(0)
V/StagefrightPlayer( 1920): setLooping
V/AwesomePlayer( 1920): setLooping (0)
V/MediaPlayer(30688): setVideoSurfaceTexture
V/MediaPlayerService( 1920): [1917] setVideoSurfaceTexture(0x0)
V/MediaPlayer(30688): prepare
V/MediaPlayerService( 1920): [1917] setAudioStreamType(5)
V/MediaPlayerService( 1920): [1917] prepareAsync
V/AwesomePlayer( 1920): prepareAsync
V/AwesomePlayer( 1920): onPrepareAsyncEvent
V/AwesomePlayer( 1920): notifyListner_l() msg (5-MEDIA_SET_VIDEO_SIZE), ext1 (0), ext2 (0)
V/MediaPlayerService( 1920): [1917] notify (0x41d58de0, 5, 0, 0)
V/MediaPlayer(30688): message received msg=5, ext1=0, ext2=0
V/MediaPlayer(30688): New video size 0 x 0
V/MediaPlayer(30688): callback application
V/MediaPlayer(30688): back from callback
V/AwesomePlayer( 1920): notifyListner_l() msg (1-MEDIA_PREPARED), ext1 (0), ext2 (0)
V/MediaPlayerService( 1920): [1917] notify (0x41d58de0, 1, 0, 0)
I/MediaPlayer(30688): Don't send intent. msg.arg1 = 0, msg.arg2 = 0
V/MediaPlayer(30688): message received msg=1, ext1=0, ext2=0
V/MediaPlayer(30688): prepared
V/MediaPlayer(30688): signal application thread
V/MediaPlayer(30688): callback application
V/MediaPlayer(30688): back from callback
V/MediaPlayer(30688): prepare complete - status=0
V/MediaPlayer-JNI(30688): start
V/MediaPlayer(30688): start
V/MediaPlayerService( 1920): [1917] setLooping(0)
V/StagefrightPlayer( 1920): setLooping
V/AwesomePlayer( 1920): setLooping (0)
V/MediaPlayerService( 1920): [1917] setVolume(1.000000, 1.000000)
V/AudioSink( 1920): setVolume(1.000000, 1.000000)
V/MediaPlayerService( 1920): [1917] setAuxEffectSendLevel(0.000000)
V/AudioSink( 1920): setAuxEffectSendLevel(0.000000)
V/MediaPlayerService( 1920): [1917] start
V/StagefrightPlayer( 1920): setLooping
V/AwesomePlayer( 1920): setLooping (0)
V/StagefrightPlayer( 1920): start
V/AwesomePlayer( 1920): play
V/AwesomePlayer( 1920): AwesomePlayer::play_l():: This is not a DRM content
I/AudioPlayer( 1920): Audioplayer kKeyAudioPCMFormat:1, 1, 0
I/AudioPlayer( 1920): Audioplayer1 (1, 1)
V/AudioSink( 1920): open(44100, 1, 0x0, 1, 4, 6350)
E/AudioPolicyService( 1920): getOutput() tid 12626 ++
E/AudioPolicyService( 1920): getOutput() tid 12626 --
V/AudioPolicyManagerBase( 1920): getOutput() stream 5, samplingRate 0, format 0, channelMask 3, flags 0
V/AudioPolicyManagerBase( 1920): getOutputsForDevice device 0002 -> 0002
V/AudioPolicyManagerBase( 1920): getOutput() returns output 2
E/AudioPolicyService( 1920): getOutput() tid 12626 ++
E/AudioPolicyService( 1920): getOutput() tid 12626 --
V/AudioPolicyManagerBase( 1920): getOutput() stream 5, samplingRate 0, format 0, channelMask 3, flags 0
V/AudioPolicyManagerBase( 1920): getOutputsForDevice device 0002 -> 0002
V/AudioPolicyManagerBase( 1920): getOutput() returns output 2
E/AudioPolicyService( 1920): getOutput() tid 12626 ++
E/AudioPolicyService( 1920): getOutput() tid 12626 --
V/AudioPolicyManagerBase( 1920): getOutput() stream 5, samplingRate 44100, format 1, channelMask 1, flags 0
V/AudioPolicyManagerBase( 1920): getOutputsForDevice device 0002 -> 0002
V/AudioPolicyManagerBase( 1920): getOutput() returns output 2
V/AudioSink( 1920): setVolume
E/AudioPolicyService( 1920): getOutput() tid 12626 ++
E/AudioPolicyService( 1920): getOutput() tid 12626 --
V/AudioPolicyManagerBase( 1920): getOutput() stream 5, samplingRate 0, format 0, channelMask 3, flags 0
V/AudioPolicyManagerBase( 1920): getOutputsForDevice device 0002 -> 0002
V/AudioPolicyManagerBase( 1920): getOutput() returns output 2
V/AudioSink( 1920): start
V/LvOutput( 1920): initCheck: 0
V/LvOutput( 1920): attachEffects: attach processing to output 2, stream 5, session 6350, mode 0
V/LvOutput( 1920): attachEffects: no output processing needs to be attached to this stream
V/LvOutput( 1920): LvOutput::setAllProcessorEnabled(false) mOutputs.size(118)
V/AudioPolicyManagerBase( 1920): startOutput() output 2, stream 5, session 6350
V/AudioPolicyManagerBase( 1920): changeRefCount() stream 5, count 1
V/AudioPolicyManagerBase( 1920): getNewDevice() selected device 2
V/AudioPolicyManagerBase( 1920): setOutputDevice() output 2 device 0002 force 0 delayMs 0
V/AudioPolicyManagerBase( 1920): setOutputDevice() prevDevice 0002
V/AudioPolicyManagerBase( 1920): setOutputDevice() setting same device 0002 or null device for output 2
I/AudioMixer( 1920): setParameter(TRACK, FORMAT, 0x1)
E/AudioMixer( 1920): MOON > checkSEC_PCM ++ 1
I/AudioHardwareTinyALSA( 1920): AudioStreamOutALSA::write setDevice
D/AudioHardwareTinyALSA( 1920): OutALSA::setDevice: mode = 0, newDevice=0x2, currentDevice=0x2 ,force= 0
D/AudioHardwareTinyALSA( 1920): OutALSA::setDevice: mDevice 0x2, newDevice = 0x2
