D/MotionRecognitionService( 2259): .checkSettingEngineEnabled : true
V/WindowOrientationListener( 2259): WindowOrientationListener disabled
D/MotionRecognitionService( 2259): .finalizeMotionEngine
V/LvOutput( 1920): initCheck: 0
V/LvOutput( 1920): detachEffects: detach processing for output 2, stream 1, session 6362
V/LvOutput( 1920): detachEffects: no output processing was attached to this stream
V/AudioPolicyManagerBase( 1920): stopOutput() output 2, stream 1, session 6362
V/AudioPolicyManagerBase( 1920): changeRefCount() stream 1, count 0
V/AudioPolicyManagerBase( 1920): getNewDevice() selected device 0
V/AudioPolicyManagerBase( 1920): setOutputDevice() output 2 device 0000 force 0 delayMs 184
V/AudioPolicyManagerBase( 1920): setOutputDevice() prevDevice 0002
V/AudioPolicyManagerBase( 1920): setOutputDevice() setting same device 0000 or null device for output 2
D/CircleShortcutWidget( 2259): cleanUp()
D/CircleLockScreenMotion( 2259): cleanUp
I/MotionRecognitionManager( 2259): .unregisterListener : / listener count = 0->0, listener=com.android.internal.policy.impl.sec.CircleLockScreenMotion$1@428fbe90
I/MotionRecognitionManager( 2259): .unregisterListener : / listener count = 0->0, listener=com.android.internal.policy.impl.sec.CircleLockScreenMotion$2@428cf750
D/NfcService(20808): NFC-C ON
D/dalvikvm( 3770): GC_CONCURRENT freed 184K, 6% free 12439K/13191K, paused 30ms+2ms, total 70ms
D/dalvikvm( 3770): WAIT_FOR_CONCURRENT_GC blocked 19ms
D/KeyguardViewMediator( 2259): setHidden false
W/SurfaceView( 2259): CHECK surface infomation creating=false formatChanged=false sizeChanged=false visible=false visibleChanged=true surfaceChanged=true realSizeChanged=false redrawNeeded=false left=false top=false
I/SurfaceFlinger( 1917): id=18604 Removed TurfaceView idx=4 MapSz=3
I/SurfaceFlinger( 1917): id=18604 Removed TurfaceView idx=-2 MapSz=3
D/KeyguardViewMediator( 2259): setHidden false
D/WallpaperWidget( 2259): cleanUp()
D/KeyguardViewMediator( 2259): setHidden false
D/LockPatternUtils( 2259): isPcwEnable = 10
D/KeyguardViewMediator( 2259): adjustStatusBarLocked: mShowing=false mHidden=false isSecure=false --> flags=0x0
D/STATUSBAR-StatusBarManagerService( 2259): manageDisableList what=0x0 pkg=android
D/KeyguardViewMediator( 2259): setHidden false
D/KeyguardViewMediator( 2259): setHidden false
E/MTPRx ( 548): In MtpReceiverandroid.intent.action.USER_PRESENT
E/MTPRx ( 548): check value of boot_completed is1
E/MTPRx ( 548): check booting is completed_sys.boot_completed
E/MTPRx ( 548): Sd-Card path/storage/extSdCard
E/MTPRx ( 548): Status for mount/Unmount :mounted
E/MTPRx ( 548): SDcard is available
E/MTPRx ( 548): The value of first_boot is 1
E/MTPRx ( 548): [ 662] The value of first_boot is 1NORMAL SEQUENCE
I/power ( 2259): *** release_dvfs_lock : lockType : 1
D/PowerManagerService( 2259): releaseDVFSLockLocked : all DVFS_MIN_LIMIT are released
W/ActivityManager( 2259): mDVFSLock.release()
D/STATUSBAR-NetworkController( 2707): refreshSignalCluster: data=0 bt=false
D/STATUSBAR-SignalClusterView( 2707): mSeparateMobileGroup=8
D/STATUSBAR-SignalClusterView( 2707): mSeparateMobileGroup=8
D/STATUSBAR-SignalClusterView( 2707): mSeparateMobileGroup=8
W/PowerManagerService( 2259): Timer 0x3->0x3|0x0
D/STATUSBAR-NetworkController( 2707): refreshSignalCluster: data=0 bt=false
D/STATUSBAR-SignalClusterView( 2707): mSeparateMobileGroup=8
D/STATUSBAR-SignalClusterView( 2707): mSeparateMobileGroup=8
D/STATUSBAR-SignalClusterView( 2707): mSeparateMobileGroup=8
D/STATUSBAR-NetworkController( 2707): onReceive() - RSSI_CHANGED_ACTION, WIFI_STATE, NETWORK_STATE
D/STATUSBAR-NetworkController( 2707): refreshSignalCluster: data=0 bt=false
D/STATUSBAR-SignalClusterView( 2707): mSeparateMobileGroup=8
D/STATUSBAR-SignalClusterView( 2707): mSeparateMobileGroup=8
D/STATUSBAR-SignalClusterView( 2707): mSeparateMobileGroup=8
D/AudioHardwareTinyALSA( 1920): Entering AudioStreamOutALSA standby mode
I/AudioHardwareTinyALSA( 1920): Close mHandle:41da4b80
I/InputReader( 2259): Touch event's action is 0x0 (deviceType=0) [pCnt=1, s=0.58393 ]
I/InputDispatcher( 2259): Delivering touch to current input target: action: 0x0
I/InputDispatcher( 2259): Delivering touch to current input target: action: 0x0
I/InputDispatcher( 2259): Delivering touch to current input target: action: 0x0
I/InputReader( 2259): Touch event's action is 0x1 (deviceType=0) [pCnt=1, s=]
I/InputDispatcher( 2259): Delivering touch to current input target: action: 0x1
I/InputDispatcher( 2259): Delivering touch to current input target: action: 0x1
I/InputDispatcher( 2259): Delivering touch to current input target: action: 0x1
I/power ( 2259): *** acquire_dvfs_lock : lockType : 1 freq : 1000000
D/PowerManagerService( 2259): acquireDVFSLockLocked : type : DVFS_MIN_LIMIT frequency : 1000000 uid : 1000 pid : 2259 tag : ActivityManager
W/ActivityManager( 2259): mDVFSLock.acquire()
D/WindowManager( 2259): PhoneWindowManager: focusChangedLw
I/SurfaceFlinger( 1917): id=18605(5209) createSurf 0x42bc200c (1x1),1 flag=400, sestrenderc
I/SurfaceFlinger( 1917): SurfaceFlinger : eMagnificationFactorChanged. magnificationFactor=1.0
I/SurfaceFlinger( 1917): SurfaceFlinger : eZoomPositionChanged. zoomX=0.0 zoomY=0.0
D/KeyguardViewMediator( 2259): setHidden false
D/WindowManager( 2259): mInputFocus is not null.
D/WindowManager( 2259): mInputFocus is not null.
D/WindowManager( 2259): mInputFocus is not null.
D/dalvikvm( 3847): Late-enabling CheckJNI
D/WindowManager( 2259): mInputFocus is not null.
I/dalvikvm( 3847): Turning on JNI app bug workarounds for target SDK version 12...
V/WindowManager( 2259): rotationForOrientationLw(orient=0, last=0); user=0 mLidState=-1 mDockMode=0 mHdmiPlugged=false mAccelerometerDefault=false sensorRotation=-1
I/SurfaceFlinger( 1917): id=18606(3104) createSurf (720x1280),-1 flag=30004, GreezeSurfa
I/InputReader( 2259): Reconfiguring input devices. changes=0x00000004
I/InputReader( 2259): Device reconfigured: id=6, name='sec_touchscreen', surface size is now 720x1280, mode is 1
I/SurfaceFlinger( 1917): Orientation 0=>1
I/ActivityManager( 2259): Config changed: {1 0 1.0 262mcc2mnc de_DE sw360dp w640dp h335dp nrml long land finger -keyb/v/h -nav/h s.644}
D/PhoneApp( 2899): updateProximitySensorMode: lock already released.
D/KeyguardViewMediator( 2259): setHidden false
D/KeyguardViewMediator( 2259): setHidden false
D/STATUSBAR-QuickSettingPanel( 2707): mDisplayButtonCnt : 10 mCurButtonNum : 8
D/KeyguardViewMediator( 2259): setHidden false
D/WindowManager( 2259): mInputFocus is not null.
D/WindowManager( 2259): mInputFocus is not null.
D/WindowManager( 2259): mInputFocus is not null.
D/KeyguardViewMediator( 2259): setHidden false
D/KeyguardViewMediator( 2259): setHidden false
D/WindowManager( 2259): mInputFocus is not null.
W/STATUSBAR-QuickSettingPanel( 2707): prepareTranslationXfalse 318
D/WindowManager( 2259): mInputFocus is not null.
D/WindowManager( 2259): mInputFocus is not null.
D/WfdService( 2259): intent recieved android.intent.action.CONFIGURATION_CHANGED
D/ClockAlarmWidgetService( 3651): [ClockAlarmWidgetService] onReceive: action = android.intent.action.CONFIGURATION_CHANGED
E/ClockAlarmWidget( 3651): [AlarmWidgetIdManager] getListItem() : itemIndex=0, widgetID:7
E/ClockAlarmWidget( 3651): [AlarmWidgetIdManager] getListItem() : ItemIndex exceed ListItemCount. itemIndex=1
E/ClockAlarmWidget( 3651): [AlarmWidgetIdManager] getListItem() : itemIndex=1, widgetID:7
D/dalvikvm( 3847): Trying to load lib /data/data/test.sdl.build.restrendercopyex/lib/libSDL2.so 0x41b92580
D/ClockAlarmDataProvider( 3651): getAlarm() - too many same ID alarm data. nCount: 0
D/dalvikvm( 3847): Added shared lib /data/data/test.sdl.build.restrendercopyex/lib/libSDL2.so 0x41b92580
D/dalvikvm( 3847): Trying to load lib /data/data/test.sdl.build.restrendercopyex/lib/libmain.so 0x41b92580
D/dalvikvm( 3847): Added shared lib /data/data/test.sdl.build.restrendercopyex/lib/libmain.so 0x41b92580
D/dalvikvm( 3847): No JNI_OnLoad found in /data/data/test.sdl.build.restrendercopyex/lib/libmain.so 0x41b92580, skipping init
D/WindowManager( 2259): mInputFocus is not null.
D/STATUSBAR-PhoneStatusBar( 2707): Landscape - marquee statusbar
D/KeyguardViewMediator( 2259): setHidden false
D/WindowManager( 2259): mInputFocus is not null.
D/WindowManager( 2259): mInputFocus is not null.
I/SurfaceFlinger( 1917): id=18602 Removed JnstallAppP idx=2 MapSz=3
D/KeyguardViewMediator( 2259): setHidden false
I/SurfaceFlinger( 1917): id=18602 Removed JnstallAppP idx=-2 MapSz=3
D/WindowManager( 2259): mInputFocus is not null.
D/WindowManager( 2259): mInputFocus is not null.
D/STATUSBAR-NetworkController( 2707): onReceive() - ACTION_CONFIGURATION_CHANGED
D/STATUSBAR-Clock( 2707): onReceive() - ACTION_CONFIGURATION_CHANGED
D/STATUSBAR-Clock( 2707): onReceive() - ACTION_CONFIGURATION_CHANGED
D/KeyguardViewMediator( 2259): setHidden false
D/WindowManager( 2259): mInputFocus is not null.
D/WindowManager( 2259): mInputFocus is not null.
D/KeyguardViewMediator( 2259): setHidden false
D/WindowManager( 2259): mInputFocus is not null.
D/WindowManager( 2259): mInputFocus is not null.
D/KeyguardViewMediator( 2259): setHidden false
D/WindowManager( 2259): mInputFocus is not null.
D/STATUSBAR-NetworkController( 2707): onReceive() - RSSI_CHANGED_ACTION, WIFI_STATE, NETWORK_STATE
D/STATUSBAR-NetworkController( 2707): refreshSignalCluster: data=0 bt=false
D/STATUSBAR-SignalClusterView( 2707): mSeparateMobileGroup=8
D/STATUSBAR-SignalClusterView( 2707): mSeparateMobileGroup=8
D/STATUSBAR-SignalClusterView( 2707): mSeparateMobileGroup=8
V/SDL ( 3847): onResume()
D/WindowManager( 2259): mInputFocus is not null.
I/SurfaceFlinger( 1917): id=18607(1) createSurf 0x429e5484 (1x1),1 flag=0, sestrenderc
I/SurfaceFlinger( 1917): SurfaceFlinger : eMagnificationFactorChanged. magnificationFactor=1.0
I/SurfaceFlinger( 1917): SurfaceFlinger : eZoomPositionChanged. zoomX=0.0 zoomY=0.0
D/WindowManager( 2259): PhoneWindowManager: focusChangedLw
D/KeyguardViewMediator( 2259): setHidden false
V/PhoneStatusBar( 2707): setLightsOn(true)
D/STATUSBAR-StatusBarManagerService( 2259): setSystemUiVisibility(0x0)
D/STATUSBAR-StatusBarManagerService( 2259): manageDisableList what=0x0 pkg=WindowManager.LayoutParams
D/libEGL ( 3847): loaded /system/lib/egl/libEGL_mali.so
D/libEGL ( 3847): loaded /system/lib/egl/libGLESv1_CM_mali.so
D/libEGL ( 3847): loaded /system/lib/egl/libGLESv2_mali.so
D/ ( 3847): Device driver API match
D/ ( 3847): Device driver API version: 10
D/ ( 3847): User space API version: 10
D/ ( 3847): mali: REVISION=Linux-r2p4-02rel0 BUILD_DATE=Tue Oct 16 15:37:13 KST 2012
D/OpenGLRenderer( 3847): Enabling debug mode 0
I/SurfaceFlinger( 1917): id=18608(2) createSurf 0x41094d2c (1280x720),4 flag=400, TurfaceView
I/SurfaceFlinger( 1917): SurfaceFlinger : eMagnificationFactorChanged. magnificationFactor=1.0
I/SurfaceFlinger( 1917): SurfaceFlinger : eZoomPositionChanged. zoomX=0.0 zoomY=0.0
D/KeyguardViewMediator( 2259): setHidden false
V/SDL ( 3847): surfaceCreated()
V/SDL ( 3847): surfaceChanged()
V/SDL ( 3847): pixel format RGB_565
V/SDL ( 3847): Window size:1280x720
E/SensorManager( 3847): thread start
D/SensorService( 2259): info.rates.add, set DEFAULT_EVENTS_PERIOD
D/SensorService( 2259): SensorDevice::activating sensor handle=0 ns=200000000
D/iNemoSensor( 2259): setDelay(): handle(0), en(200000000)
I/iNemoSensor( 2259): skip update_delay wanted_accel = 200000000 current delay = 200000000
I/SensorService( 2259): info.selectDelay() ns=20000000
D/iNemoSensor( 2259): setDelay(): handle(0), en(20000000)
I/iNemoSensor( 2259): update_delay wanted_accel = 20000000
D/SensorService( 2259): SensorDevice::setDelay, Return(true 1, false 0) = 1
D/SensorManager( 3847): registerListener :: handle = 0 name= LSM330DLC 3-axis Accelerometer delay= 20000 Listener= org.libsdl.app.SDLSurface@41b9a630
I/SDL ( 3847): SDL_Android_Init()
I/SDL ( 3847): SDL_Android_Init() finished!
D/KeyguardViewMediator( 2259): setHidden false
D/KeyguardViewMediator( 2259): setHidden false
D/KeyguardViewMediator( 2259): setHidden false
D/AkmSensor( 2259): MeasureSNGLoop: interval.interval = 20000000, doze_max = 19600, prms->enabled = 2
D/KeyguardViewMediator( 2259): setHidden false
V/SDL ( 3847): onWindowFocusChanged(): true
I/ClipboardServiceEx( 2259): Send intent for dismiss clipboard dialog inside hideCurrentInputLocked() !
W/IInputConnectionWrapper( 2355): showStatusIcon on inactive InputConnection
I/power ( 2259): *** release_dvfs_lock : lockType : 1
D/KeyguardViewMediator( 2259): setHidden false
D/PowerManagerService( 2259): releaseDVFSLockLocked : all DVFS_MIN_LIMIT are released
W/ActivityManager( 2259): mDVFSLock.release()
I/SurfaceFlinger( 1917): id=18605 Removed sestrenderc idx=5 MapSz=4
I/SurfaceFlinger( 1917): id=18605 Removed sestrenderc idx=-2 MapSz=4
D/KeyguardViewMediator( 2259): setHidden false
D/KeyguardViewMediator( 2259): setHidden false
I/SurfaceFlinger( 1917): id=18609(3105) createSurf (1440x1280),-1 flag=20000, ClackSurfac
I/SurfaceFlinger( 1917): id=18610(3106) createSurf (720x2560),-1 flag=20000, ClackSurfac
I/SurfaceFlinger( 1917): id=18611(3107) createSurf (1440x1280),-1 flag=20000, ClackSurfac
I/SurfaceFlinger( 1917): id=18612(3108) createSurf (720x2560),-1 flag=20000, ClackSurfac
D/KeyguardViewMediator( 2259): setHidden false
I/SurfaceFlinger( 1917): id=18606 Removed GreezeSurfa idx=6 MapSz=4
I/SurfaceFlinger( 1917): id=18606 Removed GreezeSurfa idx=-2 MapSz=4
I/SurfaceFlinger( 1917): id=18609 Removed ClackSurfac idx=6 MapSz=4
I/SurfaceFlinger( 1917): id=18610 Removed ClackSurfac idx=6 MapSz=4
I/SurfaceFlinger( 1917): id=18609 Removed ClackSurfac idx=-2 MapSz=4
I/SurfaceFlinger( 1917): id=18611 Removed ClackSurfac idx=6 MapSz=4
I/SurfaceFlinger( 1917): id=18610 Removed ClackSurfac idx=-2 MapSz=4
I/SurfaceFlinger( 1917): id=18612 Removed ClackSurfac idx=6 MapSz=4
I/SurfaceFlinger( 1917): id=18611 Removed ClackSurfac idx=-2 MapSz=4
I/SurfaceFlinger( 1917): id=18612 Removed ClackSurfac idx=-2 MapSz=4
D/KeyguardViewMediator( 2259): setHidden false
D/KeyguardViewMediator( 2259): setHidden false
V/WindowManager( 2259): rotationForOrientationLw(orient=0, last=1); user=0 mLidState=-1 mDockMode=0 mHdmiPlugged=false mAccelerometerDefault=false sensorRotation=-1
W/PowerManagerService( 2259): Timer 0x3->0x3|0x0
E/Watchdog( 2259): !@Sync 11524
D/dalvikvm( 2259): WAIT_FOR_CONCURRENT_GC blocked 0ms
D/dalvikvm( 2259): GC_EXPLICIT freed 5700K, 28% free 37500K/51655K, paused 15ms+15ms, total 186ms
D/STATUSBAR-NetworkController( 2707): refreshSignalCluster: data=0 bt=false
D/STATUSBAR-SignalClusterView( 2707): mSeparateMobileGroup=8
D/STATUSBAR-SignalClusterView( 2707): mSeparateMobileGroup=8
D/STATUSBAR-SignalClusterView( 2707): mSeparateMobileGroup=8
D/KeyguardViewMediator( 2259): handleTimeout
W/SignalStrength( 2259): getGsmLevel=1
W/SignalStrength( 2259): getLevel=1 (SignalStrength: 1 -1 -1 -1 -1 -1 -1 -1 -1 -1 -1 -1 gsm|lte 1)
W/SignalStrength( 2707): getGsmLevel=1
W/SignalStrength( 2707): getLevel=1 (SignalStrength: 1 -1 -1 -1 -1 -1 -1 -1 -1 -1 -1 -1 gsm|lte 1)
W/SignalStrength( 2707): getGsmLevel=1
W/SignalStrength( 2707): getLevel=1 (SignalStrength: 1 -1 -1 -1 -1 -1 -1 -1 -1 -1 -1 -1 gsm|lte 1)
D/STATUSBAR-NetworkController( 2707): onSignalStrengthsChanged signalStrength=SignalStrength: 1 -1 -1 -1 -1 -1 -1 -1 -1 -1 -1 -1 gsm|lte 1 level=1
W/SignalStrength( 2259): getGsmDbm=-111
W/SignalStrength( 2259): getDbm=-111
W/SignalStrength( 2259): getGsmAsuLevel=1
W/SignalStrength( 2259): getAsuLevel=1
W/AlarmManager( 2259): FACTORY_ON= 0
D/STATUSBAR-NetworkController( 2707): refreshSignalCluster: data=0 bt=false
D/STATUSBAR-SignalClusterView( 2707): mSeparateMobileGroup=8
D/STATUSBAR-SignalClusterView( 2707): mSeparateMobileGroup=8
D/STATUSBAR-SignalClusterView( 2707): mSeparateMobileGroup=8
D/STATUSBAR-NetworkController( 2707): refreshSignalCluster: data=0 bt=false
D/STATUSBAR-SignalClusterView( 2707): mSeparateMobileGroup=8
D/STATUSBAR-SignalClusterView( 2707): mSeparateMobileGroup=8
D/STATUSBAR-SignalClusterView( 2707): mSeparateMobileGroup=8
D/InputReader( 2259): Input event: value=1
D/RestrictionPolicy( 2259): isHomeKeyEnabled :true
D/InputReader( 2259): Input event: value=0
D/RestrictionPolicy( 2259): isHomeKeyEnabled :true
D/RestrictionPolicy( 2259): isHomeKeyEnabled :true
D/KeyguardViewMediator( 2259): setHidden false
D/dalvikvm( 2707): GC_FOR_ALLOC freed 343K, 42% free 18660K/32071K, paused 65ms, total 65ms
D/KeyguardViewMediator( 2259): setHidden false
V/SDL ( 3847): onPause()
D/WindowManager( 2259): PhoneWindowManager: focusChangedLw
D/WindowManager( 2259): mInputFocus is not null.
V/SDL ( 3847): nativePause()
D/SensorManager( 3847): unregisterListener:: Listener= org.libsdl.app.SDLSurface@41b9a630
D/Sensors ( 3847): Remain listener = Sending .. normal delay 200ms
I/Sensors ( 3847): sendDelay --- 200000000
I/SensorService( 2259): info.selectDelay() ns=200000000
D/iNemoSensor( 2259): setDelay(): handle(0), en(200000000)
I/iNemoSensor( 2259): update_delay wanted_accel = 200000000
D/SensorService( 2259): SensorDevice::setDelay, Return(true 1, false 0) = 1
D/SensorManager( 3847): JNI - sendDelay
I/SensorManager( 3847): Set normal delay = true
D/SensorService( 2259): SensorDevice::activating sensor handle=0 ns=200000000
D/iNemoSensor( 2259): setDelay(): handle(0), en(200000000)
I/iNemoSensor( 2259): skip update_delay wanted_accel = 200000000 current delay = 200000000
D/AkmSensor( 2259): MeasureSNGLoop: interval.interval = 200000000, doze_max = 196000, prms->enabled = 2
V/WindowManager( 2259): rotationForOrientationLw(orient=5, last=1); user=0 mLidState=-1 mDockMode=0 mHdmiPlugged=false mAccelerometerDefault=false sensorRotation=-1
I/SurfaceFlinger( 1917): id=18613(3109) createSurf (720x1280),-1 flag=30004, GreezeSurfa
I/SurfaceFlinger( 1917): Orientation 1=>0
I/InputReader( 2259): Reconfiguring input devices. changes=0x00000004
I/InputReader( 2259): Device reconfigured: id=6, name='sec_touchscreen', surface size is now 720x1280, mode is 1
D/WindowManager( 2259): mInputFocus is not null.
I/ActivityManager( 2259): Config changed: {1 0 1.0 262mcc2mnc de_DE sw360dp w360dp h615dp nrml long port finger -keyb/v/h -nav/h s.645}
D/PhoneApp( 2899): updateProximitySensorMode: lock already released.
D/KeyguardViewMediator( 2259): setHidden false
D/WindowManager( 2259): mInputFocus is not null.
D/STATUSBAR-QuickSettingPanel( 2707): mDisplayButtonCnt : 10 mCurButtonNum : 5
W/STATUSBAR-QuickSettingPanel( 2707): prepareTranslationXfalse 357
D/WindowManager( 2259): mInputFocus is not null.
D/WindowManager( 2259): mInputFocus is not null.
D/KeyguardViewMediator( 2259): setHidden false
D/KeyguardViewMediator( 2259): setHidden false
D/WindowManager( 2259): mInputFocus is not null.
D/WindowManager( 2259): mInputFocus is not null.
D/WindowManager( 2259): mInputFocus is not null.
D/WindowManager( 2259): mInputFocus is not null.
D/WfdService( 2259): intent recieved android.intent.action.CONFIGURATION_CHANGED
D/ClockAlarmWidgetService( 3651): [ClockAlarmWidgetService] onReceive: action = android.intent.action.CONFIGURATION_CHANGED
E/ClockAlarmWidget( 3651): [AlarmWidgetIdManager] getListItem() : itemIndex=0, widgetID:7
E/ClockAlarmWidget( 3651): [AlarmWidgetIdManager] getListItem() : ItemIndex exceed ListItemCount. itemIndex=1
E/ClockAlarmWidget( 3651): [AlarmWidgetIdManager] getListItem() : itemIndex=1, widgetID:7
V/SDL ( 3847): onWindowFocusChanged(): false
D/KeyguardViewMediator( 2259): setHidden false
V/SDL ( 3847): surfaceDestroyed()
D/KeyguardViewMediator( 2259): setHidden false
D/WindowManager( 2259): mInputFocus is not null.
D/WindowManager( 2259): mInputFocus is not null.
D/WindowManager( 2259): mInputFocus is not null.
D/ClockAlarmDataProvider( 3651): getAlarm() - too many same ID alarm data. nCount: 0
W/SurfaceView( 3847): CHECK surface infomation creating=false formatChanged=false sizeChanged=false visible=false visibleChanged=true surfaceChanged=true realSizeChanged=false redrawNeeded=false left=false top=false
I/SurfaceFlinger( 1917): id=18608 Removed TurfaceView idx=1 MapSz=3
D/WindowManager( 2259): mInputFocus is not null.
D/STATUSBAR-PhoneStatusBar( 2707): onConfigurationChanged
I/SurfaceFlinger( 1917): id=18607 Removed sestrenderc idx=2 MapSz=2
D/KeyguardViewMediator( 2259): setHidden false
I/SurfaceFlinger( 1917): id=18607 Removed sestrenderc idx=-2 MapSz=2
D/WindowManager( 2259): mInputFocus is not null.
D/WindowManager( 2259): mInputFocus is not null.
D/dalvikvm( 2707): GC_FOR_ALLOC freed 258K, 37% free 20282K/32071K, paused 43ms, total 43ms
D/KeyguardViewMediator( 2259): setHidden false
D/WindowManager( 2259): mInputFocus is not null.
D/WindowManager( 2259): mInputFocus is not null.
D/KeyguardViewMediator( 2259): setHidden false
D/WindowManager( 2259): mInputFocus is not null.
D/WindowManager( 2259): mInputFocus is not null.
D/STATUSBAR-NetworkController( 2707): onReceive() - ACTION_CONFIGURATION_CHANGED
D/STATUSBAR-Clock( 2707): onReceive() - ACTION_CONFIGURATION_CHANGED
D/STATUSBAR-Clock( 2707): onReceive() - ACTION_CONFIGURATION_CHANGED
D/KeyguardViewMediator( 2259): setHidden false
D/WindowManager( 2259): mInputFocus is not null.
D/WindowManager( 2259): mInputFocus is not null.
D/KeyguardViewMediator( 2259): setHidden false
D/WindowManager( 2259): mInputFocus is not null.
I/ActivityThread( 4241): Pub com.samsung.helphub.provider: com.samsung.helphub.provider.HelpHubContentProvider
I/Launcher.StuckInEdit( 6417): exitWidgetResizeMode State NORMAL
D/Launcher( 6417): onRestart, Launcher: 1103527480
D/Launcher( 6417): onStart, Launcher: 1103527480
D/Launcher.HomeFragment( 6417): onStart
D/Launcher( 6417): onResume, Launcher: 1103527480
D/dalvikvm( 2707): GC_FOR_ALLOC freed 75K, 32% free 21923K/32071K, paused 48ms, total 48ms
I/ActivityThread( 4260): Pub com.sec.android.widgetapp.ap.hero.accuweather: com.sec.android.widgetapp.ap.hero.accuweather.provider.accuweather.AccuContentProvider
D/comsamsunglog( 6417): [MSC_HERO_Accu_JB]>>> ====================================================================================================================
D/comsamsunglog( 6417): [MSC_HERO_Accu_JB]>>> widgetappapheroaccuweatherwidget [Version : 12091801] [ 1 ]
D/comsamsunglog( 6417): [MSC_HERO_Accu_JB]>>> Header set to : ===> "widget" <===
D/comsamsunglog( 6417): [MSC_HERO_Accu_JB]>>> ====================================================================================================================
D/dalvikvm( 4260): GC_CONCURRENT freed 156K, 6% free 12416K/13191K, paused 2ms+2ms, total 24ms
D/widget ( 6417): [MSC_HERO_Accu_JB]>>> WC:917 [0:0] onResume :: fU = true cEUi = true
D/widget ( 6417): [MSC_HERO_Accu_JB]>>> WC:2075 [0:0] AR_S_T : 0
D/widget ( 6417): [MSC_HERO_Accu_JB]>>> WC:953 [0:0] onResume :: mFAR = false, cC = false, cEUI = true
D/widget ( 6417): [MSC_HERO_Accu_JB]>>> WC:1265 [0:0] cUI : cnt = 1, mRC = true
I/FlashBarService( 2808): mPkgManagerReceiver : onReceive
D/dalvikvm( 6417): WAIT_FOR_CONCURRENT_GC blocked 0ms
I/SeniorFavoriteWidgetProviderSmall( 4277): registerContentObserver() = com.sec.android.widgetapp.favoriteswidget.SeniorFavoriteWidgetProvider$SeniorFavoriteContentObserver@41b9f4f0
D/dalvikvm( 6417): GC_EXPLICIT freed 2246K, 15% free 31429K/36743K, paused 3ms+22ms, total 79ms
W/PowerManagerService( 2259): Timer 0x3->0x3|0x0
E/Launcher( 6417): Error finding setting, default accessibility to not found: accessibility_enabled
D/Launcher.HomeFragment( 6417): onResume
D/MenuAppsGridFragment( 6417): onResume
D/Launcher.MenuAppsGrid( 6417): StateObj::getAppsList() item count = 148
D/CellLayoutChildren( 6417): setCellDimensions. width: 164, height: 188, gapX: 8, gapY: 4
D/CellLayout( 6417): setGridSize(4, 5)
D/CellLayoutChildren( 6417): setCellDimensions. width: 164, height: 188, gapX: 8, gapY: 4
D/CellLayout( 6417): setGridSize(4, 5)
D/CellLayoutChildren( 6417): setCellDimensions. width: 164, height: 188, gapX: 8, gapY: 4
D/CellLayout( 6417): setGridSize(4, 5)
D/CellLayoutChildren( 6417): setCellDimensions. width: 164, height: 188, gapX: 8, gapY: 4
D/CellLayout( 6417): setGridSize(4, 5)
D/CellLayoutChildren( 6417): setCellDimensions. width: 164, height: 188, gapX: 8, gapY: 4
D/CellLayout( 6417): setGridSize(4, 5)
D/CellLayoutChildren( 6417): setCellDimensions. width: 164, height: 188, gapX: 8, gapY: 4
D/CellLayout( 6417): setGridSize(4, 5)
D/CellLayoutChildren( 6417): setCellDimensions. width: 164, height: 188, gapX: 8, gapY: 4
D/CellLayout( 6417): setGridSize(4, 5)
D/CellLayoutChildren( 6417): setCellDimensions. width: 164, height: 188, gapX: 8, gapY: 4
D/CellLayout( 6417): setGridSize(4, 5)
D/CellLayoutChildren( 6417): setCellDimensions. width: 164, height: 188, gapX: 8, gapY: 4
D/CellLayout( 6417): setGridSize(4, 5)
D/dalvikvm( 6417): GC_CONCURRENT freed 629K, 11% free 32822K/36743K, paused 18ms+4ms, total 75ms
D/dalvikvm( 6417): WAIT_FOR_CONCURRENT_GC blocked 53ms
I/Choreographer( 6417): Skipped 47 frames! The application may be doing too much work on its main thread.
D/dalvikvm( 6417): GC_CONCURRENT freed 328K, 7% free 34535K/36743K, paused 14ms+6ms, total 53ms
D/dalvikvm( 6417): WAIT_FOR_CONCURRENT_GC blocked 35ms
D/dalvikvm( 6417): WAIT_FOR_CONCURRENT_GC blocked 18ms
I/SurfaceFlinger( 1917): id=18614(21) createSurf 0x429b507c (720x1280),1 flag=0, Mauncher
I/SurfaceFlinger( 1917): SurfaceFlinger : eMagnificationFactorChanged. magnificationFactor=1.0
I/SurfaceFlinger( 1917): SurfaceFlinger : eZoomPositionChanged. zoomX=0.0 zoomY=0.0
D/WindowManager( 2259): PhoneWindowManager: focusChangedLw
D/KeyguardViewMediator( 2259): setHidden false
D/KeyguardViewMediator( 2259): setHidden false
D/STATUSBAR-StatusBarManagerService( 2259): setSystemUiVisibility(0x0)
D/STATUSBAR-StatusBarManagerService( 2259): manageDisableList what=0x0 pkg=WindowManager.LayoutParams
D/KeyguardViewMediator( 2259): setHidden false
D/dalvikvm( 6417): GC_FOR_ALLOC freed 590K, 6% free 35195K/37191K, paused 32ms, total 32ms
I/dalvikvm-heap( 6417): Grow heap (frag case) to 35.562MB for 668368-byte allocation
D/dalvikvm( 6417): GC_FOR_ALLOC freed 3K, 6% free 35844K/37895K, paused 30ms, total 30ms
D/widget ( 6417): [MSC_HERO_Accu_JB]>>> WC:668 [0:0] mSUDH(): id = cityId:169582, tZ=GMT+1
D/widget ( 6417): [MSC_HERO_Accu_JB]>>> WC:679 [0:0] ===== mSetUIDataHandler(): day = 8:31 AM, night=3:59 PM
D/widget ( 6417): [MSC_HERO_Accu_JB]>>> SM:1256 [0:0] sta ani iPA = false, flkDir = 0, iFA = false
D/widget ( 6417): [MSC_HERO_Accu_JB]>>> WC:1713 [0:0] drw all Tm dt = 2153
D/widget ( 6417): [MSC_HERO_Accu_JB]>>> SM:516 [0:0] IR : false, IPR : false
D/KeyguardViewMediator( 2259): setHidden false
D/KeyguardViewMediator( 2259): setHidden false
D/KeyguardViewMediator( 2259): setHidden false
D/wpfx.pan.jni( 2091): RendererBase(57139100)::resume
D/SensorService( 2259): info.rates.add, set DEFAULT_EVENTS_PERIOD
I/iNemoSensor( 2259): enable(): handle(5), en(1), what(1)
I/SurfaceFlinger( 1917): id=18615(3110) createSurf (2560x720),-1 flag=20000, ClackSurfac
I/iNemoSensor( 2259): enable:373 gyro_dps = 0 .
I/SurfaceFlinger( 1917): id=18616(3111) createSurf (1280x1440),-1 flag=20000, ClackSurfac
D/iNemoSensor( 2259): enableDev() : path(/sys/class/input/event4/device/enable), val(1)
I/SurfaceFlinger( 1917): id=18617(3112) createSurf (2560x720),-1 flag=20000, ClackSurfac
D/iNemoSensor( 2259): enable(): MASK_ACC (1) MASK_MAG (0) MASK_GYR (2)
D/iNemoSensor( 2259): enable(): mEnAcc(1) mEnMag(0) mEnGyr(1)
I/iNemoSensor( 2259): iNemoSensor::skip update_delay wanted_gyro = 20000000 current delay = 20000000
I/iNemoSensor( 2259): skip update_delay wanted_accel = 200000000 current delay = 200000000
D/SensorService( 2259): SensorDevice::activate (enable 1, disable 0) = 1
D/SensorService( 2259): activating sensor enable handle=5
I/SurfaceFlinger( 1917): id=18618(3113) createSurf (1280x1440),-1 flag=20000, ClackSurfac
D/SensorService( 2259): activating sensor enable, Done!
D/SensorService( 2259): SensorDevice::activating sensor handle=5 ns=200000000
D/iNemoSensor( 2259): setDelay(): handle(5), en(200000000)
I/iNemoSensor( 2259): iNemoSensor::update_delay wanted_gyro = 200000000
I/iNemoSensor( 2259): skip update_delay wanted_accel = 200000000 current delay = 200000000
I/SensorService( 2259): info.selectDelay() ns=20000000
D/iNemoSensor( 2259): setDelay(): handle(5), en(20000000)
I/iNemoSensor( 2259): iNemoSensor::update_delay wanted_gyro = 20000000
I/iNemoSensor( 2259): skip update_delay wanted_accel = 200000000 current delay = 200000000
D/SensorService( 2259): SensorDevice::setDelay, Return(true 1, false 0) = 1
D/SensorManager( 2091): registerListener :: handle = 5 name= LSM330DLC Gyroscope sensor delay= 20000 Listener= com.hamsterbeat.wallpapers.base.w@41bdbc78
I/ClipboardServiceEx( 2259): Send intent for dismiss clipboard dialog inside hideCurrentInputLocked() !
W/IInputConnectionWrapper( 3847): showStatusIcon on inactive InputConnection
D/dalvikvm( 6417): GC_FOR_ALLOC freed 3071K, 12% free 34097K/38471K, paused 42ms, total 42ms
I/ActivityManager( 2259): Process com.sec.android.app.clockpackage (pid 3665) (adj 10) has died.
I/ActivityManager( 2259): Process com.google.android.music:main (pid 3606) (adj 10) has died.
I/ActivityManager( 2259): Process com.android.packageinstaller (pid 2355) (adj 10) has died.
I/SurfaceFlinger( 1917): id=18613 Removed GreezeSurfa idx=5 MapSz=3
I/SurfaceFlinger( 1917): id=18613 Removed GreezeSurfa idx=-2 MapSz=3
I/SurfaceFlinger( 1917): id=18615 Removed ClackSurfac idx=5 MapSz=3
I/SurfaceFlinger( 1917): id=18615 Removed ClackSurfac idx=-2 MapSz=3
I/SurfaceFlinger( 1917): id=18616 Removed ClackSurfac idx=5 MapSz=3
I/SurfaceFlinger( 1917): id=18616 Removed ClackSurfac idx=-2 MapSz=3
I/SurfaceFlinger( 1917): id=18617 Removed ClackSurfac idx=5 MapSz=3
I/SurfaceFlinger( 1917): id=18617 Removed ClackSurfac idx=-2 MapSz=3
I/SurfaceFlinger( 1917): id=18618 Removed ClackSurfac idx=5 MapSz=3
I/SurfaceFlinger( 1917): id=18618 Removed ClackSurfac idx=-2 MapSz=3
D/KeyguardViewMediator( 2259): setHidden false
D/KeyguardViewMediator( 2259): setHidden false
V/WindowManager( 2259): rotationForOrientationLw(orient=5, last=0); user=0 mLidState=-1 mDockMode=0 mHdmiPlugged=false mAccelerometerDefault=false sensorRotation=-1
I/InputReader( 2259): Touch event's action is 0x0 (deviceType=0) [pCnt=1, s=0.58394 ]
I/InputDispatcher( 2259): Delivering touch to current input target: action: 0x0
I/InputDispatcher( 2259): Delivering touch to current input target: action: 0x0
I/InputDispatcher( 2259): Delivering touch to current input target: action: 0x0
I/InputDispatcher( 2259): Delivering touch to current input target: action: 0x0
I/InputReader( 2259): Touch event's action is 0x1 (deviceType=0) [pCnt=1, s=]
I/InputDispatcher( 2259): Delivering touch to current input target: action: 0x1
I/InputDispatcher( 2259): Delivering touch to current input target: action: 0x1
I/InputDispatcher( 2259): Delivering touch to current input target: action: 0x1
I/InputDispatcher( 2259): Delivering touch to current input target: action: 0x1
I/Launcher.StuckInEdit( 6417): exitWidgetResizeMode State NORMAL
I/TwDVFSBroadcastReceiver( 2930): onLauncherIntent
D/PowerManager( 2930): DVFSLock : acquire : timeout : 1000
I/power ( 2259): *** acquire_dvfs_lock : lockType : 1 freq : 1400000
D/Launcher.MenuAppsGrid( 6417): StateObj::getAppsList() item count = 148
D/PowerManagerService( 2259): acquireDVFSLockLocked : type : DVFS_MIN_LIMIT frequency : 1400000 uid : 1000 pid : 2930 tag : TwDVFSBroadcastReceiver
D/CellLayoutChildren( 6417): setCellDimensions. width: 164, height: 188, gapX: 8, gapY: 4
D/CellLayout( 6417): setGridSize(4, 5)
D/CellLayoutChildren( 6417): setCellDimensions. width: 164, height: 188, gapX: 8, gapY: 4
D/CellLayout( 6417): setGridSize(4, 5)
D/CellLayoutChildren( 6417): setCellDimensions. width: 164, height: 188, gapX: 8, gapY: 4
D/CellLayout( 6417): setGridSize(4, 5)
D/CellLayoutChildren( 6417): setCellDimensions. width: 164, height: 188, gapX: 8, gapY: 4
D/CellLayout( 6417): setGridSize(4, 5)
D/CellLayoutChildren( 6417): setCellDimensions. width: 164, height: 188, gapX: 8, gapY: 4
D/CellLayout( 6417): setGridSize(4, 5)
D/CellLayoutChildren( 6417): setCellDimensions. width: 164, height: 188, gapX: 8, gapY: 4
D/CellLayout( 6417): setGridSize(4, 5)
D/CellLayoutChildren( 6417): setCellDimensions. width: 164, height: 188, gapX: 8, gapY: 4
D/CellLayout( 6417): setGridSize(4, 5)
D/CellLayoutChildren( 6417): setCellDimensions. width: 164, height: 188, gapX: 8, gapY: 4
D/CellLayout( 6417): setGridSize(4, 5)
D/CellLayoutChildren( 6417): setCellDimensions. width: 164, height: 188, gapX: 8, gapY: 4
D/CellLayout( 6417): setGridSize(4, 5)
D/STATUSBAR-NetworkController( 2707): onReceive() - RSSI_CHANGED_ACTION, WIFI_STATE, NETWORK_STATE
D/STATUSBAR-NetworkController( 2707): refreshSignalCluster: data=0 bt=false
D/STATUSBAR-SignalClusterView( 2707): mSeparateMobileGroup=8
D/STATUSBAR-SignalClusterView( 2707): mSeparateMobileGroup=8
D/STATUSBAR-SignalClusterView( 2707): mSeparateMobileGroup=8
D/dalvikvm( 2259): WAIT_FOR_CONCURRENT_GC blocked 0ms
D/dalvikvm( 2259): GC_EXPLICIT freed 1774K, 28% free 37422K/51655K, paused 4ms+15ms, total 156ms
I/power ( 2259): *** release_dvfs_lock : lockType : 1
D/PowerManagerService( 2259): releaseDVFSLockLocked : all DVFS_MIN_LIMIT are released
W/PowerManagerService( 2259): Timer 0x3->0x3|0x0
V/AlarmManager( 2259): waitForAlarm result :4
V/AlarmManager( 2259): trigger ELAPSED_REALTIME_WAKEUP or RTC_WAKEUP
D/BatteryService( 2259): update start
D/BatteryService( 2259): level:68 scale:100 status:2 health:2 present:true voltage: 4045 temperature: 330 technology: Li-ion AC powered:false USB powered:true icon:17303231 invalid charger:0
D/STATUSBAR-BatteryController( 2707): onReceive() - ACTION_BATTERY_CHANGED
D/STATUSBAR-BatteryController( 2707): onReceive() - level:68
D/STATUSBAR-BatteryController( 2707): onReceive() - plugged:2
D/STATUSBAR-BatteryController( 2707): onReceive() - BATTERY_STATUS_CHARGING:
D/STATUSBAR-PhoneStatusBar( 2707): ACTION_BATTERY_CHANGED
E/Parcel ( 7294): Reading a NULL string not supported here.
D/ ( 7294): Get battery level: 68 .
D/ ( 7294): Get charging state:Charging
D/ ( 7294): It is charging
E/MtpService( 548): In MTPAPP onReceive:android.intent.action.BATTERY_CHANGED
E/MtpService( 548): battPlugged Type : 2
W/AlarmManager( 2259): FACTORY_ON= 0
E/SPPClientService(22757): [PushClientService] onStartCommand. F:false, D:false, E:false, T:false, S:false, R:false
I/InputReader( 2259): Touch event's action is 0x0 (deviceType=0) [pCnt=1, s=0.58395 ]
I/InputDispatcher( 2259): Delivering touch to current input target: action: 0x0
I/InputDispatcher( 2259): Delivering touch to current input target: action: 0x0
I/InputDispatcher( 2259): Delivering touch to current input target: action: 0x0
I/InputDispatcher( 2259): Delivering touch to current input target: action: 0x0
I/TwDVFSBroadcastReceiver( 2930): onLauncherIntent
D/PowerManager( 2930): DVFSLock : acquire : timeout : 1000
I/power ( 2259): *** acquire_dvfs_lock : lockType : 1 freq : 1400000
D/PowerManagerService( 2259): acquireDVFSLockLocked : type : DVFS_MIN_LIMIT frequency : 1400000 uid : 1000 pid : 2930 tag : TwDVFSBroadcastReceiver
I/InputReader( 2259): Touch event's action is 0x1 (deviceType=0) [pCnt=1, s=]
I/InputDispatcher( 2259): Delivering touch to current input target: action: 0x1
I/InputDispatcher( 2259): Delivering touch to current input target: action: 0x1
I/InputDispatcher( 2259): Delivering touch to current input target: action: 0x1
I/InputDispatcher( 2259): Delivering touch to current input target: action: 0x1
D/dalvikvm( 6417): GC_CONCURRENT freed 2948K, 14% free 33196K/38471K, paused 4ms+6ms, total 39ms
D/dalvikvm( 6417): WAIT_FOR_CONCURRENT_GC blocked 33ms
D/dalvikvm( 6417): WAIT_FOR_CONCURRENT_GC blocked 33ms
D/STATUSBAR-NetworkController( 2707): refreshSignalCluster: data=0 bt=false
D/STATUSBAR-SignalClusterView( 2707): mSeparateMobileGroup=8
D/STATUSBAR-SignalClusterView( 2707): mSeparateMobileGroup=8
D/STATUSBAR-SignalClusterView( 2707): mSeparateMobileGroup=8
I/power ( 2259): *** release_dvfs_lock : lockType : 1
D/PowerManagerService( 2259): releaseDVFSLockLocked : all DVFS_MIN_LIMIT are released
I/InputReader( 2259): Touch event's action is 0x0 (deviceType=0) [pCnt=1, s=0.58396 ]
I/InputDispatcher( 2259): Delivering touch to current input target: action: 0x0
I/InputDispatcher( 2259): Delivering touch to current input target: action: 0x0
I/InputDispatcher( 2259): Delivering touch to current input target: action: 0x0
I/InputDispatcher( 2259): Delivering touch to current input target: action: 0x0
I/TwDVFSBroadcastReceiver( 2930): onLauncherIntent
D/PowerManager( 2930): DVFSLock : acquire : timeout : 1000
I/power ( 2259): *** acquire_dvfs_lock : lockType : 1 freq : 1400000
D/PowerManagerService( 2259): acquireDVFSLockLocked : type : DVFS_MIN_LIMIT frequency : 1400000 uid : 1000 pid : 2930 tag : TwDVFSBroadcastReceiver
I/InputReader( 2259): Touch event's action is 0x1 (deviceType=0) [pCnt=1, s=]
I/InputDispatcher( 2259): Delivering touch to current input target: action: 0x1
I/InputDispatcher( 2259): Delivering touch to current input target: action: 0x1
I/InputDispatcher( 2259): Delivering touch to current input target: action: 0x1
I/InputDispatcher( 2259): Delivering touch to current input target: action: 0x1
D/PowerManagerService( 2259): acquireDVFSLockLocked : type : DVFS_MIN_LIMIT frequency : 1000000 uid : 1000 pid : 2259 tag : ActivityManager
W/ActivityManager( 2259): mDVFSLock.acquire()
D/KeyguardViewMediator( 2259): setHidden false
D/WindowManager( 2259): PhoneWindowManager: focusChangedLw
D/Launcher.HomeFragment( 6417): onPause
D/Launcher( 6417): onPause, Launcher: 1103527480
D/WindowManager( 2259): mInputFocus is not null.
D/widget ( 6417): [MSC_HERO_Accu_JB]>>> WC:1028 [0:0] onPause
I/SurfaceFlinger( 1917): id=18619(3114) createSurf (720x1280),-1 flag=30004, GreezeSurfa
I/SurfaceFlinger( 1917): Orientation 0=>1
V/WindowManager( 2259): rotationForOrientationLw(orient=0, last=0); user=0 mLidState=-1 mDockMode=0 mHdmiPlugged=false mAccelerometerDefault=false sensorRotation=-1
I/InputReader( 2259): Reconfiguring input devices. changes=0x00000004
I/InputReader( 2259): Device reconfigured: id=6, name='sec_touchscreen', surface size is now 720x1280, mode is 1
I/ActivityManager( 2259): Config changed: {1 0 1.0 262mcc2mnc de_DE sw360dp w640dp h335dp nrml long land finger -keyb/v/h -nav/h s.646}
D/PhoneApp( 2899): updateProximitySensorMode: lock already released.
D/KeyguardViewMediator( 2259): setHidden false
D/WindowManager( 2259): mInputFocus is not null.
D/STATUSBAR-QuickSettingPanel( 2707): mDisplayButtonCnt : 10 mCurButtonNum : 8
D/SensorManager( 2091): unregisterListener:: Listener= com.hamsterbeat.wallpapers.base.w@41bdbc78
I/iNemoSensor( 2259): enable(): handle(5), en(0), what(1)
D/iNemoSensor( 2259): enableDev() : path(/sys/class/input/event4/device/enable), val(0)
D/iNemoSensor( 2259): enable(): MASK_ACC (1) MASK_MAG (0) MASK_GYR (0)
D/iNemoSensor( 2259): enable(): mEnAcc(1) mEnMag(0) mEnGyr(0)
I/iNemoSensor( 2259): skip update_delay wanted_accel = 200000000 current delay = 200000000
D/SensorService( 2259): SensorDevice::activate (enable 1, disable 0) = 0
D/SensorService( 2259): activating sensor disable handle=5
D/KeyguardViewMediator( 2259): setHidden false
D/SensorService( 2259): activating sensor disable, Done!
D/SensorService( 2259): SensorDevice::activating sensor handle=5 ns=20000000
D/iNemoSensor( 2259): setDelay(): handle(5), en(20000000)
I/iNemoSensor( 2259): skip update_delay wanted_accel = 200000000 current delay = 200000000
D/KeyguardViewMediator( 2259): setHidden false
W/STATUSBAR-QuickSettingPanel( 2707): prepareTranslationXfalse 318
D/WindowManager( 2259): mInputFocus is not null.
D/WindowManager( 2259): mInputFocus is not null.
D/WindowManager( 2259): mInputFocus is not null.
D/WindowManager( 2259): mInputFocus is not null.
D/wpfx.pan.jni( 2091): RendererBase(57139100)::pause
D/KeyguardViewMediator( 2259): setHidden false
D/WindowManager( 2259): mInputFocus is not null.
D/WindowManager( 2259): mInputFocus is not null.
D/KeyguardViewMediator( 2259): setHidden false
D/WindowManager( 2259): mInputFocus is not null.
D/WfdService( 2259): intent recieved android.intent.action.CONFIGURATION_CHANGED
D/KeyguardViewMediator( 2259): setHidden false
D/WindowManager( 2259): mInputFocus is not null.
D/WindowManager( 2259): mInputFocus is not null.
D/WindowManager( 2259): mInputFocus is not null.
D/WindowManager( 2259): mInputFocus is not null.
D/ClockAlarmWidgetService( 3651): [ClockAlarmWidgetService] onReceive: action = android.intent.action.CONFIGURATION_CHANGED
E/ClockAlarmWidget( 3651): [AlarmWidgetIdManager] getListItem() : itemIndex=0, widgetID:7
E/ClockAlarmWidget( 3651): [AlarmWidgetIdManager] getListItem() : ItemIndex exceed ListItemCount. itemIndex=1
E/ClockAlarmWidget( 3651): [AlarmWidgetIdManager] getListItem() : itemIndex=1, widgetID:7
D/WindowManager( 2259): mInputFocus is not null.
D/STATUSBAR-PhoneStatusBar( 2707): Landscape - marquee statusbar
D/Launcher( 6417): onTrimMemory. Level: 20
D/KeyguardViewMediator( 2259): setHidden false
D/WindowManager( 2259): mInputFocus is not null.
D/WindowManager( 2259): mInputFocus is not null.
V/SDL ( 3847): onResume()
D/WindowManager( 2259): mInputFocus is not null.
I/SurfaceFlinger( 1917): id=18620(3) createSurf 0x429e674c (1x1),1 flag=0, sestrenderc
I/SurfaceFlinger( 1917): SurfaceFlinger : eMagnificationFactorChanged. magnificationFactor=1.0
I/SurfaceFlinger( 1917): SurfaceFlinger : eZoomPositionChanged. zoomX=0.0 zoomY=0.0
D/WindowManager( 2259): PhoneWindowManager: focusChangedLw
D/STATUSBAR-StatusBarManagerService( 2259): setSystemUiVisibility(0x0)
D/STATUSBAR-StatusBarManagerService( 2259): manageDisableList what=0x0 pkg=WindowManager.LayoutParams
D/KeyguardViewMediator( 2259): setHidden false
D/KeyguardViewMediator( 2259): setHidden false
I/ActivityManager( 2259): Process com.sec.pcw:CameraAutoUpload (pid 3770) (adj 10) has died.
D/KeyguardViewMediator( 2259): setHidden false
D/dalvikvm( 2969): GC_CONCURRENT freed 260K, 9% free 12417K/13511K, paused 22ms+4ms, total 73ms
D/STATUSBAR-NetworkController( 2707): onReceive() - ACTION_CONFIGURATION_CHANGED
D/STATUSBAR-Clock( 2707): onReceive() - ACTION_CONFIGURATION_CHANGED
D/STATUSBAR-Clock( 2707): onReceive() - ACTION_CONFIGURATION_CHANGED
V/PhoneStatusBar( 2707): setLightsOn(true)
I/ActivityManager( 2259): Process com.roidapp.photogrid (pid 3628) (adj 10) has died.
I/SurfaceFlinger( 1917): id=18621(4) createSurf 0x429e6ab4 (1280x720),4 flag=400, TurfaceView
I/SurfaceFlinger( 1917): SurfaceFlinger : eMagnificationFactorChanged. magnificationFactor=1.0
I/SurfaceFlinger( 1917): SurfaceFlinger : eZoomPositionChanged. zoomX=0.0 zoomY=0.0
D/KeyguardViewMediator( 2259): setHidden false
D/KeyguardViewMediator( 2259): setHidden false
I/SurfaceFlinger( 1917): id=18614 Removed Mauncher idx=1 MapSz=4
D/KeyguardViewMediator( 2259): setHidden false
V/SDL ( 3847): surfaceCreated()
V/SDL ( 3847): surfaceChanged()
V/SDL ( 3847): pixel format RGB_565
V/SDL ( 3847): Window size:1280x720
I/SurfaceFlinger( 1917): id=18614 Removed Mauncher idx=-2 MapSz=4
I/SurfaceFlinger( 1917): id=18608 Removed TurfaceView idx=-2 MapSz=4
D/wpfx.pan.jni( 2091): RenderBase(57139100)::resize() 1280x720 (max 1920x720)
D/wpfx.pan.jni( 2091): BGTEX: (0, 0)-(1920.00, 1280.00)
D/KeyguardViewMediator( 2259): setHidden false
D/KeyguardViewMediator( 2259): setHidden false
D/dalvikvm( 4438): GC_CONCURRENT freed 177K, 6% free 12447K/13191K, paused 2ms+3ms, total 37ms
D/dalvikvm( 4438): WAIT_FOR_CONCURRENT_GC blocked 25ms
D/KeyguardViewMediator( 2259): setHidden false
I/ActivityManager( 2259): Process com.sec.android.provider.badge (pid 3696) (adj 10) has died.
D/KeyguardViewMediator( 2259): setHidden false
V/SDL ( 3847): onWindowFocusChanged(): true
V/SDL ( 3847): nativeResume()
D/SensorService( 2259): info.rates.add, set DEFAULT_EVENTS_PERIOD
D/SensorService( 2259): SensorDevice::activating sensor handle=0 ns=200000000
D/iNemoSensor( 2259): setDelay(): handle(0), en(200000000)
I/iNemoSensor( 2259): skip update_delay wanted_accel = 200000000 current delay = 200000000
I/SensorService( 2259): info.selectDelay() ns=20000000
D/iNemoSensor( 2259): setDelay(): handle(0), en(20000000)
I/iNemoSensor( 2259): update_delay wanted_accel = 20000000
D/SensorService( 2259): SensorDevice::setDelay, Return(true 1, false 0) = 1
D/SensorManager( 3847): registerListener :: handle = 0 name= LSM330DLC 3-axis Accelerometer delay= 20000 Listener= org.libsdl.app.SDLSurface@41be8db8
I/ClipboardServiceEx( 2259): Send intent for dismiss clipboard dialog inside hideCurrentInputLocked() !
D/KeyguardViewMediator( 2259): setHidden false
W/IInputConnectionWrapper( 6417): showStatusIcon on inactive InputConnection
W/ActivityManager( 2259): mDVFSLock.release()
D/AkmSensor( 2259): MeasureSNGLoop: interval.interval = 20000000, doze_max = 19600, prms->enabled = 2
I/SurfaceFlinger( 1917): id=18622(3115) createSurf (1440x1280),-1 flag=20000, ClackSurfac
I/SurfaceFlinger( 1917): id=18623(3116) createSurf (720x2560),-1 flag=20000, ClackSurfac
I/SurfaceFlinger( 1917): id=18624(3117) createSurf (1440x1280),-1 flag=20000, ClackSurfac
I/SurfaceFlinger( 1917): id=18625(3118) createSurf (720x2560),-1 flag=20000, ClackSurfac
D/KeyguardViewMediator( 2259): setHidden false
D/Launcher.HomeFragment( 6417): onStop
D/Launcher( 6417): onStop, Launcher: 1103527480
I/ActivityThread( 4438): Pub com.sec.android.provider.stri_s1_worldclock: com.sec.android.app.clockpackage.worldclock.common.DataContentProvider
D/dalvikvm( 4438): GC_CONCURRENT freed 152K, 6% free 12820K/13575K, paused 2ms+19ms, total 56ms
I/ActivityThread( 4438): Pub com.samsung.sec.android.clockpackage: com.sec.android.app.clockpackage.alarm.AlarmProvider
D/AlarmProvider( 4438): DatabaseHelper: 1
D/ClockAlarmDataProvider( 3651): getAlarm() - too many same ID alarm data. nCount: 0
D/STATUSBAR-NetworkController( 2707): refreshSignalCluster: data=0 bt=false
D/STATUSBAR-SignalClusterView( 2707): mSeparateMobileGroup=8
D/STATUSBAR-SignalClusterView( 2707): mSeparateMobileGroup=8
D/STATUSBAR-SignalClusterView( 2707): mSeparateMobileGroup=8
D/STATUSBAR-NetworkController( 2707): onReceive() - RSSI_CHANGED_ACTION, WIFI_STATE, NETWORK_STATE
D/STATUSBAR-NetworkController( 2707): refreshSignalCluster: data=0 bt=false
D/STATUSBAR-SignalClusterView( 2707): mSeparateMobileGroup=8
D/STATUSBAR-SignalClusterView( 2707): mSeparateMobileGroup=8
D/STATUSBAR-SignalClusterView( 2707): mSeparateMobileGroup=8
I/SurfaceFlinger( 1917): id=18619 Removed GreezeSurfa idx=6 MapSz=4
I/SurfaceFlinger( 1917): id=18619 Removed GreezeSurfa idx=-2 MapSz=4
I/SurfaceFlinger( 1917): id=18622 Removed ClackSurfac idx=6 MapSz=4
I/SurfaceFlinger( 1917): id=18623 Removed ClackSurfac idx=6 MapSz=4
I/SurfaceFlinger( 1917): id=18622 Removed ClackSurfac idx=-2 MapSz=4
I/SurfaceFlinger( 1917): id=18624 Removed ClackSurfac idx=6 MapSz=4
I/SurfaceFlinger( 1917): id=18623 Removed ClackSurfac idx=-2 MapSz=4
I/SurfaceFlinger( 1917): id=18625 Removed ClackSurfac idx=6 MapSz=4
I/SurfaceFlinger( 1917): id=18624 Removed ClackSurfac idx=-2 MapSz=4
I/SurfaceFlinger( 1917): id=18625 Removed ClackSurfac idx=-2 MapSz=4
D/KeyguardViewMediator( 2259): setHidden false
D/KeyguardViewMediator( 2259): setHidden false
V/WindowManager( 2259): rotationForOrientationLw(orient=0, last=1); user=0 mLidState=-1 mDockMode=0 mHdmiPlugged=false mAccelerometerDefault=false sensorRotation=-1
I/power ( 2259): *** release_dvfs_lock : lockType : 1
D/PowerManagerService( 2259): releaseDVFSLockLocked : all DVFS_MIN_LIMIT are released
W/PowerManagerService( 2259): Timer 0x3->0x3|0x0
D/STATUSBAR-NetworkController( 2707): refreshSignalCluster: data=0 bt=false
D/STATUSBAR-SignalClusterView( 2707): mSeparateMobileGroup=8
D/STATUSBAR-SignalClusterView( 2707): mSeparateMobileGroup=8
D/STATUSBAR-SignalClusterView( 2707): mSeparateMobileGroup=8
D/dalvikvm( 2259): WAIT_FOR_CONCURRENT_GC blocked 0ms
D/dalvikvm( 2259): GC_EXPLICIT freed 1356K, 29% free 37016K/51655K, paused 14ms+14ms, total 223ms
D/STATUSBAR-NetworkController( 2707): refreshSignalCluster: data=0 bt=false
D/STATUSBAR-SignalClusterView( 2707): mSeparateMobileGroup=8
D/STATUSBAR-SignalClusterView( 2707): mSeparateMobileGroup=8
D/STATUSBAR-SignalClusterView( 2707): mSeparateMobileGroup=8
D/STATUSBAR-NetworkController( 2707): refreshSignalCluster: data=0 bt=false
D/STATUSBAR-SignalClusterView( 2707): mSeparateMobileGroup=8
D/STATUSBAR-SignalClusterView( 2707): mSeparateMobileGroup=8
D/STATUSBAR-SignalClusterView( 2707): mSeparateMobileGroup=8
D/dalvikvm( 2899): WAIT_FOR_CONCURRENT_GC blocked 0ms
D/dalvikvm( 2899): GC_EXPLICIT freed 740K, 33% free 25444K/37831K, paused 12ms+6ms, total 97ms
V/AlarmManager( 2259): waitForAlarm result :8
W/ThrottleService( 2259): unable to find stats for iface rmnet0
W/AlarmManager( 2259): FACTORY_ON= 0
W/SignalStrength( 2259): getGsmLevel=1
W/SignalStrength( 2707): getGsmLevel=1
W/SignalStrength( 2707): getLevel=1 (SignalStrength: 2 -1 -1 -1 -1 -1 -1 -1 -1 -1 -1 -1 gsm|lte 1)
W/SignalStrength( 2707): getGsmLevel=1
W/SignalStrength( 2259): getLevel=1 (SignalStrength: 2 -1 -1 -1 -1 -1 -1 -1 -1 -1 -1 -1 gsm|lte 1)
W/SignalStrength( 2707): getLevel=1 (SignalStrength: 2 -1 -1 -1 -1 -1 -1 -1 -1 -1 -1 -1 gsm|lte 1)
W/SignalStrength( 2259): getGsmDbm=-109
D/STATUSBAR-NetworkController( 2707): onSignalStrengthsChanged signalStrength=SignalStrength: 2 -1 -1 -1 -1 -1 -1 -1 -1 -1 -1 -1 gsm|lte 1 level=1
W/SignalStrength( 2259): getDbm=-109
W/SignalStrength( 2259): getGsmAsuLevel=2
W/SignalStrength( 2259): getAsuLevel=2
W/AlarmManager( 2259): FACTORY_ON= 0
D/STATUSBAR-NetworkController( 2707): refreshSignalCluster: data=0 bt=false
D/STATUSBAR-SignalClusterView( 2707): mSeparateMobileGroup=8
D/STATUSBAR-SignalClusterView( 2707): mSeparateMobileGroup=8
D/STATUSBAR-SignalClusterView( 2707): mSeparateMobileGroup=8
V/AlarmManager( 2259): waitForAlarm result :8
