D/AudioHardwareTinyALSA( 1920): setOutputVolume
D/TinyUCM ( 1920): setModifier Normal, en=1
I/AudioHardwareTinyALSA( 1920): OutALSA::setDevice: mHandle NULL mode[0], Device[00000002]
I/AudioHardwareTinyALSA( 1920): Open: mDefaults->direction=0 device=0
D/AudioHardwareTinyALSA( 1920): Channel: 2, Samplerate: 44100, Format: 0, Peroid Size: 1024, Period Count: 4
I/AudioHardwareTinyALSA( 1920): before pcm_prepare
D/AudioHardwareTinyALSA( 1920): setPcmInterface: Stream=0x1, iSamplerate=8000++
D/AudioHardwareTinyALSA( 1920): setPcmInterface--
D/dalvikvm(30688): GC_CONCURRENT freed 1260K, 9% free 19448K/21319K, paused 14ms+7ms, total 260ms
D/SensorManager( 2259): unregisterListener:: Listener= com.android.server.LightsService$4@423c46d0
D/LightsService( 2259): [SvcLED] onSensorChanged::light value = 19
D/SensorService( 2259): SensorDevice::activate (enable 1, disable 0) = 0
D/SensorService( 2259): activating sensor disable handle=3
D/SensorService( 2259): activating sensor disable, Done!
D/SensorService( 2259): SensorDevice::activating sensor handle=3 ns=200000000
W/AlarmManager( 2259): FACTORY_ON= 0
E/OMXCodec( 1920): [OMX.google.vorbis.decoder] err = -1011
V/AwesomePlayer( 1920): MEDIA_PLAYBACK_COMPLETE
V/AwesomePlayer( 1920): notifyListner_l() msg (2-MEDIA_PLAYBACK_COMPLETE), ext1 (0), ext2 (0)
V/MediaPlayerService( 1920): [1917] notify (0x41d58de0, 2, 0, 0)
V/AudioSink( 1920): stop
V/MediaPlayer(30688): message received msg=2, ext1=0, ext2=0
V/MediaPlayer(30688): playback complete
V/MediaPlayer(30688): callback application
V/MediaPlayer(30688): back from callback
V/LvOutput( 1920): initCheck: 0
V/LvOutput( 1920): detachEffects: detach processing for output 2, stream 5, session 6350
V/LvOutput( 1920): detachEffects: no output processing was attached to this stream
V/AudioPolicyManagerBase( 1920): stopOutput() output 2, stream 5, session 6350
V/AudioPolicyManagerBase( 1920): changeRefCount() stream 5, count 0
V/AudioPolicyManagerBase( 1920): getNewDevice() selected device 0
V/AudioPolicyManagerBase( 1920): setOutputDevice() output 2 device 0000 force 0 delayMs 184
V/AudioPolicyManagerBase( 1920): setOutputDevice() prevDevice 0002
V/AudioPolicyManagerBase( 1920): setOutputDevice() setting same device 0000 or null device for output 2
E/Watchdog( 2259): !@Sync 11509
D/AudioHardwareTinyALSA( 1920): Entering AudioStreamOutALSA standby mode
I/AudioHardwareTinyALSA( 1920): Close mHandle:41d9f088
D/BatteryService( 2259): update start
D/BatteryService( 2259): level:67 scale:100 status:3 health:2 present:true voltage: 3913 temperature: 264 technology: Li-ion AC powered:false USB powered:false icon:17303213 invalid charger:0
V/ThermistorObserver( 2259): Thermistor UEVENT: {SUBSYSTEM=platform, DEVPATH=/devices/platform/s5p-tmu, SEQNUM=4153522, TMUSTATE=0, ACTION=change, DRIVER=s5p-tmu, MODALIAS=platform:s5p-tmu}
D/STATUSBAR-BatteryController( 2707): onReceive() - ACTION_BATTERY_CHANGED
D/STATUSBAR-BatteryController( 2707): onReceive() - level:67
D/STATUSBAR-BatteryController( 2707): onReceive() - plugged:0
D/STATUSBAR-BatteryController( 2707): onReceive() - BATTERY_STATUS_DISCHARGING: stat_sys_battery
E/Parcel ( 7294): Reading a NULL string not supported here.
D/ ( 7294): Get battery level: 67 .
D/ ( 7294): Get charging state:Discharging
D/ ( 7294): It is not charging
D/STATUSBAR-PhoneStatusBar( 2707): ACTION_BATTERY_CHANGED
D/BatteryService( 2259): update start
D/BatteryService( 2259): level:67 scale:100 status:3 health:2 present:true voltage: 3909 temperature: 265 technology: Li-ion AC powered:false USB powered:false icon:17303213 invalid charger:0
V/AlarmManager( 2259): waitForAlarm result :8
W/SignalStrength( 2259): getGsmLevel=1
W/SignalStrength( 2259): getLevel=1 (SignalStrength: 5 -1 -1 -1 -1 -1 -1 -1 -1 -1 -1 -1 gsm|lte 1)
W/SignalStrength( 2707): getGsmLevel=1
W/SignalStrength( 2707): getLevel=1 (SignalStrength: 5 -1 -1 -1 -1 -1 -1 -1 -1 -1 -1 -1 gsm|lte 1)
W/SignalStrength( 2707): getGsmLevel=1
W/SignalStrength( 2707): getLevel=1 (SignalStrength: 5 -1 -1 -1 -1 -1 -1 -1 -1 -1 -1 -1 gsm|lte 1)
D/STATUSBAR-NetworkController( 2707): onSignalStrengthsChanged signalStrength=SignalStrength: 5 -1 -1 -1 -1 -1 -1 -1 -1 -1 -1 -1 gsm|lte 1 level=1
D/STATUSBAR-NetworkController( 2707): refreshSignalCluster: data=0 bt=false
D/STATUSBAR-SignalClusterView( 2707): mSeparateMobileGroup=8
D/STATUSBAR-SignalClusterView( 2707): mSeparateMobileGroup=8
D/STATUSBAR-SignalClusterView( 2707): mSeparateMobileGroup=8
W/SignalStrength( 2259): getGsmLevel=1
W/SignalStrength( 2259): getLevel=1 (SignalStrength: 4 -1 -1 -1 -1 -1 -1 -1 -1 -1 -1 -1 gsm|lte 1)
W/SignalStrength( 2259): getGsmDbm=-103
W/SignalStrength( 2259): getDbm=-103
W/SignalStrength( 2259): getGsmAsuLevel=5
W/SignalStrength( 2259): getAsuLevel=5
E/Parcel ( 7294): Reading a NULL string not supported here.
D/ ( 7294): Get battery level: 67 .
D/ ( 7294): Get charging state:Discharging
D/ ( 7294): It is not charging
V/AlarmManager( 2259): ClockReceiver onReceive() ACTION_TIME_TICK
W/AlarmManager( 2259): FACTORY_ON= 0
D/STATUSBAR-BatteryController( 2707): onReceive() - ACTION_BATTERY_CHANGED
D/STATUSBAR-BatteryController( 2707): onReceive() - level:67
D/STATUSBAR-BatteryController( 2707): onReceive() - plugged:0
D/STATUSBAR-BatteryController( 2707): onReceive() - BATTERY_STATUS_DISCHARGING: stat_sys_battery
W/SignalStrength( 2707): getGsmLevel=1
W/SignalStrength( 2707): getLevel=1 (SignalStrength: 4 -1 -1 -1 -1 -1 -1 -1 -1 -1 -1 -1 gsm|lte 1)
W/SignalStrength( 2707): getGsmLevel=1
V/ThermistorObserver( 2259): Thermistor UEVENT: {SUBSYSTEM=platform, DEVPATH=/devices/platform/s5p-tmu, SEQNUM=4153527, TMUSTATE=0, ACTION=change, DRIVER=s5p-tmu, MODALIAS=platform:s5p-tmu}
D/STATUSBAR-PhoneStatusBar( 2707): ACTION_BATTERY_CHANGED
D/STATUSBAR-NetworkController( 2707): onSignalStrengthsChanged signalStrength=SignalStrength: 4 -1 -1 -1 -1 -1 -1 -1 -1 -1 -1 -1 gsm|lte 1 level=1
W/SignalStrength( 2259): getGsmDbm=-105
W/SignalStrength( 2259): getDbm=-105
W/SignalStrength( 2259): getGsmAsuLevel=4
W/SignalStrength( 2259): getAsuLevel=4
W/SignalStrength( 2707): getLevel=1 (SignalStrength: 4 -1 -1 -1 -1 -1 -1 -1 -1 -1 -1 -1 gsm|lte 1)
D/STATUSBAR-Clock( 2707): onReceive() - ACTION_TIME_TICK
W/AlarmManager( 2259): FACTORY_ON= 0
D/STATUSBAR-Clock( 2707): onReceive() - ACTION_TIME_TICK
W/AlarmManager( 2259): FACTORY_ON= 0
D/ClockAlarmWidgetService(24641): [ClockAlarmWidgetService] onReceive: action = android.intent.action.TIME_TICK
E/ClockAlarmWidget(24641): [AlarmWidgetIdManager] getListItem() : itemIndex=0, widgetID:7
E/ClockAlarmWidget(24641): [AlarmWidgetIdManager] getListItem() : ItemIndex exceed ListItemCount. itemIndex=1
E/ClockAlarmWidget(24641): [AlarmWidgetIdManager] getListItem() : itemIndex=1, widgetID:7
D/ClockAlarmDataProvider(24641): getAlarm() - too many same ID alarm data. nCount: 0
D/ClockWidget( 2259): refreshTime()
D/ClockWidget( 2259): TTS Message = Es ist 21:40., Freitag, Januar 3
W/AlarmManager( 2259): FACTORY_ON= 0
D/BatteryService( 2259): update start
D/BatteryService( 2259): level:67 scale:100 status:3 health:2 present:true voltage: 3911 temperature: 260 technology: Li-ion AC powered:false USB powered:false icon:17303213 invalid charger:0
V/AlarmManager( 2259): waitForAlarm result :8
E/Parcel ( 7294): Reading a NULL string not supported here.
D/ ( 7294): Get battery level: 67 .
D/ ( 7294): Get charging state:Discharging
D/ ( 7294): It is not charging
D/STATUSBAR-BatteryController( 2707): onReceive() - ACTION_BATTERY_CHANGED
D/STATUSBAR-BatteryController( 2707): onReceive() - level:67
D/STATUSBAR-BatteryController( 2707): onReceive() - plugged:0
D/STATUSBAR-BatteryController( 2707): onReceive() - BATTERY_STATUS_DISCHARGING: stat_sys_battery
D/STATUSBAR-PhoneStatusBar( 2707): ACTION_BATTERY_CHANGED
V/AlarmManager( 2259): ClockReceiver onReceive() ACTION_TIME_TICK
W/AlarmManager( 2259): FACTORY_ON= 0
V/ThermistorObserver( 2259): Thermistor UEVENT: {SUBSYSTEM=platform, DEVPATH=/devices/platform/s5p-tmu, SEQNUM=4153532, TMUSTATE=0, ACTION=change, DRIVER=s5p-tmu, MODALIAS=platform:s5p-tmu}
D/STATUSBAR-Clock( 2707): onReceive() - ACTION_TIME_TICK
D/STATUSBAR-Clock( 2707): onReceive() - ACTION_TIME_TICK
D/ClockAlarmWidgetService(24641): [ClockAlarmWidgetService] onReceive: action = android.intent.action.TIME_TICK
E/ClockAlarmWidget(24641): [AlarmWidgetIdManager] getListItem() : itemIndex=0, widgetID:7
E/ClockAlarmWidget(24641): [AlarmWidgetIdManager] getListItem() : ItemIndex exceed ListItemCount. itemIndex=1
E/ClockAlarmWidget(24641): [AlarmWidgetIdManager] getListItem() : itemIndex=1, widgetID:7
D/ClockAlarmDataProvider(24641): getAlarm() - too many same ID alarm data. nCount: 0
D/ClockWidget( 2259): refreshTime()
D/ClockWidget( 2259): TTS Message = Es ist 21:41., Freitag, Januar 3
W/SignalStrength( 2259): getGsmLevel=1
W/SignalStrength( 2259): getLevel=1 (SignalStrength: 3 -1 -1 -1 -1 -1 -1 -1 -1 -1 -1 -1 gsm|lte 1)
W/SignalStrength( 2707): getGsmLevel=1
W/SignalStrength( 2707): getLevel=1 (SignalStrength: 3 -1 -1 -1 -1 -1 -1 -1 -1 -1 -1 -1 gsm|lte 1)
W/SignalStrength( 2707): getGsmLevel=1
W/SignalStrength( 2707): getLevel=1 (SignalStrength: 3 -1 -1 -1 -1 -1 -1 -1 -1 -1 -1 -1 gsm|lte 1)
W/SignalStrength( 2259): getGsmDbm=-107
W/SignalStrength( 2259): getDbm=-107
W/SignalStrength( 2259): getGsmAsuLevel=3
W/SignalStrength( 2259): getAsuLevel=3
D/STATUSBAR-NetworkController( 2707): onSignalStrengthsChanged signalStrength=SignalStrength: 3 -1 -1 -1 -1 -1 -1 -1 -1 -1 -1 -1 gsm|lte 1 level=1
W/AlarmManager( 2259): FACTORY_ON= 0
D/BatteryService( 2259): update start
D/BatteryService( 2259): level:67 scale:100 status:3 health:2 present:true voltage: 3910 temperature: 267 technology: Li-ion AC powered:false USB powered:false icon:17303213 invalid charger:0
E/Parcel ( 7294): Reading a NULL string not supported here.
D/ ( 7294): Get battery level: 67 .
D/ ( 7294): Get charging state:Discharging
D/ ( 7294): It is not charging
W/SignalStrength( 2259): getGsmLevel=2
W/SignalStrength( 2259): getLevel=2 (SignalStrength: 3 -1 -1 -1 -1 -1 -1 -1 -1 -1 -1 -1 gsm|lte 2)
D/STATUSBAR-BatteryController( 2707): onReceive() - ACTION_BATTERY_CHANGED
D/STATUSBAR-BatteryController( 2707): onReceive() - level:67
D/STATUSBAR-BatteryController( 2707): onReceive() - plugged:0
D/STATUSBAR-BatteryController( 2707): onReceive() - BATTERY_STATUS_DISCHARGING: stat_sys_battery
D/STATUSBAR-PhoneStatusBar( 2707): ACTION_BATTERY_CHANGED
W/SignalStrength( 2259): getGsmDbm=-107
W/SignalStrength( 2259): getDbm=-107
W/SignalStrength( 2259): getGsmAsuLevel=3
W/SignalStrength( 2259): getAsuLevel=3
V/ThermistorObserver( 2259): Thermistor UEVENT: {SUBSYSTEM=platform, DEVPATH=/devices/platform/s5p-tmu, SEQNUM=4153537, TMUSTATE=0, ACTION=change, DRIVER=s5p-tmu, MODALIAS=platform:s5p-tmu}
W/SignalStrength( 2707): getGsmLevel=2
W/SignalStrength( 2707): getLevel=2 (SignalStrength: 3 -1 -1 -1 -1 -1 -1 -1 -1 -1 -1 -1 gsm|lte 2)
W/SignalStrength( 2707): getGsmLevel=2
W/SignalStrength( 2707): getLevel=2 (SignalStrength: 3 -1 -1 -1 -1 -1 -1 -1 -1 -1 -1 -1 gsm|lte 2)
D/STATUSBAR-NetworkController( 2707): onSignalStrengthsChanged signalStrength=SignalStrength: 3 -1 -1 -1 -1 -1 -1 -1 -1 -1 -1 -1 gsm|lte 2 level=2
D/STATUSBAR-NetworkController( 2707): refreshSignalCluster: data=0 bt=false
D/STATUSBAR-SignalClusterView( 2707): mSeparateMobileGroup=8
D/STATUSBAR-SignalClusterView( 2707): mSeparateMobileGroup=8
D/STATUSBAR-SignalClusterView( 2707): mSeparateMobileGroup=8
V/MediaPlayer-JNI(30688): stop
V/MediaPlayer(30688): stop
V/MediaPlayerService( 1920): [1917] stop
V/StagefrightPlayer( 1920): stop
V/StagefrightPlayer( 1920): pause
V/AwesomePlayer( 1920): pause
V/MediaPlayer-JNI(30688): release
V/MediaPlayer(30688): setListener
V/MediaPlayer(30688): disconnect
V/MediaPlayerService( 1920): disconnect(1917) from pid 30688
V/StagefrightPlayer( 1920): reset
I/AwesomePlayer( 1920): reset
I/AwesomePlayer( 1920): cancel player events
V/AwesomePlayer( 1920): mAudioTrackVector clear
V/AudioSink( 1920): stop
I/AudioSink( 1920): +++ close
V/AudioPolicyManagerBase( 1920): releaseOutput() 2
I/AudioSink( 1920): --- close
I/OMXCodec( 1920): [OMX.google.vorbis.decoder] stop() sendCommand(0x1d01, OMX_CommandStateSet, OMX_StateIdle)
W/AlarmManager( 2259): FACTORY_ON= 0
I/OMXCodec( 1920): [OMX.google.vorbis.decoder] stopped in state 1
V/StagefrightPlayer( 1920): ~StagefrightPlayer
V/StagefrightPlayer( 1920): reset
I/AwesomePlayer( 1920): reset
I/AwesomePlayer( 1920): cancel player events
V/AwesomePlayer( 1920): mAudioTrackVector clear
I/AwesomePlayer( 1920): reset
I/AwesomePlayer( 1920): cancel player events
V/AwesomePlayer( 1920): mAudioTrackVector clear
V/AwesomePlayer( 1920): ~AwesomePlayer()
V/MediaPlayer(30688): destructor
V/MediaPlayerService( 1920): Client(1917) destructor pid = 30688
I/AudioSink( 1920): +++ close
I/AudioSink( 1920): --- close
V/MediaPlayerService( 1920): disconnect(1917) from pid 30688
V/MediaPlayer(30688): disconnect
D/BatteryService( 2259): update start
D/BatteryService( 2259): level:67 scale:100 status:3 health:2 present:true voltage: 3913 temperature: 264 technology: Li-ion AC powered:false USB powered:false icon:17303213 invalid charger:0
V/ThermistorObserver( 2259): Thermistor UEVENT: {SUBSYSTEM=platform, DEVPATH=/devices/platform/s5p-tmu, SEQNUM=4153542, TMUSTATE=0, ACTION=change, DRIVER=s5p-tmu, MODALIAS=platform:s5p-tmu}
D/STATUSBAR-BatteryController( 2707): onReceive() - ACTION_BATTERY_CHANGED
D/STATUSBAR-BatteryController( 2707): onReceive() - level:67
D/STATUSBAR-BatteryController( 2707): onReceive() - plugged:0
D/STATUSBAR-BatteryController( 2707): onReceive() - BATTERY_STATUS_DISCHARGING: stat_sys_battery
E/Parcel ( 7294): Reading a NULL string not supported here.
D/ ( 7294): Get battery level: 67 .
D/ ( 7294): Get charging state:Discharging
D/ ( 7294): It is not charging
W/SignalStrength( 2259): getGsmLevel=2
W/SignalStrength( 2259): getLevel=2 (SignalStrength: 4 -1 -1 -1 -1 -1 -1 -1 -1 -1 -1 -1 gsm|lte 2)
W/SignalStrength( 2259): getGsmDbm=-105
W/SignalStrength( 2259): getDbm=-105
W/SignalStrength( 2259): getGsmAsuLevel=4
W/SignalStrength( 2259): getAsuLevel=4
W/SignalStrength( 2707): getGsmLevel=2
W/SignalStrength( 2707): getLevel=2 (SignalStrength: 4 -1 -1 -1 -1 -1 -1 -1 -1 -1 -1 -1 gsm|lte 2)
W/SignalStrength( 2707): getGsmLevel=2
W/SignalStrength( 2707): getLevel=2 (SignalStrength: 4 -1 -1 -1 -1 -1 -1 -1 -1 -1 -1 -1 gsm|lte 2)
D/STATUSBAR-PhoneStatusBar( 2707): ACTION_BATTERY_CHANGED
D/STATUSBAR-NetworkController( 2707): onSignalStrengthsChanged signalStrength=SignalStrength: 4 -1 -1 -1 -1 -1 -1 -1 -1 -1 -1 -1 gsm|lte 2 level=2
W/AlarmManager( 2259): FACTORY_ON= 0
V/AlarmManager( 2259): waitForAlarm result :4
V/AlarmManager( 2259): trigger ELAPSED_REALTIME_WAKEUP or RTC_WAKEUP
W/AlarmManager( 2259): FACTORY_ON= 0
E/SPPClientService(22757): [PushClientService] onStartCommand. F:false, D:false, E:false, T:false, S:false, R:false
D/BatteryService( 2259): update start
D/BatteryService( 2259): level:67 scale:100 status:3 health:2 present:true voltage: 3916 temperature: 261 technology: Li-ion AC powered:false USB powered:false icon:17303213 invalid charger:0
V/AlarmManager( 2259): waitForAlarm result :8
V/ThermistorObserver( 2259): Thermistor UEVENT: {SUBSYSTEM=platform, DEVPATH=/devices/platform/s5p-tmu, SEQNUM=4153547, TMUSTATE=0, ACTION=change, DRIVER=s5p-tmu, MODALIAS=platform:s5p-tmu}
W/SignalStrength( 2259): getGsmLevel=1
W/SignalStrength( 2259): getLevel=1 (SignalStrength: 4 -1 -1 -1 -1 -1 -1 -1 -1 -1 -1 -1 gsm|lte 1)
W/SignalStrength( 2707): getGsmLevel=1
W/SignalStrength( 2707): getLevel=1 (SignalStrength: 4 -1 -1 -1 -1 -1 -1 -1 -1 -1 -1 -1 gsm|lte 1)
W/SignalStrength( 2707): getGsmLevel=1
W/SignalStrength( 2707): getLevel=1 (SignalStrength: 4 -1 -1 -1 -1 -1 -1 -1 -1 -1 -1 -1 gsm|lte 1)
D/STATUSBAR-NetworkController( 2707): onSignalStrengthsChanged signalStrength=SignalStrength: 4 -1 -1 -1 -1 -1 -1 -1 -1 -1 -1 -1 gsm|lte 1 level=1
D/STATUSBAR-NetworkController( 2707): refreshSignalCluster: data=0 bt=false
D/STATUSBAR-SignalClusterView( 2707): mSeparateMobileGroup=8
D/STATUSBAR-SignalClusterView( 2707): mSeparateMobileGroup=8
D/STATUSBAR-SignalClusterView( 2707): mSeparateMobileGroup=8
W/SignalStrength( 2259): getGsmDbm=-105
W/SignalStrength( 2259): getDbm=-105
W/SignalStrength( 2259): getGsmAsuLevel=4
W/SignalStrength( 2259): getAsuLevel=4
V/AlarmManager( 2259): ClockReceiver onReceive() ACTION_TIME_TICK
W/AlarmManager( 2259): FACTORY_ON= 0
E/Parcel ( 7294): Reading a NULL string not supported here.
D/ ( 7294): Get battery level: 67 .
D/ ( 7294): Get charging state:Discharging
D/ ( 7294): It is not charging
D/STATUSBAR-BatteryController( 2707): onReceive() - ACTION_BATTERY_CHANGED
D/STATUSBAR-BatteryController( 2707): onReceive() - level:67
D/STATUSBAR-BatteryController( 2707): onReceive() - plugged:0
D/STATUSBAR-BatteryController( 2707): onReceive() - BATTERY_STATUS_DISCHARGING: stat_sys_battery
D/STATUSBAR-PhoneStatusBar( 2707): ACTION_BATTERY_CHANGED
D/STATUSBAR-Clock( 2707): onReceive() - ACTION_TIME_TICK
D/STATUSBAR-Clock( 2707): onReceive() - ACTION_TIME_TICK
W/AlarmManager( 2259): FACTORY_ON= 0
D/ClockAlarmWidgetService(24641): [ClockAlarmWidgetService] onReceive: action = android.intent.action.TIME_TICK
E/ClockAlarmWidget(24641): [AlarmWidgetIdManager] getListItem() : itemIndex=0, widgetID:7
E/ClockAlarmWidget(24641): [AlarmWidgetIdManager] getListItem() : ItemIndex exceed ListItemCount. itemIndex=1
E/ClockAlarmWidget(24641): [AlarmWidgetIdManager] getListItem() : itemIndex=1, widgetID:7
D/ClockAlarmDataProvider(24641): getAlarm() - too many same ID alarm data. nCount: 0
D/ClockWidget( 2259): refreshTime()
D/ClockWidget( 2259): TTS Message = Es ist 21:42., Freitag, Januar 3
D/BatteryService( 2259): update start
W/SignalStrength( 2259): getGsmLevel=2
W/SignalStrength( 2259): getLevel=2 (SignalStrength: 4 -1 -1 -1 -1 -1 -1 -1 -1 -1 -1 -1 gsm|lte 2)
W/SignalStrength( 2707): getGsmLevel=2
W/SignalStrength( 2707): getLevel=2 (SignalStrength: 4 -1 -1 -1 -1 -1 -1 -1 -1 -1 -1 -1 gsm|lte 2)
W/SignalStrength( 2707): getGsmLevel=2
W/SignalStrength( 2707): getLevel=2 (SignalStrength: 4 -1 -1 -1 -1 -1 -1 -1 -1 -1 -1 -1 gsm|lte 2)
D/STATUSBAR-NetworkController( 2707): onSignalStrengthsChanged signalStrength=SignalStrength: 4 -1 -1 -1 -1 -1 -1 -1 -1 -1 -1 -1 gsm|lte 2 level=2
D/STATUSBAR-NetworkController( 2707): refreshSignalCluster: data=0 bt=false
D/STATUSBAR-SignalClusterView( 2707): mSeparateMobileGroup=8
D/STATUSBAR-SignalClusterView( 2707): mSeparateMobileGroup=8
D/STATUSBAR-SignalClusterView( 2707): mSeparateMobileGroup=8
D/BatteryService( 2259): level:67 scale:100 status:3 health:2 present:true voltage: 3911 temperature: 256 technology: Li-ion AC powered:false USB powered:false icon:17303213 invalid charger:0
W/SignalStrength( 2259): getGsmDbm=-105
W/SignalStrength( 2259): getDbm=-105
W/SignalStrength( 2259): getGsmAsuLevel=4
W/SignalStrength( 2259): getAsuLevel=4
E/Parcel ( 7294): Reading a NULL string not supported here.
D/ ( 7294): Get battery level: 67 .
D/ ( 7294): Get charging state:Discharging
D/ ( 7294): It is not charging
D/STATUSBAR-BatteryController( 2707): onReceive() - ACTION_BATTERY_CHANGED
D/STATUSBAR-BatteryController( 2707): onReceive() - level:67
D/STATUSBAR-BatteryController( 2707): onReceive() - plugged:0
D/STATUSBAR-BatteryController( 2707): onReceive() - BATTERY_STATUS_DISCHARGING: stat_sys_battery
D/STATUSBAR-PhoneStatusBar( 2707): ACTION_BATTERY_CHANGED
V/ThermistorObserver( 2259): Thermistor UEVENT: {SUBSYSTEM=platform, DEVPATH=/devices/platform/s5p-tmu, SEQNUM=4153552, TMUSTATE=0, ACTION=change, DRIVER=s5p-tmu, MODALIAS=platform:s5p-tmu}
W/AlarmManager( 2259): FACTORY_ON= 0
D/BatteryService( 2259): update start
D/BatteryService( 2259): level:67 scale:100 status:3 health:2 present:true voltage: 3919 temperature: 261 technology: Li-ion AC powered:false USB powered:false icon:17303213 invalid charger:0
V/AlarmManager( 2259): waitForAlarm result :8
D/STATUSBAR-BatteryController( 2707): onReceive() - ACTION_BATTERY_CHANGED
D/STATUSBAR-BatteryController( 2707): onReceive() - level:67
D/STATUSBAR-BatteryController( 2707): onReceive() - plugged:0
D/STATUSBAR-BatteryController( 2707): onReceive() - BATTERY_STATUS_DISCHARGING: stat_sys_battery
D/STATUSBAR-PhoneStatusBar( 2707): ACTION_BATTERY_CHANGED
V/AlarmManager( 2259): ClockReceiver onReceive() ACTION_TIME_TICK
W/AlarmManager( 2259): FACTORY_ON= 0
E/Parcel ( 7294): Reading a NULL string not supported here.
D/ ( 7294): Get battery level: 67 .
D/ ( 7294): Get charging state:Discharging
D/ ( 7294): It is not charging
V/ThermistorObserver( 2259): Thermistor UEVENT: {SUBSYSTEM=platform, DEVPATH=/devices/platform/s5p-tmu, SEQNUM=4153557, TMUSTATE=0, ACTION=change, DRIVER=s5p-tmu, MODALIAS=platform:s5p-tmu}
D/STATUSBAR-Clock( 2707): onReceive() - ACTION_TIME_TICK
D/STATUSBAR-Clock( 2707): onReceive() - ACTION_TIME_TICK
D/ClockAlarmWidgetService(24641): [ClockAlarmWidgetService] onReceive: action = android.intent.action.TIME_TICK
E/ClockAlarmWidget(24641): [AlarmWidgetIdManager] getListItem() : itemIndex=0, widgetID:7
E/ClockAlarmWidget(24641): [AlarmWidgetIdManager] getListItem() : ItemIndex exceed ListItemCount. itemIndex=1
E/ClockAlarmWidget(24641): [AlarmWidgetIdManager] getListItem() : itemIndex=1, widgetID:7
D/ClockAlarmDataProvider(24641): getAlarm() - too many same ID alarm data. nCount: 0
D/ClockWidget( 2259): refreshTime()
D/ClockWidget( 2259): TTS Message = Es ist 21:43., Freitag, Januar 3
D/BatteryService( 2259): update start
D/BatteryService( 2259): level:67 scale:100 status:3 health:2 present:true voltage: 3918 temperature: 258 technology: Li-ion AC powered:false USB powered:false icon:17303213 invalid charger:0
V/AlarmManager( 2259): waitForAlarm result :8
V/ThermistorObserver( 2259): Thermistor UEVENT: {SUBSYSTEM=platform, DEVPATH=/devices/platform/s5p-tmu, SEQNUM=4153562, TMUSTATE=0, ACTION=change, DRIVER=s5p-tmu, MODALIAS=platform:s5p-tmu}
D/STATUSBAR-BatteryController( 2707): onReceive() - ACTION_BATTERY_CHANGED
D/STATUSBAR-BatteryController( 2707): onReceive() - level:67
D/STATUSBAR-BatteryController( 2707): onReceive() - plugged:0
D/STATUSBAR-BatteryController( 2707): onReceive() - BATTERY_STATUS_DISCHARGING: stat_sys_battery
D/STATUSBAR-PhoneStatusBar( 2707): ACTION_BATTERY_CHANGED
W/SignalStrength( 2259): getGsmLevel=2
W/SignalStrength( 2259): getLevel=2 (SignalStrength: 5 -1 -1 -1 -1 -1 -1 -1 -1 -1 -1 -1 gsm|lte 2)
W/ThrottleService( 2259): unable to find stats for iface rmnet0
W/SignalStrength( 2707): getGsmLevel=2
W/SignalStrength( 2707): getLevel=2 (SignalStrength: 5 -1 -1 -1 -1 -1 -1 -1 -1 -1 -1 -1 gsm|lte 2)
W/SignalStrength( 2707): getGsmLevel=2
W/SignalStrength( 2707): getLevel=2 (SignalStrength: 5 -1 -1 -1 -1 -1 -1 -1 -1 -1 -1 -1 gsm|lte 2)
D/STATUSBAR-NetworkController( 2707): onSignalStrengthsChanged signalStrength=SignalStrength: 5 -1 -1 -1 -1 -1 -1 -1 -1 -1 -1 -1 gsm|lte 2 level=2
W/SignalStrength( 2259): getGsmDbm=-103
W/SignalStrength( 2259): getDbm=-103
W/SignalStrength( 2259): getGsmAsuLevel=5
W/SignalStrength( 2259): getAsuLevel=5
W/AlarmManager( 2259): FACTORY_ON= 0
W/AlarmManager( 2259): FACTORY_ON= 0
E/Parcel ( 7294): Reading a NULL string not supported here.
D/ ( 7294): Get battery level: 67 .
D/ ( 7294): Get charging state:Discharging
D/ ( 7294): It is not charging
V/AlarmManager( 2259): waitForAlarm result :8
V/AlarmManager( 2259): ClockReceiver onReceive() ACTION_TIME_TICK
W/AlarmManager( 2259): FACTORY_ON= 0
D/STATUSBAR-Clock( 2707): onReceive() - ACTION_TIME_TICK
D/STATUSBAR-Clock( 2707): onReceive() - ACTION_TIME_TICK
D/ClockAlarmWidgetService(24641): [ClockAlarmWidgetService] onReceive: action = android.intent.action.TIME_TICK
E/ClockAlarmWidget(24641): [AlarmWidgetIdManager] getListItem() : itemIndex=0, widgetID:7
E/ClockAlarmWidget(24641): [AlarmWidgetIdManager] getListItem() : ItemIndex exceed ListItemCount. itemIndex=1
E/ClockAlarmWidget(24641): [AlarmWidgetIdManager] getListItem() : itemIndex=1, widgetID:7
D/ClockAlarmDataProvider(24641): getAlarm() - too many same ID alarm data. nCount: 0
D/ClockWidget( 2259): refreshTime()
D/ClockWidget( 2259): TTS Message = Es ist 21:44., Freitag, Januar 3
D/BatteryService( 2259): update start
D/BatteryService( 2259): level:67 scale:100 status:3 health:2 present:true voltage: 3910 temperature: 258 technology: Li-ion AC powered:false USB powered:false icon:17303213 invalid charger:0
D/STATUSBAR-BatteryController( 2707): onReceive() - ACTION_BATTERY_CHANGED
D/STATUSBAR-BatteryController( 2707): onReceive() - level:67
D/STATUSBAR-BatteryController( 2707): onReceive() - plugged:0
D/STATUSBAR-BatteryController( 2707): onReceive() - BATTERY_STATUS_DISCHARGING: stat_sys_battery
D/STATUSBAR-PhoneStatusBar( 2707): ACTION_BATTERY_CHANGED
E/Parcel ( 7294): Reading a NULL string not supported here.
D/ ( 7294): Get battery level: 67 .
D/ ( 7294): Get charging state:Discharging
D/ ( 7294): It is not charging
V/ThermistorObserver( 2259): Thermistor UEVENT: {SUBSYSTEM=platform, DEVPATH=/devices/platform/s5p-tmu, SEQNUM=4153567, TMUSTATE=0, ACTION=change, DRIVER=s5p-tmu, MODALIAS=platform:s5p-tmu}
D/BatteryService( 2259): update start
D/BatteryService( 2259): level:67 scale:100 status:3 health:2 present:true voltage: 3921 temperature: 256 technology: Li-ion AC powered:false USB powered:false icon:17303213 invalid charger:0
V/AlarmManager( 2259): waitForAlarm result :8
E/Parcel ( 7294): Reading a NULL string not supported here.
D/ ( 7294): Get battery level: 67 .
D/ ( 7294): Get charging state:Discharging
D/ ( 7294): It is not charging
V/AlarmManager( 2259): ClockReceiver onReceive() ACTION_TIME_TICK
W/AlarmManager( 2259): FACTORY_ON= 0
D/STATUSBAR-BatteryController( 2707): onReceive() - ACTION_BATTERY_CHANGED
D/STATUSBAR-BatteryController( 2707): onReceive() - level:67
D/STATUSBAR-BatteryController( 2707): onReceive() - plugged:0
D/STATUSBAR-BatteryController( 2707): onReceive() - BATTERY_STATUS_DISCHARGING: stat_sys_battery
D/STATUSBAR-PhoneStatusBar( 2707): ACTION_BATTERY_CHANGED
V/ThermistorObserver( 2259): Thermistor UEVENT: {SUBSYSTEM=platform, DEVPATH=/devices/platform/s5p-tmu, SEQNUM=4153572, TMUSTATE=0, ACTION=change, DRIVER=s5p-tmu, MODALIAS=platform:s5p-tmu}
D/STATUSBAR-Clock( 2707): onReceive() - ACTION_TIME_TICK
D/STATUSBAR-Clock( 2707): onReceive() - ACTION_TIME_TICK
D/ClockAlarmWidgetService(24641): [ClockAlarmWidgetService] onReceive: action = android.intent.action.TIME_TICK
E/ClockAlarmWidget(24641): [AlarmWidgetIdManager] getListItem() : itemIndex=0, widgetID:7
E/ClockAlarmWidget(24641): [AlarmWidgetIdManager] getListItem() : ItemIndex exceed ListItemCount. itemIndex=1
E/ClockAlarmWidget(24641): [AlarmWidgetIdManager] getListItem() : itemIndex=1, widgetID:7
D/ClockAlarmDataProvider(24641): getAlarm() - too many same ID alarm data. nCount: 0
D/ClockWidget( 2259): refreshTime()
D/ClockWidget( 2259): TTS Message = Es ist 21:45., Freitag, Januar 3
D/dalvikvm( 2259): GC_CONCURRENT freed 2561K, 20% free 41376K/51655K, paused 47ms+24ms, total 316ms
D/BatteryService( 2259): update start
D/BatteryService( 2259): level:67 scale:100 status:3 health:2 present:true voltage: 3915 temperature: 256 technology: Li-ion AC powered:false USB powered:false icon:17303213 invalid charger:0
V/ThermistorObserver( 2259): Thermistor UEVENT: {SUBSYSTEM=platform, DEVPATH=/devices/platform/s5p-tmu, SEQNUM=4153577, TMUSTATE=0, ACTION=change, DRIVER=s5p-tmu, MODALIAS=platform:s5p-tmu}
D/STATUSBAR-BatteryController( 2707): onReceive() - ACTION_BATTERY_CHANGED
D/STATUSBAR-BatteryController( 2707): onReceive() - level:67
D/STATUSBAR-BatteryController( 2707): onReceive() - plugged:0
D/STATUSBAR-BatteryController( 2707): onReceive() - BATTERY_STATUS_DISCHARGING: stat_sys_battery
D/STATUSBAR-PhoneStatusBar( 2707): ACTION_BATTERY_CHANGED
E/Parcel ( 7294): Reading a NULL string not supported here.
D/ ( 7294): Get battery level: 67 .
D/ ( 7294): Get charging state:Discharging
D/ ( 7294): It is not charging
D/BatteryService( 2259): update start
D/BatteryService( 2259): level:67 scale:100 status:3 health:2 present:true voltage: 3910 temperature: 253 technology: Li-ion AC powered:false USB powered:false icon:17303213 invalid charger:0
V/AlarmManager( 2259): waitForAlarm result :8
V/ThermistorObserver( 2259): Thermistor UEVENT: {SUBSYSTEM=platform, DEVPATH=/devices/platform/s5p-tmu, SEQNUM=4153582, TMUSTATE=0, ACTION=change, DRIVER=s5p-tmu, MODALIAS=platform:s5p-tmu}
V/AlarmManager( 2259): ClockReceiver onReceive() ACTION_TIME_TICK
W/AlarmManager( 2259): FACTORY_ON= 0
D/STATUSBAR-BatteryController( 2707): onReceive() - ACTION_BATTERY_CHANGED
D/STATUSBAR-BatteryController( 2707): onReceive() - level:67
D/STATUSBAR-BatteryController( 2707): onReceive() - plugged:0
D/STATUSBAR-BatteryController( 2707): onReceive() - BATTERY_STATUS_DISCHARGING: stat_sys_battery
D/STATUSBAR-PhoneStatusBar( 2707): ACTION_BATTERY_CHANGED
D/STATUSBAR-Clock( 2707): onReceive() - ACTION_TIME_TICK
E/Parcel ( 7294): Reading a NULL string not supported here.
D/ ( 7294): Get battery level: 67 .
D/ ( 7294): Get charging state:Discharging
D/ ( 7294): It is not charging
D/STATUSBAR-Clock( 2707): onReceive() - ACTION_TIME_TICK
D/ClockAlarmWidgetService(24641): [ClockAlarmWidgetService] onReceive: action = android.intent.action.TIME_TICK
E/ClockAlarmWidget(24641): [AlarmWidgetIdManager] getListItem() : itemIndex=0, widgetID:7
E/ClockAlarmWidget(24641): [AlarmWidgetIdManager] getListItem() : ItemIndex exceed ListItemCount. itemIndex=1
E/ClockAlarmWidget(24641): [AlarmWidgetIdManager] getListItem() : itemIndex=1, widgetID:7
D/ClockAlarmDataProvider(24641): getAlarm() - too many same ID alarm data. nCount: 0
D/ClockWidget( 2259): refreshTime()
D/ClockWidget( 2259): TTS Message = Es ist 21:46., Freitag, Januar 3
D/BatteryService( 2259): update start
D/BatteryService( 2259): level:67 scale:100 status:3 health:2 present:true voltage: 3916 temperature: 256 technology: Li-ion AC powered:false USB powered:false icon:17303213 invalid charger:0
D/InputReader( 2259): Input event: value=1
D/InputReader( 2259): Input event: value=0
V/AlarmManager( 2259): waitForAlarm result :8
W/SignalStrength( 2259): getGsmLevel=2
W/SignalStrength( 2707): getGsmLevel=2
W/SignalStrength( 2707): getLevel=2 (SignalStrength: 4 -1 -1 -1 -1 -1 -1 -1 -1 -1 -1 -1 gsm|lte 2)
W/SignalStrength( 2707): getGsmLevel=2
W/SignalStrength( 2707): getLevel=2 (SignalStrength: 4 -1 -1 -1 -1 -1 -1 -1 -1 -1 -1 -1 gsm|lte 2)
D/STATUSBAR-NetworkController( 2707): onSignalStrengthsChanged signalStrength=SignalStrength: 4 -1 -1 -1 -1 -1 -1 -1 -1 -1 -1 -1 gsm|lte 2 level=2
D/KeyguardViewMediator( 2259): onWakeKeyWhenKeyguardShowing(3)
D/KeyguardViewMediator( 2259): wakeWhenReadyLocked(3)
W/SignalStrength( 2259): getLevel=2 (SignalStrength: 4 -1 -1 -1 -1 -1 -1 -1 -1 -1 -1 -1 gsm|lte 2)
D/KeyguardViewMediator( 2259): handleWakeWhenReady(3)
D/LockPatternKeyguardView( 2259): onWakeKey
D/LockPatternKeyguardView( 2259): poking wake lock immediately
D/KeyguardViewMediator( 2259): pokeWakelock(10000)
D/PowerManagerService( 2259): reactivateScreenLocksLocked mProxIgnoredBecauseScreenTurnedOff=true
D/PowerManagerService( 2259): Screen__On : acquireWakeLock flags=0x1000001a tag=keyguard uid=1000 pid=2259 myUID=1000 myPID=2259 myTID=2604
D/PowerManagerService( 2259): enableLightSensorLocked enable=true mLightSensorEnabled=false mAutoBrightessEnabled=false mWaitingForFirstLightSensor=false
D/PowerManagerService( 2259): sendNotificationLocked on=true
I/PowerManagerService( 2259): Ulight 0x0->0x4|0x0
D/lights ( 2259): button : 1 +
D/lights ( 2259): button : 1 -
D/PowerManagerService( 2259): mNotificationTask : on
D/KeyguardViewMediator( 2259): onScreenTurnedOn, seq = 2230
D/KeyguardViewMediator( 2259): notifyScreenOnLocked
D/WindowManager( 2259): mSetIgnorePWR
D/SensorService( 2259): info.rates.add, set DEFAULT_EVENTS_PERIOD
I/iNemoSensor( 2259): enable(): handle(0), en(1), what(0)
D/WindowOrientationListener( 2259): enable register mbSContext: false
V/WindowOrientationListener( 2259): WindowOrientationListener enabled
D/AkmSensor( 2259): akm_enable_sensor: Accel is enabled. (orien = 0)
I/AkmSensor( 2259): enable_accelerometer, mEnabled = 0, enable = 1
D/KeyguardViewMediator( 2259): handleNotifyScreenOn
D/LockPatternKeyguardView( 2259): screen on
D/CircleLockScreen( 2259): onResume()
E/Parcel ( 7294): Reading a NULL string not supported here.
D/ ( 7294): Get battery level: 67 .
D/ ( 7294): Get charging state:Discharging
D/ ( 7294): It is not charging
D/iNemoSensor( 2259): enable(): MASK_ACC (1) MASK_MAG (0) MASK_GYR (0)
D/iNemoSensor( 2259): enable(): mEnAcc(1) mEnMag(0) mEnGyr(0)
D/CircleUnlockRippleRenderer( 2259): onResume isUnlocked = false
I/iNemoSensor( 2259): update_delay wanted_accel = 200000000
D/SensorService( 2259): SensorDevice::activate (enable 1, disable 0) = 1
D/SensorService( 2259): activating sensor enable handle=0
D/SensorService( 2259): activating sensor enable, Done!
D/SensorService( 2259): SensorDevice::activating sensor handle=0 ns=200000000
D/iNemoSensor( 2259): setDelay(): handle(0), en(200000000)
I/iNemoSensor( 2259): skip update_delay wanted_accel = 200000000 current delay = 200000000
I/SensorService( 2259): info.selectDelay() ns=200000000
D/iNemoSensor( 2259): setDelay(): handle(0), en(200000000)
I/iNemoSensor( 2259): skip update_delay wanted_accel = 200000000 current delay = 200000000
D/SensorService( 2259): SensorDevice::setDelay, Return(true 1, false 0) = 1
D/SensorManager( 2259): registerListener :: handle = 0 name= LSM330DLC 3-axis Accelerometer delay= 200000 Listener= android.view.WindowOrientationListener$SensorEventListenerImpl@424160b0
V/ThermistorObserver( 2259): Thermistor UEVENT: {SUBSYSTEM=platform, DEVPATH=/devices/platform/s5p-tmu, SEQNUM=4153587, TMUSTATE=0, ACTION=change, DRIVER=s5p-tmu, MODALIAS=platform:s5p-tmu}
D/ClockWidget( 2259): isServiceEnable = false cityId = cityId:169582
D/ClockWidget( 2259): Weather Demon is not running, Set visibility to GONE
D/CircleShortcutWidget( 2259): onResume()
D/CircleLockScreen( 2259): mCallback.isShowingAndNotHidden()=true
D/CircleLockScreenMotion( 2259): register motion listener
D/MotionRecognitionManager( 2259): .registerListenerEvent : fail. already registered / listener count = 1, listener=com.android.internal.policy.impl.sec.CircleLockScreenMotion$2@424be458
D/MotionRecognitionManager( 2259): .registerListenerEvent : fail. already registered / listener count = 1, listener=com.android.internal.policy.impl.sec.CircleLockScreenMotion$2@424be458
D/CircleLockScreenMotion( 2259): reset motion engine
D/MotionRecognitionService( 2259): .resetMotionEngine
D/MotionEngine( 2259): [@@@ MotionEngine @@@] ResetMotionEngine............................ CALLED...............
W/SignalStrength( 2259): getGsmDbm=-105
W/SignalStrength( 2259): getDbm=-105
W/SignalStrength( 2259): getGsmAsuLevel=4
W/SignalStrength( 2259): getAsuLevel=4
D/ActivityManager( 2259): isFakeShutDownmode= 0
W/AlarmManager( 2259): FACTORY_ON= 0
D/LockPatternUtils( 2259): isPcwEnable = 10
D/WfdService( 2259): intent recieved android.intent.action.SCREEN_ON
D/STATUSBAR-BatteryController( 2707): onReceive() - ACTION_BATTERY_CHANGED
D/STATUSBAR-BatteryController( 2707): onReceive() - level:67
D/STATUSBAR-BatteryController( 2707): onReceive() - plugged:0
D/STATUSBAR-BatteryController( 2707): onReceive() - BATTERY_STATUS_DISCHARGING: stat_sys_battery
D/STATUSBAR-PhoneStatusBar( 2707): ACTION_BATTERY_CHANGED
D/lights ( 2259): write pattern : g_led_info = 0
D/lights ( 2259): led_pattern : 0 +
D/STATUSBAR-NotificationService( 2259): ACTION_SCREEN_ON
D/STATUSBAR-NotificationService( 2259): updateLightsLocked() : Turn off notification light
D/LightsService( 2259): [SvcLED] setSvcLedStateLocked:: id = 4, color = 0, mode = Off, set = Off
D/LightsService( 2259): [SvcLED] wl is acquired. It will be released after 350ms.
D/lights ( 2259): led_pattern : 0 -
I/AudioHardwareTinyALSA( 1920): setParameters(screen_state=on)
I/audio_wfd_hw( 1920): adev_set_parameters() screen_state=on
D/tms_audio_hw/AudioTmsIpc( 1920): adev_set_parameters : Enter
D/tms_audio_hw/AudioTmsIpc( 1920): adev_set_parameters : Exit
V/LockPatternKeyguardView( 2259): *** dispatchDraw() time: 1716885373
I/power ( 2259): *** acquire_dvfs_lock : lockType : 1 freq : 1400000
D/lights ( 2259): LCD : 1 +
D/lights ( 2259): LCD : 1 -
I/WindowManager( 2259): Lock screen displayed!
I/PowerManagerService( 2259): Ulight 0x7->0x7|0x1
D/PowerManagerService( 2259): updateLightsLocked : mSystemPowerSaveModeEnabled:: brightness:117
D/PowerManagerService( 2259): acquireDVFSLockLocked : type : DVFS_MIN_LIMIT frequency : 1400000 uid : 1000 pid : 2259 tag : AMOLED_Animation
D/SensorService( 2259): sensor was already activated for this ident
D/SensorService( 2259): SensorDevice::activating sensor handle=0 ns=200000000
D/iNemoSensor( 2259): setDelay(): handle(0), en(200000000)
I/iNemoSensor( 2259): skip update_delay wanted_accel = 200000000 current delay = 200000000
I/SensorService( 2259): info.selectDelay() ns=200000000
D/iNemoSensor( 2259): setDelay(): handle(0), en(200000000)
I/iNemoSensor( 2259): skip update_delay wanted_accel = 200000000 current delay = 200000000
D/SensorService( 2259): SensorDevice::setDelay, Return(true 1, false 0) = 1
D/SensorManager( 2259): registerListener :: handle = 0 name= LSM330DLC 3-axis Accelerometer delay= 200000 Listener= android.view.WindowOrientationListener$SensorEventListenerImpl@422b7908
D/MotionEngine( 2259): [@@@ Motion Engine @@@] InitializeMotionManager.... RETURN........ (Already initialized......)
D/SensorService( 2259): sensor was already activated for this ident
D/SensorService( 2259): SensorDevice::activating sensor handle=0 ns=200000000
D/iNemoSensor( 2259): setDelay(): handle(0), en(200000000)
I/iNemoSensor( 2259): skip update_delay wanted_accel = 200000000 current delay = 200000000
D/MotionRecognitionService( 2259): .checkSettingEngineEnabled : true
D/MotionRecognitionService( 2259): .initializeMotionEngine
D/WindowOrientationListener( 2259): enable register mbSContext: false
V/WindowOrientationListener( 2259): WindowOrientationListener enabled
V/MotionRecognitionService( 2259): .updateOrientation : rotation = -1
I/SensorService( 2259): info.selectDelay() ns=20000000
D/iNemoSensor( 2259): setDelay(): handle(0), en(20000000)
I/iNemoSensor( 2259): update_delay wanted_accel = 20000000
D/SensorService( 2259): SensorDevice::setDelay, Return(true 1, false 0) = 1
D/SensorManager( 2259): registerListener :: handle = 0 name= LSM330DLC 3-axis Accelerometer delay= 20000 Listener= android.hardware.motion.MotionRecognitionService$4@41fd1708
D/SensorService( 2259): info.rates.add, set DEFAULT_EVENTS_PERIOD
I/iNemoSensor( 2259): enable(): handle(5), en(1), what(1)
I/iNemoSensor( 2259): enable:373 gyro_dps = 0 .
D/iNemoSensor( 2259): enableDev() : path(/sys/class/input/event4/device/enable), val(1)
D/iNemoSensor( 2259): enable(): MASK_ACC (1) MASK_MAG (0) MASK_GYR (2)
D/iNemoSensor( 2259): enable(): mEnAcc(1) mEnMag(0) mEnGyr(1)
I/iNemoSensor( 2259): iNemoSensor::update_delay wanted_gyro = 20000000
I/iNemoSensor( 2259): skip update_delay wanted_accel = 20000000 current delay = 20000000
D/SensorService( 2259): SensorDevice::activate (enable 1, disable 0) = 1
D/SensorService( 2259): activating sensor enable handle=5
D/SensorService( 2259): activating sensor enable, Done!
D/SensorService( 2259): SensorDevice::activating sensor handle=5 ns=200000000
D/iNemoSensor( 2259): setDelay(): handle(5), en(200000000)
I/iNemoSensor( 2259): iNemoSensor::update_delay wanted_gyro = 200000000
I/iNemoSensor( 2259): skip update_delay wanted_accel = 20000000 current delay = 20000000
I/SensorService( 2259): info.selectDelay() ns=20000000
D/iNemoSensor( 2259): setDelay(): handle(5), en(20000000)
I/iNemoSensor( 2259): iNemoSensor::update_delay wanted_gyro = 20000000
D/lights ( 2259): LCD : 2 +
D/lights ( 2259): LCD : 2 -
I/iNemoSensor( 2259): skip update_delay wanted_accel = 20000000 current delay = 20000000
D/SensorService( 2259): SensorDevice::setDelay, Return(true 1, false 0) = 1
D/SensorManager( 2259): registerListener :: handle = 5 name= LSM330DLC Gyroscope sensor delay= 20000 Listener= android.hardware.motion.MotionRecognitionService$5@41fd03b8
D/STATUSBAR-Clock( 2707): onReceive() - ACTION_SCREEN_ON
D/lights ( 2259): LCD : 15 +
D/lights ( 2259): LCD : 15 -
D/STATUSBAR-Clock( 2707): onReceive() - ACTION_SCREEN_ON
D/lights ( 2259): LCD : 27 +
D/lights ( 2259): LCD : 27 -
D/lights ( 2259): LCD : 39 +
D/lights ( 2259): LCD : 39 -
I/TwDVFSBroadcastReceiver( 2930): onScreenOnIntent
D/lights ( 2259): LCD : 51 +
D/lights ( 2259): LCD : 51 -
D/lights ( 2259): LCD : 63 +
D/lights ( 2259): LCD : 63 -
D/lights ( 2259): LCD : 106 +
D/lights ( 2259): LCD : 106 -
D/lights ( 2259): LCD : 117 +
D/lights ( 2259): LCD : 117 -
I/power ( 2259): *** release_dvfs_lock : lockType : 1
I/PowerManagerService( 2259): Light Animator Finished currentValue=117
D/PowerManagerService( 2259): releaseDVFSLockLocked : all DVFS_MIN_LIMIT are released
D/AkmSensor( 2259): MeasureSNGLoop: interval.interval = 20000000, doze_max = 19600, prms->enabled = 2
D/SurfaceFlinger( 1917): Screen about to return, flinger = 0x41037008
D/SecTVOutService( 1917): virtual void android::SecTVOutService::setSuspendMode(uint32_t) TV suspend mode = 0
D/SecTVOutService( 1917): virtual void android::SecTVOutService::setHdmiStatus(uint32_t) HDMI cable status = 1
D/ ( 1917): bool android::SecHdmi::connect()::m_flagHWConnected() fail
E/SecTVOutService( 1917): virtual void android::SecTVOutService::setHdmiStatus(uint32_t)::mSecHdmi.connect() fail
D/MotionEngine( 2259): [EXEC CAMERA] INIT..........
D/MotionEngine( 2259): [LIST SCROLL] MOTION_EVENT_TILT_LEVEL_ZERO_LAND 11 18 25 11 18 25
D/CircleLockScreenMotion( 2259): Here comes a motion event
D/com.samsung.app(31251): [MSC_HERO_Accu_JB]>>> WCS:251 [0:0] BR act = androidintentactionSCREEN_ON
D/CircleLockScreenMotion( 2259): Here comes a motion event
D/widget ( 6417): [MSC_HERO_Accu_JB]>>> SM:1288 [0:0] bTCC WCV = 200
D/widget ( 6417): [MSC_HERO_Accu_JB]>>> WC:1689 [0:0] drw 2nd Tm dt = 2146
E/WifiHW ( 2259): ##################### set firmware type 0 #####################
D/WifiStateMachine( 2259): setWifiEnabled : WifiNative.setFwType(0)
D/CircleLockScreenMotion( 2259): Here comes a motion event
D/CircleLockScreenMotion( 2259): Here comes a motion event
D/ClockAlarmWidgetService(24641): [ClockAlarmWidgetService] onReceive: action = android.intent.action.SCREEN_ON
E/ClockAlarmWidget(24641): [AlarmWidgetIdManager] getListItem() : itemIndex=0, widgetID:7
E/ClockAlarmWidget(24641): [AlarmWidgetIdManager] getListItem() : ItemIndex exceed ListItemCount. itemIndex=1
E/ClockAlarmWidget(24641): [AlarmWidgetIdManager] getListItem() : itemIndex=1, widgetID:7
D/ClockAlarmDataProvider(24641): getAlarm() - too many same ID alarm data. nCount: 0
D/MotionEngine( 2259): [ACC DIRECT CALL] 11111111 ACC PROX READY STATE.........
D/MotionEngine( 2259): [LIST SCROLL] MOTION_EVENT_TILT_UP_LEVEL_1_LAND 11 18 25 11 18 25
D/CircleLockScreenMotion( 2259): Here comes a motion event
D/comdaemonstockapp(24684): [Daemon_Stock]>>> DaemonService.java:51 [0:0] action : androidintentactionSCREEN_ON
D/CircleLockScreenMotion( 2259): Here comes a motion event
V/WindowOrientationListener( 2259): Proposed rotation changed! proposedRotation=0, oldProposedRotation=-1currentRotation = -1
V/MotionRecognitionService( 2259): .updateOrientation : rotation = 0
D/comdaemonstockapp(24684): [Daemon_Stock]>>> Stockclock_DaemonService.java:49 [0:0] onReceive: daemonappstockclockSCREEN_ON
D/comdaemonstockapp(24684): [Daemon_Stock]>>> Stockclock_DaemonService.java:56 [0:0] appServiceStatus: 9
D/comdaemonstockapp(24684): [Daemon_Stock]>>> Stockclock_DaemonService.java:57 [0:0] [AR]: 0
W/AlarmManager( 2259): FACTORY_ON= 0
D/CircleLockScreenMotion( 2259): Here comes a motion event
D/CircleLockScreenMotion( 2259): Here comes a motion event
D/CircleLockScreenMotion( 2259): Here comes a motion event
D/MotionEngine( 2259): [LIST SCROLL] MOTION_EVENT_TILT_LEVEL_ZERO_LAND 11 18 25 11 18 25
D/MotionEngine( 2259): [@@@ Motion Engine @@@] MOVE Recognition ############ 100
D/CircleLockScreenMotion( 2259): Here comes a motion event
D/MotionEngine( 2259): [TURN OVER] ##### Init
D/CircleLockScreenMotion( 2259): Here comes a motion event
D/WindowManager( 2259): mUnSetIgnorePWR
D/CircleLockScreenMotion( 2259): Here comes a motion event
D/CircleLockScreenMotion( 2259): Here comes a motion event
D/CircleLockScreenMotion( 2259): Here comes a motion event
D/CircleLockScreenMotion( 2259): Here comes a motion event
D/CircleLockScreenMotion( 2259): Here comes a motion event
D/CircleLockScreenMotion( 2259): Here comes a motion event
D/CircleLockScreenMotion( 2259): Here comes a motion event
D/CircleLockScreenMotion( 2259): Here comes a motion event
D/CircleLockScreenMotion( 2259): Here comes a motion event
D/CircleLockScreenMotion( 2259): Here comes a motion event
D/CircleLockScreenMotion( 2259): Here comes a motion event
D/CircleLockScreenMotion( 2259): Here comes a motion event
D/MotionEngine( 2259): [LIST SCROLL] MOTION_EVENT_TILT_UP_LEVEL_1 11 18 25 11 18 25
D/CircleLockScreenMotion( 2259): Here comes a motion event
D/CircleLockScreenMotion( 2259): Here comes a motion event
D/CircleLockScreenMotion( 2259): Here comes a motion event
D/STATUSBAR-NetworkController( 2707): refreshSignalCluster: data=0 bt=false
D/STATUSBAR-SignalClusterView( 2707): mSeparateMobileGroup=8
D/STATUSBAR-SignalClusterView( 2707): mSeparateMobileGroup=8
D/STATUSBAR-SignalClusterView( 2707): mSeparateMobileGroup=8
D/CircleLockScreenMotion( 2259): Here comes a motion event
D/CircleLockScreenMotion( 2259): Here comes a motion event
D/CircleLockScreenMotion( 2259): Here comes a motion event
D/CircleLockScreenMotion( 2259): Here comes a motion event
D/CircleLockScreenMotion( 2259): Here comes a motion event
D/CircleLockScreenMotion( 2259): Here comes a motion event
D/CircleLockScreenMotion( 2259): Here comes a motion event
D/CircleLockScreenMotion( 2259): Here comes a motion event
D/MotionEngine( 2259): [TILT UNLOCK] gyroDxSum 242 1
D/MotionEngine( 2259): [LIST SCROLL] MOTION_EVENT_TILT_DOWN_LEVEL_1_LAND 11 18 25 11 18 25
D/MotionEngine( 2259): [TURN OVER] ##### GYRO satisfied but still LCD Up.... Sequence start from the top
D/CircleLockScreenMotion( 2259): Here comes a motion event
D/MotionEngine( 2259): [TILT UNLOCK] gyroDxSum 245 2
D/CircleLockScreenMotion( 2259): Here comes a motion event
D/MotionEngine( 2259): [TILT UNLOCK] gyroDxSum 246 3
D/MotionEngine( 2259): [TILT UNLOCK] 111 TILT TO UNLOCK SUCCEED LANDSCAPE 129 246 15 0
D/MotionEngine( 2259): [TILT UNLOCK] 444 too close proximity val 0
D/CircleLockScreenMotion( 2259): Here comes a motion event
D/CircleLockScreenMotion( 2259): Here comes a motion event
D/MotionEngine( 2259): [LIST SCROLL] MOTION_EVENT_TILT_UP_LEVEL_2 11 18 25 11 18 25
D/CircleLockScreenMotion( 2259): Here comes a motion event
D/CircleLockScreenMotion( 2259): Here comes a motion event
D/MotionEngine( 2259): [@@@ Motion Engine @@@] MOVE Recognition ############ 100
D/CircleLockScreenMotion( 2259): Here comes a motion event
D/MotionEngine( 2259): [TILT UNLOCK] gyroDySum 250 1
D/MotionEngine( 2259): [LIST SCROLL] MOTION_EVENT_TILT_UP_LEVEL_3 11 18 25 11 18 25
D/MotionEngine( 2259): [TURN OVER] ##### Init
D/CircleLockScreenMotion( 2259): Here comes a motion event
D/MotionEngine( 2259): [TILT UNLOCK] gyroDySum 271 2
D/CircleLockScreenMotion( 2259): Here comes a motion event
D/MotionEngine( 2259): [TILT UNLOCK] gyroDySum 293 3
D/MotionEngine( 2259): [TILT UNLOCK] 111 TILT TO UNLOCK SUCCEED 293 265 -32 0
D/MotionEngine( 2259): [TILT UNLOCK] 222 too close proximity val 0
D/CircleLockScreenMotion( 2259): Here comes a motion event
I/InputReader( 2259): Touch event's action is 0x0 (deviceType=0) [pCnt=1, s=0.58375 ]
I/InputDispatcher( 2259): Delivering touch to current input target: action: 0x0
I/InputDispatcher( 2259): Delivering touch to current input target: action: 0x0
I/InputDispatcher( 2259): Delivering touch to current input target: action: 0x0
D/CircleLockScreenMotion( 2259): register motion listener
D/MotionRecognitionManager( 2259): .registerListenerEvent : fail. already registered / listener count = 1, listener=com.android.internal.policy.impl.sec.CircleLockScreenMotion$2@424be458
D/MotionRecognitionManager( 2259): .registerListenerEvent : fail. already registered / listener count = 1, listener=com.android.internal.policy.impl.sec.CircleLockScreenMotion$2@424be458
D/CircleLockScreenMotion( 2259): reset motion engine
D/MotionEngine( 2259): [@@@ MotionEngine @@@] ResetMotionEngine............................ CALLED...............
D/CircleUnlockRipple( 2259): handleTouchEvent event : 0
D/CircleUnlockRipple( 2259): pokeWakelockWithTimeCheck time diffence = 1329
D/KeyguardViewMediator( 2259): pokeWakelock(10000)
D/CircleUnlockRipple( 2259): pokeWakelockWithTimeCheck mCallback.pokeWakelock(AWAKE_INTERVAL_DEFAULT_MS)
D/CircleUnlockRippleRenderer( 2259): event action: 0, view = null, src = 1002
E/AudioPolicyService( 1920): getOutput() tid 2185 ++
E/AudioPolicyService( 1920): getOutput() tid 2185 --
V/AudioPolicyManagerBase( 1920): getOutput() stream 1, samplingRate 0, format 0, channelMask 3, flags 0
V/AudioPolicyManagerBase( 1920): getOutputsForDevice device 0002 -> 0002
V/AudioPolicyManagerBase( 1920): getOutput() returns output 2
E/AudioPolicyService( 1920): getOutput() tid 2219 ++
E/AudioPolicyService( 1920): getOutput() tid 2219 --
V/AudioPolicyManagerBase( 1920): getOutput() stream 1, samplingRate 0, format 0, channelMask 3, flags 0
V/AudioPolicyManagerBase( 1920): getOutputsForDevice device 0002 -> 0002
V/AudioPolicyManagerBase( 1920): getOutput() returns output 2
E/AudioPolicyService( 1920): getOutput() tid 4793 ++
E/AudioPolicyService( 1920): getOutput() tid 4793 --
V/AudioPolicyManagerBase( 1920): getOutput() stream 1, samplingRate 44100, format 1, channelMask 3, flags 4
V/AudioPolicyManagerBase( 1920): getOutputsForDevice device 0002 -> 0002
