D/CircleLockScreenMotion( 2259): Here comes a motion event
D/CircleLockScreenMotion( 2259): Here comes a motion event
D/CircleLockScreenMotion( 2259): Here comes a motion event
D/CircleLockScreenMotion( 2259): Here comes a motion event
D/CircleLockScreenMotion( 2259): Here comes a motion event
D/STATUSBAR-NetworkController( 2707): refreshSignalCluster: data=0 bt=false
D/STATUSBAR-SignalClusterView( 2707): mSeparateMobileGroup=8
D/STATUSBAR-SignalClusterView( 2707): mSeparateMobileGroup=8
D/STATUSBAR-SignalClusterView( 2707): mSeparateMobileGroup=8
I/InputReader( 2259): Touch event's action is 0x0 (deviceType=0) [pCnt=1, s=0.58339 ]
I/InputDispatcher( 2259): Delivering touch to current input target: action: 0x0
I/InputDispatcher( 2259): Delivering touch to current input target: action: 0x0
I/InputDispatcher( 2259): Delivering touch to current input target: action: 0x0
D/CircleLockScreenMotion( 2259): Here comes a motion event
D/LockPatternUtils( 2259): isPcwEnable = 10
D/PowerManagerService( 2259): acquireWakeLock flags=0x1000001a tag=statusbar uid=1000 pid=2707 myUID=1000 myPID=2259 myTID=6904
D/CircleLockScreenMotion( 2259): Here comes a motion event
D/LockPatternUtils( 2259): isPcwEnable = 10
D/PowerManagerService( 2259): acquireWakeLock flags=0x1000001a tag=statusbar uid=1000 pid=2707 myUID=1000 myPID=2259 myTID=3009
I/InputReader( 2259): Touch event's action is 0x1 (deviceType=0) [pCnt=1, s=]
I/InputDispatcher( 2259): Delivering touch to current input target: action: 0x1
I/InputDispatcher( 2259): Delivering touch to current input target: action: 0x1
I/InputDispatcher( 2259): Delivering touch to current input target: action: 0x1
D/CircleLockScreenMotion( 2259): Here comes a motion event
D/LockPatternUtils( 2259): isPcwEnable = 10
D/PowerManagerService( 2259): acquireWakeLock flags=0x1000001a tag=statusbar uid=1000 pid=2707 myUID=1000 myPID=2259 myTID=7796
D/Launcher( 6417): onRestart, Launcher: 1103527480
D/Launcher( 6417): onStart, Launcher: 1103527480
D/CircleLockScreenMotion( 2259): Here comes a motion event
D/Launcher.HomeFragment( 6417): onStart
E/OMXCodec( 1920): [OMX.google.vorbis.decoder] err = -1011
D/KeyguardViewMediator( 2259): setHidden false
D/KeyguardViewMediator( 2259): setHidden false
I/power ( 2259): *** acquire_dvfs_lock : lockType : 1 freq : 1000000
D/PowerManagerService( 2259): acquireDVFSLockLocked : type : DVFS_MIN_LIMIT frequency : 1000000 uid : 1000 pid : 2259 tag : ActivityManager
D/Launcher( 6417): onResume, Launcher: 1103527480
W/ActivityManager( 2259): mDVFSLock.acquire()
D/KeyguardViewMediator( 2259): verifyUnlock
W/KeyguardViewMediator( 2259): verifyUnlock called when not externally disabled
D/MotionRecognitionManager( 2259): @ member 0 = com.android.internal.policy.impl.sec.CircleLockScreenMotion$2@423b2508
D/MotionRecognitionManager( 2259): @ member 1 = com.android.server.NotificationManagerService$OverTurnPlayer$1@42360f18
V/MediaPlayer-JNI( 2707): stop
V/MediaPlayer( 2707): stop
V/MediaPlayerService( 1920): [1915] stop
V/StagefrightPlayer( 1920): stop
V/StagefrightPlayer( 1920): pause
V/AwesomePlayer( 1920): pause
V/AudioSink( 1920): pause
V/LvOutput( 1920): initCheck: 0
V/LvOutput( 1920): detachEffects: detach processing for output 2, stream 5, session 6346
V/LvOutput( 1920): detachEffects: no output processing was attached to this stream
V/AudioPolicyManagerBase( 1920): stopOutput() output 2, stream 5, session 6346
V/AudioPolicyManagerBase( 1920): changeRefCount() stream 5, count 0
D/MotionRecognitionService( 2259): .unregisterCallback : 1, client=com.android.server.NotificationManagerService$OverTurnPlayer$1@42360f18
D/MotionRecognitionService( 2259): .checkSettingEngineEnabled : true
E/MotionRecognitionService( 2259): Cancel reactive alert mode
D/MotionRecognitionService( 2259): disableAccINT
V/AudioPolicyManagerBase( 1920): getNewDevice() selected device 0
V/AudioPolicyManagerBase( 1920): setOutputDevice() output 2 device 0000 force 0 delayMs 184
V/AudioPolicyManagerBase( 1920): setOutputDevice() prevDevice 0002
V/AudioPolicyManagerBase( 1920): setOutputDevice() setting same device 0000 or null device for output 2
I/MotionRecognitionManager( 2259): .unregisterListener : / listener count = 2->1, listener=com.android.server.NotificationManagerService$OverTurnPlayer$1@42360f18
V/MediaPlayer-JNI( 2707): release
V/MediaPlayer( 2707): setListener
V/MediaPlayer( 2707): disconnect
V/MediaPlayerService( 1920): disconnect(1915) from pid 2707
V/StagefrightPlayer( 1920): reset
I/AwesomePlayer( 1920): reset
I/AwesomePlayer( 1920): cancel player events
V/AwesomePlayer( 1920): mAudioTrackVector clear
V/AudioSink( 1920): stop
I/AudioSink( 1920): +++ close
V/AudioPolicyManagerBase( 1920): releaseOutput() 2
I/AudioSink( 1920): --- close
I/OMXCodec( 1920): [OMX.google.vorbis.decoder] stop() sendCommand(0x1cfd, OMX_CommandStateSet, OMX_StateIdle)
I/OMXCodec( 1920): [OMX.google.vorbis.decoder] stopped in state 1
V/StagefrightPlayer( 1920): ~StagefrightPlayer
V/StagefrightPlayer( 1920): reset
I/AwesomePlayer( 1920): reset
I/AwesomePlayer( 1920): cancel player events
V/AwesomePlayer( 1920): mAudioTrackVector clear
I/AwesomePlayer( 1920): reset
I/AwesomePlayer( 1920): cancel player events
V/AwesomePlayer( 1920): mAudioTrackVector clear
V/AwesomePlayer( 1920): ~AwesomePlayer()
V/MediaPlayer( 2707): destructor
V/MediaPlayer( 2707): disconnect
V/MediaPlayerService( 1920): Client(1915) destructor pid = 2707
I/AudioSink( 1920): +++ close
I/AudioSink( 1920): --- close
V/MediaPlayerService( 1920): disconnect(1915) from pid 2707
I/AudioService( 2259): AudioFocus abandonAudioFocus() from 2707
D/MotionRecognitionService( 2259): disableAccINT Complete!!
I/STATUSBAR-NotificationService( 2259): UnReg. OverTurn
W/Vibrator( 2259): Vibrator.cancel()
D/CircleLockScreenMotion( 2259): Here comes a motion event
D/lights ( 2259): write pattern : g_led_info = 0
D/lights ( 2259): led_pattern : 0 +
D/STATUSBAR-NotificationService( 2259): updateLightsLocked() : Turn off notification light
D/LightsService( 2259): [SvcLED] setSvcLedStateLocked:: id = 4, color = 0, mode = Off, set = Off
D/LightsService( 2259): [SvcLED] wl is acquired. It will be released after 350ms.
D/lights ( 2259): led_pattern : 0 -
W/Vibrator( 2259): Vibrator.cancel()
D/lights ( 2259): write pattern : g_led_info = 0
D/lights ( 2259): led_pattern : 0 +
D/STATUSBAR-NotificationService( 2259): updateLightsLocked() : Turn off notification light
D/LightsService( 2259): [SvcLED] setSvcLedStateLocked:: id = 4, color = 0, mode = Off, set = Off
I/SurfaceFlinger( 1917): id=18565(5195) createSurf 0x429c5fb4 (1x1),1 flag=400, lleiderkrei
I/SurfaceFlinger( 1917): SurfaceFlinger : eMagnificationFactorChanged. magnificationFactor=1.0
I/SurfaceFlinger( 1917): SurfaceFlinger : eZoomPositionChanged. zoomX=0.0 zoomY=0.0
D/KeyguardViewMediator( 2259): setHidden false
D/lights ( 2259): led_pattern : 0 -
D/StatusBar( 2707): expanding top notification at 0entry.userCollapsed() = false
D/CircleLockScreenMotion( 2259): Here comes a motion event
D/KeyguardViewMediator( 2259): setHidden false
D/CircleLockScreenMotion( 2259): Here comes a motion event
D/CircleLockScreenMotion( 2259): Here comes a motion event
I/ActivityThread(30609): Pub com.sec.android.widgetapp.ap.hero.accuweather: com.sec.android.widgetapp.ap.hero.accuweather.provider.accuweather.AccuContentProvider
D/CircleLockScreenMotion( 2259): Here comes a motion event
D/dalvikvm(30609): GC_CONCURRENT freed 158K, 6% free 12417K/13191K, paused 5ms+3ms, total 32ms
D/comsamsunglog( 6417): [MSC_HERO_Accu_JB]>>> ====================================================================================================================
D/comsamsunglog( 6417): [MSC_HERO_Accu_JB]>>> widgetappapheroaccuweatherwidget [Version : 12091801] [ 1 ]
D/comsamsunglog( 6417): [MSC_HERO_Accu_JB]>>> Header set to : ===> "widget" <===
D/comsamsunglog( 6417): [MSC_HERO_Accu_JB]>>> ====================================================================================================================
D/widget ( 6417): [MSC_HERO_Accu_JB]>>> WC:917 [0:0] onResume :: fU = true cEUi = true
D/widget ( 6417): [MSC_HERO_Accu_JB]>>> WC:2075 [0:0] AR_S_T : 0
D/widget ( 6417): [MSC_HERO_Accu_JB]>>> WC:953 [0:0] onResume :: mFAR = false, cC = false, cEUI = true
D/widget ( 6417): [MSC_HERO_Accu_JB]>>> WC:1265 [0:0] cUI : cnt = 1, mRC = true
D/CircleLockScreenMotion( 2259): Here comes a motion event
I/FlashBarService( 2808): mPkgManagerReceiver : onReceive
D/CircleLockScreenMotion( 2259): Here comes a motion event
E/Launcher( 6417): Error finding setting, default accessibility to not found: accessibility_enabled
D/Launcher.HomeFragment( 6417): onResume
D/PointerInterceptView( 2259): Receive COLLAPSED
D/PointerInterceptView( 2259): sendCallbackFunc, mPreviousOpen = false , isOpen = false , isForce = false
D/WindowManager( 2259): PhoneWindowManager: focusChangedLw
D/STATUSBAR-PhoneStatusBar( 2707): Mini Controller text scroll : OFF
D/STATUSBAR-QuickSettingPanel( 2707): mDisplayButtonCnt : 10 mCurButtonNum : 5
W/STATUSBAR-QuickSettingPanel( 2707): prepareTranslationXfalse 357
D/STATUSBAR-PhoneStatusBar( 2707): performCollapse()
D/KeyguardViewMediator( 2259): setHidden false
D/widget ( 6417): [MSC_HERO_Accu_JB]>>> WC:1226 [0:0] fireOR
D/STATUSBAR-StatusBarManagerService( 2259): setSystemUiVisibility(0xe00008)
D/STATUSBAR-StatusBarManagerService( 2259): manageDisableList what=0xe00000 pkg=WindowManager.LayoutParams
D/widget ( 6417): [MSC_HERO_Accu_JB]>>> SM:1288 [0:0] bTCC WCV = 200
D/widget ( 6417): [MSC_HERO_Accu_JB]>>> WC:1689 [0:0] drw 2nd Tm dt = 2135
D/widget ( 6417): [MSC_HERO_Accu_JB]>>> SM:446 [0:0] IR : false, IPR : false
D/LockPatternKeyguardView( 2259): focused
D/CircleLockScreen( 2259): focused
D/MenuAppsGridFragment( 6417): onResume
D/Launcher.HomeFragment( 6417): onPause
D/widget ( 6417): [MSC_HERO_Accu_JB]>>> WC:1218 [0:0] fireOP
D/Launcher( 6417): onPause, Launcher: 1103527480
D/widget ( 6417): [MSC_HERO_Accu_JB]>>> WC:1028 [0:0] onPause
D/KeyguardViewMediator( 2259): setHidden false
D/widget ( 6417): [MSC_HERO_Accu_JB]>>> WC:668 [0:0] mSUDH(): id = cityId:169582, tZ=GMT+1
D/widget ( 6417): [MSC_HERO_Accu_JB]>>> WC:679 [0:0] ===== mSetUIDataHandler(): day = 8:31 AM, night=3:59 PM
D/widget ( 6417): [MSC_HERO_Accu_JB]>>> SM:1256 [0:0] sta ani iPA = false, flkDir = 0, iFA = false
D/widget ( 6417): [MSC_HERO_Accu_JB]>>> WC:1713 [0:0] drw all Tm dt = 2135
D/PhoneStatusBar( 2707): disable: < expand icons alerts ticker* system_info BACK* HOME* RECENT CLOCK* > D/CircleLockScreenMotion( 2259): Here comes a motion event
D/widget ( 6417): [MSC_HERO_Accu_JB]>>> SM:516 [0:0] IR : false, IPR : false
D/CircleLockScreenMotion( 2259): Here comes a motion event
D/KeyguardViewMediator( 2259): setHidden false
D/CircleLockScreenMotion( 2259): Here comes a motion event
D/Launcher( 6417): onTrimMemory. Level: 20
D/CircleLockScreenMotion( 2259): Here comes a motion event
D/CircleLockScreenMotion( 2259): Here comes a motion event
D/CircleLockScreenMotion( 2259): Here comes a motion event
D/Launcher.HomeFragment( 6417): onStop
D/Launcher( 6417): onStop, Launcher: 1103527480
D/CircleLockScreenMotion( 2259): Here comes a motion event
D/dalvikvm(30297): GC_CONCURRENT freed 277K, 7% free 13269K/14151K, paused 13ms+15ms, total 55ms
D/MotionEngine( 2259): [@@@ Motion Engine @@@] GetMotionScenarioId -0.172383 4.692636 8.973468 0.183750 1.428000 -1.121750 51 20
D/KeyguardViewMediator( 2259): setHidden false
D/dalvikvm(30297): GC_FOR_ALLOC freed 168K, 7% free 13398K/14343K, paused 19ms, total 19ms
D/dalvikvm(30297): GC_FOR_ALLOC freed 180K, 8% free 13411K/14471K, paused 17ms, total 17ms
D/CircleLockScreenMotion( 2259): Here comes a motion event
D/dalvikvm(30297): GC_FOR_ALLOC freed 208K, 7% free 13484K/14471K, paused 17ms, total 17ms
D/STATUSBAR-NetworkController( 2707): refreshSignalCluster: data=0 bt=false
D/STATUSBAR-SignalClusterView( 2707): mSeparateMobileGroup=8
D/STATUSBAR-SignalClusterView( 2707): mSeparateMobileGroup=8
D/STATUSBAR-SignalClusterView( 2707): mSeparateMobileGroup=8
D/MotionEngine( 2259): [@@@ Motion Engine @@@] MOVE Recognition ############ 80
D/MotionEngine( 2259): [@@@ Motion Engine @@@] Event num 71 Occured
D/CircleLockScreenMotion( 2259): Here comes a motion event
I/MotionRecognitionService( 2259): send 71=FLAT ~~
D/dalvikvm(30297): GC_CONCURRENT freed 349K, 7% free 13666K/14599K, paused 12ms+3ms, total 33ms
D/dalvikvm(30297): WAIT_FOR_CONCURRENT_GC blocked 14ms
D/CircleLockScreenMotion( 2259): Here comes a motion event
F/AdjustIo(30297): PRODUCTION: AdjustIo is running in Production mode. Use this setting only for the build that you want to publish. Set the environment to `sandbox` if you want to test your app!
E/ActivityThread(30297): Failed to find provider info for com.facebook.katana.provider.AttributionIdProvider
E/ActivityThread(30297): Failed to find provider info for com.facebook.katana.provider.AttributionIdProvider
D/CircleLockScreenMotion( 2259): Here comes a motion event
E/ActivityThread(30297): Failed to find provider info for com.facebook.katana.provider.AttributionIdProvider
W/Crittercism(30297): Crittercism not initialized yet. Returning.
D/CircleLockScreenMotion( 2259): Here comes a motion event
D/CircleLockScreenMotion( 2259): Here comes a motion event
D/CircleLockScreenMotion( 2259): Here comes a motion event
I/power ( 2259): *** release_dvfs_lock : lockType : 1
D/dalvikvm(30297): GC_CONCURRENT freed 487K, 8% free 13628K/14727K, paused 17ms+15ms, total 54ms
D/dalvikvm(30297): WAIT_FOR_CONCURRENT_GC blocked 2ms
D/PowerManagerService( 2259): releaseDVFSLockLocked : all DVFS_MIN_LIMIT are released
W/ActivityManager( 2259): mDVFSLock.release()
D/CircleLockScreenMotion( 2259): Here comes a motion event
D/dalvikvm(30297): GC_FOR_ALLOC freed 2K, 8% free 13626K/14727K, paused 21ms, total 21ms
I/dalvikvm-heap(30297): Grow heap (frag case) to 14.311MB for 473104-byte allocation
D/CircleLockScreenMotion( 2259): Here comes a motion event
D/CircleLockScreenMotion( 2259): Here comes a motion event
D/dalvikvm(30297): GC_FOR_ALLOC freed 5K, 8% free 14083K/15239K, paused 26ms, total 26ms
D/CircleLockScreenMotion( 2259): Here comes a motion event
D/CircleLockScreenMotion( 2259): Here comes a motion event
D/CircleLockScreenMotion( 2259): Here comes a motion event
D/dalvikvm(30297): GC_CONCURRENT freed 25K, 8% free 14106K/15239K, paused 13ms+20ms, total 70ms
D/CircleLockScreenMotion( 2259): Here comes a motion event
I/SurfaceFlinger( 1917): id=18566(1) createSurf 0x42bc1014 (1x1),1 flag=400, NDActivity
I/SurfaceFlinger( 1917): SurfaceFlinger : eMagnificationFactorChanged. magnificationFactor=1.0
I/SurfaceFlinger( 1917): SurfaceFlinger : eZoomPositionChanged. zoomX=0.0 zoomY=0.0
D/CircleLockScreenMotion( 2259): Here comes a motion event
D/KeyguardViewMediator( 2259): setHidden false
D/CircleLockScreenMotion( 2259): Here comes a motion event
D/dalvikvm(30688): GC_CONCURRENT freed 167K, 6% free 12456K/13191K, paused 3ms+2ms, total 29ms
D/dalvikvm(30688): WAIT_FOR_CONCURRENT_GC blocked 18ms
D/CircleLockScreenMotion( 2259): Here comes a motion event
D/libEGL (30297): loaded /system/lib/egl/libEGL_mali.so
D/CircleLockScreenMotion( 2259): Here comes a motion event
D/libEGL (30297): loaded /system/lib/egl/libGLESv1_CM_mali.so
D/libEGL (30297): loaded /system/lib/egl/libGLESv2_mali.so
D/CircleLockScreenMotion( 2259): Here comes a motion event
D/ (30297): Device driver API match
D/ (30297): Device driver API version: 10
D/ (30297): User space API version: 10
D/ (30297): mali: REVISION=Linux-r2p4-02rel0 BUILD_DATE=Tue Oct 16 15:37:13 KST 2012
D/CircleUnlockRippleRenderer( 2259): RENDERMODE_WHEN_DIRTY!!!
D/CircleLockScreenMotion( 2259): Here comes a motion event
D/CircleLockScreenMotion( 2259): Here comes a motion event
D/CircleLockScreenMotion( 2259): Here comes a motion event
D/OpenGLRenderer(30297): Enabling debug mode 0
D/CircleLockScreenMotion( 2259): Here comes a motion event
D/CircleLockScreenMotion( 2259): Here comes a motion event
D/KeyguardViewMediator( 2259): setHidden false
D/CircleLockScreenMotion( 2259): Here comes a motion event
D/LockPatternUtils( 2259): isPcwEnable = 10
D/KeyguardViewMediator( 2259): keyguardDone(false)
D/KeyguardViewMediator( 2259): handleKeyguardDone
D/KeyguardViewMediator( 2259): handleHide
E/AudioPolicyService( 1920): getOutput() tid 2219 ++
E/AudioPolicyService( 1920): getOutput() tid 2219 --
V/AudioPolicyManagerBase( 1920): getOutput() stream 1, samplingRate 0, format 0, channelMask 3, flags 0
V/AudioPolicyManagerBase( 1920): getOutputsForDevice device 0002 -> 0002
V/AudioPolicyManagerBase( 1920): getOutput() returns output 2
D/KeyguardViewMediator( 2259): setHidden false
E/AudioPolicyService( 1920): getOutput() tid 1920 ++
E/AudioPolicyService( 1920): getOutput() tid 1920 --
V/AudioPolicyManagerBase( 1920): getOutput() stream 1, samplingRate 0, format 0, channelMask 3, flags 0
V/AudioPolicyManagerBase( 1920): getOutputsForDevice device 0002 -> 0002
V/AudioPolicyManagerBase( 1920): getOutput() returns output 2
E/AudioPolicyService( 1920): getOutput() tid 3902 ++
E/AudioPolicyService( 1920): getOutput() tid 3902 --
V/AudioPolicyManagerBase( 1920): getOutput() stream 1, samplingRate 44100, format 1, channelMask 1, flags 4
V/AudioPolicyManagerBase( 1920): getOutputsForDevice device 0002 -> 0002
V/AudioPolicyManagerBase( 1920): getOutput() returns output 2
I/SurfaceFlinger( 1917): id=18565 Removed lleiderkrei idx=3 MapSz=6
I/SurfaceFlinger( 1917): id=18565 Removed lleiderkrei idx=-2 MapSz=6
V/LvOutput( 1920): initCheck: 0
V/LvOutput( 1920): attachEffects: attach processing to output 2, stream 1, session 6347, mode 0
V/LvOutput( 1920): attachEffects: no output processing needs to be attached to this stream
V/LvOutput( 1920): LvOutput::setAllProcessorEnabled(false) mOutputs.size(118)
V/AudioPolicyManagerBase( 1920): startOutput() output 2, stream 1, session 6347
V/AudioPolicyManagerBase( 1920): changeRefCount() stream 1, count 1
V/AudioPolicyManagerBase( 1920): getNewDevice() selected device 2
V/AudioPolicyManagerBase( 1920): setOutputDevice() output 2 device 0002 force 0 delayMs 0
V/AudioPolicyManagerBase( 1920): setOutputDevice() prevDevice 0002
V/AudioPolicyManagerBase( 1920): setOutputDevice() setting same device 0002 or null device for output 2
D/KeyguardViewMediator( 2259): setHidden false
V/AudioPolicyManagerBase( 1920): releaseOutput() 2
D/KeyguardViewMediator( 2259): adjustUserActivityLocked mShowing: false mHidden: false
D/LockPatternUtils( 2259): isPcwEnable = 10
D/KeyguardViewMediator( 2259): adjustStatusBarLocked: mShowing=false mHidden=false isSecure=false --> flags=0x0
I/AudioMixer( 1920): setParameter(TRACK, FORMAT, 0x1)
E/AudioMixer( 1920): MOON > checkSEC_PCM ++ 1
D/PowerManagerService( 2259): enableUserActivity true
D/STATUSBAR-StatusBarManagerService( 2259): manageDisableList what=0x0 pkg=android
D/KeyguardViewMediator( 2259): setHidden false
I/SurfaceFlinger( 1917): id=18562 Removed Mauncher idx=1 MapSz=5
E/KeyguardViewMediator( 2259): 3. Lockscreen unlock
I/SurfaceFlinger( 1917): id=18562 Removed Mauncher idx=-2 MapSz=5
E/KeyguardViewMediator( 2259): Phone is boot completed. so can broadcast
E/KeyguardViewMediator( 2259): Phone is boot completed. so can broadcast
D/PhoneStatusBar( 2707): disable: < expand icons alerts ticker system_info BACK HOME recent* CLOCK > D/PowerManagerService( 2259): releaseWakeLockLocked flags=0x0 tag=keyguard myUID=1000 myPID=2259 myTID=2604
D/KeyguardViewMediator( 2259): setHidden false
D/lights ( 2259): write pattern : g_led_info = 0
D/lights ( 2259): led_pattern : 0 +
D/STATUSBAR-NotificationService( 2259): ACTION_USER_PRESENT
D/LightsService( 2259): [SvcLED] setSvcLedStateLocked:: id = 4, color = 0, mode = Off, set = Off
D/LightsService( 2259): [SvcLED] wl is acquired. It will be released after 350ms.
D/lights ( 2259): led_pattern : 0 -
D/CircleLockScreenMotion( 2259): Here comes a motion event
E/MotionRecognitionService( 2259): mReceiver.onReceive : ACTION_USER_PRESENT :: UNLOCK SCREEN
D/NfcService(20808): NFC-C ON
D/MotionEngine( 2259): [LIST SCROLL] MOTION_EVENT_TILT_DOWN_LEVEL_1 11 18 25 11 18 25
D/CircleLockScreenMotion( 2259): Here comes a motion event
D/CircleLockScreenMotion( 2259): Here comes a motion event
D/CircleLockScreenMotion( 2259): Here comes a motion event
D/CircleLockScreenMotion( 2259): Here comes a motion event
D/CircleLockScreenMotion( 2259): Here comes a motion event
D/WindowManager( 2259): PhoneWindowManager: focusChangedLw
D/KeyguardViewMediator( 2259): setHidden false
D/LockPatternKeyguardView( 2259): unfocused
D/CircleLockScreen( 2259): unfocused
V/WindowManager( 2259): rotationForOrientationLw(orient=1, last=0); user=0 mLidState=-1 mDockMode=0 mHdmiPlugged=false mAccelerometerDefault=false sensorRotation=-1
D/WindowManager( 2259): mInputFocus is not null.
D/WindowManager( 2259): mInputFocus is not null.
D/WindowManager( 2259): PhoneWindowManager: focusChangedLw
D/KeyguardViewMediator( 2259): setHidden false
D/MotionEngine( 2259): [@@@ Motion Engine @@@] MOVE Recognition ############ 200
D/MotionEngine( 2259): [@@@ Motion Engine @@@] Event num 98 Occured
D/CircleLockScreenMotion( 2259): Here comes a motion event
I/dalvikvm(30688): Could not find method android.app.AlarmManager.setExact, referenced from method com.whatsapp.App.O
W/dalvikvm(30688): VFY: unable to resolve virtual method 176: Landroid/app/AlarmManager;.setExact (IJLandroid/app/PendingIntent;)V
D/dalvikvm(30688): VFY: replacing opcode 0x6e at 0x0032
D/STATUSBAR-StatusBarManagerService( 2259): setSystemUiVisibility(0x0)
D/STATUSBAR-StatusBarManagerService( 2259): manageDisableList what=0x0 pkg=WindowManager.LayoutParams
D/PhoneStatusBar( 2707): disable: < expand icons alerts ticker system_info back* home* recent clock* > I/ClipboardServiceEx( 2259): Send intent for dismiss clipboard dialog inside hideCurrentInputLocked() !
D/MotionEngine( 2259): [TURN OVER] ##### GYRO satisfied but still LCD Up.... Sequence start from the top
D/CircleLockScreenMotion( 2259): Here comes a motion event
D/CircleLockScreenMotion( 2259): Here comes a motion event
D/KeyguardViewMediator( 2259): setHidden false
D/CircleLockScreenMotion( 2259): Here comes a motion event
D/KeyguardViewMediator( 2259): setHidden false
D/dalvikvm(30297): GC_CONCURRENT freed 478K, 7% free 14321K/15367K, paused 14ms+3ms, total 47ms
D/dalvikvm(30297): WAIT_FOR_CONCURRENT_GC blocked 6ms
D/dalvikvm(30297): WAIT_FOR_CONCURRENT_GC blocked 15ms
D/dalvikvm(30297): WAIT_FOR_CONCURRENT_GC blocked 7ms
D/dalvikvm(30719): GC_CONCURRENT freed 172K, 6% free 12452K/13191K, paused 15ms+2ms, total 46ms
D/dalvikvm(30719): WAIT_FOR_CONCURRENT_GC blocked 5ms
D/CircleLockScreenMotion( 2259): Here comes a motion event
W/Crittercism(30297): Crittercism not initialized yet. Returning.
D/KeyguardViewMediator( 2259): setHidden false
D/CircleLockScreenMotion( 2259): Here comes a motion event
D/MotionEngine( 2259): [@@@ Motion Engine @@@] MOVE Recognition ############ 100
D/CircleLockScreenMotion( 2259): Here comes a motion event
D/KeyguardViewMediator( 2259): setHidden false
D/MotionEngine( 2259): [TURN OVER] ##### Init
D/CircleLockScreenMotion( 2259): Here comes a motion event
W/Crittercism(30297): Crittercism not initialized yet. Returning.
D/KeyguardViewMediator( 2259): setHidden false
I/ClipboardServiceEx( 2259): Send intent for dismiss clipboard dialog inside hideCurrentInputLocked() !
D/dalvikvm(30688): GC_CONCURRENT freed 178K, 6% free 12710K/13511K, paused 12ms+12ms, total 41ms
D/CircleLockScreenMotion( 2259): Here comes a motion event
I/dalvikvm(30688): Could not find method android.app.AlarmManager.setExact, referenced from method com.whatsapp.App.Z
W/dalvikvm(30688): VFY: unable to resolve virtual method 176: Landroid/app/AlarmManager;.setExact (IJLandroid/app/PendingIntent;)V
D/dalvikvm(30688): VFY: replacing opcode 0x6e at 0x0069
I/dalvikvm(30688): Could not find method android.app.AlarmManager.setExact, referenced from method com.whatsapp.App.b
W/dalvikvm(30688): VFY: unable to resolve virtual method 176: Landroid/app/AlarmManager;.setExact (IJLandroid/app/PendingIntent;)V
D/dalvikvm(30688): VFY: replacing opcode 0x6e at 0x0030
I/dalvikvm(30688): Could not find method android.app.AlarmManager.setExact, referenced from method com.whatsapp.App.c
W/dalvikvm(30688): VFY: unable to resolve virtual method 176: Landroid/app/AlarmManager;.setExact (IJLandroid/app/PendingIntent;)V
D/dalvikvm(30688): VFY: replacing opcode 0x6e at 0x0072
D/KeyguardViewMediator( 2259): setHidden false
D/CircleLockScreenMotion( 2259): Here comes a motion event
D/KeyguardViewMediator( 2259): setHidden false
D/CircleLockScreenMotion( 2259): Here comes a motion event
E/MTPRx (30747): In MtpReceiverandroid.intent.action.USER_PRESENT
E/MTPRx (30747): check value of boot_completed is1
E/MTPRx (30747): check booting is completed_sys.boot_completed
E/MTPRx (30747): Sd-Card path/storage/extSdCard
E/MTPRx (30747): Status for mount/Unmount :mounted
E/MTPRx (30747): SDcard is available
D/KeyguardViewMediator( 2259): setHidden false
D/MotionEngine( 2259): [@@@ Motion Engine @@@] GetMotionScenarioId -1.091756 -2.365471 8.226477 -37.435014 42.752506 146.387527 51 20
I/SurfaceFlinger( 1917): id=18563 Removed Leyguard idx=5 MapSz=4
I/SurfaceFlinger( 1917): id=18563 Removed Leyguard idx=-2 MapSz=4
D/CircleLockScreenMotion( 2259): Here comes a motion event
E/MTPRx (30747): The value of first_boot is 1
E/MTPRx (30747): [ 662] The value of first_boot is 1NORMAL SEQUENCE
I/ActivityThread(30688): Pub com.whatsapp.provider.contact: com.whatsapp.contact.ContactProvider
I/ActivityThread(30688): Pub com.whatsapp.provider.media: com.whatsapp.MediaProvider
D/dalvikvm(30297): GC_CONCURRENT freed 408K, 7% free 14676K/15687K, paused 4ms+2ms, total 31ms
D/dalvikvm(30297): WAIT_FOR_CONCURRENT_GC blocked 23ms
D/CircleLockScreenMotion( 2259): Here comes a motion event
D/CircleLockScreenMotion( 2259): Here comes a motion event
D/CircleLockScreenMotion( 2259): Here comes a motion event
D/STATUSBAR-NetworkController( 2707): refreshSignalCluster: data=0 bt=false
D/STATUSBAR-SignalClusterView( 2707): mSeparateMobileGroup=8
D/STATUSBAR-SignalClusterView( 2707): mSeparateMobileGroup=8
D/STATUSBAR-SignalClusterView( 2707): mSeparateMobileGroup=8
D/CircleLockScreenMotion( 2259): Here comes a motion event
D/MotionEngine( 2259): [VOLUME DOWN] VOLUME DOWN......... TRIGGER EXECUTED........ 0 0 11
D/MotionEngine( 2259): [@@@ Motion Engine @@@] Event num 70 Occured
D/CircleLockScreenMotion( 2259): Here comes a motion event
D/dalvikvm(30688): GC_CONCURRENT freed 252K, 6% free 13005K/13831K, paused 2ms+3ms, total 22ms
D/dalvikvm(30688): WAIT_FOR_CONCURRENT_GC blocked 5ms
D/MotionEngine( 2259): [LIST SCROLL] MOTION_EVENT_TILT_UP_LEVEL_1 11 18 25 11 18 25
D/CircleLockScreenMotion( 2259): Here comes a motion event
D/CircleLockScreen( 2259): onPause()
D/CircleShortcutWidget( 2259): onPause()
D/CircleLockScreenMotion( 2259): unregister motion listener
D/MotionRecognitionManager( 2259): @ member 0 = com.android.internal.policy.impl.sec.CircleLockScreenMotion$2@423b2508
I/MotionRecognitionManager( 2259): .unregisterListener : / listener count = 1->1, listener=com.android.internal.policy.impl.sec.CircleLockScreenMotion$1@42411230
D/MotionRecognitionManager( 2259): @ member 0 = com.android.internal.policy.impl.sec.CircleLockScreenMotion$2@423b2508
D/SensorManager( 2259): unregisterListener:: Listener= android.hardware.motion.MotionRecognitionService$4@41fd1708
I/SensorManager( 2259): Set min delay = 200000
I/SensorManager( 2259): Set min delay = 200000
I/SensorManager( 2259): Before sending... delay = 200000
D/Sensors ( 2259): Remain listener = android.view.WindowOrientationListener$SensorEventListenerImpl@424160b0
I/Sensors ( 2259): sendDelay --- 200000000
I/SensorService( 2259): info.selectDelay() ns=200000000
D/iNemoSensor( 2259): setDelay(): handle(0), en(200000000)
I/iNemoSensor( 2259): iNemoSensor::skip update_delay wanted_gyro = 20000000 current delay = 20000000
I/iNemoSensor( 2259): update_delay wanted_accel = 200000000
D/SensorService( 2259): SensorDevice::setDelay, Return(true 1, false 0) = 1
D/SensorManager( 2259): JNI - sendDelay
D/SensorManager( 2259): unregisterListener:: Listener= android.hardware.motion.MotionRecognitionService$5@41fd03b8
I/iNemoSensor( 2259): enable(): handle(5), en(0), what(1)
D/iNemoSensor( 2259): enableDev() : path(/sys/class/input/event4/device/enable), val(0)
D/iNemoSensor( 2259): enable(): MASK_ACC (1) MASK_MAG (0) MASK_GYR (0)
D/iNemoSensor( 2259): enable(): mEnAcc(1) mEnMag(0) mEnGyr(0)
I/iNemoSensor( 2259): skip update_delay wanted_accel = 200000000 current delay = 200000000
D/SensorService( 2259): SensorDevice::activate (enable 1, disable 0) = 0
D/SensorService( 2259): activating sensor disable handle=5
D/SensorService( 2259): activating sensor disable, Done!
D/SensorService( 2259): SensorDevice::activating sensor handle=5 ns=20000000
D/iNemoSensor( 2259): setDelay(): handle(5), en(20000000)
I/iNemoSensor( 2259): skip update_delay wanted_accel = 200000000 current delay = 200000000
D/MotionRecognitionService( 2259): .unregisterCallback : 0, client=com.android.internal.policy.impl.sec.CircleLockScreenMotion$2@423b2508
D/SensorManager( 2259): unregisterListener:: Listener= android.view.WindowOrientationListener$SensorEventListenerImpl@422b7908
I/SensorManager( 2259): Set min delay = 200000
I/SensorManager( 2259): Before sending... delay = 200000
D/Sensors ( 2259): Remain listener = android.view.WindowOrientationListener$SensorEventListenerImpl@424160b0
I/Sensors ( 2259): sendDelay --- 200000000
I/SensorService( 2259): info.selectDelay() ns=200000000
D/iNemoSensor( 2259): setDelay(): handle(0), en(200000000)
I/iNemoSensor( 2259): skip update_delay wanted_accel = 200000000 current delay = 200000000
D/SensorService( 2259): SensorDevice::setDelay, Return(true 1, false 0) = 1
D/SensorManager( 2259): JNI - sendDelay
I/MotionRecognitionManager( 2259): .unregisterListener : / listener count = 1->0, listener=com.android.internal.policy.impl.sec.CircleLockScreenMotion$2@423b2508
D/CircleLockScreen( 2259): cleanUp()
D/CircleUnlockRippleRenderer( 2259): cleanUp
V/SoundPoolThread( 2259): Got message m=1, mData=0
V/SoundPoolThread( 2259): goodbye
V/SoundPoolThread( 2259): return from quit
V/AudioPolicyManagerBase( 1920): releaseOutput() 2
V/AudioPolicyManagerBase( 1920): releaseOutput() 2
V/AudioPolicyManagerBase( 1920): releaseOutput() 2
V/SoundPoolThread( 2259): return from quit
D/CircleShortcutWidget( 2259): cleanUp()
D/CircleLockScreenMotion( 2259): cleanUp
I/MotionRecognitionManager( 2259): .unregisterListener : / listener count = 0->0, listener=com.android.internal.policy.impl.sec.CircleLockScreenMotion$1@42411230
I/MotionRecognitionManager( 2259): .unregisterListener : / listener count = 0->0, listener=com.android.internal.policy.impl.sec.CircleLockScreenMotion$2@423b2508
D/MotionRecognitionService( 2259): .checkSettingEngineEnabled : true
V/WindowOrientationListener( 2259): WindowOrientationListener disabled
D/MotionRecognitionService( 2259): .finalizeMotionEngine
V/LvOutput( 1920): initCheck: 0
D/AkmSensor( 2259): MeasureSNGLoop: interval.interval = 200000000, doze_max = 196000, prms->enabled = 2
V/LvOutput( 1920): detachEffects: detach processing for output 2, stream 1, session 6347
V/LvOutput( 1920): detachEffects: no output processing was attached to this stream
V/AudioPolicyManagerBase( 1920): stopOutput() output 2, stream 1, session 6347
V/AudioPolicyManagerBase( 1920): changeRefCount() stream 1, count 0
V/AudioPolicyManagerBase( 1920): getNewDevice() selected device 0
V/AudioPolicyManagerBase( 1920): setOutputDevice() output 2 device 0000 force 0 delayMs 184
V/AudioPolicyManagerBase( 1920): setOutputDevice() prevDevice 0002
V/AudioPolicyManagerBase( 1920): setOutputDevice() setting same device 0000 or null device for output 2
D/KeyguardViewMediator( 2259): setHidden false
W/SurfaceView( 2259): CHECK surface infomation creating=false formatChanged=false sizeChanged=false visible=false visibleChanged=true surfaceChanged=true realSizeChanged=false redrawNeeded=false left=false top=false
I/SurfaceFlinger( 1917): id=18564 Removed TurfaceView idx=4 MapSz=3
D/dalvikvm(30688): GC_CONCURRENT freed 304K, 7% free 13104K/14023K, paused 2ms+13ms, total 36ms
I/SurfaceFlinger( 1917): id=18564 Removed TurfaceView idx=-2 MapSz=3
D/KeyguardViewMediator( 2259): setHidden false
D/KeyguardViewMediator( 2259): setHidden false
D/KeyguardViewMediator( 2259): setHidden false
D/dalvikvm( 2259): GC_CONCURRENT freed 1914K, 20% free 41499K/51655K, paused 9ms+23ms, total 247ms
E/WifiP2pStateTracker( 2259): getNetworkInfo : NetworkInfo: type: WIFI_P2P[], state: DISCONNECTED/DISCONNECTED, reason: (unspecified), extra: (none), roaming: false, failover: false, isAvailable: true
D/WallpaperWidget( 2259): cleanUp()
D/KeyguardViewMediator( 2259): setHidden false
D/LockPatternUtils( 2259): isPcwEnable = 10
D/KeyguardViewMediator( 2259): adjustStatusBarLocked: mShowing=false mHidden=false isSecure=false --> flags=0x0
D/STATUSBAR-StatusBarManagerService( 2259): manageDisableList what=0x0 pkg=android
D/dalvikvm(30297): GC_CONCURRENT freed 251K, 6% free 15317K/16135K, paused 7ms+6ms, total 50ms
D/dalvikvm(30297): WAIT_FOR_CONCURRENT_GC blocked 33ms
D/dalvikvm(30297): WAIT_FOR_CONCURRENT_GC blocked 33ms
D/dalvikvm(30297): WAIT_FOR_CONCURRENT_GC blocked 32ms
D/dalvikvm(30297): WAIT_FOR_CONCURRENT_GC blocked 32ms
D/AbsListView(30297): Get MotionRecognitionManager
D/MotionRecognitionService( 2259): ssp status : false
W/Crittercism(30297): Crittercism not initialized yet. Returning.
D/AbsListView(30297): Get MotionRecognitionManager
D/dalvikvm(30688): GC_CONCURRENT freed 340K, 7% free 13214K/14151K, paused 12ms+12ms, total 41ms
D/dalvikvm(30297): GC_CONCURRENT freed 938K, 9% free 15383K/16903K, paused 15ms+4ms, total 66ms
D/AbsListView(30297): [unregisterDoubleTapMotionListener]
I/MotionRecognitionManager(30297): .unregisterListener : / listener count = 0->0, listener=android.widget.AbsListView$4@41d11870
D/dalvikvm(30688): GC_CONCURRENT freed 241K, 7% free 13464K/14343K, paused 15ms+5ms, total 61ms
I/dalvikvm(30688): Could not find method android.app.AlarmManager.setExact, referenced from method com.whatsapp.messaging.MessageService.b
W/dalvikvm(30688): VFY: unable to resolve virtual method 176: Landroid/app/AlarmManager;.setExact (IJLandroid/app/PendingIntent;)V
D/dalvikvm(30688): VFY: replacing opcode 0x6e at 0x0099
I/dalvikvm(30688): Could not find method android.app.AlarmManager.setExact, referenced from method com.whatsapp.messaging.MessageService.h
W/dalvikvm(30688): VFY: unable to resolve virtual method 176: Landroid/app/AlarmManager;.setExact (IJLandroid/app/PendingIntent;)V
D/dalvikvm(30688): VFY: replacing opcode 0x6e at 0x0063
W/AlarmManager( 2259): FACTORY_ON= 0
W/PowerManagerService( 2259): Timer 0x7->0x3|0xf
W/AlarmManager( 2259): FACTORY_ON= 0
V/AlarmManager( 2259): waitForAlarm result :8
I/ActivityThread(30819): Pub com.android.voicemail: com.android.providers.contacts.VoicemailContentProvider
I/ActivityThread(30819): Pub applications: com.android.providers.applications.ApplicationsProvider
W/AlarmManager( 2259): FACTORY_ON= 0
D/dalvikvm(30688): GC_CONCURRENT freed 257K, 6% free 13670K/14535K, paused 13ms+13ms, total 71ms
I/ActivityThread(30819): Pub call_log: com.android.providers.contacts.CallLogProvider
I/ActivityThread(30819): Pub user_dictionary: com.android.providers.userdictionary.UserDictionaryProvider
I/ActivityThread(30819): Pub contacts;com.android.contacts: com.android.providers.contacts.ContactsProvider2
I/dalvikvm(30688): Could not find method android.app.AlarmManager.setExact, referenced from method com.whatsapp.messaging.f.c
W/dalvikvm(30688): VFY: unable to resolve virtual method 176: Landroid/app/AlarmManager;.setExact (IJLandroid/app/PendingIntent;)V
D/dalvikvm(30688): VFY: replacing opcode 0x6e at 0x0042
D/dalvikvm(30829): GC_CONCURRENT freed 171K, 6% free 12452K/13191K, paused 3ms+3ms, total 23ms
D/dalvikvm(30829): WAIT_FOR_CONCURRENT_GC blocked 11ms
D/dalvikvm(30819): GC_CONCURRENT freed 233K, 7% free 12382K/13191K, paused 3ms+3ms, total 53ms
D/dalvikvm(30819): WAIT_FOR_CONCURRENT_GC blocked 15ms
D/dalvikvm(30297): GC_FOR_ALLOC freed 973K, 10% free 15424K/17031K, paused 57ms, total 57ms
E/WifiP2pStateTracker( 2259): getNetworkInfo : NetworkInfo: type: WIFI_P2P[], state: DISCONNECTED/DISCONNECTED, reason: (unspecified), extra: (none), roaming: false, failover: false, isAvailable: true
E/WifiP2pStateTracker( 2259): getNetworkInfo : NetworkInfo: type: WIFI_P2P[], state: DISCONNECTED/DISCONNECTED, reason: (unspecified), extra: (none), roaming: false, failover: false, isAvailable: true
D/dalvikvm(30688): GC_CONCURRENT freed 456K, 8% free 13754K/14791K, paused 20ms+4ms, total 69ms
D/dalvikvm(30688): WAIT_FOR_CONCURRENT_GC blocked 23ms
D/dalvikvm(30688): WAIT_FOR_CONCURRENT_GC blocked 17ms
D/dalvikvm(30688): WAIT_FOR_CONCURRENT_GC blocked 21ms
I/ActivityThread(30829): Pub com.google.android.finsky.QSBSuggestionsProvider2: com.google.android.finsky.providers.QSBSuggestionsProvider
I/ActivityThread(30829): Pub com.google.android.finsky.AppIconProvider: com.google.android.finsky.providers.AppIconProvider
I/ActivityThread(30829): Pub com.google.android.finsky.RecentSuggestionsProvider: com.google.android.finsky.providers.RecentSuggestionsProvider
E/WifiP2pStateTracker( 2259): getNetworkInfo : NetworkInfo: type: WIFI_P2P[], state: DISCONNECTED/DISCONNECTED, reason: (unspecified), extra: (none), roaming: false, failover: false, isAvailable: true
D/Finsky (30829): [1] FinskyApp.onCreate: Initializing network with DFE https://android.clients.google.com/fdfe/
E/WifiP2pStateTracker( 2259): getNetworkInfo : NetworkInfo: type: WIFI_P2P[], state: DISCONNECTED/DISCONNECTED, reason: (unspecified), extra: (none), roaming: false, failover: false, isAvailable: true
E/WifiP2pStateTracker( 2259): getNetworkInfo : NetworkInfo: type: WIFI_P2P[], state: DISCONNECTED/DISCONNECTED, reason: (unspecified), extra: (none), roaming: false, failover: false, isAvailable: true
D/ApplicationPolicy( 2259): isStatusBarNotificationAllowed: packageName = com.whatsapp
D/lights ( 2259): write pattern : g_led_info = 0
D/lights ( 2259): led_pattern : 0 +
D/lights ( 2259): led_pattern : 0 -
D/STATUSBAR-NotificationService( 2259): Noti Alert - mSystemReady:true, AlertEnabled:true
D/STATUSBAR-NotificationService( 2259): updateLightsLocked() : Turn off notification light
D/LightsService( 2259): [SvcLED] setSvcLedStateLocked:: id = 4, color = 0, mode = Off, set = Off
D/LightsService( 2259): [SvcLED] wl is acquired. It will be released after 350ms.
E/WifiP2pStateTracker( 2259): getNetworkInfo : NetworkInfo: type: WIFI_P2P[], state: DISCONNECTED/DISCONNECTED, reason: (unspecified), extra: (none), roaming: false, failover: false, isAvailable: true
I/dalvikvm(30829): Could not find method android.provider.Settings$Global.getInt, referenced from method com.google.android.finsky.services.DailyHygiene.isProvisioned
W/dalvikvm(30829): VFY: unable to resolve static method 818: Landroid/provider/Settings$Global;.getInt (Landroid/content/ContentResolver;Ljava/lang/String;I)I
D/dalvikvm(30829): VFY: replacing opcode 0x71 at 0x000d
D/dalvikvm(30829): GC_CONCURRENT freed 309K, 7% free 12657K/13575K, paused 15ms+2ms, total 36ms
D/Finsky (30829): [1] DailyHygiene.goMakeHygieneIfDirty: No need to run daily hygiene.
V/MediaPlayer-JNI( 2707): native_finalize
V/MediaPlayer-JNI( 2707): release
V/MediaPlayer-JNI( 2707): native_finalize
V/MediaPlayer-JNI( 2707): release
D/dalvikvm( 2707): GC_CONCURRENT freed 2065K, 45% free 17724K/32071K, paused 14ms+6ms, total 68ms
D/dalvikvm( 2707): WAIT_FOR_CONCURRENT_GC blocked 55ms
V/MediaPlayer-JNI( 2707): native_finalize
V/MediaPlayer-JNI( 2707): release
D/StatusBar( 2707): expanding top notification at 0entry.userCollapsed() = false
D/dalvikvm(30688): GC_CONCURRENT freed 397K, 7% free 13948K/14919K, paused 76ms+6ms, total 137ms
D/dalvikvm(30688): WAIT_FOR_CONCURRENT_GC blocked 40ms
D/dalvikvm(30829): GC_CONCURRENT freed 293K, 7% free 12845K/13767K, paused 13ms+17ms, total 53ms
D/Finsky (30829): [1] 2.run: Loaded library for account: [jDhs-sB24o9-qbsIIln696tbRhw]
D/Finsky (30829): [1] 2.run: Finished loading 1 libraries.
D/dalvikvm(30829): GC_CONCURRENT freed 236K, 7% free 13102K/13959K, paused 12ms+3ms, total 36ms
D/Finsky (30829): [96692] InAppBillingUtils.pickAccount: com.whatsapp: Account determined from installer data - [jDhs-sB24o9-qbsIIln696tbRhw]
D/Finsky (30829): [96693] InAppBillingUtils.pickAccount: com.whatsapp: Account determined from installer data - [jDhs-sB24o9-qbsIIln696tbRhw]
D/Finsky (30829): [1] GmsCoreHelper.cleanupNlp: result=false type=1
D/Finsky (30829): [96693] InAppBillingUtils.pickAccount: com.whatsapp: Account determined from installer data - [jDhs-sB24o9-qbsIIln696tbRhw]
D/Finsky (30829): [1] RestoreTracker.stopServiceIfDone: Restore complete with 0 success and 0 failed.
I/dalvikvm(30688): Could not find method android.app.AlarmManager.setExact, referenced from method com.whatsapp.c2dm.C2DMRegistrar.a
W/dalvikvm(30688): VFY: unable to resolve virtual method 176: Landroid/app/AlarmManager;.setExact (IJLandroid/app/PendingIntent;)V
D/dalvikvm(30688): VFY: replacing opcode 0x6e at 0x007d
D/dalvikvm(30819): GC_CONCURRENT freed 146K, 6% free 12770K/13511K, paused 1ms+3ms, total 37ms
D/dalvikvm(30829): GC_CONCURRENT freed 400K, 8% free 13182K/14215K, paused 12ms+13ms, total 71ms
D/dalvikvm(30829): GC_CONCURRENT freed 312K, 7% free 13292K/14215K, paused 12ms+5ms, total 37ms
D/dalvikvm(30829): GC_CONCURRENT freed 384K, 8% free 13389K/14407K, paused 12ms+13ms, total 53ms
D/Finsky (30829): [96715] InAppBillingUtils.pickAccount: com.whatsapp: Account determined from installer data - [jDhs-sB24o9-qbsIIln696tbRhw]
D/Finsky (30829): [96715] InAppBillingUtils.pickAccount: com.whatsapp: Account determined from installer data - [jDhs-sB24o9-qbsIIln696tbRhw]
W/SignalStrength( 2259): getGsmLevel=1
W/SignalStrength( 2259): getLevel=1 (SignalStrength: 3 -1 -1 -1 -1 -1 -1 -1 -1 -1 -1 -1 gsm|lte 1)
W/SignalStrength( 2707): getGsmLevel=1
W/SignalStrength( 2707): getLevel=1 (SignalStrength: 3 -1 -1 -1 -1 -1 -1 -1 -1 -1 -1 -1 gsm|lte 1)
W/SignalStrength( 2259): getGsmDbm=-107
W/SignalStrength( 2259): getDbm=-107
W/SignalStrength( 2259): getGsmAsuLevel=3
W/SignalStrength( 2259): getAsuLevel=3
D/STATUSBAR-NetworkController( 2707): onSignalStrengthsChanged signalStrength=SignalStrength: 3 -1 -1 -1 -1 -1 -1 -1 -1 -1 -1 -1 gsm|lte 1 level=1
W/SignalStrength( 2707): getGsmLevel=1
W/SignalStrength( 2707): getLevel=1 (SignalStrength: 3 -1 -1 -1 -1 -1 -1 -1 -1 -1 -1 -1 gsm|lte 1)
W/AlarmManager( 2259): FACTORY_ON= 0
D/AudioHardwareTinyALSA( 1920): Entering AudioStreamOutALSA standby mode
I/AudioHardwareTinyALSA( 1920): Close mHandle:41bb0570
I/InputReader( 2259): Touch event's action is 0x0 (deviceType=0) [pCnt=1, s=0.58340 ]
I/InputDispatcher( 2259): Delivering touch to current input target: action: 0x0
I/InputDispatcher( 2259): Delivering touch to current input target: action: 0x0
I/InputDispatcher( 2259): Delivering touch to current input target: action: 0x0
I/InputReader( 2259): Touch event's action is 0x1 (deviceType=0) [pCnt=1, s=]
I/InputDispatcher( 2259): Delivering touch to current input target: action: 0x1
I/InputDispatcher( 2259): Delivering touch to current input target: action: 0x1
I/InputDispatcher( 2259): Delivering touch to current input target: action: 0x1
D/STATUSBAR-NetworkController( 2707): refreshSignalCluster: data=0 bt=false
D/STATUSBAR-SignalClusterView( 2707): mSeparateMobileGroup=8
D/STATUSBAR-SignalClusterView( 2707): mSeparateMobileGroup=8
D/STATUSBAR-SignalClusterView( 2707): mSeparateMobileGroup=8
D/KeyguardViewMediator( 2259): handleTimeout
I/InputReader( 2259): Touch event's action is 0x0 (deviceType=0) [pCnt=1, s=0.58341 ]
I/InputDispatcher( 2259): Delivering touch to current input target: action: 0x0
I/InputDispatcher( 2259): Delivering touch to current input target: action: 0x0
I/InputDispatcher( 2259): Delivering touch to current input target: action: 0x0
D/STATUSBAR-NetworkController( 2707): refreshSignalCluster: data=0 bt=false
D/STATUSBAR-SignalClusterView( 2707): mSeparateMobileGroup=8
D/STATUSBAR-SignalClusterView( 2707): mSeparateMobileGroup=8
D/STATUSBAR-SignalClusterView( 2707): mSeparateMobileGroup=8
V/WindowOrientationListener( 2259): nearestRotation : 0 Angle: 347 tilt: 52
I/InputReader( 2259): Touch event's action is 0x1 (deviceType=0) [pCnt=1, s=]
I/InputDispatcher( 2259): Delivering touch to current input target: action: 0x1
I/InputDispatcher( 2259): Delivering touch to current input target: action: 0x1
I/InputDispatcher( 2259): Delivering touch to current input target: action: 0x1
D/dalvikvm(30819): GC_CONCURRENT freed 235K, 7% free 12973K/13831K, paused 7ms+4ms, total 62ms
I/InputReader( 2259): Touch event's action is 0x0 (deviceType=0) [pCnt=1, s=0.58342 ]
I/InputDispatcher( 2259): Delivering touch to current input target: action: 0x0
I/InputDispatcher( 2259): Delivering touch to current input target: action: 0x0
I/InputDispatcher( 2259): Delivering touch to current input target: action: 0x0
I/InputReader( 2259): Touch event's action is 0x1 (deviceType=0) [pCnt=1, s=]
I/InputDispatcher( 2259): Delivering touch to current input target: action: 0x1
I/InputDispatcher( 2259): Delivering touch to current input target: action: 0x1
I/InputDispatcher( 2259): Delivering touch to current input target: action: 0x1
E/SpannableStringBuilder(30297): SPAN_EXCLUSIVE_EXCLUSIVE spans cannot have a zero length
D/KJH (30318): [KeyboardView-init] mGuestureTraceKeyboardGapForXt9_9 : 0
D/ApplicationPolicy( 2259): isStatusBarNotificationAllowed: packageName = android
D/STATUSBAR-NotificationService( 2259): Noti Alert - mSystemReady:true, AlertEnabled:true
D/PhoneStatusBar( 2707): addNotification score=0
D/ApplicationPolicy( 2259): isStatusBarNotificationAllowed: packageName = android
D/PowerManagerService( 2259): mIsSipVisible : true
D/STATUSBAR-NotificationService( 2259): Noti Alert - mSystemReady:true, AlertEnabled:true
I/SurfaceFlinger( 1917): id=18567(746) createSurf 0x40d3d31c (720x531),1 flag=0, JnputMethod
I/SurfaceFlinger( 1917): SurfaceFlinger : eMagnificationFactorChanged. magnificationFactor=1.0
I/SurfaceFlinger( 1917): SurfaceFlinger : eZoomPositionChanged. zoomX=0.0 zoomY=0.0
D/KeyguardViewMediator( 2259): setHidden false
D/KeyguardViewMediator( 2259): setHidden false
D/KeyguardViewMediator( 2259): setHidden false
D/StatusBar( 2707): expanding top notification at 1entry.userCollapsed() = false
D/StatusBar( 2707): expanding top notification at 1entry.userCollapsed() = false
D/InputReader( 2259): Input event: value=1
D/dalvikvm(30318): GC_FOR_ALLOC freed 2368K, 38% free 17105K/27271K, paused 47ms, total 47ms
I/InputDispatcher( 2259): Delivering key to current input target: action: 0x0
I/InputDispatcher( 2259): Delivering key to current input target: action: 0x0
I/InputDispatcher( 2259): Delivering key to current input target: action: 0x0
D/dalvikvm(30318): GC_CONCURRENT freed 227K, 33% free 18491K/27271K, paused 2ms+16ms, total 54ms
D/InputReader( 2259): Input event: value=0
D/KeyguardViewMediator( 2259): setHidden false
I/InputDispatcher( 2259): Delivering key to current input target: action: 0x1
I/InputDispatcher( 2259): Delivering key to current input target: action: 0x1
I/InputDispatcher( 2259): Delivering key to current input target: action: 0x1
I/ClipboardServiceEx( 2259): mCBPickerDialog enter case. MSG_DISMISS_DIALOG
I/ClipboardServiceEx( 2259): Send intent for dismiss clipboard dialog inside hideCurrentInputLocked() !
D/lights ( 2259): write pattern : g_led_info = 0
D/lights ( 2259): led_pattern : 0 +
D/STATUSBAR-NotificationService( 2259): updateLightsLocked() : Turn off notification light
D/LightsService( 2259): [SvcLED] setSvcLedStateLocked:: id = 4, color = 0, mode = Off, set = Off
D/LightsService( 2259): [SvcLED] wl is acquired. It will be released after 350ms.
D/lights ( 2259): led_pattern : 0 -
D/StatusBar( 2707): expanding top notification at 0entry.userCollapsed() = false
D/PowerManagerService( 2259): mIsSipVisible : false
D/PowerManagerService( 2259): mIsSipVisible : false
D/KeyguardViewMediator( 2259): setHidden false
D/KeyguardViewMediator( 2259): setHidden false
D/KeyguardViewMediator( 2259): setHidden false
I/SurfaceFlinger( 1917): id=18567 Removed JnputMethod idx=3 MapSz=3
I/SurfaceFlinger( 1917): id=18567 Removed JnputMethod idx=-2 MapSz=3
D/KeyguardViewMediator( 2259): setHidden false
D/InputReader( 2259): Input event: value=1
I/InputDispatcher( 2259): Delivering key to current input target: action: 0x0
I/InputDispatcher( 2259): Delivering key to current input target: action: 0x0
I/InputDispatcher( 2259): Delivering key to current input target: action: 0x0
D/InputReader( 2259): Input event: value=0
D/STATUSBAR-NetworkController( 2707): refreshSignalCluster: data=0 bt=false
D/STATUSBAR-SignalClusterView( 2707): mSeparateMobileGroup=8
D/STATUSBAR-SignalClusterView( 2707): mSeparateMobileGroup=8
D/STATUSBAR-SignalClusterView( 2707): mSeparateMobileGroup=8
I/InputDispatcher( 2259): Delivering key to current input target: action: 0x1
I/InputDispatcher( 2259): Delivering key to current input target: action: 0x1
I/InputDispatcher( 2259): Delivering key to current input target: action: 0x1
I/ClipboardServiceEx( 2259): mCBPickerDialog enter case. MSG_DISMISS_DIALOG
D/PowerManagerService( 2259): releaseWakeLockLocked flags=0x0 tag=statusbar myUID=1000 myPID=2259 myTID=5116
D/AbsListView(30297): Get MotionRecognitionManager
D/dalvikvm(30297): GC_FOR_ALLOC freed 732K, 9% free 15704K/17159K, paused 76ms, total 77ms
W/Crittercism(30297): Crittercism not initialized yet. Returning.
W/IInputConnectionWrapper(30297): getSelectedText on inactive InputConnection
W/IInputConnectionWrapper(30297): setComposingText on inactive InputConnection
W/IInputConnectionWrapper(30297): getExtractedText on inactive InputConnection
