W/AwesomePlayer( 1920): couldn't get userdata - Authorization
W/AwesomePlayer( 1920): couldn't get userdata - SnapShot
V/AwesomePlayer( 1920): current audio track (0)
V/AwesomePlayer( 1920): current audio track (0) is added to vector[0]
V/AwesomePlayer( 1920): setDataSource_l: Audio(1), Video(0)
I/AwesomePlayer( 1920): AwesomePlayer::setDataSource_l():: This is not a DRM content
V/MediaPlayerService( 1920): prepare
V/AwesomePlayer( 1920): prepareAsync
V/MediaPlayerService( 1920): wait for prepare
V/AwesomePlayer( 1920): onPrepareAsyncEvent
V/AwesomePlayer( 1920): notifyListner_l() msg (5-MEDIA_SET_VIDEO_SIZE), ext1 (0), ext2 (0)
V/AudioCache( 1920): notify(0x41ed3500, 5, 0, 0)
V/AudioCache( 1920): ignored
V/AwesomePlayer( 1920): notifyListner_l() msg (1-MEDIA_PREPARED), ext1 (0), ext2 (0)
V/AudioCache( 1920): notify(0x41ed3500, 1, 0, 0)
V/AudioCache( 1920): prepared
V/AudioCache( 1920): wait - success
V/MediaPlayerService( 1920): start
V/StagefrightPlayer( 1920): start
V/AwesomePlayer( 1920): play
V/AwesomePlayer( 1920): AwesomePlayer::play_l():: This is not a DRM content
I/AudioPlayer( 1920): Audioplayer kKeyAudioPCMFormat:1, 1, 0
I/AudioPlayer( 1920): Audioplayer1 (1, 1)
V/AudioCache( 1920): open(32000, 1, 0x0, 1, 4)
V/AudioCache( 1920): write(0x41f18008, 2048)
V/AudioCache( 1920): memcpy(0x45486000, 0x41f18008, 2048)
V/MediaPlayerService( 1920): wait for playback complete
V/AudioCache( 1920): write(0x41f18008, 2048)
V/AudioCache( 1920): memcpy(0x45486800, 0x41f18008, 2048)
V/AudioCache( 1920): write(0x41f18008, 2048)
V/AudioCache( 1920): memcpy(0x45487000, 0x41f18008, 2048)
V/AudioCache( 1920): write(0x41f18008, 2048)
V/AudioCache( 1920): memcpy(0x45487800, 0x41f18008, 2048)
V/AudioCache( 1920): write(0x41f18008, 2048)
V/AudioCache( 1920): memcpy(0x45488000, 0x41f18008, 2048)
V/AudioCache( 1920): write(0x41f18008, 2048)
V/AudioCache( 1920): memcpy(0x45488800, 0x41f18008, 2048)
V/AudioCache( 1920): write(0x41f18008, 2048)
V/AudioCache( 1920): memcpy(0x45489000, 0x41f18008, 2048)
V/AudioCache( 1920): write(0x41f18008, 2048)
V/AudioCache( 1920): memcpy(0x45489800, 0x41f18008, 2048)
V/AudioCache( 1920): write(0x41f18008, 2048)
V/AudioCache( 1920): memcpy(0x4548a000, 0x41f18008, 2048)
V/AudioCache( 1920): write(0x41f18008, 2048)
V/AudioCache( 1920): memcpy(0x4548a800, 0x41f18008, 2048)
V/AudioCache( 1920): write(0x41f18008, 2048)
V/AudioCache( 1920): memcpy(0x4548b000, 0x41f18008, 2048)
V/AudioCache( 1920): write(0x41f18008, 2048)
V/AudioCache( 1920): memcpy(0x4548b800, 0x41f18008, 2048)
V/AudioCache( 1920): write(0x41f18008, 2048)
V/AudioCache( 1920): memcpy(0x4548c000, 0x41f18008, 2048)
V/AudioCache( 1920): write(0x41f18008, 2048)
V/AudioCache( 1920): memcpy(0x4548c800, 0x41f18008, 2048)
V/AudioCache( 1920): write(0x41f18008, 2048)
V/AudioCache( 1920): memcpy(0x4548d000, 0x41f18008, 2048)
V/AudioCache( 1920): write(0x41f18008, 2048)
V/AudioCache( 1920): memcpy(0x4548d800, 0x41f18008, 2048)
V/AudioCache( 1920): write(0x41f18008, 2048)
V/AudioCache( 1920): memcpy(0x4548e000, 0x41f18008, 2048)
V/AudioCache( 1920): write(0x41f18008, 2048)
V/AudioCache( 1920): memcpy(0x4548e800, 0x41f18008, 2048)
V/AudioCache( 1920): write(0x41f18008, 2048)
V/AudioCache( 1920): memcpy(0x4548f000, 0x41f18008, 2048)
V/AudioCache( 1920): write(0x41f18008, 590)
V/AudioCache( 1920): memcpy(0x4548f800, 0x41f18008, 590)
D/dalvikvm(26559): GC_CONCURRENT freed 5K, 6% free 18214K/19207K, paused 16ms+3ms, total 46ms
D/CircleLockScreenMotion( 2259): Here comes a motion event
V/AwesomePlayer( 1920): MEDIA_PLAYBACK_COMPLETE
V/AwesomePlayer( 1920): notifyListner_l() msg (2-MEDIA_PLAYBACK_COMPLETE), ext1 (0), ext2 (0)
V/AudioCache( 1920): notify(0x41ed3500, 2, 0, 0)
V/AudioCache( 1920): playback complete - thread will wake up later
V/AudioCache( 1920): wait - success
V/StagefrightPlayer( 1920): reset
I/AwesomePlayer( 1920): reset
I/AwesomePlayer( 1920): cancel player events
V/AwesomePlayer( 1920): mAudioTrackVector clear
V/StagefrightPlayer( 1920): ~StagefrightPlayer
V/StagefrightPlayer( 1920): reset
I/AwesomePlayer( 1920): reset
I/AwesomePlayer( 1920): cancel player events
V/AwesomePlayer( 1920): mAudioTrackVector clear
I/AwesomePlayer( 1920): reset
I/AwesomePlayer( 1920): cancel player events
V/AwesomePlayer( 1920): mAudioTrackVector clear
V/AwesomePlayer( 1920): ~AwesomePlayer()
D/CircleLockScreenMotion( 2259): Here comes a motion event
D/CircleLockScreenMotion( 2259): Here comes a motion event
D/CircleLockScreenMotion( 2259): Here comes a motion event
D/STATUSBAR-NotificationService( 2259): updateLightsLocked() : Turn off notification light
D/LightsService( 2259): [SvcLED] setSvcLedStateLocked:: id = 4, color = 0, mode = Off, set = Off
D/LightsService( 2259): [SvcLED] wl is acquired. It will be released after 350ms.
D/CircleLockScreenMotion( 2259): Here comes a motion event
D/StatusBar( 2707): expanding top notification at 0entry.userCollapsed() = false
D/CircleLockScreenMotion( 2259): Here comes a motion event
D/CircleLockScreenMotion( 2259): Here comes a motion event
D/CircleLockScreenMotion( 2259): Here comes a motion event
D/CircleLockScreenMotion( 2259): Here comes a motion event
D/CircleLockScreenMotion( 2259): Here comes a motion event
D/CircleLockScreenMotion( 2259): Here comes a motion event
D/CircleLockScreenMotion( 2259): Here comes a motion event
D/MotionEngine( 2259): [@@@ Motion Engine @@@] GetMotionScenarioId -0.967257 5.908890 8.293514 -44.607510 -32.235006 29.680006 51 20
D/CircleLockScreenMotion( 2259): Here comes a motion event
D/CircleLockScreenMotion( 2259): Here comes a motion event
D/CircleLockScreenMotion( 2259): Here comes a motion event
D/CircleLockScreenMotion( 2259): Here comes a motion event
I/SurfaceFlinger( 1917): id=18545(1) createSurf 0x40da09ec (1x1),1 flag=0, Donversatio
I/SurfaceFlinger( 1917): SurfaceFlinger : eMagnificationFactorChanged. magnificationFactor=1.0
I/SurfaceFlinger( 1917): SurfaceFlinger : eZoomPositionChanged. zoomX=0.0 zoomY=0.0
D/KeyguardViewMediator( 2259): setHidden false
D/CircleLockScreenMotion( 2259): Here comes a motion event
D/CircleLockScreenMotion( 2259): Here comes a motion event
D/libEGL (26559): loaded /system/lib/egl/libEGL_mali.so
D/libEGL (26559): loaded /system/lib/egl/libGLESv1_CM_mali.so
D/libEGL (26559): loaded /system/lib/egl/libGLESv2_mali.so
D/CircleLockScreenMotion( 2259): Here comes a motion event
D/ (26559): Device driver API match
D/ (26559): Device driver API version: 10
D/ (26559): User space API version: 10
D/ (26559): mali: REVISION=Linux-r2p4-02rel0 BUILD_DATE=Tue Oct 16 15:37:13 KST 2012
D/CircleLockScreenMotion( 2259): Here comes a motion event
D/OpenGLRenderer(26559): Enabling debug mode 0
D/CircleLockScreenMotion( 2259): Here comes a motion event
D/CircleLockScreenMotion( 2259): Here comes a motion event
I/ApplicationUsage( 2259): Done Updating Usage Statistics in DB @ 1388781151225
D/CircleLockScreenMotion( 2259): Here comes a motion event
D/CircleLockScreenMotion( 2259): Here comes a motion event
D/CircleLockScreenMotion( 2259): Here comes a motion event
I/System.out(26559): Not a DRM File, opening notmally
I/System.out(26559): buffer returned
I/System.out(26559): Not a DRM File, opening notmally
I/System.out(26559): buffer returned
I/System.out(26559): Not a DRM File, opening notmally
I/System.out(26559): buffer returned
D/CircleLockScreenMotion( 2259): Here comes a motion event
D/MotionEngine( 2259): [LIST SCROLL] MOTION_EVENT_TILT_DOWN_LEVEL_1 11 18 25 11 18 25
D/CircleLockScreenMotion( 2259): Here comes a motion event
D/CircleLockScreenMotion( 2259): Here comes a motion event
D/MotionEngine( 2259): [LIST SCROLL] MOTION_EVENT_TILT_DOWN_LEVEL_1_LAND 11 18 25 11 18 25
D/CircleLockScreenMotion( 2259): Here comes a motion event
D/dalvikvm(26559): GC_CONCURRENT freed 482K, 6% free 19754K/20871K, paused 15ms+17ms, total 75ms
D/CircleLockScreenMotion( 2259): Here comes a motion event
V/WindowOrientationListener( 2259): nearestRotation : 0 Angle: 344 tilt: 60
D/CircleLockScreenMotion( 2259): Here comes a motion event
D/MotionEngine( 2259): [LIST SCROLL] MOTION_EVENT_TILT_DOWN_LEVEL_2 11 18 25 11 18 25
D/CircleLockScreenMotion( 2259): Here comes a motion event
D/CircleLockScreenMotion( 2259): Here comes a motion event
D/CircleLockScreenMotion( 2259): Here comes a motion event
D/STATUSBAR-NetworkController( 2707): refreshSignalCluster: data=0 bt=false
D/STATUSBAR-SignalClusterView( 2707): mSeparateMobileGroup=8
D/STATUSBAR-SignalClusterView( 2707): mSeparateMobileGroup=8
D/STATUSBAR-SignalClusterView( 2707): mSeparateMobileGroup=8
D/CircleLockScreenMotion( 2259): Here comes a motion event
D/CircleLockScreenMotion( 2259): Here comes a motion event
D/CircleLockScreenMotion( 2259): Here comes a motion event
D/CircleLockScreenMotion( 2259): Here comes a motion event
D/CircleLockScreenMotion( 2259): Here comes a motion event
D/MotionEngine( 2259): [LIST SCROLL] MOTION_EVENT_TILT_DOWN_LEVEL_1 11 18 25 11 18 25
D/KeyguardViewMediator( 2259): setHidden false
D/CircleLockScreenMotion( 2259): Here comes a motion event
D/LockPatternUtils( 2259): isPcwEnable = 10
D/KeyguardViewMediator( 2259): keyguardDone(false)
D/KeyguardViewMediator( 2259): handleKeyguardDone
D/KeyguardViewMediator( 2259): handleHide
E/AudioPolicyService( 1920): getOutput() tid 3902 ++
E/AudioPolicyService( 1920): getOutput() tid 3902 --
V/AudioPolicyManagerBase( 1920): getOutput() stream 1, samplingRate 0, format 0, channelMask 3, flags 0
V/AudioPolicyManagerBase( 1920): getOutputsForDevice device 0002 -> 0002
V/AudioPolicyManagerBase( 1920): getOutput() returns output 2
D/KeyguardViewMediator( 2259): setHidden false
E/AudioPolicyService( 1920): getOutput() tid 12626 ++
E/AudioPolicyService( 1920): getOutput() tid 12626 --
V/AudioPolicyManagerBase( 1920): getOutput() stream 1, samplingRate 0, format 0, channelMask 3, flags 0
V/AudioPolicyManagerBase( 1920): getOutputsForDevice device 0002 -> 0002
V/AudioPolicyManagerBase( 1920): getOutput() returns output 2
E/AudioPolicyService( 1920): getOutput() tid 7839 ++
E/AudioPolicyService( 1920): getOutput() tid 7839 --
V/AudioPolicyManagerBase( 1920): getOutput() stream 1, samplingRate 44100, format 1, channelMask 1, flags 4
V/AudioPolicyManagerBase( 1920): getOutputsForDevice device 0002 -> 0002
V/AudioPolicyManagerBase( 1920): getOutput() returns output 2
V/LvOutput( 1920): initCheck: 0
I/SurfaceFlinger( 1917): id=18544 Removed xhatsapp idx=3 MapSz=6
V/LvOutput( 1920): attachEffects: attach processing to output 2, stream 1, session 6336, mode 0
V/LvOutput( 1920): attachEffects: no output processing needs to be attached to this stream
V/LvOutput( 1920): LvOutput::setAllProcessorEnabled(false) mOutputs.size(118)
V/AudioPolicyManagerBase( 1920): startOutput() output 2, stream 1, session 6336
V/AudioPolicyManagerBase( 1920): changeRefCount() stream 1, count 1
V/AudioPolicyManagerBase( 1920): getNewDevice() selected device 2
V/AudioPolicyManagerBase( 1920): setOutputDevice() output 2 device 0002 force 0 delayMs 0
V/AudioPolicyManagerBase( 1920): setOutputDevice() prevDevice 0002
V/AudioPolicyManagerBase( 1920): setOutputDevice() setting same device 0002 or null device for output 2
I/SurfaceFlinger( 1917): id=18544 Removed xhatsapp idx=-2 MapSz=6
V/AudioPolicyManagerBase( 1920): releaseOutput() 2
D/KeyguardViewMediator( 2259): setHidden false
D/KeyguardViewMediator( 2259): adjustUserActivityLocked mShowing: false mHidden: false
D/PowerManagerService( 2259): enableUserActivity true
D/LockPatternUtils( 2259): isPcwEnable = 10
D/KeyguardViewMediator( 2259): adjustStatusBarLocked: mShowing=false mHidden=false isSecure=false --> flags=0x0
E/KeyguardViewMediator( 2259): 3. Lockscreen unlock
E/KeyguardViewMediator( 2259): Phone is boot completed. so can broadcast
E/KeyguardViewMediator( 2259): Phone is boot completed. so can broadcast
D/STATUSBAR-StatusBarManagerService( 2259): manageDisableList what=0x0 pkg=android
D/PhoneStatusBar( 2707): disable: < expand icons alerts ticker system_info BACK HOME recent* CLOCK > D/PowerManagerService( 2259): releaseWakeLockLocked flags=0x0 tag=keyguard myUID=1000 myPID=2259 myTID=2604
D/STATUSBAR-NotificationService( 2259): ACTION_USER_PRESENT
D/LightsService( 2259): [SvcLED] setSvcLedStateLocked:: id = 4, color = 0, mode = Off, set = Off
E/MotionRecognitionService( 2259): mReceiver.onReceive : ACTION_USER_PRESENT :: UNLOCK SCREEN
I/AudioMixer( 1920): setParameter(TRACK, FORMAT, 0x1)
E/AudioMixer( 1920): MOON > checkSEC_PCM ++ 1
I/AudioHardwareTinyALSA( 1920): AudioStreamOutALSA::write setDevice
D/AudioHardwareTinyALSA( 1920): OutALSA::setDevice: mode = 0, newDevice=0x2, currentDevice=0x2 ,force= 0
D/AudioHardwareTinyALSA( 1920): OutALSA::setDevice: mDevice 0x2, newDevice = 0x2
D/AudioHardwareTinyALSA( 1920): setOutputVolume
D/TinyUCM ( 1920): setModifier Normal, en=1
I/AudioHardwareTinyALSA( 1920): OutALSA::setDevice: mHandle NULL mode[0], Device[00000002]
I/AudioHardwareTinyALSA( 1920): Open: mDefaults->direction=0 device=0
D/AudioHardwareTinyALSA( 1920): Channel: 2, Samplerate: 44100, Format: 0, Peroid Size: 1024, Period Count: 4
D/LightsService( 2259): [SvcLED] wl is acquired. It will be released after 350ms.
I/AudioHardwareTinyALSA( 1920): before pcm_prepare
D/AudioHardwareTinyALSA( 1920): setPcmInterface: Stream=0x1, iSamplerate=8000++
D/AudioHardwareTinyALSA( 1920): setPcmInterface--
D/KeyguardViewMediator( 2259): setHidden false
I/SurfaceFlinger( 1917): id=18540 Removed Mauncher idx=1 MapSz=5
D/CircleLockScreenMotion( 2259): Here comes a motion event
I/SurfaceFlinger( 1917): id=18540 Removed Mauncher idx=-2 MapSz=5
D/NfcService(20808): NFC-C ON
D/KeyguardViewMediator( 2259): setHidden false
D/CircleLockScreenMotion( 2259): Here comes a motion event
D/MotionEngine( 2259): [LIST SCROLL] MOTION_EVENT_TILT_DOWN_LEVEL_2 11 18 25 11 18 25
D/CircleLockScreenMotion( 2259): Here comes a motion event
E/MTPRx (27330): In MtpReceiverandroid.intent.action.USER_PRESENT
E/MTPRx (27330): check value of boot_completed is1
E/MTPRx (27330): check booting is completed_sys.boot_completed
E/MTPRx (27330): Sd-Card path/storage/extSdCard
E/MTPRx (27330): Status for mount/Unmount :mounted
E/MTPRx (27330): SDcard is available
E/MTPRx (27330): The value of first_boot is 1
E/MTPRx (27330): [ 662] The value of first_boot is 1NORMAL SEQUENCE
D/CircleLockScreenMotion( 2259): Here comes a motion event
D/WindowManager( 2259): PhoneWindowManager: focusChangedLw
D/KeyguardViewMediator( 2259): setHidden false
D/CircleLockScreenMotion( 2259): Here comes a motion event
D/LockPatternKeyguardView( 2259): unfocused
D/CircleLockScreen( 2259): unfocused
V/WindowManager( 2259): rotationForOrientationLw(orient=-1, last=0); user=0 mLidState=-1 mDockMode=0 mHdmiPlugged=false mAccelerometerDefault=false sensorRotation=-1
D/WindowManager( 2259): mInputFocus is not null.
D/WindowManager( 2259): mInputFocus is not null.
D/CircleLockScreenMotion( 2259): Here comes a motion event
D/WindowManager( 2259): PhoneWindowManager: focusChangedLw
D/KeyguardViewMediator( 2259): setHidden false
D/STATUSBAR-StatusBarManagerService( 2259): setSystemUiVisibility(0x0)
D/STATUSBAR-StatusBarManagerService( 2259): manageDisableList what=0x0 pkg=WindowManager.LayoutParams
D/PhoneStatusBar( 2707): disable: < expand icons alerts ticker system_info back* home* recent clock* > D/CircleLockScreenMotion( 2259): Here comes a motion event
D/CircleLockScreenMotion( 2259): Here comes a motion event
D/KeyguardViewMediator( 2259): setHidden false
D/CircleLockScreenMotion( 2259): Here comes a motion event
D/KeyguardViewMediator( 2259): setHidden false
D/CircleLockScreenMotion( 2259): Here comes a motion event
D/KeyguardViewMediator( 2259): setHidden false
D/CircleLockScreenMotion( 2259): Here comes a motion event
D/CircleLockScreenMotion( 2259): Here comes a motion event
D/KeyguardViewMediator( 2259): setHidden false
D/CircleLockScreenMotion( 2259): Here comes a motion event
D/KeyguardViewMediator( 2259): setHidden false
D/CircleLockScreenMotion( 2259): Here comes a motion event
D/KeyguardViewMediator( 2259): setHidden false
D/CircleLockScreenMotion( 2259): Here comes a motion event
D/MotionEngine( 2259): [LIST SCROLL] MOTION_EVENT_TILT_DOWN_LEVEL_1 11 18 25 11 18 25
D/CircleLockScreenMotion( 2259): Here comes a motion event
D/KeyguardViewMediator( 2259): setHidden false
D/CircleLockScreenMotion( 2259): Here comes a motion event
D/KeyguardViewMediator( 2259): setHidden false
I/SurfaceFlinger( 1917): id=18541 Removed Leyguard idx=5 MapSz=4
I/SurfaceFlinger( 1917): id=18541 Removed Leyguard idx=-2 MapSz=4
D/CircleLockScreenMotion( 2259): Here comes a motion event
D/CircleLockScreenMotion( 2259): Here comes a motion event
D/CircleLockScreenMotion( 2259): Here comes a motion event
D/CircleLockScreenMotion( 2259): Here comes a motion event
D/CircleLockScreenMotion( 2259): Here comes a motion event
D/CircleLockScreenMotion( 2259): Here comes a motion event
D/CircleLockScreenMotion( 2259): Here comes a motion event
V/LvOutput( 1920): initCheck: 0
V/LvOutput( 1920): detachEffects: detach processing for output 2, stream 1, session 6336
V/LvOutput( 1920): detachEffects: no output processing was attached to this stream
V/AudioPolicyManagerBase( 1920): stopOutput() output 2, stream 1, session 6336
V/AudioPolicyManagerBase( 1920): changeRefCount() stream 1, count 0
V/AudioPolicyManagerBase( 1920): getNewDevice() selected device 0
V/AudioPolicyManagerBase( 1920): setOutputDevice() output 2 device 0000 force 0 delayMs 184
V/AudioPolicyManagerBase( 1920): setOutputDevice() prevDevice 0002
V/AudioPolicyManagerBase( 1920): setOutputDevice() setting same device 0000 or null device for output 2
D/MotionEngine( 2259): [@@@ Motion Engine @@@] GetMotionScenarioId 0.277727 4.204218 9.414001 -1.575000 -9.800002 4.252501 51 20
D/CircleLockScreenMotion( 2259): Here comes a motion event
D/CircleLockScreen( 2259): onPause()
D/CircleShortcutWidget( 2259): onPause()
D/CircleLockScreenMotion( 2259): unregister motion listener
D/MotionRecognitionManager( 2259): @ member 0 = com.android.internal.policy.impl.sec.CircleLockScreenMotion$2@42394140
I/MotionRecognitionManager( 2259): .unregisterListener : / listener count = 1->1, listener=com.android.internal.policy.impl.sec.CircleLockScreenMotion$1@42384cc8
D/MotionRecognitionManager( 2259): @ member 0 = com.android.internal.policy.impl.sec.CircleLockScreenMotion$2@42394140
D/SensorManager( 2259): unregisterListener:: Listener= android.hardware.motion.MotionRecognitionService$4@41fd1708
I/SensorManager( 2259): Set min delay = 200000
I/SensorManager( 2259): Set min delay = 200000
I/SensorManager( 2259): Before sending... delay = 200000
D/Sensors ( 2259): Remain listener = android.view.WindowOrientationListener$SensorEventListenerImpl@424160b0
I/Sensors ( 2259): sendDelay --- 200000000
I/SensorService( 2259): info.selectDelay() ns=200000000
D/iNemoSensor( 2259): setDelay(): handle(0), en(200000000)
I/iNemoSensor( 2259): iNemoSensor::skip update_delay wanted_gyro = 20000000 current delay = 20000000
I/iNemoSensor( 2259): update_delay wanted_accel = 200000000
D/SensorService( 2259): SensorDevice::setDelay, Return(true 1, false 0) = 1
D/SensorManager( 2259): JNI - sendDelay
D/SensorManager( 2259): unregisterListener:: Listener= android.hardware.motion.MotionRecognitionService$5@41fd03b8
I/iNemoSensor( 2259): enable(): handle(5), en(0), what(1)
D/iNemoSensor( 2259): enableDev() : path(/sys/class/input/event4/device/enable), val(0)
D/iNemoSensor( 2259): enable(): MASK_ACC (1) MASK_MAG (0) MASK_GYR (0)
D/iNemoSensor( 2259): enable(): mEnAcc(1) mEnMag(0) mEnGyr(0)
I/iNemoSensor( 2259): skip update_delay wanted_accel = 200000000 current delay = 200000000
D/SensorService( 2259): SensorDevice::activate (enable 1, disable 0) = 0
D/SensorService( 2259): activating sensor disable handle=5
D/SensorService( 2259): activating sensor disable, Done!
D/SensorService( 2259): SensorDevice::activating sensor handle=5 ns=20000000
D/iNemoSensor( 2259): setDelay(): handle(5), en(20000000)
I/iNemoSensor( 2259): skip update_delay wanted_accel = 200000000 current delay = 200000000
D/SensorManager( 2259): unregisterListener:: Listener= android.view.WindowOrientationListener$SensorEventListenerImpl@422b7908
I/SensorManager( 2259): Set min delay = 200000
I/SensorManager( 2259): Before sending... delay = 200000
D/Sensors ( 2259): Remain listener = android.view.WindowOrientationListener$SensorEventListenerImpl@424160b0
I/Sensors ( 2259): sendDelay --- 200000000
I/SensorService( 2259): info.selectDelay() ns=200000000
D/iNemoSensor( 2259): setDelay(): handle(0), en(200000000)
I/iNemoSensor( 2259): skip update_delay wanted_accel = 200000000 current delay = 200000000
D/SensorService( 2259): SensorDevice::setDelay, Return(true 1, false 0) = 1
D/SensorManager( 2259): JNI - sendDelay
I/MotionRecognitionManager( 2259): .unregisterListener : / listener count = 1->0, listener=com.android.internal.policy.impl.sec.CircleLockScreenMotion$2@42394140
D/CircleLockScreen( 2259): cleanUp()
D/CircleUnlockRippleRenderer( 2259): cleanUp
D/MotionRecognitionService( 2259): .unregisterCallback : 0, client=com.android.internal.policy.impl.sec.CircleLockScreenMotion$2@42394140
D/MotionRecognitionService( 2259): .checkSettingEngineEnabled : true
V/WindowOrientationListener( 2259): WindowOrientationListener disabled
D/MotionRecognitionService( 2259): .finalizeMotionEngine
V/SoundPoolThread( 2259): Got message m=1, mData=0
V/SoundPoolThread( 2259): goodbye
V/SoundPoolThread( 2259): return from quit
V/AudioPolicyManagerBase( 1920): releaseOutput() 2
V/AudioPolicyManagerBase( 1920): releaseOutput() 2
V/SoundPoolThread( 2259): return from quit
D/CircleShortcutWidget( 2259): cleanUp()
D/CircleLockScreenMotion( 2259): cleanUp
I/MotionRecognitionManager( 2259): .unregisterListener : / listener count = 0->0, listener=com.android.internal.policy.impl.sec.CircleLockScreenMotion$1@42384cc8
I/MotionRecognitionManager( 2259): .unregisterListener : / listener count = 0->0, listener=com.android.internal.policy.impl.sec.CircleLockScreenMotion$2@42394140
D/AkmSensor( 2259): MeasureSNGLoop: interval.interval = 200000000, doze_max = 196000, prms->enabled = 2
D/KeyguardViewMediator( 2259): setHidden false
D/KeyguardViewMediator( 2259): setHidden false
D/KeyguardViewMediator( 2259): setHidden false
W/SurfaceView( 2259): CHECK surface infomation creating=false formatChanged=false sizeChanged=false visible=false visibleChanged=true surfaceChanged=true realSizeChanged=false redrawNeeded=false left=false top=false
I/SurfaceFlinger( 1917): id=18543 Removed TurfaceView idx=4 MapSz=3
I/SurfaceFlinger( 1917): id=18543 Removed TurfaceView idx=-2 MapSz=3
D/KeyguardViewMediator( 2259): setHidden false
D/WallpaperWidget( 2259): cleanUp()
D/KeyguardViewMediator( 2259): setHidden false
D/LockPatternUtils( 2259): isPcwEnable = 10
D/KeyguardViewMediator( 2259): adjustStatusBarLocked: mShowing=false mHidden=false isSecure=false --> flags=0x0
D/STATUSBAR-StatusBarManagerService( 2259): manageDisableList what=0x0 pkg=android
W/PowerManagerService( 2259): Timer 0x7->0x3|0xf
D/STATUSBAR-NetworkController( 2707): refreshSignalCluster: data=0 bt=false
D/STATUSBAR-SignalClusterView( 2707): mSeparateMobileGroup=8
D/STATUSBAR-SignalClusterView( 2707): mSeparateMobileGroup=8
D/STATUSBAR-SignalClusterView( 2707): mSeparateMobileGroup=8
D/InputReader( 2259): Input event: value=1
I/InputDispatcher( 2259): Delivering key to current input target: action: 0x0
I/InputDispatcher( 2259): Delivering key to current input target: action: 0x0
I/InputDispatcher( 2259): Delivering key to current input target: action: 0x0
D/InputReader( 2259): Input event: value=0
I/InputDispatcher( 2259): Delivering key to current input target: action: 0x1
I/InputDispatcher( 2259): Delivering key to current input target: action: 0x1
I/InputDispatcher( 2259): Delivering key to current input target: action: 0x1
I/ClipboardServiceEx( 2259): mCBPickerDialog enter case. MSG_DISMISS_DIALOG
D/PowerManagerService( 2259): acquireDVFSLockLocked : type : DVFS_MIN_LIMIT frequency : 1000000 uid : 1000 pid : 2259 tag : ActivityManager
I/power ( 2259): *** acquire_dvfs_lock : lockType : 1 freq : 1000000
W/ActivityManager( 2259): mDVFSLock.acquire()
D/WindowManager( 2259): PhoneWindowManager: focusChangedLw
D/WindowManager( 2259): mInputFocus is not null.
W/AlarmManager( 2259): FACTORY_ON= 0
I/ClipboardServiceEx( 2259): Send intent for dismiss clipboard dialog inside hideCurrentInputLocked() !
D/KeyguardViewMediator( 2259): setHidden false
D/WindowManager( 2259): mInputFocus is not null.
D/WindowManager( 2259): mInputFocus is not null.
D/AbsListView(26559): Get MotionRecognitionManager
D/MotionRecognitionService( 2259): ssp status : false
D/WindowManager( 2259): mInputFocus is not null.
I/SurfaceFlinger( 1917): id=18546(2) createSurf 0x40da0a1c (1x1),1 flag=400, Donversatio
I/SurfaceFlinger( 1917): SurfaceFlinger : eMagnificationFactorChanged. magnificationFactor=1.0
I/SurfaceFlinger( 1917): SurfaceFlinger : eZoomPositionChanged. zoomX=0.0 zoomY=0.0
D/WindowManager( 2259): PhoneWindowManager: focusChangedLw
D/KeyguardViewMediator( 2259): setHidden false
D/STATUSBAR-StatusBarManagerService( 2259): setSystemUiVisibility(0x0)
D/STATUSBAR-StatusBarManagerService( 2259): manageDisableList what=0x0 pkg=WindowManager.LayoutParams
D/dalvikvm(26559): GC_CONCURRENT freed 1049K, 8% free 20788K/22407K, paused 13ms+5ms, total 52ms
D/dalvikvm(26559): WAIT_FOR_CONCURRENT_GC blocked 30ms
D/dalvikvm(26559): WAIT_FOR_CONCURRENT_GC blocked 24ms
D/STATUSBAR-NetworkController( 2707): refreshSignalCluster: data=0 bt=false
D/STATUSBAR-SignalClusterView( 2707): mSeparateMobileGroup=8
D/STATUSBAR-SignalClusterView( 2707): mSeparateMobileGroup=8
D/STATUSBAR-SignalClusterView( 2707): mSeparateMobileGroup=8
D/KeyguardViewMediator( 2259): setHidden false
D/KeyguardViewMediator( 2259): setHidden false
I/ClipboardServiceEx( 2259): Send intent for dismiss clipboard dialog inside hideCurrentInputLocked() !
D/KeyguardViewMediator( 2259): setHidden false
D/KeyguardViewMediator( 2259): setHidden false
W/IInputConnectionWrapper(26559): getSelectedText on inactive InputConnection
W/IInputConnectionWrapper(26559): setComposingText on inactive InputConnection
W/IInputConnectionWrapper(26559): getExtractedText on inactive InputConnection
I/power ( 2259): *** release_dvfs_lock : lockType : 1
D/PowerManagerService( 2259): releaseDVFSLockLocked : all DVFS_MIN_LIMIT are released
W/ActivityManager( 2259): mDVFSLock.release()
D/KeyguardViewMediator( 2259): setHidden false
I/SurfaceFlinger( 1917): id=18545 Removed Donversatio idx=2 MapSz=3
I/SurfaceFlinger( 1917): id=18545 Removed Donversatio idx=-2 MapSz=3
D/KeyguardViewMediator( 2259): setHidden false
D/AudioHardwareTinyALSA( 1920): Entering AudioStreamOutALSA standby mode
I/AudioHardwareTinyALSA( 1920): Close mHandle:41bb0570
D/KeyguardViewMediator( 2259): setHidden false
I/dalvikvm(26559): Jit: resizing JitTable from 4096 to 8192
W/PowerManagerService( 2259): Timer 0x7->0x3|0xf
D/InputReader( 2259): Input event: value=1
I/InputDispatcher( 2259): Delivering key to current input target: action: 0x0
I/InputDispatcher( 2259): Delivering key to current input target: action: 0x0
I/InputDispatcher( 2259): Delivering key to current input target: action: 0x0
D/InputReader( 2259): Input event: value=0
I/InputDispatcher( 2259): Delivering key to current input target: action: 0x1
I/InputDispatcher( 2259): Delivering key to current input target: action: 0x1
I/InputDispatcher( 2259): Delivering key to current input target: action: 0x1
I/ClipboardServiceEx( 2259): mCBPickerDialog enter case. MSG_DISMISS_DIALOG
D/WindowManager( 2259): PhoneWindowManager: focusChangedLw
D/KeyguardViewMediator( 2259): setHidden false
V/WindowManager( 2259): rotationForOrientationLw(orient=5, last=0); user=0 mLidState=-1 mDockMode=0 mHdmiPlugged=false mAccelerometerDefault=false sensorRotation=0
D/WindowManager( 2259): mInputFocus is not null.
D/WindowManager( 2259): mInputFocus is not null.
D/Launcher( 6417): onRestart, Launcher: 1103527480
D/Launcher( 6417): onStart, Launcher: 1103527480
D/Launcher.HomeFragment( 6417): onStart
D/Launcher( 6417): onResume, Launcher: 1103527480
D/KeyguardViewMediator( 2259): setHidden false
D/WindowManager( 2259): mInputFocus is not null.
D/WindowManager( 2259): mInputFocus is not null.
D/comsamsunglog( 6417): [MSC_HERO_Accu_JB]>>> ====================================================================================================================
D/comsamsunglog( 6417): [MSC_HERO_Accu_JB]>>> widgetappapheroaccuweatherwidget [Version : 12091801] [ 1 ]
D/comsamsunglog( 6417): [MSC_HERO_Accu_JB]>>> Header set to : ===> "widget" <===
D/comsamsunglog( 6417): [MSC_HERO_Accu_JB]>>> ====================================================================================================================
D/widget ( 6417): [MSC_HERO_Accu_JB]>>> WC:917 [0:0] onResume :: fU = true cEUi = true
D/widget ( 6417): [MSC_HERO_Accu_JB]>>> WC:2075 [0:0] AR_S_T : 0
D/widget ( 6417): [MSC_HERO_Accu_JB]>>> WC:953 [0:0] onResume :: mFAR = false, cC = false, cEUI = true
D/widget ( 6417): [MSC_HERO_Accu_JB]>>> WC:1265 [0:0] cUI : cnt = 1, mRC = true
I/FlashBarService( 2808): mPkgManagerReceiver : onReceive
D/dalvikvm(26975): WAIT_FOR_CONCURRENT_GC blocked 0ms
D/dalvikvm(26975): GC_EXPLICIT freed 232K, 7% free 12265K/13127K, paused 4ms+4ms, total 45ms
E/Launcher( 6417): Error finding setting, default accessibility to not found: accessibility_enabled
D/Launcher.HomeFragment( 6417): onResume
D/MenuAppsGridFragment( 6417): onResume
I/SurfaceFlinger( 1917): id=18547(13) createSurf 0x429b6e14 (720x1280),1 flag=0, Mauncher
I/SurfaceFlinger( 1917): SurfaceFlinger : eMagnificationFactorChanged. magnificationFactor=1.0
I/SurfaceFlinger( 1917): SurfaceFlinger : eZoomPositionChanged. zoomX=0.0 zoomY=0.0
D/KeyguardViewMediator( 2259): setHidden false
D/WindowManager( 2259): mInputFocus is not null.
D/WindowManager( 2259): mInputFocus is not null.
D/WindowManager( 2259): PhoneWindowManager: focusChangedLw
D/KeyguardViewMediator( 2259): setHidden false
D/STATUSBAR-StatusBarManagerService( 2259): setSystemUiVisibility(0x0)
D/STATUSBAR-StatusBarManagerService( 2259): manageDisableList what=0x0 pkg=WindowManager.LayoutParams
D/widget ( 6417): [MSC_HERO_Accu_JB]>>> WC:668 [0:0] mSUDH(): id = cityId:169582, tZ=GMT+1
D/widget ( 6417): [MSC_HERO_Accu_JB]>>> WC:679 [0:0] ===== mSetUIDataHandler(): day = 8:31 AM, night=3:59 PM
D/widget ( 6417): [MSC_HERO_Accu_JB]>>> SM:1256 [0:0] sta ani iPA = false, flkDir = 0, iFA = false
D/widget ( 6417): [MSC_HERO_Accu_JB]>>> WC:1713 [0:0] drw all Tm dt = 2132
D/widget ( 6417): [MSC_HERO_Accu_JB]>>> SM:516 [0:0] IR : false, IPR : false
I/ClipboardServiceEx( 2259): Send intent for dismiss clipboard dialog inside hideCurrentInputLocked() !
W/IInputConnectionWrapper(26559): showStatusIcon on inactive InputConnection
D/KeyguardViewMediator( 2259): setHidden false
D/wpfx.pan.jni( 2091): RendererBase(57139100)::resume
D/SensorService( 2259): info.rates.add, set DEFAULT_EVENTS_PERIOD
I/iNemoSensor( 2259): enable(): handle(5), en(1), what(1)
I/iNemoSensor( 2259): enable:373 gyro_dps = 0 .
D/iNemoSensor( 2259): enableDev() : path(/sys/class/input/event4/device/enable), val(1)
D/iNemoSensor( 2259): enable(): MASK_ACC (1) MASK_MAG (0) MASK_GYR (2)
D/iNemoSensor( 2259): enable(): mEnAcc(1) mEnMag(0) mEnGyr(1)
I/iNemoSensor( 2259): iNemoSensor::skip update_delay wanted_gyro = 20000000 current delay = 20000000
I/iNemoSensor( 2259): skip update_delay wanted_accel = 200000000 current delay = 200000000
D/SensorService( 2259): SensorDevice::activate (enable 1, disable 0) = 1
D/SensorService( 2259): activating sensor enable handle=5
D/SensorService( 2259): activating sensor enable, Done!
D/SensorService( 2259): SensorDevice::activating sensor handle=5 ns=200000000
D/iNemoSensor( 2259): setDelay(): handle(5), en(200000000)
I/iNemoSensor( 2259): iNemoSensor::update_delay wanted_gyro = 200000000
I/iNemoSensor( 2259): skip update_delay wanted_accel = 200000000 current delay = 200000000
I/SensorService( 2259): info.selectDelay() ns=20000000
D/iNemoSensor( 2259): setDelay(): handle(5), en(20000000)
I/iNemoSensor( 2259): iNemoSensor::update_delay wanted_gyro = 20000000
I/iNemoSensor( 2259): skip update_delay wanted_accel = 200000000 current delay = 200000000
D/SensorService( 2259): SensorDevice::setDelay, Return(true 1, false 0) = 1
D/SensorManager( 2091): registerListener :: handle = 5 name= LSM330DLC Gyroscope sensor delay= 20000 Listener= com.hamsterbeat.wallpapers.base.w@41bdbc78
D/KeyguardViewMediator( 2259): setHidden false
D/KeyguardViewMediator( 2259): setHidden false
D/KeyguardViewMediator( 2259): setHidden false
D/STATUSBAR-NetworkController( 2707): refreshSignalCluster: data=0 bt=false
D/STATUSBAR-SignalClusterView( 2707): mSeparateMobileGroup=8
D/STATUSBAR-SignalClusterView( 2707): mSeparateMobileGroup=8
D/STATUSBAR-SignalClusterView( 2707): mSeparateMobileGroup=8
D/dalvikvm( 2259): GC_CONCURRENT freed 6001K, 25% free 38874K/51655K, paused 10ms+18ms, total 225ms
D/KeyguardViewMediator( 2259): setHidden false
D/KeyguardViewMediator( 2259): handleTimeout
D/KeyguardViewMediator( 2259): setHidden false
I/SurfaceFlinger( 1917): id=18546 Removed Donversatio idx=4 MapSz=3
I/SurfaceFlinger( 1917): id=18546 Removed Donversatio idx=-2 MapSz=3
D/KeyguardViewMediator( 2259): setHidden false
D/KeyguardViewMediator( 2259): setHidden false
D/KeyguardViewMediator( 2259): setHidden false
W/SignalStrength( 2707): getGsmLevel=1
W/SignalStrength( 2707): getLevel=1 (SignalStrength: 1 -1 -1 -1 -1 -1 -1 -1 -1 -1 -1 -1 gsm|lte 1)
W/SignalStrength( 2707): getGsmLevel=1
W/SignalStrength( 2707): getLevel=1 (SignalStrength: 1 -1 -1 -1 -1 -1 -1 -1 -1 -1 -1 -1 gsm|lte 1)
W/SignalStrength( 2259): getGsmLevel=1
D/STATUSBAR-NetworkController( 2707): onSignalStrengthsChanged signalStrength=SignalStrength: 1 -1 -1 -1 -1 -1 -1 -1 -1 -1 -1 -1 gsm|lte 1 level=1
W/SignalStrength( 2259): getLevel=1 (SignalStrength: 1 -1 -1 -1 -1 -1 -1 -1 -1 -1 -1 -1 gsm|lte 1)
W/AlarmManager( 2259): FACTORY_ON= 0
W/SignalStrength( 2259): getGsmDbm=-111
W/SignalStrength( 2259): getDbm=-111
W/SignalStrength( 2259): getGsmAsuLevel=1
W/SignalStrength( 2259): getAsuLevel=1
W/PowerManagerService( 2259): Timer 0x7->0x3|0xf
I/InputReader( 2259): Touch event's action is 0x0 (deviceType=0) [pCnt=1, s=0.58199 ]
I/InputDispatcher( 2259): Delivering touch to current input target: action: 0x0
I/InputDispatcher( 2259): Delivering touch to current input target: action: 0x0
I/InputDispatcher( 2259): Delivering touch to current input target: action: 0x0
W/Vibrator( 2259): Vibrator.cancel()
D/STATUSBAR-NotificationService( 2259): updateLightsLocked() : Turn off notification light
D/LightsService( 2259): [SvcLED] setSvcLedStateLocked:: id = 4, color = 0, mode = Off, set = Off
D/LightsService( 2259): [SvcLED] wl is acquired. It will be released after 350ms.
D/WindowManager( 2259): PhoneWindowManager: focusChangedLw
D/KeyguardViewMediator( 2259): setHidden false
D/STATUSBAR-StatusBarManagerService( 2259): setSystemUiVisibility(0x80000)
D/STATUSBAR-StatusBarManagerService( 2259): manageDisableList what=0x80000 pkg=WindowManager.LayoutParams
D/STATUSBAR-NetworkController( 2707): refreshSignalCluster: data=0 bt=false
D/STATUSBAR-SignalClusterView( 2707): mSeparateMobileGroup=8
D/STATUSBAR-SignalClusterView( 2707): mSeparateMobileGroup=8
D/STATUSBAR-SignalClusterView( 2707): mSeparateMobileGroup=8
D/PhoneStatusBar( 2707): disable: < expand icons alerts TICKER* system_info back home recent clock > I/InputReader( 2259): Touch event's action is 0x1 (deviceType=0) [pCnt=1, s=]
I/InputDispatcher( 2259): Delivering touch to current input target: action: 0x1
I/InputDispatcher( 2259): Delivering touch to current input target: action: 0x1
I/InputDispatcher( 2259): Delivering touch to current input target: action: 0x1
D/STATUSBAR-PhoneStatusBar( 2707): Mini Controller text scroll : ON
D/STATUSBAR-PhoneStatusBar( 2707): performExpand()
I/InputReader( 2259): Touch event's action is 0x0 (deviceType=0) [pCnt=1, s=0.58200 ]
I/InputDispatcher( 2259): Delivering touch to current input target: action: 0x0
I/InputDispatcher( 2259): Delivering touch to current input target: action: 0x0
I/InputDispatcher( 2259): Delivering touch to current input target: action: 0x0
I/InputReader( 2259): Touch event's action is 0x1 (deviceType=0) [pCnt=1, s=]
I/InputDispatcher( 2259): Delivering touch to current input target: action: 0x1
I/InputDispatcher( 2259): Delivering touch to current input target: action: 0x1
I/InputDispatcher( 2259): Delivering touch to current input target: action: 0x1
I/power ( 2259): *** acquire_dvfs_lock : lockType : 1 freq : 1000000
D/PowerManagerService( 2259): acquireDVFSLockLocked : type : DVFS_MIN_LIMIT frequency : 1000000 uid : 1000 pid : 2259 tag : ActivityManager
W/ActivityManager( 2259): mDVFSLock.acquire()
D/Launcher.HomeFragment( 6417): onPause
D/Launcher( 6417): onPause, Launcher: 1103527480
D/KeyguardViewMediator( 2259): verifyUnlock
W/KeyguardViewMediator( 2259): verifyUnlock called when not externally disabled
D/widget ( 6417): [MSC_HERO_Accu_JB]>>> WC:1028 [0:0] onPause
W/Vibrator( 2259): Vibrator.cancel()
D/STATUSBAR-NotificationService( 2259): updateLightsLocked() : Turn off notification light
D/LightsService( 2259): [SvcLED] setSvcLedStateLocked:: id = 4, color = 0, mode = Off, set = Off
D/LightsService( 2259): [SvcLED] wl is acquired. It will be released after 350ms.
V/WindowManager( 2259): rotationForOrientationLw(orient=1, last=0); user=0 mLidState=-1 mDockMode=0 mHdmiPlugged=false mAccelerometerDefault=false sensorRotation=-1
D/STATUSBAR-NotificationService( 2259): updateLightsLocked() : Turn off notification light
D/LightsService( 2259): [SvcLED] setSvcLedStateLocked:: id = 4, color = 0, mode = Off, set = Off
D/KeyguardViewMediator( 2259): setHidden false
D/Launcher( 6417): onTrimMemory. Level: 20
I/SurfaceFlinger( 1917): id=18548(5190) createSurf 0x42bc200c (1x1),1 flag=400, lleiderkrei
I/SurfaceFlinger( 1917): SurfaceFlinger : eMagnificationFactorChanged. magnificationFactor=1.0
I/SurfaceFlinger( 1917): SurfaceFlinger : eZoomPositionChanged. zoomX=0.0 zoomY=0.0
D/KeyguardViewMediator( 2259): setHidden false
D/KeyguardViewMediator( 2259): setHidden false
D/KeyguardViewMediator( 2259): setHidden false
D/KeyguardViewMediator( 2259): setHidden false
D/KeyguardViewMediator( 2259): setHidden false
D/STATUSBAR-NetworkController( 2707): refreshSignalCluster: data=0 bt=false
D/STATUSBAR-SignalClusterView( 2707): mSeparateMobileGroup=8
D/STATUSBAR-SignalClusterView( 2707): mSeparateMobileGroup=8
D/STATUSBAR-SignalClusterView( 2707): mSeparateMobileGroup=8
D/KeyguardViewMediator( 2259): setHidden false
D/dalvikvm(27854): GC_CONCURRENT freed 293K, 7% free 13345K/14215K, paused 13ms+3ms, total 43ms
D/dalvikvm(27854): WAIT_FOR_CONCURRENT_GC blocked 5ms
D/dalvikvm(27854): GC_FOR_ALLOC freed 171K, 8% free 13434K/14471K, paused 18ms, total 18ms
D/dalvikvm(27854): GC_FOR_ALLOC freed 108K, 8% free 13411K/14471K, paused 18ms, total 18ms
D/dalvikvm(27854): GC_FOR_ALLOC freed 160K, 7% free 13459K/14471K, paused 17ms, total 17ms
D/dalvikvm(27854): GC_FOR_ALLOC freed 120K, 8% free 13519K/14599K, paused 17ms, total 17ms
D/dalvikvm(27854): GC_FOR_ALLOC freed 108K, 8% free 13496K/14599K, paused 17ms, total 17ms
D/PointerInterceptView( 2259): Receive COLLAPSED
D/PointerInterceptView( 2259): sendCallbackFunc, mPreviousOpen = false , isOpen = false , isForce = false
D/STATUSBAR-PhoneStatusBar( 2707): Mini Controller text scroll : OFF
D/STATUSBAR-QuickSettingPanel( 2707): mDisplayButtonCnt : 10 mCurButtonNum : 5
D/WindowManager( 2259): PhoneWindowManager: focusChangedLw
D/KeyguardViewMediator( 2259): setHidden false
W/STATUSBAR-QuickSettingPanel( 2707): prepareTranslationXfalse 357
D/STATUSBAR-PhoneStatusBar( 2707): performCollapse()
F/AdjustIo(27854): PRODUCTION: AdjustIo is running in Production mode. Use this setting only for the build that you want to publish. Set the environment to `sandbox` if you want to test your app!
D/WindowManager( 2259): mInputFocus is not null.
D/WindowManager( 2259): mInputFocus is not null.
E/ActivityThread(27854): Failed to find provider info for com.facebook.katana.provider.AttributionIdProvider
E/ActivityThread(27854): Failed to find provider info for com.facebook.katana.provider.AttributionIdProvider
W/Crittercism(27854): Crittercism not initialized yet. Returning.
E/ActivityThread(27854): Failed to find provider info for com.facebook.katana.provider.AttributionIdProvider
D/dalvikvm(27854): GC_CONCURRENT freed 425K, 8% free 13574K/14599K, paused 12ms+15ms, total 65ms
D/dalvikvm( 2707): GC_CONCURRENT freed 2082K, 45% free 17899K/32071K, paused 4ms+8ms, total 71ms
V/MediaPlayer-JNI( 2707): native_finalize
V/MediaPlayer-JNI( 2707): release
D/SensorManager( 2091): unregisterListener:: Listener= com.hamsterbeat.wallpapers.base.w@41bdbc78
I/iNemoSensor( 2259): enable(): handle(5), en(0), what(1)
D/iNemoSensor( 2259): enableDev() : path(/sys/class/input/event4/device/enable), val(0)
D/iNemoSensor( 2259): enable(): MASK_ACC (1) MASK_MAG (0) MASK_GYR (0)
D/iNemoSensor( 2259): enable(): mEnAcc(1) mEnMag(0) mEnGyr(0)
I/iNemoSensor( 2259): skip update_delay wanted_accel = 200000000 current delay = 200000000
D/SensorService( 2259): SensorDevice::activate (enable 1, disable 0) = 0
D/SensorService( 2259): activating sensor disable handle=5
D/KeyguardViewMediator( 2259): setHidden false
D/SensorService( 2259): activating sensor disable, Done!
D/SensorService( 2259): SensorDevice::activating sensor handle=5 ns=20000000
D/iNemoSensor( 2259): setDelay(): handle(5), en(20000000)
I/iNemoSensor( 2259): skip update_delay wanted_accel = 200000000 current delay = 200000000
D/wpfx.pan.jni( 2091): RendererBase(57139100)::pause
I/SurfaceFlinger( 1917): id=18547 Removed Mauncher idx=1 MapSz=3
I/SurfaceFlinger( 1917): id=18547 Removed Mauncher idx=-2 MapSz=3
D/WindowManager( 2259): mInputFocus is not null.
D/KeyguardViewMediator( 2259): setHidden false
D/WindowManager( 2259): mInputFocus is not null.
D/dalvikvm(27854): GC_FOR_ALLOC freed 288K, 7% free 13642K/14599K, paused 30ms, total 30ms
I/dalvikvm-heap(27854): Grow heap (frag case) to 14.327MB for 473104-byte allocation
D/dalvikvm(27854): GC_FOR_ALLOC freed 2K, 7% free 14101K/15111K, paused 29ms, total 29ms
D/dalvikvm(27854): GC_CONCURRENT freed 27K, 7% free 14126K/15111K, paused 11ms+3ms, total 33ms
D/WindowManager( 2259): mInputFocus is not null.
I/SurfaceFlinger( 1917): id=18549(1) createSurf 0x40d3bb54 (1x1),1 flag=400, NDActivity
I/SurfaceFlinger( 1917): SurfaceFlinger : eMagnificationFactorChanged. magnificationFactor=1.0
I/SurfaceFlinger( 1917): SurfaceFlinger : eZoomPositionChanged. zoomX=0.0 zoomY=0.0
D/WindowManager( 2259): PhoneWindowManager: focusChangedLw
D/KeyguardViewMediator( 2259): setHidden false
D/STATUSBAR-StatusBarManagerService( 2259): setSystemUiVisibility(0x0)
D/STATUSBAR-StatusBarManagerService( 2259): manageDisableList what=0x0 pkg=WindowManager.LayoutParams
D/PhoneStatusBar( 2707): disable: < expand icons alerts ticker* system_info back home recent clock > D/libEGL (27854): loaded /system/lib/egl/libEGL_mali.so
D/libEGL (27854): loaded /system/lib/egl/libGLESv1_CM_mali.so
D/libEGL (27854): loaded /system/lib/egl/libGLESv2_mali.so
D/ (27854): Device driver API match
D/ (27854): Device driver API version: 10
D/ (27854): User space API version: 10
D/ (27854): mali: REVISION=Linux-r2p4-02rel0 BUILD_DATE=Tue Oct 16 15:37:13 KST 2012
D/OpenGLRenderer(27854): Enabling debug mode 0
I/ClipboardServiceEx( 2259): Send intent for dismiss clipboard dialog inside hideCurrentInputLocked() !
D/KeyguardViewMediator( 2259): setHidden false
D/LockPatternUtils( 2259): isPcwEnable = 10
I/power ( 2259): *** release_dvfs_lock : lockType : 1
D/KeyguardViewMediator( 2259): setHidden false
D/PowerManagerService( 2259): releaseDVFSLockLocked : all DVFS_MIN_LIMIT are released
W/ActivityManager( 2259): mDVFSLock.release()
D/KeyguardViewMediator( 2259): setHidden false
D/dalvikvm(27854): GC_CONCURRENT freed 389K, 7% free 14411K/15367K, paused 13ms+3ms, total 55ms
D/dalvikvm(27854): WAIT_FOR_CONCURRENT_GC blocked 8ms
D/KeyguardViewMediator( 2259): setHidden false
I/SurfaceFlinger( 1917): id=18548 Removed lleiderkrei idx=3 MapSz=3
I/SurfaceFlinger( 1917): id=18548 Removed lleiderkrei idx=-2 MapSz=3
D/KeyguardViewMediator( 2259): setHidden false
D/KeyguardViewMediator( 2259): setHidden false
W/Crittercism(27854): Crittercism not initialized yet. Returning.
D/lights ( 2259): button : 2 +
D/lights ( 2259): button : 2 -
D/PowerManagerService( 2259): releaseWakeLockLocked flags=0x0 tag=statusbar myUID=1000 myPID=2259 myTID=2269
I/PowerManagerService( 2259): Ulight 0x7->0x3|0x0
D/STATUSBAR-NetworkController( 2707): refreshSignalCluster: data=0 bt=false
D/STATUSBAR-SignalClusterView( 2707): mSeparateMobileGroup=8
D/STATUSBAR-SignalClusterView( 2707): mSeparateMobileGroup=8
D/STATUSBAR-SignalClusterView( 2707): mSeparateMobileGroup=8
D/dalvikvm(27854): GC_CONCURRENT freed 698K, 9% free 14465K/15751K, paused 14ms+20ms, total 74ms
W/Crittercism(27854): Crittercism not initialized yet. Returning.
I/ClipboardServiceEx( 2259): Send intent for dismiss clipboard dialog inside hideCurrentInputLocked() !
D/dalvikvm(27854): GC_FOR_ALLOC freed 185K, 7% free 14924K/15879K, paused 21ms, total 21ms
D/AbsListView(27854): Get MotionRecognitionManager
D/MotionRecognitionService( 2259): ssp status : false
W/PowerManagerService( 2259): Timer 0x3->0x3|0x0
D/dalvikvm(27854): GC_FOR_ALLOC freed 281K, 6% free 15437K/16327K, paused 35ms, total 35ms
W/Crittercism(27854): Crittercism not initialized yet. Returning.
D/AbsListView(27854): Get MotionRecognitionManager
D/dalvikvm(27854): GC_CONCURRENT freed 1005K, 10% free 15509K/17095K, paused 21ms+10ms, total 89ms
D/AbsListView(27854): [unregisterDoubleTapMotionListener]
I/MotionRecognitionManager(27854): .unregisterListener : / listener count = 0->0, listener=android.widget.AbsListView$4@41d0fa38
I/InputReader( 2259): Touch event's action is 0x0 (deviceType=0) [pCnt=1, s=0.58201 ]
I/InputDispatcher( 2259): Delivering touch to current input target: action: 0x0
I/InputDispatcher( 2259): Delivering touch to current input target: action: 0x0
I/InputDispatcher( 2259): Delivering touch to current input target: action: 0x0
D/dalvikvm(27854): GC_FOR_ALLOC freed 736K, 9% free 15615K/17095K, paused 34ms, total 34ms
D/dalvikvm(27854): GC_FOR_ALLOC freed 262K, 9% free 15847K/17287K, paused 41ms, total 41ms
I/InputReader( 2259): Touch event's action is 0x1 (deviceType=0) [pCnt=1, s=]
I/InputDispatcher( 2259): Delivering touch to current input target: action: 0x1
I/InputDispatcher( 2259): Delivering touch to current input target: action: 0x1
I/InputDispatcher( 2259): Delivering touch to current input target: action: 0x1
I/InputReader( 2259): Touch event's action is 0x0 (deviceType=0) [pCnt=1, s=0.58202 ]
I/InputDispatcher( 2259): Delivering touch to current input target: action: 0x0
I/InputDispatcher( 2259): Delivering touch to current input target: action: 0x0
I/InputDispatcher( 2259): Delivering touch to current input target: action: 0x0
I/InputReader( 2259): Touch event's action is 0x1 (deviceType=0) [pCnt=1, s=]
I/InputDispatcher( 2259): Delivering touch to current input target: action: 0x1
I/InputDispatcher( 2259): Delivering touch to current input target: action: 0x1
I/InputDispatcher( 2259): Delivering touch to current input target: action: 0x1
W/SignalStrength( 2259): getGsmLevel=0
W/SignalStrength( 2259): getLevel=0 (SignalStrength: 1 -1 -1 -1 -1 -1 -1 -1 -1 -1 -1 -1 gsm|lte 0)
W/SignalStrength( 2707): getGsmLevel=0
W/SignalStrength( 2707): getLevel=0 (SignalStrength: 1 -1 -1 -1 -1 -1 -1 -1 -1 -1 -1 -1 gsm|lte 0)
W/SignalStrength( 2707): getGsmLevel=0
W/SignalStrength( 2707): getLevel=0 (SignalStrength: 1 -1 -1 -1 -1 -1 -1 -1 -1 -1 -1 -1 gsm|lte 0)
D/STATUSBAR-NetworkController( 2707): onSignalStrengthsChanged signalStrength=SignalStrength: 1 -1 -1 -1 -1 -1 -1 -1 -1 -1 -1 -1 gsm|lte 0 level=0
D/STATUSBAR-NetworkController( 2707): refreshSignalCluster: data=0 bt=false
D/STATUSBAR-SignalClusterView( 2707): mSeparateMobileGroup=8
W/SignalStrength( 2259): getGsmDbm=-111
W/SignalStrength( 2259): getDbm=-111
W/SignalStrength( 2259): getGsmAsuLevel=1
W/SignalStrength( 2259): getAsuLevel=1
D/STATUSBAR-SignalClusterView( 2707): mSeparateMobileGroup=8
D/STATUSBAR-SignalClusterView( 2707): mSeparateMobileGroup=8
W/AlarmManager( 2259): FACTORY_ON= 0
D/Launcher.HomeFragment( 6417): onStop
D/Launcher( 6417): onStop, Launcher: 1103527480
I/InputReader( 2259): Touch event's action is 0x0 (deviceType=0) [pCnt=1, s=0.58203 ]
I/InputDispatcher( 2259): Delivering touch to current input target: action: 0x0
I/InputDispatcher( 2259): Delivering touch to current input target: action: 0x0
I/InputDispatcher( 2259): Delivering touch to current input target: action: 0x0
I/InputReader( 2259): Touch event's action is 0x1 (deviceType=0) [pCnt=1, s=]
I/InputDispatcher( 2259): Delivering touch to current input target: action: 0x1
I/InputDispatcher( 2259): Delivering touch to current input target: action: 0x1
I/InputDispatcher( 2259): Delivering touch to current input target: action: 0x1
D/STATUSBAR-NetworkController( 2707): refreshSignalCluster: data=0 bt=false
D/STATUSBAR-SignalClusterView( 2707): mSeparateMobileGroup=8
D/STATUSBAR-SignalClusterView( 2707): mSeparateMobileGroup=8
D/STATUSBAR-SignalClusterView( 2707): mSeparateMobileGroup=8
D/InputReader( 2259): Input event: value=1
D/lights ( 2259): button : 1 +
D/lights ( 2259): button : 1 -
I/InputDispatcher( 2259): Delivering key to current input target: action: 0x0
I/InputDispatcher( 2259): Delivering key to current input target: action: 0x0
I/InputDispatcher( 2259): Delivering key to current input target: action: 0x0
I/PowerManagerService( 2259): Ulight 0x3->0x7|0x0
D/InputReader( 2259): Input event: value=0
I/InputDispatcher( 2259): Delivering key to current input target: action: 0x1
