D/SensorService( 2259): activating sensor enable, Done!
D/SensorService( 2259): SensorDevice::activating sensor handle=3 ns=200000000
I/SensorService( 2259): info.selectDelay() ns=200000000
D/SensorService( 2259): SensorDevice::setDelay, Return(true 1, false 0) = 1
D/SensorManager( 2259): registerListener :: handle = 3 name= CM36651 Light sensor delay= 200000 Listener= com.android.server.LightsService$4@423c46d0
V/MediaPlayer-JNI(26559): setDataSourceFD: fd 83
V/MediaPlayer(26559): setDataSource(83, 0, 576460752303423487)
V/MediaPlayerService( 1920): Client(1913) constructor
V/MediaPlayerService( 1920): Create new client(1913) from pid 26559, uid 10136,
V/MediaPlayerService( 1920): setDataSource fd=71, offset=0, length=576460752303423487
V/MediaPlayerService( 1920): st_dev = 45833
V/MediaPlayerService( 1920): st_mode = 33188
V/MediaPlayerService( 1920): st_uid = 0
V/MediaPlayerService( 1920): st_gid = 0
V/MediaPlayerService( 1920): st_size = 13701
V/MediaPlayerService( 1920): calculated length = 13701
V/MediaPlayerService( 1920): player type = 3
V/MediaPlayerService( 1920): create StagefrightPlayer
V/AwesomePlayer( 1920): setDefault
V/AwesomePlayer( 1920): constructor
V/AwesomePlayer( 1920): setDefault
I/AwesomePlayer( 1920): reset
I/AwesomePlayer( 1920): cancel player events
V/AwesomePlayer( 1920): mAudioTrackVector clear
V/StagefrightPlayer( 1920): StagefrightPlayer
V/AwesomePlayer( 1920): setListener
V/StagefrightPlayer( 1920): initCheck
V/AwesomePlayer( 1920): AwesomePlayer running on behalf of uid 10136
V/AudioSink( 1920): AudioOutput(6340)
V/StagefrightPlayer( 1920): setDataSource(71, 0, 13701)
V/AwesomePlayer( 1920): setDataSource (73, 0, 13701)
I/AwesomePlayer( 1920): cancel player events
V/AwesomePlayer( 1920): mAudioTrackVector clear
V/AwesomePlayer( 1920): track of type 'audio/vorbis' does not publish bitrate
V/AwesomePlayer( 1920): mBitrate = -1 bits/sec
W/AwesomePlayer( 1920): couldn't get userdata - Weather
W/AwesomePlayer( 1920): couldn't get userdata - Authorization
W/AwesomePlayer( 1920): couldn't get userdata - SnapShot
V/AwesomePlayer( 1920): current audio track (0)
V/AwesomePlayer( 1920): current audio track (0) is added to vector[0]
V/AwesomePlayer( 1920): setDataSource_l: Audio(1), Video(0)
I/AwesomePlayer( 1920): AwesomePlayer::setDataSource_l():: This is not a DRM content
V/MediaPlayerService( 1920): setDataSource
V/MediaPlayer-JNI(26559): setLooping: 0
V/MediaPlayer(26559): MediaPlayer::setLooping
V/MediaPlayerService( 1920): [1913] setLooping(0)
V/StagefrightPlayer( 1920): setLooping
V/AwesomePlayer( 1920): setLooping (0)
V/MediaPlayer(26559): setVideoSurfaceTexture
V/MediaPlayerService( 1920): [1913] setVideoSurfaceTexture(0x0)
V/MediaPlayer(26559): prepare
V/MediaPlayerService( 1920): [1913] setAudioStreamType(5)
V/MediaPlayerService( 1920): [1913] prepareAsync
V/AwesomePlayer( 1920): prepareAsync
V/AwesomePlayer( 1920): onPrepareAsyncEvent
V/AwesomePlayer( 1920): notifyListner_l() msg (5-MEDIA_SET_VIDEO_SIZE), ext1 (0), ext2 (0)
V/MediaPlayerService( 1920): [1913] notify (0x41b27220, 5, 0, 0)
V/AwesomePlayer( 1920): notifyListner_l() msg (1-MEDIA_PREPARED), ext1 (0), ext2 (0)
V/MediaPlayerService( 1920): [1913] notify (0x41b27220, 1, 0, 0)
V/MediaPlayer(26559): message received msg=5, ext1=0, ext2=0
V/MediaPlayer(26559): New video size 0 x 0
V/MediaPlayer(26559): callback application
V/MediaPlayer(26559): back from callback
V/MediaPlayer(26559): message received msg=1, ext1=0, ext2=0
V/MediaPlayer(26559): prepared
V/MediaPlayer(26559): signal application thread
V/MediaPlayer(26559): callback application
V/MediaPlayer(26559): back from callback
V/MediaPlayer(26559): prepare complete - status=0
V/MediaPlayer-JNI(26559): start
V/MediaPlayer(26559): start
V/MediaPlayerService( 1920): [1913] setLooping(0)
V/StagefrightPlayer( 1920): setLooping
V/AwesomePlayer( 1920): setLooping (0)
I/MediaPlayer(26559): Don't send intent. msg.arg1 = 0, msg.arg2 = 0
V/MediaPlayerService( 1920): [1913] setVolume(1.000000, 1.000000)
V/AudioSink( 1920): setVolume(1.000000, 1.000000)
V/MediaPlayerService( 1920): [1913] setAuxEffectSendLevel(0.000000)
V/AudioSink( 1920): setAuxEffectSendLevel(0.000000)
V/MediaPlayerService( 1920): [1913] start
V/StagefrightPlayer( 1920): setLooping
V/AwesomePlayer( 1920): setLooping (0)
V/StagefrightPlayer( 1920): start
V/AwesomePlayer( 1920): play
V/AwesomePlayer( 1920): AwesomePlayer::play_l():: This is not a DRM content
I/AudioPlayer( 1920): Audioplayer kKeyAudioPCMFormat:1, 1, 0
I/AudioPlayer( 1920): Audioplayer1 (1, 1)
V/AudioSink( 1920): open(44100, 1, 0x0, 1, 4, 6340)
E/AudioPolicyService( 1920): getOutput() tid 3902 ++
E/AudioPolicyService( 1920): getOutput() tid 3902 --
V/AudioPolicyManagerBase( 1920): getOutput() stream 5, samplingRate 0, format 0, channelMask 3, flags 0
V/AudioPolicyManagerBase( 1920): getOutputsForDevice device 0002 -> 0002
V/AudioPolicyManagerBase( 1920): getOutput() returns output 2
E/AudioPolicyService( 1920): getOutput() tid 3902 ++
E/AudioPolicyService( 1920): getOutput() tid 3902 --
V/AudioPolicyManagerBase( 1920): getOutput() stream 5, samplingRate 0, format 0, channelMask 3, flags 0
V/AudioPolicyManagerBase( 1920): getOutputsForDevice device 0002 -> 0002
V/AudioPolicyManagerBase( 1920): getOutput() returns output 2
E/AudioPolicyService( 1920): getOutput() tid 3902 ++
E/AudioPolicyService( 1920): getOutput() tid 3902 --
V/AudioPolicyManagerBase( 1920): getOutput() stream 5, samplingRate 44100, format 1, channelMask 1, flags 0
V/AudioPolicyManagerBase( 1920): getOutputsForDevice device 0002 -> 0002
V/AudioPolicyManagerBase( 1920): getOutput() returns output 2
V/AudioSink( 1920): setVolume
E/AudioPolicyService( 1920): getOutput() tid 3902 ++
E/AudioPolicyService( 1920): getOutput() tid 3902 --
V/AudioPolicyManagerBase( 1920): getOutput() stream 5, samplingRate 0, format 0, channelMask 3, flags 0
V/AudioPolicyManagerBase( 1920): getOutputsForDevice device 0002 -> 0002
V/AudioPolicyManagerBase( 1920): getOutput() returns output 2
V/AudioSink( 1920): start
V/LvOutput( 1920): initCheck: 0
V/LvOutput( 1920): attachEffects: attach processing to output 2, stream 5, session 6340, mode 0
V/LvOutput( 1920): attachEffects: no output processing needs to be attached to this stream
V/LvOutput( 1920): LvOutput::setAllProcessorEnabled(false) mOutputs.size(118)
V/AudioPolicyManagerBase( 1920): startOutput() output 2, stream 5, session 6340
V/AudioPolicyManagerBase( 1920): changeRefCount() stream 5, count 1
V/AudioPolicyManagerBase( 1920): getNewDevice() selected device 2
V/AudioPolicyManagerBase( 1920): setOutputDevice() output 2 device 0002 force 0 delayMs 0
V/AudioPolicyManagerBase( 1920): setOutputDevice() prevDevice 0002
V/AudioPolicyManagerBase( 1920): setOutputDevice() setting same device 0002 or null device for output 2
I/AudioMixer( 1920): setParameter(TRACK, FORMAT, 0x1)
E/AudioMixer( 1920): MOON > checkSEC_PCM ++ 1
I/AudioHardwareTinyALSA( 1920): AudioStreamOutALSA::write setDevice
D/AudioHardwareTinyALSA( 1920): OutALSA::setDevice: mode = 0, newDevice=0x2, currentDevice=0x2 ,force= 0
D/AudioHardwareTinyALSA( 1920): OutALSA::setDevice: mDevice 0x2, newDevice = 0x2
D/AudioHardwareTinyALSA( 1920): setOutputVolume
D/TinyUCM ( 1920): setModifier Normal, en=1
I/AudioHardwareTinyALSA( 1920): OutALSA::setDevice: mHandle NULL mode[0], Device[00000002]
I/AudioHardwareTinyALSA( 1920): Open: mDefaults->direction=0 device=0
D/AudioHardwareTinyALSA( 1920): Channel: 2, Samplerate: 44100, Format: 0, Peroid Size: 1024, Period Count: 4
I/AudioHardwareTinyALSA( 1920): before pcm_prepare
D/AudioHardwareTinyALSA( 1920): setPcmInterface: Stream=0x1, iSamplerate=8000++
D/AudioHardwareTinyALSA( 1920): setPcmInterface--
D/StatusBar( 2707): expanding top notification at 0entry.userCollapsed() = false
D/SensorManager( 2259): unregisterListener:: Listener= com.android.server.LightsService$4@423c46d0
D/SensorService( 2259): SensorDevice::activate (enable 1, disable 0) = 0
D/SensorService( 2259): activating sensor disable handle=3
D/SensorService( 2259): activating sensor disable, Done!
D/SensorService( 2259): SensorDevice::activating sensor handle=3 ns=200000000
D/LightsService( 2259): [SvcLED] onSensorChanged::light value = 20
I/LightsService( 2259): fileWriteInt : /sys/class/sec/led/led_lowpower value : 0
D/lights ( 2259): write pattern : g_led_info = 4
D/lights ( 2259): write : /sys/class/sec/led/led_blink = 0xffff00ff 1000 4000
D/lights ( 2259):
E/lights ( 2259): g_led_info = 0x4
W/AlarmManager( 2259): FACTORY_ON= 0
D/dalvikvm(30297): GC_CONCURRENT freed 158K, 6% free 12466K/13191K, paused 21ms+3ms, total 42ms
D/dalvikvm(30297): WAIT_FOR_CONCURRENT_GC blocked 13ms
D/dalvikvm(30297): GC_CONCURRENT freed 144K, 6% free 12817K/13575K, paused 18ms+13ms, total 64ms
E/OMXCodec( 1920): [OMX.google.vorbis.decoder] err = -1011
V/AwesomePlayer( 1920): MEDIA_PLAYBACK_COMPLETE
V/AwesomePlayer( 1920): notifyListner_l() msg (2-MEDIA_PLAYBACK_COMPLETE), ext1 (0), ext2 (0)
V/MediaPlayerService( 1920): [1913] notify (0x41b27220, 2, 0, 0)
V/AudioSink( 1920): stop
V/MediaPlayer(26559): message received msg=2, ext1=0, ext2=0
V/MediaPlayer(26559): playback complete
V/MediaPlayer(26559): callback application
V/LvOutput( 1920): initCheck: 0
V/LvOutput( 1920): detachEffects: detach processing for output 2, stream 5, session 6340
V/LvOutput( 1920): detachEffects: no output processing was attached to this stream
V/AudioPolicyManagerBase( 1920): stopOutput() output 2, stream 5, session 6340
V/AudioPolicyManagerBase( 1920): changeRefCount() stream 5, count 0
V/AudioPolicyManagerBase( 1920): getNewDevice() selected device 0
V/AudioPolicyManagerBase( 1920): setOutputDevice() output 2 device 0000 force 0 delayMs 184
V/AudioPolicyManagerBase( 1920): setOutputDevice() prevDevice 0002
V/AudioPolicyManagerBase( 1920): setOutputDevice() setting same device 0000 or null device for output 2
V/MediaPlayer(26559): back from callback
D/dalvikvm(30297): GC_CONCURRENT freed 388K, 8% free 12977K/13959K, paused 31ms+3ms, total 116ms
D/GcmIntentService(30297): Received GCM message: Bundle{message=fashionhippiee: Tolga tekeli
D/GcmIntentService(30297): Blz 44050199
D/GcmIntentService(30297): Sparkasse dortmund
D/GcmIntentService(30297): Knr 0192008174, unread_private_msg_count=1, collapse_key=do_not_collapse, user_id=2976358, unread_msg_count=1, unread_important_notification_count=0, android.support.content.wakelockid=1, from=1041460890447, type=notification, uri=kk://messaging?id=80574202, unread_notification_count=0}
W/System.err(30297): java.lang.IllegalStateException: Event bus [Bus "default"] accessed from non-main thread Looper{41c16990}
W/System.err(30297): at com.squareup.otto.ThreadEnforcer$2.enforce(ThreadEnforcer.java:47)
W/System.err(30297): at com.squareup.otto.Bus.register(Bus.java:185)
W/System.err(30297): at com.vinted.shared.EventBus.register(EventBus.java:13)
W/System.err(30297): at com.vinted.entities.UserSession.(UserSession.java:49)
W/System.err(30297): at com.vinted.entities.UserSession.getInstance(UserSession.java:65)
W/System.err(30297): at com.vinted.shared.GCMIntentService.onHandleIntent(GCMIntentService.java:34)
W/System.err(30297): at android.app.IntentService$ServiceHandler.handleMessage(IntentService.java:65)
W/System.err(30297): at android.os.Handler.dispatchMessage(Handler.java:99)
W/System.err(30297): at android.os.Looper.loop(Looper.java:137)
W/System.err(30297): at android.os.HandlerThread.run(HandlerThread.java:60)
D/dalvikvm(30297): GC_CONCURRENT freed 312K, 7% free 13121K/14023K, paused 18ms+18ms, total 165ms
D/ApplicationPolicy( 2259): isStatusBarNotificationAllowed: packageName = de.kleiderkreisel
D/PhoneStatusBar( 2707): addNotification score=0
D/STATUSBAR-NotificationService( 2259): Noti Alert - mSystemReady:true, AlertEnabled:true
D/ClockWidget( 2259): received MISSED_EVENT intent !!
D/MotionEngine( 2259): [@@@ Motion Engine @@@] InitializeMotionManager.... RETURN........ (Already initialized......)
D/MotionRecognitionService( 2259): .registerCallback : 2, motion_sensors=3, client=com.android.server.NotificationManagerService$OverTurnPlayer$1@42360f18
D/MotionRecognitionService( 2259): .checkSettingEngineEnabled : true
D/MotionRecognitionService( 2259): enableAccINT
V/MediaPlayer-JNI( 2707): native_setup
V/MediaPlayer( 2707): constructor
V/MediaPlayer( 2707): setListener
V/MediaPlayer-JNI( 2707): setAudioStreamType: 5
V/MediaPlayer( 2707): MediaPlayer::setAudioStreamType
I/MediaPlayer( 2707): it is a Ringtone type is : 2
D/RingtoneManager( 2707): getActualDefaultRingtoneUri type :2
D/RingtoneManager( 2707): checkDefaultRingtoneProperUri : InternalMediaAudio uriString not null type:2
V/MotionRecognitionManager( 2259): .registerListenerEvent : success. listener count = 1->2, motion_sensors=3, motion event = 1, listener=com.android.server.NotificationManagerService$OverTurnPlayer$1@42360f18
D/MotionRecognitionService( 2259): enableAccINT Complete!!
I/STATUSBAR-NotificationService( 2259): Reg. OverTurn
D/STATUSBAR-NotificationService( 2259): Noti Alert - doVibrate
D/STATUSBAR-NotificationService( 2259): updateLightsLocked() : Set custom flashing notification light
D/LightsService( 2259): [SvcLED] setSvcLedStateLocked:: id = 4, color = -65281, mode = 1, set = On
D/LightsService( 2259): [SvcLED] wl is acquired. It will be released after 350ms.
D/SensorService( 2259): info.rates.add, set DEFAULT_EVENTS_PERIOD
D/SensorService( 2259): SensorDevice::activate (enable 1, disable 0) = 1
D/SensorService( 2259): activating sensor enable handle=3
D/SensorService( 2259): activating sensor enable, Done!
D/SensorService( 2259): SensorDevice::activating sensor handle=3 ns=200000000
I/SensorService( 2259): info.selectDelay() ns=200000000
D/SensorService( 2259): SensorDevice::setDelay, Return(true 1, false 0) = 1
D/SensorManager( 2259): registerListener :: handle = 3 name= CM36651 Light sensor delay= 200000 Listener= com.android.server.LightsService$4@423c46d0
I/MediaPlayer( 2707): It is a Not a DRM RingTone: return NULL
I/MediaPlayer( 2707): path is null
D/RingtoneManager( 2259): getActualDefaultRingtoneUri type :2
D/RingtoneManager( 2259): checkDefaultRingtoneProperUri : InternalMediaAudio uriString not null type:2
V/MediaPlayer-JNI( 2707): setDataSourceFD: fd 79
V/MediaPlayer( 2707): setDataSource(79, 0, 576460752303423487)
V/MediaPlayerService( 1920): Client(1914) constructor
V/MediaPlayerService( 1920): Create new client(1914) from pid 2707, uid 1000,
V/MediaPlayerService( 1920): setDataSource fd=88, offset=0, length=576460752303423487
V/MediaPlayerService( 1920): st_dev = 45833
V/MediaPlayerService( 1920): st_mode = 33188
V/MediaPlayerService( 1920): st_uid = 0
V/MediaPlayerService( 1920): st_gid = 0
V/MediaPlayerService( 1920): st_size = 23900
V/MediaPlayerService( 1920): calculated length = 23900
V/MediaPlayerService( 1920): player type = 3
V/MediaPlayerService( 1920): create StagefrightPlayer
V/AwesomePlayer( 1920): setDefault
V/AwesomePlayer( 1920): constructor
V/AwesomePlayer( 1920): setDefault
I/AwesomePlayer( 1920): reset
I/AwesomePlayer( 1920): cancel player events
V/AwesomePlayer( 1920): mAudioTrackVector clear
V/StagefrightPlayer( 1920): StagefrightPlayer
V/AwesomePlayer( 1920): setListener
V/StagefrightPlayer( 1920): initCheck
V/AwesomePlayer( 1920): AwesomePlayer running on behalf of uid 1000
V/AudioSink( 1920): AudioOutput(6341)
V/StagefrightPlayer( 1920): setDataSource(88, 0, 23900)
V/AwesomePlayer( 1920): setDataSource (89, 0, 23900)
I/AwesomePlayer( 1920): cancel player events
V/AwesomePlayer( 1920): mAudioTrackVector clear
V/AwesomePlayer( 1920): track of type 'audio/vorbis' does not publish bitrate
V/AwesomePlayer( 1920): mBitrate = -1 bits/sec
W/AwesomePlayer( 1920): couldn't get userdata - Weather
W/AwesomePlayer( 1920): couldn't get userdata - Authorization
W/AwesomePlayer( 1920): couldn't get userdata - SnapShot
V/AwesomePlayer( 1920): current audio track (0)
V/AwesomePlayer( 1920): current audio track (0) is added to vector[0]
V/AwesomePlayer( 1920): setDataSource_l: Audio(1), Video(0)
I/AwesomePlayer( 1920): AwesomePlayer::setDataSource_l():: This is not a DRM content
V/MediaPlayerService( 1920): setDataSource
V/MediaPlayer-JNI( 2707): setLooping: 0
V/MediaPlayer( 2707): MediaPlayer::setLooping
V/MediaPlayerService( 1920): [1914] setLooping(0)
V/StagefrightPlayer( 1920): setLooping
V/AwesomePlayer( 1920): setLooping (0)
V/MediaPlayer( 2707): setVideoSurfaceTexture
V/MediaPlayerService( 1920): [1914] setVideoSurfaceTexture(0x0)
V/MediaPlayer( 2707): prepare
V/MediaPlayerService( 1920): [1914] setAudioStreamType(5)
V/MediaPlayerService( 1920): [1914] prepareAsync
V/AwesomePlayer( 1920): prepareAsync
V/AwesomePlayer( 1920): onPrepareAsyncEvent
D/StatusBar( 2707): expanding top notification at 1entry.userCollapsed() = false
V/AwesomePlayer( 1920): notifyListner_l() msg (5-MEDIA_SET_VIDEO_SIZE), ext1 (0), ext2 (0)
V/MediaPlayerService( 1920): [1914] notify (0x41f11f20, 5, 0, 0)
V/AwesomePlayer( 1920): notifyListner_l() msg (1-MEDIA_PREPARED), ext1 (0), ext2 (0)
V/MediaPlayerService( 1920): [1914] notify (0x41f11f20, 1, 0, 0)
V/MediaPlayer( 2707): message received msg=5, ext1=0, ext2=0
V/MediaPlayer( 2707): New video size 0 x 0
V/MediaPlayer( 2707): callback application
V/MediaPlayer( 2707): back from callback
V/MediaPlayer( 2707): message received msg=1, ext1=0, ext2=0
V/MediaPlayer( 2707): prepared
V/MediaPlayer( 2707): signal application thread
V/MediaPlayer( 2707): callback application
V/MediaPlayer( 2707): back from callback
V/MediaPlayer( 2707): prepare complete - status=0
I/AudioService( 2259): AudioFocus requestAudioFocus() from 2707 focusChangeHint:3
D/dalvikvm( 2259): WAIT_FOR_CONCURRENT_GC blocked 0ms
D/SensorManager( 2259): unregisterListener:: Listener= com.android.server.LightsService$4@423c46d0
D/SensorService( 2259): SensorDevice::activate (enable 1, disable 0) = 0
D/SensorService( 2259): activating sensor disable handle=3
D/SensorService( 2259): activating sensor disable, Done!
D/SensorService( 2259): SensorDevice::activating sensor handle=3 ns=200000000
D/LightsService( 2259): [SvcLED] onSensorChanged::light value = 19
I/LightsService( 2259): fileWriteInt : /sys/class/sec/led/led_lowpower value : 1
D/lights ( 2259): write pattern : g_led_info = 4
D/lights ( 2259): write : /sys/class/sec/led/led_blink = 0xffff00ff 1000 4000
D/lights ( 2259):
E/lights ( 2259): g_led_info = 0x4
W/AlarmManager( 2259): FACTORY_ON= 0
D/dalvikvm( 2259): GC_EXPLICIT freed 1370K, 20% free 41386K/51655K, paused 14ms+15ms, total 258ms
V/MediaPlayer-JNI( 2707): start
V/MediaPlayer( 2707): start
V/MediaPlayerService( 1920): [1914] setLooping(0)
V/StagefrightPlayer( 1920): setLooping
V/AwesomePlayer( 1920): setLooping (0)
V/MediaPlayerService( 1920): [1914] setVolume(1.000000, 1.000000)
V/AudioSink( 1920): setVolume(1.000000, 1.000000)
V/MediaPlayerService( 1920): [1914] setAuxEffectSendLevel(0.000000)
V/AudioSink( 1920): setAuxEffectSendLevel(0.000000)
V/MediaPlayerService( 1920): [1914] start
V/StagefrightPlayer( 1920): setLooping
V/AwesomePlayer( 1920): setLooping (0)
V/StagefrightPlayer( 1920): start
V/AwesomePlayer( 1920): play
V/AwesomePlayer( 1920): AwesomePlayer::play_l():: This is not a DRM content
I/AudioPlayer( 1920): Audioplayer kKeyAudioPCMFormat:1, 2, 0
I/AudioPlayer( 1920): Audioplayer1 (2, 1)
V/AudioSink( 1920): open(44100, 2, 0x0, 1, 4, 6341)
E/AudioPolicyService( 1920): getOutput() tid 3902 ++
E/AudioPolicyService( 1920): getOutput() tid 3902 --
V/AudioPolicyManagerBase( 1920): getOutput() stream 5, samplingRate 0, format 0, channelMask 3, flags 0
V/AudioPolicyManagerBase( 1920): getOutputsForDevice device 0002 -> 0002
V/AudioPolicyManagerBase( 1920): getOutput() returns output 2
E/AudioPolicyService( 1920): getOutput() tid 3902 ++
E/AudioPolicyService( 1920): getOutput() tid 3902 --
V/AudioPolicyManagerBase( 1920): getOutput() stream 5, samplingRate 0, format 0, channelMask 3, flags 0
V/AudioPolicyManagerBase( 1920): getOutputsForDevice device 0002 -> 0002
V/AudioPolicyManagerBase( 1920): getOutput() returns output 2
E/AudioPolicyService( 1920): getOutput() tid 3902 ++
E/AudioPolicyService( 1920): getOutput() tid 3902 --
V/AudioPolicyManagerBase( 1920): getOutput() stream 5, samplingRate 44100, format 1, channelMask 3, flags 0
V/AudioPolicyManagerBase( 1920): getOutputsForDevice device 0002 -> 0002
V/AudioPolicyManagerBase( 1920): getOutput() returns output 2
V/AudioSink( 1920): setVolume
E/AudioPolicyService( 1920): getOutput() tid 3902 ++
E/AudioPolicyService( 1920): getOutput() tid 3902 --
V/AudioPolicyManagerBase( 1920): getOutput() stream 5, samplingRate 0, format 0, channelMask 3, flags 0
V/AudioPolicyManagerBase( 1920): getOutputsForDevice device 0002 -> 0002
V/AudioPolicyManagerBase( 1920): getOutput() returns output 2
V/AudioSink( 1920): start
V/LvOutput( 1920): initCheck: 0
V/LvOutput( 1920): attachEffects: attach processing to output 2, stream 5, session 6341, mode 0
V/LvOutput( 1920): attachEffects: no output processing needs to be attached to this stream
V/LvOutput( 1920): LvOutput::setAllProcessorEnabled(false) mOutputs.size(118)
V/AudioPolicyManagerBase( 1920): startOutput() output 2, stream 5, session 6341
V/AudioPolicyManagerBase( 1920): changeRefCount() stream 5, count 1
V/AudioPolicyManagerBase( 1920): getNewDevice() selected device 2
V/AudioPolicyManagerBase( 1920): setOutputDevice() output 2 device 0002 force 0 delayMs 0
V/AudioPolicyManagerBase( 1920): setOutputDevice() prevDevice 0002
V/AudioPolicyManagerBase( 1920): setOutputDevice() setting same device 0002 or null device for output 2
I/MediaPlayer( 2707): Don't send intent. msg.arg1 = 0, msg.arg2 = 0
I/AudioMixer( 1920): setParameter(TRACK, FORMAT, 0x1)
E/AudioMixer( 1920): MOON > checkSEC_PCM ++ 1
E/OMXCodec( 1920): [OMX.google.vorbis.decoder] err = -1011
V/AwesomePlayer( 1920): MEDIA_PLAYBACK_COMPLETE
V/AwesomePlayer( 1920): notifyListner_l() msg (2-MEDIA_PLAYBACK_COMPLETE), ext1 (0), ext2 (0)
V/MediaPlayerService( 1920): [1914] notify (0x41f11f20, 2, 0, 0)
V/AudioSink( 1920): stop
V/LvOutput( 1920): initCheck: 0
V/LvOutput( 1920): detachEffects: detach processing for output 2, stream 5, session 6341
V/LvOutput( 1920): detachEffects: no output processing was attached to this stream
V/AudioPolicyManagerBase( 1920): stopOutput() output 2, stream 5, session 6341
V/AudioPolicyManagerBase( 1920): changeRefCount() stream 5, count 0
V/AudioPolicyManagerBase( 1920): getNewDevice() selected device 0
V/AudioPolicyManagerBase( 1920): setOutputDevice() output 2 device 0000 force 0 delayMs 184
V/AudioPolicyManagerBase( 1920): setOutputDevice() prevDevice 0002
V/AudioPolicyManagerBase( 1920): setOutputDevice() setting same device 0000 or null device for output 2
V/MediaPlayer( 2707): message received msg=2, ext1=0, ext2=0
V/MediaPlayer( 2707): playback complete
V/MediaPlayer( 2707): callback application
V/MediaPlayer( 2707): back from callback
I/AudioService( 2259): AudioFocus abandonAudioFocus() from 2707
D/MotionRecognitionManager( 2259): @ member 0 = com.android.internal.policy.impl.sec.CircleLockScreenMotion$2@423b2508
D/MotionRecognitionManager( 2259): @ member 1 = com.android.server.NotificationManagerService$OverTurnPlayer$1@42360f18
D/MotionRecognitionService( 2259): .unregisterCallback : 1, client=com.android.server.NotificationManagerService$OverTurnPlayer$1@42360f18
D/MotionRecognitionService( 2259): .checkSettingEngineEnabled : true
E/MotionRecognitionService( 2259): Cancel reactive alert mode
D/MotionRecognitionService( 2259): disableAccINT
I/MotionRecognitionManager( 2259): .unregisterListener : / listener count = 2->1, listener=com.android.server.NotificationManagerService$OverTurnPlayer$1@42360f18
D/MotionRecognitionService( 2259): disableAccINT Complete!!
I/STATUSBAR-NotificationService( 2259): UnReg. OverTurn
D/InputReader( 2259): Input event: value=1
D/KeyguardViewMediator( 2259): onWakeKeyWhenKeyguardShowing(26)
D/KeyguardViewMediator( 2259): wakeWhenReadyLocked(26)
D/KeyguardViewMediator( 2259): handleWakeWhenReady(26)
D/LockPatternKeyguardView( 2259): onWakeKey
D/LockPatternKeyguardView( 2259): poking wake lock immediately
D/KeyguardViewMediator( 2259): pokeWakelock(10000)
D/PowerManagerService( 2259): reactivateScreenLocksLocked mProxIgnoredBecauseScreenTurnedOff=true
D/PowerManagerService( 2259): Screen__On : acquireWakeLock flags=0x1000001a tag=keyguard uid=1000 pid=2259 myUID=1000 myPID=2259 myTID=2604
D/lights ( 2259): button : 1 +
D/PowerManagerService( 2259): enableLightSensorLocked enable=true mLightSensorEnabled=false mAutoBrightessEnabled=false mWaitingForFirstLightSensor=false
D/PowerManagerService( 2259): sendNotificationLocked on=true
I/PowerManagerService( 2259): Ulight 0x0->0x4|0x0
D/lights ( 2259): button : 1 -
D/PowerManagerService( 2259): mNotificationTask : on
D/KeyguardViewMediator( 2259): onScreenTurnedOn, seq = 2229
D/KeyguardViewMediator( 2259): notifyScreenOnLocked
D/WindowManager( 2259): mSetIgnorePWR
D/WindowOrientationListener( 2259): enable register mbSContext: false
D/SensorService( 2259): info.rates.add, set DEFAULT_EVENTS_PERIOD
I/iNemoSensor( 2259): enable(): handle(0), en(1), what(0)
D/AkmSensor( 2259): akm_enable_sensor: Accel is enabled. (orien = 0)
I/AkmSensor( 2259): enable_accelerometer, mEnabled = 0, enable = 1
D/iNemoSensor( 2259): enable(): MASK_ACC (1) MASK_MAG (0) MASK_GYR (0)
D/iNemoSensor( 2259): enable(): mEnAcc(1) mEnMag(0) mEnGyr(0)
I/iNemoSensor( 2259): update_delay wanted_accel = 200000000
D/SensorService( 2259): SensorDevice::activate (enable 1, disable 0) = 1
D/SensorService( 2259): activating sensor enable handle=0
V/WindowOrientationListener( 2259): WindowOrientationListener enabled
D/SensorService( 2259): activating sensor enable, Done!
D/SensorService( 2259): SensorDevice::activating sensor handle=0 ns=200000000
D/iNemoSensor( 2259): setDelay(): handle(0), en(200000000)
I/iNemoSensor( 2259): skip update_delay wanted_accel = 200000000 current delay = 200000000
I/SensorService( 2259): info.selectDelay() ns=200000000
D/iNemoSensor( 2259): setDelay(): handle(0), en(200000000)
I/iNemoSensor( 2259): skip update_delay wanted_accel = 200000000 current delay = 200000000
D/SensorService( 2259): SensorDevice::setDelay, Return(true 1, false 0) = 1
D/SensorManager( 2259): registerListener :: handle = 0 name= LSM330DLC 3-axis Accelerometer delay= 200000 Listener= android.view.WindowOrientationListener$SensorEventListenerImpl@424160b0
D/ActivityManager( 2259): isFakeShutDownmode= 0
D/InputReader( 2259): Input event: value=0
W/WindowManager( 2259): ignore screen on : false
D/LockPatternUtils( 2259): isPcwEnable = 10
D/WfdService( 2259): intent recieved android.intent.action.SCREEN_ON
D/lights ( 2259): write pattern : g_led_info = 0
D/lights ( 2259): led_pattern : 0 +
D/STATUSBAR-NotificationService( 2259): ACTION_SCREEN_ON
D/STATUSBAR-NotificationService( 2259): updateLightsLocked() : Turn off notification light
D/LightsService( 2259): [SvcLED] setSvcLedStateLocked:: id = 4, color = 0, mode = Off, set = Off
D/LightsService( 2259): [SvcLED] wl is acquired. It will be released after 350ms.
V/LockPatternKeyguardView( 2259): *** dispatchDraw() time: 1716186133
D/lights ( 2259): led_pattern : 0 -
I/AudioHardwareTinyALSA( 1920): setParameters(screen_state=on)
I/audio_wfd_hw( 1920): adev_set_parameters() screen_state=on
D/tms_audio_hw/AudioTmsIpc( 1920): adev_set_parameters : Enter
D/tms_audio_hw/AudioTmsIpc( 1920): adev_set_parameters : Exit
D/KeyguardViewMediator( 2259): handleNotifyScreenOn
D/LockPatternKeyguardView( 2259): screen on
D/CircleLockScreen( 2259): onResume()
D/CircleUnlockRippleRenderer( 2259): onResume isUnlocked = false
D/ClockWidget( 2259): isServiceEnable = false cityId = cityId:169582
D/ClockWidget( 2259): Weather Demon is not running, Set visibility to GONE
D/SensorService( 2259): sensor was already activated for this ident
D/SensorService( 2259): SensorDevice::activating sensor handle=0 ns=200000000
D/iNemoSensor( 2259): setDelay(): handle(0), en(200000000)
I/iNemoSensor( 2259): skip update_delay wanted_accel = 200000000 current delay = 200000000
I/SensorService( 2259): info.selectDelay() ns=200000000
D/iNemoSensor( 2259): setDelay(): handle(0), en(200000000)
I/iNemoSensor( 2259): skip update_delay wanted_accel = 200000000 current delay = 200000000
D/SensorService( 2259): SensorDevice::setDelay, Return(true 1, false 0) = 1
D/SensorManager( 2259): registerListener :: handle = 0 name= LSM330DLC 3-axis Accelerometer delay= 200000 Listener= android.view.WindowOrientationListener$SensorEventListenerImpl@422b7908
D/MotionRecognitionService( 2259): .checkSettingEngineEnabled : true
D/MotionRecognitionService( 2259): .initializeMotionEngine
D/WindowOrientationListener( 2259): enable register mbSContext: false
V/WindowOrientationListener( 2259): WindowOrientationListener enabled
D/MotionEngine( 2259): [@@@ Motion Engine @@@] InitializeMotionManager.... RETURN........ (Already initialized......)
D/SensorService( 2259): sensor was already activated for this ident
D/SensorService( 2259): SensorDevice::activating sensor handle=0 ns=200000000
D/iNemoSensor( 2259): setDelay(): handle(0), en(200000000)
I/iNemoSensor( 2259): skip update_delay wanted_accel = 200000000 current delay = 200000000
I/SensorService( 2259): info.selectDelay() ns=20000000
D/iNemoSensor( 2259): setDelay(): handle(0), en(20000000)
I/iNemoSensor( 2259): update_delay wanted_accel = 20000000
D/SensorService( 2259): SensorDevice::setDelay, Return(true 1, false 0) = 1
D/SensorManager( 2259): registerListener :: handle = 0 name= LSM330DLC 3-axis Accelerometer delay= 20000 Listener= android.hardware.motion.MotionRecognitionService$4@41fd1708
D/SensorService( 2259): info.rates.add, set DEFAULT_EVENTS_PERIOD
I/iNemoSensor( 2259): enable(): handle(5), en(1), what(1)
I/iNemoSensor( 2259): enable:373 gyro_dps = 0 .
D/iNemoSensor( 2259): enableDev() : path(/sys/class/input/event4/device/enable), val(1)
V/MotionRecognitionService( 2259): .updateOrientation : rotation = -1
D/CircleShortcutWidget( 2259): onResume()
D/CircleLockScreen( 2259): mCallback.isShowingAndNotHidden()=true
D/CircleLockScreenMotion( 2259): register motion listener
D/MotionRecognitionManager( 2259): .registerListenerEvent : fail. already registered / listener count = 1, listener=com.android.internal.policy.impl.sec.CircleLockScreenMotion$2@423b2508
D/MotionRecognitionManager( 2259): .registerListenerEvent : fail. already registered / listener count = 1, listener=com.android.internal.policy.impl.sec.CircleLockScreenMotion$2@423b2508
D/CircleLockScreenMotion( 2259): reset motion engine
D/MotionEngine( 2259): [@@@ MotionEngine @@@] ResetMotionEngine............................ CALLED...............
D/MotionRecognitionService( 2259): .resetMotionEngine
D/iNemoSensor( 2259): enable(): MASK_ACC (1) MASK_MAG (0) MASK_GYR (2)
D/iNemoSensor( 2259): enable(): mEnAcc(1) mEnMag(0) mEnGyr(1)
I/iNemoSensor( 2259): iNemoSensor::update_delay wanted_gyro = 20000000
I/iNemoSensor( 2259): skip update_delay wanted_accel = 20000000 current delay = 20000000
D/SensorService( 2259): SensorDevice::activate (enable 1, disable 0) = 1
D/SensorService( 2259): activating sensor enable handle=5
D/SensorService( 2259): activating sensor enable, Done!
D/SensorService( 2259): SensorDevice::activating sensor handle=5 ns=200000000
D/iNemoSensor( 2259): setDelay(): handle(5), en(200000000)
I/iNemoSensor( 2259): iNemoSensor::update_delay wanted_gyro = 200000000
I/iNemoSensor( 2259): skip update_delay wanted_accel = 20000000 current delay = 20000000
I/SensorService( 2259): info.selectDelay() ns=20000000
D/iNemoSensor( 2259): setDelay(): handle(5), en(20000000)
I/iNemoSensor( 2259): iNemoSensor::update_delay wanted_gyro = 20000000
I/iNemoSensor( 2259): skip update_delay wanted_accel = 20000000 current delay = 20000000
D/SensorService( 2259): SensorDevice::setDelay, Return(true 1, false 0) = 1
D/SensorManager( 2259): registerListener :: handle = 5 name= LSM330DLC Gyroscope sensor delay= 20000 Listener= android.hardware.motion.MotionRecognitionService$5@41fd03b8
D/AkmSensor( 2259): MeasureSNGLoop: interval.interval = 20000000, doze_max = 19600, prms->enabled = 2
D/STATUSBAR-Clock( 2707): onReceive() - ACTION_SCREEN_ON
D/STATUSBAR-Clock( 2707): onReceive() - ACTION_SCREEN_ON
I/TwDVFSBroadcastReceiver( 2930): onScreenOnIntent
D/MotionEngine( 2259): [EXEC CAMERA] INIT..........
D/MotionEngine( 2259): [LIST SCROLL] MOTION_EVENT_TILT_LEVEL_ZERO_LAND 11 18 25 11 18 25
D/CircleLockScreenMotion( 2259): Here comes a motion event
V/LockPatternKeyguardView( 2259): *** dispatchDraw() time: 1716186278
D/CircleLockScreenMotion( 2259): Here comes a motion event
I/power ( 2259): *** acquire_dvfs_lock : lockType : 1 freq : 1400000
D/lights ( 2259): LCD : 0 +
D/lights ( 2259): LCD : 0 -
D/lights ( 2259): LCD : 1 +
D/lights ( 2259): LCD : 1 -
D/lights ( 2259): LCD : 2 +
D/lights ( 2259): LCD : 2 -
D/lights ( 2259): LCD : 3 +
D/lights ( 2259): LCD : 3 -
I/WindowManager( 2259): Lock screen displayed!
I/PowerManagerService( 2259): Ulight 0x7->0x7|0x1
D/PowerManagerService( 2259): updateLightsLocked : mSystemPowerSaveModeEnabled:: brightness:117
D/PowerManagerService( 2259): acquireDVFSLockLocked : type : DVFS_MIN_LIMIT frequency : 1400000 uid : 1000 pid : 2259 tag : AMOLED_Animation
D/CircleLockScreenMotion( 2259): Here comes a motion event
D/lights ( 2259): LCD : 2 +
D/lights ( 2259): LCD : 2 -
D/MotionEngine( 2259): [LIST SCROLL] MOTION_EVENT_TILT_UP_LEVEL_1_LAND 11 18 25 11 18 25
D/lights ( 2259): LCD : 14 +
D/lights ( 2259): LCD : 14 -
D/CircleLockScreenMotion( 2259): Here comes a motion event
D/MotionEngine( 2259): [ACC DIRECT CALL] 11111111 ACC PROX READY STATE.........
D/CircleLockScreenMotion( 2259): Here comes a motion event
D/lights ( 2259): LCD : 27 +
D/lights ( 2259): LCD : 27 -
D/lights ( 2259): LCD : 41 +
D/CircleLockScreenMotion( 2259): Here comes a motion event
V/WindowOrientationListener( 2259): Proposed rotation changed! proposedRotation=0, oldProposedRotation=-1currentRotation = -1
V/MotionRecognitionService( 2259): .updateOrientation : rotation = 0
D/lights ( 2259): LCD : 41 -
D/SurfaceFlinger( 1917): Screen about to return, flinger = 0x41037008
D/SecTVOutService( 1917): virtual void android::SecTVOutService::setSuspendMode(uint32_t) TV suspend mode = 0
D/SecTVOutService( 1917): virtual void android::SecTVOutService::setHdmiStatus(uint32_t) HDMI cable status = 1
D/ ( 1917): bool android::SecHdmi::connect()::m_flagHWConnected() fail
E/SecTVOutService( 1917): virtual void android::SecTVOutService::setHdmiStatus(uint32_t)::mSecHdmi.connect() fail
D/CircleLockScreenMotion( 2259): Here comes a motion event
D/lights ( 2259): LCD : 64 +
D/CircleLockScreenMotion( 2259): Here comes a motion event
D/CircleLockScreenMotion( 2259): Here comes a motion event
D/MotionEngine( 2259): [@@@ Motion Engine @@@] MOVE Recognition ############ 100
D/CircleLockScreenMotion( 2259): Here comes a motion event
D/lights ( 2259): LCD : 64 -
D/lights ( 2259): LCD : 117 +
D/MotionEngine( 2259): [TURN OVER] ##### Init
D/CircleLockScreenMotion( 2259): Here comes a motion event
D/CircleLockScreenMotion( 2259): Here comes a motion event
D/CircleLockScreenMotion( 2259): Here comes a motion event
D/lights ( 2259): LCD : 117 -
I/power ( 2259): *** release_dvfs_lock : lockType : 1
D/MotionEngine( 2259): [LIST SCROLL] MOTION_EVENT_TILT_DOWN_LEVEL_1 11 18 25 11 18 25
D/CircleLockScreenMotion( 2259): Here comes a motion event
I/PowerManagerService( 2259): Light Animator Finished currentValue=117
D/PowerManagerService( 2259): releaseDVFSLockLocked : all DVFS_MIN_LIMIT are released
V/WindowOrientationListener( 2259): Proposed rotation changed! proposedRotation=3, oldProposedRotation=0currentRotation = -1
V/MotionRecognitionService( 2259): .updateOrientation : rotation = 3
D/com.samsung.app(31251): [MSC_HERO_Accu_JB]>>> WCS:251 [0:0] BR act = androidintentactionSCREEN_ON
D/CircleLockScreenMotion( 2259): Here comes a motion event
E/WifiHW ( 2259): ##################### set firmware type 0 #####################
D/WifiStateMachine( 2259): setWifiEnabled : WifiNative.setFwType(0)
D/widget ( 6417): [MSC_HERO_Accu_JB]>>> SM:1288 [0:0] bTCC WCV = 200
D/widget ( 6417): [MSC_HERO_Accu_JB]>>> WC:1689 [0:0] drw 2nd Tm dt = 2134
D/CircleLockScreenMotion( 2259): Here comes a motion event
D/ClockAlarmWidgetService(24641): [ClockAlarmWidgetService] onReceive: action = android.intent.action.SCREEN_ON
E/ClockAlarmWidget(24641): [AlarmWidgetIdManager] getListItem() : itemIndex=0, widgetID:7
E/ClockAlarmWidget(24641): [AlarmWidgetIdManager] getListItem() : ItemIndex exceed ListItemCount. itemIndex=1
E/ClockAlarmWidget(24641): [AlarmWidgetIdManager] getListItem() : itemIndex=1, widgetID:7
D/CircleLockScreenMotion( 2259): Here comes a motion event
I/InputReader( 2259): Touch event's action is 0x0 (deviceType=0) [pCnt=1, s=0.58336 ]
I/InputDispatcher( 2259): Delivering touch to current input target: action: 0x0
I/InputDispatcher( 2259): Delivering touch to current input target: action: 0x0
I/InputDispatcher( 2259): Delivering touch to current input target: action: 0x0
D/CircleLockScreenMotion( 2259): register motion listener
D/MotionRecognitionManager( 2259): .registerListenerEvent : fail. already registered / listener count = 1, listener=com.android.internal.policy.impl.sec.CircleLockScreenMotion$2@423b2508
D/MotionRecognitionManager( 2259): .registerListenerEvent : fail. already registered / listener count = 1, listener=com.android.internal.policy.impl.sec.CircleLockScreenMotion$2@423b2508
D/CircleLockScreenMotion( 2259): reset motion engine
D/MotionEngine( 2259): [@@@ MotionEngine @@@] ResetMotionEngine............................ CALLED...............
D/CircleUnlockRipple( 2259): handleTouchEvent event : 0
D/CircleUnlockRipple( 2259): pokeWakelockWithTimeCheck time diffence = 457
D/KeyguardViewMediator( 2259): pokeWakelock(10000)
D/CircleUnlockRipple( 2259): pokeWakelockWithTimeCheck mCallback.pokeWakelock(AWAKE_INTERVAL_DEFAULT_MS)
D/CircleUnlockRippleRenderer( 2259): event action: 0, view = null, src = 1002
E/AudioPolicyService( 1920): getOutput() tid 7839 ++
E/AudioPolicyService( 1920): getOutput() tid 7839 --
V/AudioPolicyManagerBase( 1920): getOutput() stream 1, samplingRate 0, format 0, channelMask 3, flags 0
V/AudioPolicyManagerBase( 1920): getOutputsForDevice device 0002 -> 0002
V/AudioPolicyManagerBase( 1920): getOutput() returns output 2
D/MotionRecognitionService( 2259): .resetMotionEngine
D/PowerManagerService( 2259): acquireWakeLock flags=0x1000001a tag=keyguard uid=1000 pid=2259 myUID=1000 myPID=2259 myTID=2604
D/MotionEngine( 2259): [EXEC CAMERA] INIT..........
D/MotionEngine( 2259): [LIST SCROLL] MOTION_EVENT_TILT_LEVEL_ZERO_LAND 11 18 25 11 18 25
D/CircleLockScreenMotion( 2259): Here comes a motion event
E/AudioPolicyService( 1920): getOutput() tid 2219 ++
E/AudioPolicyService( 1920): getOutput() tid 2219 --
V/AudioPolicyManagerBase( 1920): getOutput() stream 1, samplingRate 0, format 0, channelMask 3, flags 0
V/AudioPolicyManagerBase( 1920): getOutputsForDevice device 0002 -> 0002
V/AudioPolicyManagerBase( 1920): getOutput() returns output 2
E/AudioPolicyService( 1920): getOutput() tid 1920 ++
E/AudioPolicyService( 1920): getOutput() tid 1920 --
V/AudioPolicyManagerBase( 1920): getOutput() stream 1, samplingRate 44100, format 1, channelMask 3, flags 4
V/AudioPolicyManagerBase( 1920): getOutputsForDevice device 0002 -> 0002
V/AudioPolicyManagerBase( 1920): getOutput() returns output 2
V/LvOutput( 1920): initCheck: 0
V/LvOutput( 1920): attachEffects: attach processing to output 2, stream 1, session 6342, mode 0
V/LvOutput( 1920): attachEffects: no output processing needs to be attached to this stream
V/LvOutput( 1920): LvOutput::setAllProcessorEnabled(false) mOutputs.size(118)
V/AudioPolicyManagerBase( 1920): startOutput() output 2, stream 1, session 6342
V/AudioPolicyManagerBase( 1920): changeRefCount() stream 1, count 1
V/AudioPolicyManagerBase( 1920): getNewDevice() selected device 2
V/AudioPolicyManagerBase( 1920): setOutputDevice() output 2 device 0002 force 0 delayMs 0
V/AudioPolicyManagerBase( 1920): setOutputDevice() prevDevice 0002
V/AudioPolicyManagerBase( 1920): setOutputDevice() setting same device 0002 or null device for output 2
D/CircleUnlockRipple( 2259): handleTouchEvent event : 2
D/CircleUnlockRipple( 2259): pokeWakelockWithTimeCheck time diffence = 483
D/KeyguardViewMediator( 2259): pokeWakelock(10000)
D/CircleUnlockRipple( 2259): pokeWakelockWithTimeCheck mCallback.pokeWakelock(AWAKE_INTERVAL_DEFAULT_MS)
D/CircleUnlockRippleRenderer( 2259): event action: 2, view = null, src = 1002
D/MotionEngine( 2259): [LIST SCROLL] MOTION_EVENT_TILT_DOWN_LEVEL_1_LAND 11 18 25 11 18 25
D/CircleLockScreenMotion( 2259): Here comes a motion event
D/PowerManagerService( 2259): acquireWakeLock flags=0x1000001a tag=keyguard uid=1000 pid=2259 myUID=1000 myPID=2259 myTID=2604
D/ClockAlarmDataProvider(24641): getAlarm() - too many same ID alarm data. nCount: 0
D/comdaemonstockapp(24684): [Daemon_Stock]>>> DaemonService.java:51 [0:0] action : androidintentactionSCREEN_ON
I/InputReader( 2259): Touch event's action is 0x1 (deviceType=0) [pCnt=1, s=]
I/InputDispatcher( 2259): Delivering touch to current input target: action: 0x1
I/InputDispatcher( 2259): Delivering touch to current input target: action: 0x1
I/InputDispatcher( 2259): Delivering touch to current input target: action: 0x1
D/CircleLockScreenMotion( 2259): reset motion engine
D/MotionEngine( 2259): [@@@ MotionEngine @@@] ResetMotionEngine............................ CALLED...............
D/CircleUnlockRipple( 2259): handleTouchEvent event : 1
D/CircleUnlockRipple( 2259): pokeWakelockWithTimeCheck time diffence = 504
D/KeyguardViewMediator( 2259): pokeWakelock(10000)
D/CircleUnlockRipple( 2259): pokeWakelockWithTimeCheck mCallback.pokeWakelock(AWAKE_INTERVAL_DEFAULT_MS)
D/CircleUnlockRippleRenderer( 2259): event action: 1, view = null, src = 1002
D/MotionEngine( 2259): [EXEC CAMERA] INIT..........
D/MotionEngine( 2259): [LIST SCROLL] MOTION_EVENT_TILT_LEVEL_ZERO_LAND 11 18 25 11 18 25
D/CircleLockScreenMotion( 2259): Here comes a motion event
D/MotionRecognitionService( 2259): .resetMotionEngine
D/PowerManagerService( 2259): acquireWakeLock flags=0x1000001a tag=keyguard uid=1000 pid=2259 myUID=1000 myPID=2259 myTID=2604
D/CircleLockScreenMotion( 2259): Here comes a motion event
I/AudioMixer( 1920): setParameter(TRACK, FORMAT, 0x1)
E/AudioMixer( 1920): MOON > checkSEC_PCM ++ 1
I/InputReader( 2259): Touch event's action is 0x0 (deviceType=0) [pCnt=1, s=0.58337 ]
I/InputDispatcher( 2259): Delivering touch to current input target: action: 0x0
I/InputDispatcher( 2259): Delivering touch to current input target: action: 0x0
I/InputDispatcher( 2259): Delivering touch to current input target: action: 0x0
D/WindowManager( 2259): mUnSetIgnorePWR
D/CircleLockScreenMotion( 2259): register motion listener
D/MotionRecognitionManager( 2259): .registerListenerEvent : fail. already registered / listener count = 1, listener=com.android.internal.policy.impl.sec.CircleLockScreenMotion$2@423b2508
D/MotionRecognitionManager( 2259): .registerListenerEvent : fail. already registered / listener count = 1, listener=com.android.internal.policy.impl.sec.CircleLockScreenMotion$2@423b2508
D/CircleLockScreenMotion( 2259): reset motion engine
D/MotionEngine( 2259): [@@@ MotionEngine @@@] ResetMotionEngine............................ CALLED...............
D/CircleUnlockRipple( 2259): handleTouchEvent event : 0
D/CircleUnlockRipple( 2259): pokeWakelockWithTimeCheck time diffence = 548
D/KeyguardViewMediator( 2259): pokeWakelock(10000)
D/CircleUnlockRipple( 2259): pokeWakelockWithTimeCheck mCallback.pokeWakelock(AWAKE_INTERVAL_DEFAULT_MS)
D/CircleUnlockRippleRenderer( 2259): event action: 0, view = null, src = 1002
E/AudioPolicyService( 1920): getOutput() tid 1920 ++
E/AudioPolicyService( 1920): getOutput() tid 1920 --
V/AudioPolicyManagerBase( 1920): getOutput() stream 1, samplingRate 0, format 0, channelMask 3, flags 0
V/AudioPolicyManagerBase( 1920): getOutputsForDevice device 0002 -> 0002
V/AudioPolicyManagerBase( 1920): getOutput() returns output 2
D/MotionEngine( 2259): [EXEC CAMERA] INIT..........
D/MotionEngine( 2259): [ACC DIRECT CALL] 11111111 ACC PROX READY STATE.........
D/MotionEngine( 2259): [LIST SCROLL] MOTION_EVENT_TILT_LEVEL_ZERO_LAND 11 18 25 11 18 25
D/CircleLockScreenMotion( 2259): Here comes a motion event
D/MotionRecognitionService( 2259): .resetMotionEngine
D/PowerManagerService( 2259): acquireWakeLock flags=0x1000001a tag=keyguard uid=1000 pid=2259 myUID=1000 myPID=2259 myTID=2604
E/AudioPolicyService( 1920): getOutput() tid 2185 ++
E/AudioPolicyService( 1920): getOutput() tid 2185 --
V/AudioPolicyManagerBase( 1920): getOutput() stream 1, samplingRate 0, format 0, channelMask 3, flags 0
V/AudioPolicyManagerBase( 1920): getOutputsForDevice device 0002 -> 0002
V/AudioPolicyManagerBase( 1920): getOutput() returns output 2
E/AudioPolicyService( 1920): getOutput() tid 4793 ++
E/AudioPolicyService( 1920): getOutput() tid 4793 --
V/AudioPolicyManagerBase( 1920): getOutput() stream 1, samplingRate 44100, format 1, channelMask 3, flags 4
V/AudioPolicyManagerBase( 1920): getOutputsForDevice device 0002 -> 0002
V/AudioPolicyManagerBase( 1920): getOutput() returns output 2
V/LvOutput( 1920): initCheck: 0
V/LvOutput( 1920): attachEffects: attach processing to output 2, stream 1, session 6343, mode 0
V/LvOutput( 1920): attachEffects: no output processing needs to be attached to this stream
V/LvOutput( 1920): LvOutput::setAllProcessorEnabled(false) mOutputs.size(118)
V/AudioPolicyManagerBase( 1920): startOutput() output 2, stream 1, session 6343
V/AudioPolicyManagerBase( 1920): changeRefCount() stream 1, count 2
D/CircleUnlockRipple( 2259): handleTouchEvent event : 2
D/CircleUnlockRipple( 2259): pokeWakelockWithTimeCheck time diffence = 564
D/KeyguardViewMediator( 2259): pokeWakelock(10000)
D/CircleUnlockRipple( 2259): pokeWakelockWithTimeCheck mCallback.pokeWakelock(AWAKE_INTERVAL_DEFAULT_MS)
D/CircleUnlockRippleRenderer( 2259): event action: 2, view = null, src = 1002
D/PowerManagerService( 2259): acquireWakeLock flags=0x1000001a tag=keyguard uid=1000 pid=2259 myUID=1000 myPID=2259 myTID=2604
D/CircleLockScreenMotion( 2259): Here comes a motion event
I/AudioMixer( 1920): setParameter(TRACK, FORMAT, 0x1)
E/AudioMixer( 1920): MOON > checkSEC_PCM ++ 1
D/CircleUnlockRipple( 2259): handleTouchEvent event : 2
D/CircleUnlockRipple( 2259): pokeWakelockWithTimeCheck time diffence = 581
D/KeyguardViewMediator( 2259): pokeWakelock(10000)
D/CircleUnlockRipple( 2259): pokeWakelockWithTimeCheck mCallback.pokeWakelock(AWAKE_INTERVAL_DEFAULT_MS)
D/CircleUnlockRippleRenderer( 2259): event action: 2, view = null, src = 1002
D/PowerManagerService( 2259): acquireWakeLock flags=0x1000001a tag=keyguard uid=1000 pid=2259 myUID=1000 myPID=2259 myTID=2604
D/CircleLockScreenMotion( 2259): Here comes a motion event
D/CircleUnlockRipple( 2259): handleTouchEvent event : 2
D/CircleUnlockRipple( 2259): pokeWakelockWithTimeCheck time diffence = 598
D/KeyguardViewMediator( 2259): pokeWakelock(10000)
D/CircleUnlockRipple( 2259): pokeWakelockWithTimeCheck mCallback.pokeWakelock(AWAKE_INTERVAL_DEFAULT_MS)
D/CircleUnlockRippleRenderer( 2259): event action: 2, view = null, src = 1002
D/PowerManagerService( 2259): acquireWakeLock flags=0x1000001a tag=keyguard uid=1000 pid=2259 myUID=1000 myPID=2259 myTID=2604
D/CircleLockScreenMotion( 2259): Here comes a motion event
D/CircleUnlockRipple( 2259): handleTouchEvent event : 2
D/CircleUnlockRipple( 2259): pokeWakelockWithTimeCheck time diffence = 617
D/KeyguardViewMediator( 2259): pokeWakelock(10000)
D/CircleUnlockRipple( 2259): pokeWakelockWithTimeCheck mCallback.pokeWakelock(AWAKE_INTERVAL_DEFAULT_MS)
D/CircleUnlockRippleRenderer( 2259): event action: 2, view = null, src = 1002
D/PowerManagerService( 2259): acquireWakeLock flags=0x1000001a tag=keyguard uid=1000 pid=2259 myUID=1000 myPID=2259 myTID=2604
D/CircleLockScreenMotion( 2259): Here comes a motion event
D/CircleUnlockRipple( 2259): handleTouchEvent event : 2
D/CircleUnlockRipple( 2259): pokeWakelockWithTimeCheck time diffence = 631
D/KeyguardViewMediator( 2259): pokeWakelock(10000)
D/CircleUnlockRipple( 2259): pokeWakelockWithTimeCheck mCallback.pokeWakelock(AWAKE_INTERVAL_DEFAULT_MS)
D/CircleUnlockRippleRenderer( 2259): event action: 2, view = null, src = 1002
D/PowerManagerService( 2259): acquireWakeLock flags=0x1000001a tag=keyguard uid=1000 pid=2259 myUID=1000 myPID=2259 myTID=2604
D/MotionEngine( 2259): [@@@ Motion Engine @@@] MOVE Recognition ############ 100
D/CircleLockScreenMotion( 2259): Here comes a motion event
D/CircleUnlockRipple( 2259): handleTouchEvent event : 2
D/CircleUnlockRipple( 2259): pokeWakelockWithTimeCheck time diffence = 649
D/KeyguardViewMediator( 2259): pokeWakelock(10000)
D/CircleUnlockRipple( 2259): pokeWakelockWithTimeCheck mCallback.pokeWakelock(AWAKE_INTERVAL_DEFAULT_MS)
D/CircleUnlockRippleRenderer( 2259): event action: 2, view = null, src = 1002
D/PowerManagerService( 2259): acquireWakeLock flags=0x1000001a tag=keyguard uid=1000 pid=2259 myUID=1000 myPID=2259 myTID=2604
D/CircleUnlockRipple( 2259): handleTouchEvent event : 2
D/CircleUnlockRipple( 2259): pokeWakelockWithTimeCheck time diffence = 665
D/KeyguardViewMediator( 2259): pokeWakelock(10000)
D/CircleUnlockRipple( 2259): pokeWakelockWithTimeCheck mCallback.pokeWakelock(AWAKE_INTERVAL_DEFAULT_MS)
D/CircleUnlockRippleRenderer( 2259): event action: 2, view = null, src = 1002
D/PowerManagerService( 2259): acquireWakeLock flags=0x1000001a tag=keyguard uid=1000 pid=2259 myUID=1000 myPID=2259 myTID=2604
D/MotionEngine( 2259): [TURN OVER] ##### Init
D/CircleLockScreenMotion( 2259): Here comes a motion event
D/CircleUnlockRipple( 2259): handleTouchEvent event : 2
D/CircleUnlockRipple( 2259): pokeWakelockWithTimeCheck time diffence = 682
D/KeyguardViewMediator( 2259): pokeWakelock(10000)
