I/iNemoSensor( 2259): skip update_delay wanted_accel = 200000000 current delay = 200000000
D/SensorService( 2259): SensorDevice::setDelay, Return(true 1, false 0) = 1
D/SensorManager( 2259): JNI - sendDelay
I/SensorManager( 2259): Set normal delay = true
I/iNemoSensor( 2259): enable(): handle(0), en(0), what(0)
D/AkmSensor( 2259): akm_disable_sensor: Accel is disabled. (orien = 0)
I/AkmSensor( 2259): enable_accelerometer, mEnabled = 1, enable = 0
V/WindowOrientationListener( 2259): WindowOrientationListener disabled
I/iNemoSensor( 2259): enable:373 gyro_dps = 0 .
D/iNemoSensor( 2259): enable(): MASK_ACC (0) MASK_MAG (0) MASK_GYR (2)
D/iNemoSensor( 2259): enable(): mEnAcc(0) mEnMag(0) mEnGyr(1)
I/iNemoSensor( 2259): iNemoSensor::skip update_delay wanted_gyro = 20000000 current delay = 20000000
I/iNemoSensor( 2259): update_delay wanted_accel = -1
D/SensorService( 2259): SensorDevice::activate (enable 1, disable 0) = 0
D/SensorService( 2259): activating sensor disable handle=0
D/SensorService( 2259): activating sensor disable, Done!
D/SensorService( 2259): SensorDevice::activating sensor handle=0 ns=200000000
D/iNemoSensor( 2259): setDelay(): handle(0), en(200000000)
I/iNemoSensor( 2259): iNemoSensor::skip update_delay wanted_gyro = 20000000 current delay = 20000000
I/iNemoSensor( 2259): skip update_delay wanted_accel = -1 current delay = -1
D/lights ( 2259): LCD : 104 +
V/LvOutput( 1920): initCheck: 0
V/LvOutput( 1920): attachEffects: attach processing to output 2, stream 1, session 6339, mode 0
V/LvOutput( 1920): attachEffects: no output processing needs to be attached to this stream
V/LvOutput( 1920): LvOutput::setAllProcessorEnabled(false) mOutputs.size(118)
V/AudioPolicyManagerBase( 1920): startOutput() output 2, stream 1, session 6339
V/AudioPolicyManagerBase( 1920): changeRefCount() stream 1, count 1
V/AudioPolicyManagerBase( 1920): getNewDevice() selected device 2
V/AudioPolicyManagerBase( 1920): setOutputDevice() output 2 device 0002 force 0 delayMs 0
V/AudioPolicyManagerBase( 1920): setOutputDevice() prevDevice 0002
V/AudioPolicyManagerBase( 1920): setOutputDevice() setting same device 0002 or null device for output 2
V/AudioPolicyManagerBase( 1920): releaseOutput() 2
D/Launcher.HomeFragment( 6417): onPause
D/widget ( 6417): [MSC_HERO_Accu_JB]>>> WC:1218 [0:0] fireOP
D/Launcher( 6417): onPause, Launcher: 1103527480
I/AudioMixer( 1920): setParameter(TRACK, FORMAT, 0x1)
E/AudioMixer( 1920): MOON > checkSEC_PCM ++ 1
D/widget ( 6417): [MSC_HERO_Accu_JB]>>> WC:1028 [0:0] onPause
I/AudioHardwareTinyALSA( 1920): AudioStreamOutALSA::write setDevice
D/AudioHardwareTinyALSA( 1920): OutALSA::setDevice: mode = 0, newDevice=0x2, currentDevice=0x2 ,force= 0
D/AudioHardwareTinyALSA( 1920): OutALSA::setDevice: mDevice 0x2, newDevice = 0x2
D/AudioHardwareTinyALSA( 1920): setOutputVolume
D/TinyUCM ( 1920): setModifier Normal, en=1
I/AudioHardwareTinyALSA( 1920): OutALSA::setDevice: mHandle NULL mode[0], Device[00000002]
I/AudioHardwareTinyALSA( 1920): Open: mDefaults->direction=0 device=0
D/AudioHardwareTinyALSA( 1920): Channel: 2, Samplerate: 44100, Format: 0, Peroid Size: 1024, Period Count: 4
I/AudioHardwareTinyALSA( 1920): before pcm_prepare
D/AudioHardwareTinyALSA( 1920): setPcmInterface: Stream=0x1, iSamplerate=8000++
D/AudioHardwareTinyALSA( 1920): setPcmInterface--
D/LockPatternKeyguardView( 2259): phone state: 0
V/LockPatternKeyguardView( 2259): Set visibility on com.android.internal.policy.impl.LockPatternKeyguardView$4@42be8190 to 0
E/LockPatternKeyguardView( 2259): mIsVoiceUnlockOn=false
D/LockPatternKeyguardView( 2259): mIsTalkbackDrvModeOn=false
D/LockPatternUtils( 2259): isPcwEnable = 10
D/CircleLockScreen( 2259): drv mode off
D/CircleLockScreen( 2259): mTalkbackEnabled =false
D/CircleLockScreen( 2259): explore by touch mode off
D/Launcher.HomeFragment( 6417): onStop
D/Launcher( 6417): onStop, Launcher: 1103527480
W/IInputConnectionWrapper( 6417): getSelectedText on inactive InputConnection
W/IInputConnectionWrapper( 6417): setComposingText on inactive InputConnection
W/IInputConnectionWrapper( 6417): getExtractedText on inactive InputConnection
D/CircleUnlockRippleRenderer( 2259): CircleUnlockRippleRenderer Constructor
D/WfdService( 2259): intent recieved android.intent.action.SCREEN_OFF
D/lights ( 2259): LCD : 104 -
D/lights ( 2259): LCD : 61 +
D/lights ( 2259): LCD : 61 -
D/CircleUnlockRippleRenderer( 2259): isRippleLightEnable = false
D/CircleUnlockRippleRenderer( 2259): isInkEnable = false
D/CircleUnlockRippleRenderer( 2259): isUseLCD = true
V/SoundPoolThread( 2259): beginThread
V/SoundPoolThread( 2259): run
D/CircleUnlockRippleRenderer( 2259): Def.MODE = RIPPLE_ONLY
D/STATUSBAR-NotificationService( 2259): ACTION_SCREEN_OFF
D/STATUSBAR-NotificationService( 2259): updateLightsLocked() : Turn off notification light
D/LightsService( 2259): [SvcLED] setSvcLedStateLocked:: id = 4, color = 0, mode = Off, set = Off
D/LightsService( 2259): [SvcLED] wl is acquired. It will be released after 350ms.
V/SoundPoolThread( 2259): Got message m=2, mData=1
V/MediaPlayer( 2259): decode(370, 20758104, 11571)
V/MediaPlayerService( 1920): decode(78, 20758104, 11571)
V/MediaPlayerService( 1920): player type = 3
V/MediaPlayerService( 1920): create StagefrightPlayer
V/AwesomePlayer( 1920): setDefault
V/AwesomePlayer( 1920): constructor
V/AwesomePlayer( 1920): setDefault
I/AwesomePlayer( 1920): reset
I/AwesomePlayer( 1920): cancel player events
V/AwesomePlayer( 1920): mAudioTrackVector clear
V/StagefrightPlayer( 1920): StagefrightPlayer
V/AwesomePlayer( 1920): setListener
V/StagefrightPlayer( 1920): initCheck
V/StagefrightPlayer( 1920): setDataSource(78, 20758104, 11571)
V/AwesomePlayer( 1920): setDataSource (86, 20758104, 11571)
I/AwesomePlayer( 1920): cancel player events
V/AwesomePlayer( 1920): mAudioTrackVector clear
I/AudioHardwareTinyALSA( 1920): setParameters(screen_state=off)
I/audio_wfd_hw( 1920): adev_set_parameters() screen_state=off
D/tms_audio_hw/AudioTmsIpc( 1920): adev_set_parameters : Enter
D/tms_audio_hw/AudioTmsIpc( 1920): adev_set_parameters : Exit
D/lights ( 2259): LCD : 60 +
D/lights ( 2259): LCD : 60 -
V/AwesomePlayer( 1920): track of type 'audio/vorbis' does not publish bitrate
V/AwesomePlayer( 1920): mBitrate = -1 bits/sec
W/AwesomePlayer( 1920): couldn't get userdata - Weather
W/AwesomePlayer( 1920): couldn't get userdata - Authorization
W/AwesomePlayer( 1920): couldn't get userdata - SnapShot
V/AwesomePlayer( 1920): current audio track (0)
V/AwesomePlayer( 1920): current audio track (0) is added to vector[0]
V/AwesomePlayer( 1920): setDataSource_l: Audio(1), Video(0)
I/AwesomePlayer( 1920): AwesomePlayer::setDataSource_l():: This is not a DRM content
V/MediaPlayerService( 1920): prepare
V/AwesomePlayer( 1920): prepareAsync
V/MediaPlayerService( 1920): wait for prepare
V/AwesomePlayer( 1920): onPrepareAsyncEvent
D/StatusBar.FaceDetectionController( 2707): onReceive: action = android.intent.action.SCREEN_OFF mEnableDetect : false
V/AwesomePlayer( 1920): notifyListner_l() msg (5-MEDIA_SET_VIDEO_SIZE), ext1 (0), ext2 (0)
V/AudioCache( 1920): notify(0x41b885f0, 5, 0, 0)
V/AudioCache( 1920): ignored
V/AwesomePlayer( 1920): notifyListner_l() msg (1-MEDIA_PREPARED), ext1 (0), ext2 (0)
V/AudioCache( 1920): notify(0x41b885f0, 1, 0, 0)
V/AudioCache( 1920): prepared
V/AudioCache( 1920): wait - success
V/MediaPlayerService( 1920): start
V/StagefrightPlayer( 1920): start
V/AwesomePlayer( 1920): play
V/AwesomePlayer( 1920): AwesomePlayer::play_l():: This is not a DRM content
D/lights ( 2259): LCD : 50 +
D/lights ( 2259): LCD : 50 -
I/AudioPlayer( 1920): Audioplayer kKeyAudioPCMFormat:1, 2, 0
I/AudioPlayer( 1920): Audioplayer1 (2, 1)
V/AudioCache( 1920): open(44100, 2, 0x0, 1, 4)
V/MediaPlayerService( 1920): wait for playback complete
D/STATUSBAR-NetworkController( 2707): refreshSignalCluster: data=0 bt=false
D/lights ( 2259): LCD : 41 +
D/lights ( 2259): LCD : 41 -
D/STATUSBAR-SignalClusterView( 2707): mSeparateMobileGroup=8
D/STATUSBAR-SignalClusterView( 2707): mSeparateMobileGroup=8
D/STATUSBAR-SignalClusterView( 2707): mSeparateMobileGroup=8
V/AudioCache( 1920): write(0x41f1a820, 4096)
V/AudioCache( 1920): memcpy(0x44c49000, 0x41f1a820, 4096)
V/AudioCache( 1920): write(0x41f1a820, 4096)
V/AudioCache( 1920): memcpy(0x44c4a000, 0x41f1a820, 4096)
D/PointerInterceptView( 2259): Receive COLLAPSED
D/PointerInterceptView( 2259): sendCallbackFunc, mPreviousOpen = false , isOpen = false , isForce = false
V/AudioCache( 1920): write(0x41f1a820, 4096)
V/AudioCache( 1920): memcpy(0x44c4b000, 0x41f1a820, 4096)
V/AudioCache( 1920): write(0x41f1a820, 4096)
V/AudioCache( 1920): memcpy(0x44c4c000, 0x41f1a820, 4096)
V/AudioCache( 1920): write(0x41f1a820, 4096)
V/AudioCache( 1920): memcpy(0x44c4d000, 0x41f1a820, 4096)
V/AudioCache( 1920): write(0x41f1a820, 4096)
V/AudioCache( 1920): memcpy(0x44c4e000, 0x41f1a820, 4096)
D/lights ( 2259): LCD : 31 +
D/lights ( 2259): LCD : 31 -
V/AudioCache( 1920): write(0x41f1a820, 4096)
V/AudioCache( 1920): memcpy(0x44c4f000, 0x41f1a820, 4096)
V/AudioCache( 1920): write(0x41f1a820, 4096)
V/AudioCache( 1920): memcpy(0x44c50000, 0x41f1a820, 4096)
V/AudioCache( 1920): write(0x41f1a820, 4096)
V/AudioCache( 1920): memcpy(0x44c51000, 0x41f1a820, 4096)
V/AudioCache( 1920): write(0x41f1a820, 4096)
V/AudioCache( 1920): memcpy(0x44c52000, 0x41f1a820, 4096)
V/AudioCache( 1920): write(0x41f1a820, 4096)
V/AudioCache( 1920): memcpy(0x44c53000, 0x41f1a820, 4096)
V/AudioCache( 1920): write(0x41f1a820, 4096)
V/AudioCache( 1920): memcpy(0x44c54000, 0x41f1a820, 4096)
V/AudioCache( 1920): write(0x41f1a820, 4096)
V/AudioCache( 1920): memcpy(0x44c55000, 0x41f1a820, 4096)
V/AudioCache( 1920): write(0x41f1a820, 4096)
V/AudioCache( 1920): memcpy(0x44c56000, 0x41f1a820, 4096)
V/AudioCache( 1920): write(0x41f1a820, 4096)
V/AudioCache( 1920): memcpy(0x44c57000, 0x41f1a820, 4096)
V/AudioCache( 1920): write(0x41f1a820, 4096)
V/AudioCache( 1920): memcpy(0x44c58000, 0x41f1a820, 4096)
V/AudioCache( 1920): write(0x41f1a820, 4096)
V/AudioCache( 1920): memcpy(0x44c59000, 0x41f1a820, 4096)
V/AudioCache( 1920): write(0x41f1a820, 4096)
V/AudioCache( 1920): memcpy(0x44c5a000, 0x41f1a820, 4096)
V/AudioCache( 1920): write(0x41f1a820, 4096)
V/AudioCache( 1920): memcpy(0x44c5b000, 0x41f1a820, 4096)
V/AudioCache( 1920): write(0x41f1a820, 4096)
V/AudioCache( 1920): memcpy(0x44c5c000, 0x41f1a820, 4096)
V/AudioCache( 1920): write(0x41f1a820, 4096)
V/AudioCache( 1920): memcpy(0x44c5d000, 0x41f1a820, 4096)
V/AudioCache( 1920): write(0x41f1a820, 4096)
V/AudioCache( 1920): memcpy(0x44c5e000, 0x41f1a820, 4096)
V/AudioCache( 1920): write(0x41f1a820, 4096)
V/AudioCache( 1920): memcpy(0x44c5f000, 0x41f1a820, 4096)
V/AudioCache( 1920): write(0x41f1a820, 4096)
V/AudioCache( 1920): memcpy(0x44c60000, 0x41f1a820, 4096)
V/AudioCache( 1920): write(0x41f1a820, 4096)
V/AudioCache( 1920): memcpy(0x44c61000, 0x41f1a820, 4096)
E/OMXCodec( 1920): [OMX.google.vorbis.decoder] err = -1011
V/AudioCache( 1920): write(0x41f1a820, 4096)
V/AudioCache( 1920): memcpy(0x44c62000, 0x41f1a820, 4096)
D/CircleMissedEventWidget( 2259): explore by touch mode off
V/AudioCache( 1920): write(0x41f1a820, 4096)
V/AudioCache( 1920): memcpy(0x44c63000, 0x41f1a820, 4096)
V/AudioCache( 1920): write(0x41f1a820, 4096)
V/AudioCache( 1920): memcpy(0x44c64000, 0x41f1a820, 4096)
V/AudioCache( 1920): write(0x41f1a820, 4096)
V/AudioCache( 1920): memcpy(0x44c65000, 0x41f1a820, 4096)
V/AudioCache( 1920): write(0x41f1a820, 1256)
V/AudioCache( 1920): memcpy(0x44c66000, 0x41f1a820, 1256)
V/AwesomePlayer( 1920): MEDIA_PLAYBACK_COMPLETE
V/AwesomePlayer( 1920): notifyListner_l() msg (2-MEDIA_PLAYBACK_COMPLETE), ext1 (0), ext2 (0)
V/AudioCache( 1920): notify(0x41b885f0, 2, 0, 0)
V/AudioCache( 1920): playback complete - thread will wake up later
V/AudioCache( 1920): wait - success
V/StagefrightPlayer( 1920): reset
I/AwesomePlayer( 1920): reset
I/AwesomePlayer( 1920): cancel player events
V/AwesomePlayer( 1920): mAudioTrackVector clear
I/OMXCodec( 1920): [OMX.google.vorbis.decoder] stop() sendCommand(0x1cf9, OMX_CommandStateSet, OMX_StateIdle)
I/OMXCodec( 1920): [OMX.google.vorbis.decoder] stopped in state 1
V/StagefrightPlayer( 1920): ~StagefrightPlayer
V/StagefrightPlayer( 1920): reset
I/AwesomePlayer( 1920): reset
I/AwesomePlayer( 1920): cancel player events
V/AwesomePlayer( 1920): mAudioTrackVector clear
I/AwesomePlayer( 1920): reset
I/AwesomePlayer( 1920): cancel player events
V/AwesomePlayer( 1920): mAudioTrackVector clear
V/AwesomePlayer( 1920): ~AwesomePlayer()
D/SensorManager( 2091): unregisterListener:: Listener= com.hamsterbeat.wallpapers.base.w@41bdbc78
I/iNemoSensor( 2259): enable(): handle(5), en(0), what(1)
D/iNemoSensor( 2259): enableDev() : path(/sys/class/input/event4/device/enable), val(0)
V/SoundPoolThread( 2259): Got message m=2, mData=2
V/MediaPlayer( 2259): decode(371, 21242672, 20394)
D/iNemoSensor( 2259): enable(): MASK_ACC (0) MASK_MAG (0) MASK_GYR (0)
V/MediaPlayerService( 1920): decode(78, 21242672, 20394)
D/iNemoSensor( 2259): enable(): mEnAcc(0) mEnMag(0) mEnGyr(0)
D/SensorService( 2259): SensorDevice::activate (enable 1, disable 0) = 0
D/SensorService( 2259): activating sensor disable handle=5
V/MediaPlayerService( 1920): player type = 3
D/SensorService( 2259): activating sensor disable, Done!
V/MediaPlayerService( 1920): create StagefrightPlayer
D/SensorService( 2259): SensorDevice::activating sensor handle=5 ns=20000000
D/iNemoSensor( 2259): setDelay(): handle(5), en(20000000)
V/AwesomePlayer( 1920): setDefault
V/AwesomePlayer( 1920): constructor
D/wpfx.pan.jni( 2091): RendererBase(57139100)::pause
V/AwesomePlayer( 1920): setDefault
I/AwesomePlayer( 1920): reset
I/AwesomePlayer( 1920): cancel player events
V/AwesomePlayer( 1920): mAudioTrackVector clear
V/StagefrightPlayer( 1920): StagefrightPlayer
V/AwesomePlayer( 1920): setListener
V/StagefrightPlayer( 1920): initCheck
V/StagefrightPlayer( 1920): setDataSource(78, 21242672, 20394)
V/AwesomePlayer( 1920): setDataSource (87, 21242672, 20394)
I/AwesomePlayer( 1920): cancel player events
V/AwesomePlayer( 1920): mAudioTrackVector clear
D/lights ( 2259): LCD : 22 +
D/lights ( 2259): LCD : 22 -
E/CircleShortcutWidget( 2259): density = 320
D/CircleShortcutWidget( 2259): explore by touch mode off
E/CircleShortcutWidget( 2259): pkg name =com.android.contacts, activityName=com.android.contacts.activities.DialtactsActivity
D/CircleShortcutWidget( 2259): mIconWidth =96
V/AwesomePlayer( 1920): track of type 'audio/vorbis' does not publish bitrate
V/AwesomePlayer( 1920): mBitrate = -1 bits/sec
W/AwesomePlayer( 1920): couldn't get userdata - Weather
W/AwesomePlayer( 1920): couldn't get userdata - Authorization
W/AwesomePlayer( 1920): couldn't get userdata - SnapShot
V/AwesomePlayer( 1920): current audio track (0)
V/AwesomePlayer( 1920): current audio track (0) is added to vector[0]
V/AwesomePlayer( 1920): setDataSource_l: Audio(1), Video(0)
I/AwesomePlayer( 1920): AwesomePlayer::setDataSource_l():: This is not a DRM content
V/MediaPlayerService( 1920): prepare
V/AwesomePlayer( 1920): prepareAsync
V/MediaPlayerService( 1920): wait for prepare
V/AwesomePlayer( 1920): onPrepareAsyncEvent
V/AwesomePlayer( 1920): notifyListner_l() msg (5-MEDIA_SET_VIDEO_SIZE), ext1 (0), ext2 (0)
V/AudioCache( 1920): notify(0x41b885f0, 5, 0, 0)
V/AudioCache( 1920): ignored
V/AwesomePlayer( 1920): notifyListner_l() msg (1-MEDIA_PREPARED), ext1 (0), ext2 (0)
V/AudioCache( 1920): notify(0x41b885f0, 1, 0, 0)
V/AudioCache( 1920): prepared
V/AudioCache( 1920): wait - success
V/MediaPlayerService( 1920): start
V/StagefrightPlayer( 1920): start
V/AwesomePlayer( 1920): play
V/AwesomePlayer( 1920): AwesomePlayer::play_l():: This is not a DRM content
I/AudioPlayer( 1920): Audioplayer kKeyAudioPCMFormat:1, 1, 0
I/AudioPlayer( 1920): Audioplayer1 (1, 1)
V/AudioCache( 1920): open(48000, 1, 0x0, 1, 4)
V/MediaPlayerService( 1920): wait for playback complete
V/AudioCache( 1920): write(0x41edc5f8, 2048)
V/AudioCache( 1920): memcpy(0x44d49000, 0x41edc5f8, 2048)
V/AudioCache( 1920): write(0x41edc5f8, 2048)
V/AudioCache( 1920): memcpy(0x44d49800, 0x41edc5f8, 2048)
V/AudioCache( 1920): write(0x41edc5f8, 2048)
V/AudioCache( 1920): memcpy(0x44d4a000, 0x41edc5f8, 2048)
D/lights ( 2259): LCD : 12 +
D/lights ( 2259): LCD : 12 -
V/AudioCache( 1920): write(0x41edc5f8, 2048)
V/AudioCache( 1920): memcpy(0x44d4a800, 0x41edc5f8, 2048)
V/AudioCache( 1920): write(0x41edc5f8, 2048)
V/AudioCache( 1920): memcpy(0x44d4b000, 0x41edc5f8, 2048)
V/AudioCache( 1920): write(0x41edc5f8, 2048)
V/AudioCache( 1920): memcpy(0x44d4b800, 0x41edc5f8, 2048)
V/AudioCache( 1920): write(0x41edc5f8, 2048)
V/AudioCache( 1920): memcpy(0x44d4c000, 0x41edc5f8, 2048)
V/AudioCache( 1920): write(0x41edc5f8, 2048)
V/AudioCache( 1920): memcpy(0x44d4c800, 0x41edc5f8, 2048)
V/AudioCache( 1920): write(0x41edc5f8, 2048)
V/AudioCache( 1920): memcpy(0x44d4d000, 0x41edc5f8, 2048)
V/AudioCache( 1920): write(0x41edc5f8, 2048)
V/AudioCache( 1920): memcpy(0x44d4d800, 0x41edc5f8, 2048)
V/AudioCache( 1920): write(0x41edc5f8, 2048)
V/AudioCache( 1920): memcpy(0x44d4e000, 0x41edc5f8, 2048)
V/AudioCache( 1920): write(0x41edc5f8, 2048)
V/AudioCache( 1920): memcpy(0x44d4e800, 0x41edc5f8, 2048)
V/AudioCache( 1920): write(0x41edc5f8, 2048)
V/AudioCache( 1920): memcpy(0x44d4f000, 0x41edc5f8, 2048)
V/AudioCache( 1920): write(0x41edc5f8, 2048)
V/AudioCache( 1920): memcpy(0x44d4f800, 0x41edc5f8, 2048)
V/AudioCache( 1920): write(0x41edc5f8, 2048)
V/AudioCache( 1920): memcpy(0x44d50000, 0x41edc5f8, 2048)
V/AudioCache( 1920): write(0x41edc5f8, 2048)
V/AudioCache( 1920): memcpy(0x44d50800, 0x41edc5f8, 2048)
D/lights ( 2259): LCD : 2 +
D/lights ( 2259): LCD : 2 -
V/AudioCache( 1920): write(0x41edc5f8, 2048)
V/AudioCache( 1920): memcpy(0x44d51000, 0x41edc5f8, 2048)
V/AudioCache( 1920): write(0x41edc5f8, 2048)
V/AudioCache( 1920): memcpy(0x44d51800, 0x41edc5f8, 2048)
V/AudioCache( 1920): write(0x41edc5f8, 2048)
V/AudioCache( 1920): memcpy(0x44d52000, 0x41edc5f8, 2048)
V/AudioCache( 1920): write(0x41edc5f8, 2048)
V/AudioCache( 1920): memcpy(0x44d52800, 0x41edc5f8, 2048)
V/AudioCache( 1920): write(0x41edc5f8, 2048)
V/AudioCache( 1920): memcpy(0x44d53000, 0x41edc5f8, 2048)
V/AudioCache( 1920): write(0x41edc5f8, 2048)
V/AudioCache( 1920): memcpy(0x44d53800, 0x41edc5f8, 2048)
V/AudioCache( 1920): write(0x41edc5f8, 2048)
V/AudioCache( 1920): memcpy(0x44d54000, 0x41edc5f8, 2048)
D/NfcService(20808): NFC-C OFF, disconnect
V/AudioCache( 1920): write(0x41edc5f8, 2048)
V/AudioCache( 1920): memcpy(0x44d54800, 0x41edc5f8, 2048)
V/AudioCache( 1920): write(0x41edc5f8, 2048)
V/AudioCache( 1920): memcpy(0x44d55000, 0x41edc5f8, 2048)
V/AudioCache( 1920): write(0x41edc5f8, 2048)
V/AudioCache( 1920): memcpy(0x44d55800, 0x41edc5f8, 2048)
V/AudioCache( 1920): write(0x41edc5f8, 2048)
V/AudioCache( 1920): memcpy(0x44d56000, 0x41edc5f8, 2048)
D/lights ( 2259): LCD : 0 +
D/lights ( 2259): LCD : 0 -
I/power ( 2259): *** release_dvfs_lock : lockType : 1
V/AudioCache( 1920): write(0x41edc5f8, 2048)
V/AudioCache( 1920): memcpy(0x44d56800, 0x41edc5f8, 2048)
V/AudioCache( 1920): write(0x41edc5f8, 2048)
V/AudioCache( 1920): memcpy(0x44d57000, 0x41edc5f8, 2048)
V/AudioCache( 1920): write(0x41edc5f8, 2048)
V/AudioCache( 1920): memcpy(0x44d57800, 0x41edc5f8, 2048)
V/AudioCache( 1920): write(0x41edc5f8, 2048)
V/AudioCache( 1920): memcpy(0x44d58000, 0x41edc5f8, 2048)
I/PowerManagerService( 2259): Light Animator Finished currentValue=0
D/PowerManagerService( 2259): releaseDVFSLockLocked : all DVFS_MIN_LIMIT are released
V/AudioCache( 1920): write(0x41edc5f8, 2048)
V/AudioCache( 1920): memcpy(0x44d58800, 0x41edc5f8, 2048)
V/AudioCache( 1920): write(0x41edc5f8, 2048)
V/AudioCache( 1920): memcpy(0x44d59000, 0x41edc5f8, 2048)
V/AudioCache( 1920): write(0x41edc5f8, 2048)
V/AudioCache( 1920): memcpy(0x44d59800, 0x41edc5f8, 2048)
V/AudioCache( 1920): write(0x41edc5f8, 2048)
V/AudioCache( 1920): memcpy(0x44d5a000, 0x41edc5f8, 2048)
V/AudioCache( 1920): write(0x41edc5f8, 2048)
V/AudioCache( 1920): memcpy(0x44d5a800, 0x41edc5f8, 2048)
V/AudioCache( 1920): write(0x41edc5f8, 2048)
V/AudioCache( 1920): memcpy(0x44d5b000, 0x41edc5f8, 2048)
V/AudioCache( 1920): write(0x41edc5f8, 2048)
V/AudioCache( 1920): memcpy(0x44d5b800, 0x41edc5f8, 2048)
V/AudioCache( 1920): write(0x41edc5f8, 2048)
V/AudioCache( 1920): memcpy(0x44d5c000, 0x41edc5f8, 2048)
V/AudioCache( 1920): write(0x41edc5f8, 2048)
V/AudioCache( 1920): memcpy(0x44d5c800, 0x41edc5f8, 2048)
V/AudioCache( 1920): write(0x41edc5f8, 2048)
V/AudioCache( 1920): memcpy(0x44d5d000, 0x41edc5f8, 2048)
V/AudioCache( 1920): write(0x41edc5f8, 2048)
V/AudioCache( 1920): memcpy(0x44d5d800, 0x41edc5f8, 2048)
V/AudioCache( 1920): write(0x41edc5f8, 2048)
V/AudioCache( 1920): memcpy(0x44d5e000, 0x41edc5f8, 2048)
E/OMXCodec( 1920): [OMX.google.vorbis.decoder] err = -1011
V/AudioCache( 1920): write(0x41edc5f8, 2048)
V/AudioCache( 1920): memcpy(0x44d5e800, 0x41edc5f8, 2048)
V/AudioCache( 1920): write(0x41edc5f8, 2048)
V/AudioCache( 1920): memcpy(0x44d5f000, 0x41edc5f8, 2048)
I/Launcher.StuckInEdit( 6417): exitWidgetResizeMode State NORMAL
V/AudioCache( 1920): write(0x41edc5f8, 2048)
V/AudioCache( 1920): memcpy(0x44d5f800, 0x41edc5f8, 2048)
V/AudioCache( 1920): write(0x41edc5f8, 2048)
V/AudioCache( 1920): memcpy(0x44d60000, 0x41edc5f8, 2048)
V/AudioCache( 1920): write(0x41edc5f8, 824)
V/AudioCache( 1920): memcpy(0x44d60800, 0x41edc5f8, 824)
V/AwesomePlayer( 1920): MEDIA_PLAYBACK_COMPLETE
V/AwesomePlayer( 1920): notifyListner_l() msg (2-MEDIA_PLAYBACK_COMPLETE), ext1 (0), ext2 (0)
V/AudioCache( 1920): notify(0x41b885f0, 2, 0, 0)
V/AudioCache( 1920): playback complete - thread will wake up later
V/AudioCache( 1920): wait - success
V/StagefrightPlayer( 1920): reset
I/AwesomePlayer( 1920): reset
I/AwesomePlayer( 1920): cancel player events
V/AwesomePlayer( 1920): mAudioTrackVector clear
I/OMXCodec( 1920): [OMX.google.vorbis.decoder] stop() sendCommand(0x1cfa, OMX_CommandStateSet, OMX_StateIdle)
I/OMXCodec( 1920): [OMX.google.vorbis.decoder] stopped in state 1
V/StagefrightPlayer( 1920): ~StagefrightPlayer
V/StagefrightPlayer( 1920): reset
I/AwesomePlayer( 1920): reset
I/AwesomePlayer( 1920): cancel player events
V/AwesomePlayer( 1920): mAudioTrackVector clear
I/AwesomePlayer( 1920): reset
I/AwesomePlayer( 1920): cancel player events
V/AwesomePlayer( 1920): mAudioTrackVector clear
V/AwesomePlayer( 1920): ~AwesomePlayer()
D/com.samsung.app(31251): [MSC_HERO_Accu_JB]>>> WCS:251 [0:0] BR act = androidintentactionSCREEN_OFF
I/ActivityThread(30214): Pub com.sec.badge: com.sec.android.provider.badge.BadgeProvider
W/AlarmManager( 2259): FACTORY_ON= 0
D/comdaemonstockapp(24684): [Daemon_Stock]>>> DaemonService.java:51 [0:0] action : androidintentactionSCREEN_OFF
W/AlarmManager( 2259): FACTORY_ON= 0
D/comdaemonstockapp(24684): [Daemon_Stock]>>> Stockclock_DaemonService.java:49 [0:0] onReceive: daemonappstockclockSCREEN_OFF
D/comdaemonstockapp(24684): [Daemon_Stock]>>> Stockclock_DaemonService.java:56 [0:0] appServiceStatus: 9
D/comdaemonstockapp(24684): [Daemon_Stock]>>> Stockclock_DaemonService.java:57 [0:0] [AR]: 0
D/comdaemonstockapp(24684): [Daemon_Stock]>>> Stockclock_DaemonService.java:236 [0:0] screen off, stop scroll
D/CircleShortcutWidget( 2259): BitmapDrawable
E/CircleShortcutWidget( 2259): pkg name =com.sec.chaton, activityName=com.sec.chaton.HomeActivity
D/CircleShortcutWidget( 2259): mIconWidth =96
D/CircleShortcutWidget( 2259): BitmapDrawable
E/CircleShortcutWidget( 2259): pkg name =com.android.browser, activityName=com.android.browser.BrowserActivity
D/CircleShortcutWidget( 2259): mIconWidth =96
D/CircleShortcutWidget( 2259): BitmapDrawable
E/CircleShortcutWidget( 2259): pkg name =com.sec.android.app.camera, activityName=com.sec.android.app.camera.Camera
D/CircleShortcutWidget( 2259): mIconWidth =96
D/CircleShortcutWidget( 2259): BitmapDrawable
D/CircleLockScreen( 2259): cursor.getInt(0) = 0
D/CircleLockScreen( 2259): cursor.getInt(0) = 0
D/CircleLockScreen( 2259): cursor.getInt(0) = 0
D/CircleLockScreen( 2259): mChecked = 111
D/CircleLockScreen( 2259): onRefreshBatteryInfo() showPatteryInfo: false pluggedIn: false batteryLevel: 67
D/ClockWidget( 2259): refreshTime()
D/ClockWidget( 2259): TTS Message = Es ist 21:33., Freitag, Januar 3
D/ClockWidget( 2259): refreshTime()
D/ClockWidget( 2259): TTS Message = Es ist 21:33., Freitag, Januar 3
W/LockPatternKeyguardView( 2259): Couldn't find transport control widget
D/LockPatternUtils( 2259): isPcwEnable = 10
I/System.out( 2259): Not a DRM File, opening notmally
I/System.out( 2259): buffer returned
V/LvOutput( 1920): initCheck: 0
V/LvOutput( 1920): detachEffects: detach processing for output 2, stream 1, session 6339
V/LvOutput( 1920): detachEffects: no output processing was attached to this stream
V/AudioPolicyManagerBase( 1920): stopOutput() output 2, stream 1, session 6339
V/AudioPolicyManagerBase( 1920): changeRefCount() stream 1, count 0
V/AudioPolicyManagerBase( 1920): getNewDevice() selected device 0
V/AudioPolicyManagerBase( 1920): setOutputDevice() output 2 device 0000 force 0 delayMs 184
V/AudioPolicyManagerBase( 1920): setOutputDevice() prevDevice 0002
V/AudioPolicyManagerBase( 1920): setOutputDevice() setting same device 0000 or null device for output 2
D/dalvikvm( 2259): GC_FOR_ALLOC freed 679K, 27% free 38035K/51655K, paused 138ms, total 148ms
D/LockPatternKeyguardView( 2259): max failed attempt for device disable :0
D/dalvikvm( 1918): WAIT_FOR_CONCURRENT_GC blocked 0ms
D/LockPatternUtils( 2259): isPcwEnable = 10
D/LockPatternUtils( 2259): isPcwEnable = 10
D/dalvikvm( 1918): GC_EXPLICIT freed 38K, 7% free 12119K/12931K, paused 2ms+2ms, total 30ms
D/dalvikvm( 1918): WAIT_FOR_CONCURRENT_GC blocked 0ms
D/ClockWidget( 2259): refreshTime()
D/ClockWidget( 2259): TTS Message = Es ist 21:33., Freitag, Januar 3
D/dalvikvm( 1918): GC_EXPLICIT freed <1K, 7% free 12119K/12931K, paused 1ms+2ms, total 30ms
D/dalvikvm( 1918): WAIT_FOR_CONCURRENT_GC blocked 0ms
D/dalvikvm( 1918): GC_EXPLICIT freed <1K, 7% free 12119K/12931K, paused 2ms+6ms, total 41ms
D/ClockWidget( 2259): isServiceEnable = false cityId = cityId:169582
D/ClockWidget( 2259): Weather Demon is not running, Set visibility to GONE
D/CircleLockScreen( 2259): onResume()
D/CircleUnlockRippleRenderer( 2259): onResume isUnlocked = false
D/ClockWidget( 2259): isServiceEnable = false cityId = cityId:169582
D/ClockWidget( 2259): Weather Demon is not running, Set visibility to GONE
D/CircleShortcutWidget( 2259): onResume()
D/CircleLockScreen( 2259): mCallback.isShowingAndNotHidden()=false
D/CircleLockScreenMotion( 2259): register motion listener
D/MotionEngine( 2259): [@@@ Motion Engine @@@] InitializeMotionManager ALLLLLLLLLLLLLLLLLLLLLLLLL
D/MotionRecognitionService( 2259): .registerCallback : 1, motion_sensors=3, client=com.android.internal.policy.impl.sec.CircleLockScreenMotion$2@423b2508
V/MotionRecognitionManager( 2259): .registerListenerEvent : success. listener count = 0->1, motion_sensors=3, motion event = 128, listener=com.android.internal.policy.impl.sec.CircleLockScreenMotion$2@423b2508
D/MotionRecognitionManager( 2259): .registerListenerEvent : fail. already registered / listener count = 1, listener=com.android.internal.policy.impl.sec.CircleLockScreenMotion$2@423b2508
D/CircleLockScreenMotion( 2259): reset motion engine
D/MotionEngine( 2259): [@@@ MotionEngine @@@] ResetMotionEngine............................ CALLED...............
V/KeyguardViewManager( 2259): KGVM: Set visibility on com.android.internal.policy.impl.KeyguardViewManager$KeyguardViewHost@4233b6c8 to 6291456
D/KeyguardViewMediator( 2259): adjustUserActivityLocked mShowing: true mHidden: false
D/LockPatternUtils( 2259): isPcwEnable = 10
D/LockPatternUtils( 2259): isPcwEnable = 10
D/LockPatternUtils( 2259): isPcwEnable = 10
D/KeyguardViewMediator( 2259): adjustStatusBarLocked: mShowing=true mHidden=false isSecure=false --> flags=0x1000000
D/MotionRecognitionService( 2259): .checkSettingEngineEnabled : true
D/MotionRecognitionService( 2259): .resetMotionEngine
D/PowerManagerService( 2259): enableUserActivity false
D/STATUSBAR-StatusBarManagerService( 2259): manageDisableList what=0x1000000 pkg=android
E/KeyguardViewMediator( 2259): 2. Lockscreen lock
E/KeyguardViewMediator( 2259): Phone is boot completed. so can broadcast
D/PhoneStatusBar( 2707): disable: < expand icons alerts ticker system_info back home RECENT* clock > I/Choreographer( 2259): Skipped 47 frames! The application may be doing too much work on its main thread.
I/SurfaceFlinger( 1917): id=18563(5193) createSurf 0x40e6ffb4 (720x1230),1 flag=0, Leyguard
I/SurfaceFlinger( 1917): SurfaceFlinger : eMagnificationFactorChanged. magnificationFactor=1.0
I/SurfaceFlinger( 1917): SurfaceFlinger : eZoomPositionChanged. zoomX=0.0 zoomY=0.0
D/WindowManager( 2259): PhoneWindowManager: focusChangedLw
D/KeyguardViewMediator( 2259): setHidden false
I/SurfaceFlinger( 1917): id=18564(5194) createSurf 0x429b7a2c (720x1230),3 flag=400, TurfaceView
I/SurfaceFlinger( 1917): SurfaceFlinger : eMagnificationFactorChanged. magnificationFactor=1.0
I/SurfaceFlinger( 1917): SurfaceFlinger : eZoomPositionChanged. zoomX=0.0 zoomY=0.0
D/KeyguardViewMediator( 2259): setHidden false
D/SurfaceView( 2259): SurfaceView.MyWindow.resized() is call in system process.
D/CircleUnlockRippleRenderer( 2259): onSurfaceCreated
D/CircleUnlockRippleRenderer( 2259): mWallpaperPath =/data/data/com.sec.android.gallery3d/lockscreen_wallpaper_ripple.jpg
D/CircleUnlockRippleRenderer( 2259): wallpaperFile exist
D/dalvikvm( 2259): GC_FOR_ALLOC freed 161K, 25% free 38948K/51655K, paused 150ms, total 150ms
W/LockPatternKeyguardView( 2259): no unlock screen when trying to enable fallback
D/CircleUnlockRippleRenderer( 2259): pBitmap, getWidth = 653, pBitmap.getHeight() = 653
D/dalvikvm( 2259): GC_FOR_ALLOC freed 49K, 22% free 40573K/51655K, paused 148ms, total 148ms
D/CircleUnlockRippleRenderer( 2259): onSurfaceChanged
D/CircleUnlockRippleRenderer( 2259): windowWidth = 720, windowHeight = 1280, width = 720, height = 1230
D/CircleUnlockRippleRenderer( 2259): ondrawfrmae drawCount = 0
D/CircleUnlockRippleRenderer( 2259): mCntSurfaceChanged in drawframe = 0
E/LockPatternKeyguardView( 2259): !!! callback setLockScreenReady
E/CircleUnlockRippleRenderer( 2259): CircleUnlockRippleRenderer setLockScreenReady
D/KeyguardViewMediator( 2259): setHidden false
D/LockPatternUtils( 2259): isPcwEnable = 10
D/LockPatternUtils( 2259): isPcwEnable = 10
D/LockPatternUtils( 2259): isPcwEnable = 10
D/KeyguardViewMediator( 2259): adjustStatusBarLocked: mShowing=true mHidden=false isSecure=false --> flags=0x1000000
V/LockPatternKeyguardView( 2259): Set visibility on com.android.internal.policy.impl.LockPatternKeyguardView$4@42be8190 to 8388608
D/STATUSBAR-StatusBarManagerService( 2259): manageDisableList what=0x1000000 pkg=android
D/WindowManager( 2259): mUnSetIgnore, show = false
W/IInputConnectionWrapper( 2259): showStatusIcon on inactive InputConnection
W/IInputConnectionWrapper( 6417): showStatusIcon on inactive InputConnection
D/STATUSBAR-StatusBarManagerService( 2259): setSystemUiVisibility(0x600008)
D/STATUSBAR-StatusBarManagerService( 2259): manageDisableList what=0x600000 pkg=WindowManager.LayoutParams
D/PhoneStatusBar( 2707): disable: < expand icons alerts ticker system_info BACK* HOME* RECENT clock > D/LockPatternKeyguardView( 2259): focused
D/CircleLockScreen( 2259): focused
D/KeyguardViewMediator( 2259): setHidden false
D/KeyguardViewMediator( 2259): setHidden false
V/LockPatternKeyguardView( 2259): *** dispatchDraw() time: 1716108741
D/KeyguardViewMediator( 2259): setHidden false
D/STATUSBAR-StatusBarManagerService( 2259): setSystemUiVisibility(0xe00008)
D/STATUSBAR-StatusBarManagerService( 2259): manageDisableList what=0xe00000 pkg=WindowManager.LayoutParams
D/PhoneStatusBar( 2707): disable: < expand icons alerts ticker system_info BACK HOME RECENT CLOCK* > D/KeyguardViewMediator( 2259): setHidden false
V/AlarmManager( 2259): waitForAlarm result :8
W/ThrottleService( 2259): unable to find stats for iface rmnet0
W/AlarmManager( 2259): FACTORY_ON= 0
D/AudioHardwareTinyALSA( 1920): Entering AudioStreamOutALSA standby mode
I/AudioHardwareTinyALSA( 1920): Close mHandle:41bb0570
D/BatteryService( 2259): update start
W/SignalStrength( 2259): getGsmLevel=1
W/SignalStrength( 2259): getLevel=1 (SignalStrength: 4 -1 -1 -1 -1 -1 -1 -1 -1 -1 -1 -1 gsm|lte 1)
W/SignalStrength( 2707): getGsmLevel=1
W/SignalStrength( 2707): getLevel=1 (SignalStrength: 4 -1 -1 -1 -1 -1 -1 -1 -1 -1 -1 -1 gsm|lte 1)
W/SignalStrength( 2707): getGsmLevel=1
W/SignalStrength( 2707): getLevel=1 (SignalStrength: 4 -1 -1 -1 -1 -1 -1 -1 -1 -1 -1 -1 gsm|lte 1)
W/SignalStrength( 2259): getGsmDbm=-105
W/SignalStrength( 2259): getDbm=-105
W/SignalStrength( 2259): getGsmAsuLevel=4
W/SignalStrength( 2259): getAsuLevel=4
D/BatteryService( 2259): level:67 scale:100 status:3 health:2 present:true voltage: 3904 temperature: 277 technology: Li-ion AC powered:false USB powered:false icon:17303213 invalid charger:0
D/STATUSBAR-NetworkController( 2707): onSignalStrengthsChanged signalStrength=SignalStrength: 4 -1 -1 -1 -1 -1 -1 -1 -1 -1 -1 -1 gsm|lte 1 level=1
V/ThermistorObserver( 2259): Thermistor UEVENT: {SUBSYSTEM=platform, DEVPATH=/devices/platform/s5p-tmu, SEQNUM=4151310, TMUSTATE=0, ACTION=change, DRIVER=s5p-tmu, MODALIAS=platform:s5p-tmu}
D/STATUSBAR-BatteryController( 2707): onReceive() - ACTION_BATTERY_CHANGED
D/STATUSBAR-BatteryController( 2707): onReceive() - level:67
D/STATUSBAR-BatteryController( 2707): onReceive() - plugged:0
D/STATUSBAR-BatteryController( 2707): onReceive() - BATTERY_STATUS_DISCHARGING: stat_sys_battery
D/STATUSBAR-PhoneStatusBar( 2707): ACTION_BATTERY_CHANGED
W/AlarmManager( 2259): FACTORY_ON= 0
E/Parcel ( 7294): Reading a NULL string not supported here.
D/ ( 7294): Get battery level: 67 .
D/ ( 7294): Get charging state:Discharging
D/ ( 7294): It is not charging
V/AlarmManager( 2259): waitForAlarm result :8
D/BatteryService( 2259): update start
D/BatteryService( 2259): level:67 scale:100 status:3 health:2 present:true voltage: 3909 temperature: 265 technology: Li-ion AC powered:false USB powered:false icon:17303213 invalid charger:0
V/ThermistorObserver( 2259): Thermistor UEVENT: {SUBSYSTEM=platform, DEVPATH=/devices/platform/s5p-tmu, SEQNUM=4151315, TMUSTATE=0, ACTION=change, DRIVER=s5p-tmu, MODALIAS=platform:s5p-tmu}
W/SignalStrength( 2259): getGsmLevel=2
W/SignalStrength( 2259): getLevel=2 (SignalStrength: 4 -1 -1 -1 -1 -1 -1 -1 -1 -1 -1 -1 gsm|lte 2)
W/SignalStrength( 2707): getGsmLevel=2
W/SignalStrength( 2707): getLevel=2 (SignalStrength: 4 -1 -1 -1 -1 -1 -1 -1 -1 -1 -1 -1 gsm|lte 2)
W/SignalStrength( 2707): getGsmLevel=2
W/SignalStrength( 2707): getLevel=2 (SignalStrength: 4 -1 -1 -1 -1 -1 -1 -1 -1 -1 -1 -1 gsm|lte 2)
D/STATUSBAR-NetworkController( 2707): onSignalStrengthsChanged signalStrength=SignalStrength: 4 -1 -1 -1 -1 -1 -1 -1 -1 -1 -1 -1 gsm|lte 2 level=2
D/STATUSBAR-NetworkController( 2707): refreshSignalCluster: data=0 bt=false
D/STATUSBAR-SignalClusterView( 2707): mSeparateMobileGroup=8
D/STATUSBAR-SignalClusterView( 2707): mSeparateMobileGroup=8
D/STATUSBAR-SignalClusterView( 2707): mSeparateMobileGroup=8
W/SignalStrength( 2259): getGsmDbm=-105
W/SignalStrength( 2259): getDbm=-105
W/SignalStrength( 2259): getGsmAsuLevel=4
W/SignalStrength( 2259): getAsuLevel=4
V/AlarmManager( 2259): ClockReceiver onReceive() ACTION_TIME_TICK
W/AlarmManager( 2259): FACTORY_ON= 0
E/Parcel ( 7294): Reading a NULL string not supported here.
D/ ( 7294): Get battery level: 67 .
D/ ( 7294): Get charging state:Discharging
D/ ( 7294): It is not charging
D/STATUSBAR-BatteryController( 2707): onReceive() - ACTION_BATTERY_CHANGED
D/STATUSBAR-BatteryController( 2707): onReceive() - level:67
D/STATUSBAR-BatteryController( 2707): onReceive() - plugged:0
D/STATUSBAR-BatteryController( 2707): onReceive() - BATTERY_STATUS_DISCHARGING: stat_sys_battery
D/STATUSBAR-PhoneStatusBar( 2707): ACTION_BATTERY_CHANGED
D/STATUSBAR-Clock( 2707): onReceive() - ACTION_TIME_TICK
W/AlarmManager( 2259): FACTORY_ON= 0
D/STATUSBAR-Clock( 2707): onReceive() - ACTION_TIME_TICK
D/ClockAlarmWidgetService(24641): [ClockAlarmWidgetService] onReceive: action = android.intent.action.TIME_TICK
E/ClockAlarmWidget(24641): [AlarmWidgetIdManager] getListItem() : itemIndex=0, widgetID:7
E/ClockAlarmWidget(24641): [AlarmWidgetIdManager] getListItem() : ItemIndex exceed ListItemCount. itemIndex=1
E/ClockAlarmWidget(24641): [AlarmWidgetIdManager] getListItem() : itemIndex=1, widgetID:7
D/ClockAlarmDataProvider(24641): getAlarm() - too many same ID alarm data. nCount: 0
D/ClockWidget( 2259): refreshTime()
D/ClockWidget( 2259): TTS Message = Es ist 21:34., Freitag, Januar 3
D/dalvikvm(24641): GC_CONCURRENT freed 433K, 8% free 12256K/13319K, paused 12ms+3ms, total 64ms
D/BatteryService( 2259): update start
D/BatteryService( 2259): level:67 scale:100 status:3 health:2 present:true voltage: 3908 temperature: 262 technology: Li-ion AC powered:false USB powered:false icon:17303213 invalid charger:0
V/ThermistorObserver( 2259): Thermistor UEVENT: {SUBSYSTEM=platform, DEVPATH=/devices/platform/s5p-tmu, SEQNUM=4151320, TMUSTATE=0, ACTION=change, DRIVER=s5p-tmu, MODALIAS=platform:s5p-tmu}
E/Parcel ( 7294): Reading a NULL string not supported here.
D/ ( 7294): Get battery level: 67 .
D/ ( 7294): Get charging state:Discharging
D/ ( 7294): It is not charging
W/PowerManagerService( 2259): Timer 0x0->0x0|0x0
D/STATUSBAR-BatteryController( 2707): onReceive() - ACTION_BATTERY_CHANGED
D/STATUSBAR-BatteryController( 2707): onReceive() - level:67
D/STATUSBAR-BatteryController( 2707): onReceive() - plugged:0
D/STATUSBAR-BatteryController( 2707): onReceive() - BATTERY_STATUS_DISCHARGING: stat_sys_battery
D/STATUSBAR-PhoneStatusBar( 2707): ACTION_BATTERY_CHANGED
V/AlarmManager( 2259): waitForAlarm result :4
V/AlarmManager( 2259): trigger ELAPSED_REALTIME_WAKEUP or RTC_WAKEUP
V/AlarmManager( 2259): waitForAlarm result :4
V/AlarmManager( 2259): trigger ELAPSED_REALTIME_WAKEUP or RTC_WAKEUP
W/SignalStrength( 2707): getGsmLevel=2
W/SignalStrength( 2707): getLevel=2 (SignalStrength: 5 -1 -1 -1 -1 -1 -1 -1 -1 -1 -1 -1 gsm|lte 2)
W/SignalStrength( 2707): getGsmLevel=2
W/SignalStrength( 2707): getLevel=2 (SignalStrength: 5 -1 -1 -1 -1 -1 -1 -1 -1 -1 -1 -1 gsm|lte 2)
W/SignalStrength( 2259): getGsmLevel=2
W/SignalStrength( 2259): getLevel=2 (SignalStrength: 5 -1 -1 -1 -1 -1 -1 -1 -1 -1 -1 -1 gsm|lte 2)
D/STATUSBAR-NetworkController( 2707): onSignalStrengthsChanged signalStrength=SignalStrength: 5 -1 -1 -1 -1 -1 -1 -1 -1 -1 -1 -1 gsm|lte 2 level=2
W/SignalStrength( 2259): getGsmDbm=-103
W/SignalStrength( 2259): getDbm=-103
W/SignalStrength( 2259): getGsmAsuLevel=5
W/SignalStrength( 2259): getAsuLevel=5
W/AlarmManager( 2259): FACTORY_ON= 0
V/AlarmManager( 2259): waitForAlarm result :4
V/AlarmManager( 2259): trigger ELAPSED_REALTIME_WAKEUP or RTC_WAKEUP
W/AlarmManager( 2259): FACTORY_ON= 0
D/dalvikvm(30251): WAIT_FOR_CONCURRENT_GC blocked 0ms
D/dalvikvm(30251): GC_CONCURRENT freed 152K, 6% free 12471K/13191K, paused 17ms+3ms, total 47ms
D/dalvikvm(30251): WAIT_FOR_CONCURRENT_GC blocked 11ms
D/dalvikvm(30251): GC_CONCURRENT freed 149K, 6% free 12845K/13575K, paused 12ms+2ms, total 43ms
D/dalvikvm(30251): WAIT_FOR_CONCURRENT_GC blocked 6ms
I/ActivityThread(30251): Pub com.google.android.apps.plus.content.ApiProvider: com.google.android.apps.plus.content.EsApiProvider
I/ActivityThread(30251): Pub com.google.android.apps.plus.content.EsGooglePhotoProvider: com.google.android.picasasync.PicasaContentProvider
I/ActivityThread(30251): Pub com.google.android.apps.plus.iu.EsGoogleIuProvider: com.google.android.apps.plus.iu.InstantUploadProvider
D/dalvikvm(30251): GC_CONCURRENT freed 503K, 8% free 12883K/13959K, paused 13ms+2ms, total 46ms
D/dalvikvm(30251): WAIT_FOR_CONCURRENT_GC blocked 10ms
I/ActivityThread(30251): Pub com.google.android.apps.plus.content.EsPicasaStoreProvider: com.google.android.picasastore.PicasaPhotoContentProvider
I/ActivityThread(30251): Pub com.google.plus.platform: com.google.android.apps.plus.content.AdsProvider
I/ActivityThread(30251): Pub com.google.android.apps.plus.content.EsProvider: com.google.android.apps.plus.content.EsProvider
D/gp.PicasaPhotoCP(30251): set fsid first time:-1
D/dalvikvm(30251): GC_FOR_ALLOC freed 268K, 8% free 12971K/14023K, paused 27ms, total 27ms
D/dalvikvm(30251): GC_FOR_ALLOC freed 66K, 8% free 13098K/14087K, paused 30ms, total 31ms
W/AlarmManager( 2259): FACTORY_ON= 0
D/dalvikvm(30251): Trying to load lib /data/data/com.google.android.apps.plus/lib/libwebp_android.so 0x41b95ad8
D/dalvikvm(30251): Added shared lib /data/data/com.google.android.apps.plus/lib/libwebp_android.so 0x41b95ad8
D/dalvikvm(30251): No JNI_OnLoad found in /data/data/com.google.android.apps.plus/lib/libwebp_android.so 0x41b95ad8, skipping init
D/dalvikvm(30251): Trying to load lib /data/data/com.google.android.apps.plus/lib/libplus_jni_v8.so 0x41b95ad8
D/dalvikvm(30251): Added shared lib /data/data/com.google.android.apps.plus/lib/libplus_jni_v8.so 0x41b95ad8
D/dalvikvm(30251): No JNI_OnLoad found in /data/data/com.google.android.apps.plus/lib/libplus_jni_v8.so 0x41b95ad8, skipping init
I/NativeLibrarySupport(30251): Native WEBP decoder, version=0.3.1
I/NativeLibrarySupport(30251): Native networking disabled
D/dalvikvm(30251): GC_CONCURRENT freed 187K, 7% free 13362K/14215K, paused 12ms+2ms, total 31ms
I/ActivityThread(30274): Pub com.android.voicemail: com.android.providers.contacts.VoicemailContentProvider
I/ActivityThread(30274): Pub applications: com.android.providers.applications.ApplicationsProvider
I/ActivityThread(30274): Pub call_log: com.android.providers.contacts.CallLogProvider
I/ActivityThread(30274): Pub user_dictionary: com.android.providers.userdictionary.UserDictionaryProvider
I/ActivityThread(30274): Pub contacts;com.android.contacts: com.android.providers.contacts.ContactsProvider2
D/dalvikvm(30274): GC_CONCURRENT freed 216K, 6% free 12407K/13191K, paused 18ms+2ms, total 46ms
D/dalvikvm(30274): WAIT_FOR_CONCURRENT_GC blocked 14ms
D/dalvikvm(30274): WAIT_FOR_CONCURRENT_GC blocked 13ms
D/dalvikvm( 2259): GC_CONCURRENT freed 562K, 19% free 41976K/51655K, paused 57ms+27ms, total 437ms
D/dalvikvm(30274): GC_CONCURRENT freed 139K, 6% free 12684K/13447K, paused 17ms+15ms, total 53ms
D/dalvikvm(30251): GC_CONCURRENT freed 276K, 7% free 13506K/14407K, paused 16ms+19ms, total 94ms
I/ActivityManager( 2259): Process com.android.MtpApplication (pid 27330) (adj 11) has died.
I/ActivityManager( 2259): Process com.sec.pcw:CameraAutoUpload (pid 27276) (adj 11) has died.
I/ActivityManager( 2259): Process de.kleiderkreisel (pid 27854) (adj 11) has died.
I/qtaguid (30251): Failed write_ctrl(u 50) res=-1 errno=22
I/qtaguid (30251): Untagging socket 50 failed errno=-22
W/NetworkManagementSocketTagger(30251): untagSocket(50) failed with errno -22
I/qtaguid (30251): Failed write_ctrl(u 50) res=-1 errno=22
I/qtaguid (30251): Untagging socket 50 failed errno=-22
W/NetworkManagementSocketTagger(30251): untagSocket(50) failed with errno -22
E/HttpTransaction(30251): Failed to find the apiHeader field on an http request, this should not happen.
E/HttpTransaction(30251): java.lang.NoSuchFieldException: apiHeader
E/HttpTransaction(30251): at java.lang.Class.getField(Class.java:787)
E/HttpTransaction(30251): at lf.i(ProGuard:180)
E/HttpTransaction(30251): at lf.e(ProGuard:139)
E/HttpTransaction(30251): at ayw.h(ProGuard:67)
E/HttpTransaction(30251): at jq.a(ProGuard:73)
E/HttpTransaction(30251): at jn.a(ProGuard:93)
E/HttpTransaction(30251): at it.run(ProGuard:105)
D/dalvikvm(30274): GC_CONCURRENT freed 131K, 6% free 12942K/13703K, paused 16ms+3ms, total 62ms
I/qtaguid (30251): Failed write_ctrl(u 50) res=-1 errno=22
I/qtaguid (30251): Untagging socket 50 failed errno=-22
W/NetworkManagementSocketTagger(30251): untagSocket(50) failed with errno -22
D/dalvikvm(30251): GC_CONCURRENT freed 317K, 7% free 13594K/14535K, paused 13ms+67ms, total 197ms
I/qtaguid (30251): Failed write_ctrl(u 50) res=-1 errno=22
I/qtaguid (30251): Untagging socket 50 failed errno=-22
W/NetworkManagementSocketTagger(30251): untagSocket(50) failed with errno -22
V/AlarmManager( 2259): waitForAlarm result :8
W/AlarmManager( 2259): FACTORY_ON= 0
I/qtaguid (30251): Failed write_ctrl(u 50) res=-1 errno=22
I/qtaguid (30251): Untagging socket 50 failed errno=-22
W/NetworkManagementSocketTagger(30251): untagSocket(50) failed with errno -22
I/qtaguid (30251): Failed write_ctrl(u 50) res=-1 errno=22
I/qtaguid (30251): Untagging socket 50 failed errno=-22
W/NetworkManagementSocketTagger(30251): untagSocket(50) failed with errno -22
D/dalvikvm(30251): GC_FOR_ALLOC freed 384K, 7% free 13642K/14599K, paused 30ms, total 34ms
I/dalvikvm-heap(30251): Grow heap (frag case) to 14.125MB for 262160-byte allocation
D/dalvikvm(30251): GC_FOR_ALLOC freed 15K, 7% free 13882K/14919K, paused 26ms, total 26ms
D/dalvikvm(30251): GC_FOR_ALLOC freed 0K, 7% free 13882K/14919K, paused 24ms, total 24ms
I/dalvikvm-heap(30251): Grow heap (frag case) to 15.311MB for 1259536-byte allocation
D/dalvikvm(30251): GC_CONCURRENT freed 0K, 7% free 15112K/16199K, paused 12ms+2ms, total 35ms
D/dalvikvm(30251): WAIT_FOR_CONCURRENT_GC blocked 23ms
D/dalvikvm(30251): GC_FOR_ALLOC freed 0K, 7% free 15113K/16199K, paused 19ms, total 19ms
I/dalvikvm-heap(30251): Grow heap (frag case) to 17.342MB for 2129936-byte allocation
D/dalvikvm(30251): GC_CONCURRENT freed 0K, 7% free 17193K/18311K, paused 52ms+2ms, total 72ms
D/dalvikvm(30251): WAIT_FOR_CONCURRENT_GC blocked 20ms
D/dalvikvm(30251): GC_FOR_ALLOC freed 0K, 6% free 18217K/19271K, paused 23ms, total 23ms
D/BatteryService( 2259): update start
D/BatteryService( 2259): level:67 scale:100 status:3 health:2 present:true voltage: 3910 temperature: 269 technology: Li-ion AC powered:false USB powered:false icon:17303213 invalid charger:0
V/ThermistorObserver( 2259): Thermistor UEVENT: {SUBSYSTEM=platform, DEVPATH=/devices/platform/s5p-tmu, SEQNUM=4151325, TMUSTATE=0, ACTION=change, DRIVER=s5p-tmu, MODALIAS=platform:s5p-tmu}
D/STATUSBAR-BatteryController( 2707): onReceive() - ACTION_BATTERY_CHANGED
D/STATUSBAR-BatteryController( 2707): onReceive() - level:67
D/STATUSBAR-BatteryController( 2707): onReceive() - plugged:0
D/STATUSBAR-BatteryController( 2707): onReceive() - BATTERY_STATUS_DISCHARGING: stat_sys_battery
D/STATUSBAR-PhoneStatusBar( 2707): ACTION_BATTERY_CHANGED
E/Parcel ( 7294): Reading a NULL string not supported here.
D/ ( 7294): Get battery level: 67 .
D/ ( 7294): Get charging state:Discharging
D/ ( 7294): It is not charging
D/BatteryService( 2259): update start
V/AlarmManager( 2259): waitForAlarm result :6
D/BatteryService( 2259): level:67 scale:100 status:3 health:2 present:true voltage: 3901 temperature: 267 technology: Li-ion AC powered:false USB powered:false icon:17303213 invalid charger:0
D/STATUSBAR-BatteryController( 2707): onReceive() - ACTION_BATTERY_CHANGED
D/STATUSBAR-BatteryController( 2707): onReceive() - level:67
D/STATUSBAR-BatteryController( 2707): onReceive() - plugged:0
D/STATUSBAR-BatteryController( 2707): onReceive() - BATTERY_STATUS_DISCHARGING: stat_sys_battery
D/STATUSBAR-PhoneStatusBar( 2707): ACTION_BATTERY_CHANGED
E/Parcel ( 7294): Reading a NULL string not supported here.
D/ ( 7294): Get battery level: 67 .
D/ ( 7294): Get charging state:Discharging
D/ ( 7294): It is not charging
V/ThermistorObserver( 2259): Thermistor UEVENT: {SUBSYSTEM=platform, DEVPATH=/devices/platform/s5p-tmu, SEQNUM=4151330, TMUSTATE=0, ACTION=change, DRIVER=s5p-tmu, MODALIAS=platform:s5p-tmu}
V/AlarmManager( 2259): trigger ELAPSED_REALTIME_WAKEUP or RTC_WAKEUP
W/AlarmManager( 2259): FACTORY_ON= 0
I/Smrs (30552): No debug file found! Set debug to false D/Norton Community Watch/smrsd( 7294): receive CtrlIntentReceiver code 1 D/Norton Community Watch/smrsd( 7294): receive CtrlIntentReceiver intent D/Norton Community Watch/smrsd( 7294): version: D/Norton Community Watch/smrsd( 7294): 30331011
D/BatteryService( 2259): update start
D/BatteryService( 2259): level:67 scale:100 status:3 health:2 present:true voltage: 3912 temperature: 265 technology: Li-ion AC powered:false USB powered:false icon:17303213 invalid charger:0
V/ThermistorObserver( 2259): Thermistor UEVENT: {SUBSYSTEM=platform, DEVPATH=/devices/platform/s5p-tmu, SEQNUM=4151335, TMUSTATE=0, ACTION=change, DRIVER=s5p-tmu, MODALIAS=platform:s5p-tmu}
E/Watchdog( 2259): !@Sync 11505
D/STATUSBAR-BatteryController( 2707): onReceive() - ACTION_BATTERY_CHANGED
D/STATUSBAR-BatteryController( 2707): onReceive() - level:67
D/STATUSBAR-BatteryController( 2707): onReceive() - plugged:0
D/STATUSBAR-BatteryController( 2707): onReceive() - BATTERY_STATUS_DISCHARGING: stat_sys_battery
E/Parcel ( 7294): Reading a NULL string not supported here.
D/ ( 7294): Get battery level: 67 .
D/ ( 7294): Get charging state:Discharging
D/ ( 7294): It is not charging
D/STATUSBAR-PhoneStatusBar( 2707): ACTION_BATTERY_CHANGED
V/MediaPlayer-JNI(26559): native_setup
V/MediaPlayer(26559): constructor
V/MediaPlayer(26559): setListener
V/MediaPlayer-JNI(26559): setAudioStreamType: 5
V/MediaPlayer(26559): MediaPlayer::setAudioStreamType
W/AlarmManager( 2259): FACTORY_ON= 0
D/ApplicationPolicy( 2259): isStatusBarNotificationAllowed: packageName = com.whatsapp
D/STATUSBAR-NotificationService( 2259): Noti Alert - mSystemReady:true, AlertEnabled:true
D/STATUSBAR-NotificationService( 2259): updateLightsLocked() : Set custom flashing notification light
D/LightsService( 2259): [SvcLED] setSvcLedStateLocked:: id = 4, color = -65281, mode = 1, set = On
D/LightsService( 2259): [SvcLED] wl is acquired. It will be released after 350ms.
D/ClockWidget( 2259): received MISSED_EVENT intent !!
D/SensorService( 2259): info.rates.add, set DEFAULT_EVENTS_PERIOD
D/PhoneStatusBar( 2707): addNotification score=0
D/SensorService( 2259): SensorDevice::activate (enable 1, disable 0) = 1
D/SensorService( 2259): activating sensor enable handle=3
