D/STATUSBAR-NetworkController( 2707): refreshSignalCluster: data=0 bt=false
D/STATUSBAR-SignalClusterView( 2707): mSeparateMobileGroup=8
D/STATUSBAR-SignalClusterView( 2707): mSeparateMobileGroup=8
D/STATUSBAR-SignalClusterView( 2707): mSeparateMobileGroup=8
D/dalvikvm(30297): GC_FOR_ALLOC freed 261K, 9% free 15997K/17415K, paused 44ms, total 44ms
D/dalvikvm(30297): GC_FOR_ALLOC freed 203K, 10% free 16168K/17799K, paused 32ms, total 32ms
D/lights ( 2259): button : 2 +
D/lights ( 2259): button : 2 -
W/PowerManagerService( 2259): Timer 0x7->0x3|0x0
I/PowerManagerService( 2259): Ulight 0x7->0x3|0x0
D/dalvikvm(30297): GC_CONCURRENT freed 1332K, 11% free 16131K/18055K, paused 5ms+17ms, total 74ms
D/dalvikvm(30297): GC_FOR_ALLOC freed 117K, 9% free 16572K/18055K, paused 59ms, total 59ms
D/dalvikvm(30297): GC_CONCURRENT freed 1122K, 10% free 16939K/18631K, paused 4ms+16ms, total 61ms
D/dalvikvm(30297): WAIT_FOR_CONCURRENT_GC blocked 50ms
W/SignalStrength( 2707): getGsmLevel=1
W/SignalStrength( 2707): getLevel=1 (SignalStrength: 2 -1 -1 -1 -1 -1 -1 -1 -1 -1 -1 -1 gsm|lte 1)
W/SignalStrength( 2707): getGsmLevel=1
W/SignalStrength( 2259): getGsmLevel=1
W/SignalStrength( 2707): getLevel=1 (SignalStrength: 2 -1 -1 -1 -1 -1 -1 -1 -1 -1 -1 -1 gsm|lte 1)
W/SignalStrength( 2259): getLevel=1 (SignalStrength: 2 -1 -1 -1 -1 -1 -1 -1 -1 -1 -1 -1 gsm|lte 1)
D/STATUSBAR-NetworkController( 2707): onSignalStrengthsChanged signalStrength=SignalStrength: 2 -1 -1 -1 -1 -1 -1 -1 -1 -1 -1 -1 gsm|lte 1 level=1
W/SignalStrength( 2259): getGsmDbm=-109
W/SignalStrength( 2259): getDbm=-109
W/SignalStrength( 2259): getGsmAsuLevel=2
W/SignalStrength( 2259): getAsuLevel=2
W/AlarmManager( 2259): FACTORY_ON= 0
W/AlarmManager( 2259): FACTORY_ON= 0
D/dalvikvm(30297): GC_FOR_ALLOC freed 634K, 10% free 17125K/18951K, paused 72ms, total 73ms
D/dalvikvm(30297): GC_FOR_ALLOC freed 566K, 11% free 17147K/19207K, paused 35ms, total 35ms
I/InputReader( 2259): Touch event's action is 0x0 (deviceType=0) [pCnt=1, s=0.58343 ]
I/InputDispatcher( 2259): Delivering touch to current input target: action: 0x0
I/InputDispatcher( 2259): Delivering touch to current input target: action: 0x0
I/InputDispatcher( 2259): Delivering touch to current input target: action: 0x0
D/dalvikvm(30297): GC_FOR_ALLOC freed 570K, 11% free 17202K/19207K, paused 39ms, total 39ms
I/InputReader( 2259): Touch event's action is 0x1 (deviceType=0) [pCnt=1, s=]
I/InputDispatcher( 2259): Delivering touch to current input target: action: 0x1
I/InputDispatcher( 2259): Delivering touch to current input target: action: 0x1
I/InputDispatcher( 2259): Delivering touch to current input target: action: 0x1
I/InputDispatcher( 2259): Delivering touch to current input target: action: 0x0
I/InputDispatcher( 2259): Delivering touch to current input target: action: 0x0
I/InputDispatcher( 2259): Delivering touch to current input target: action: 0x0
I/InputReader( 2259): Touch event's action is 0x0 (deviceType=0) [pCnt=1, s=0.58344 ]
I/InputReader( 2259): Touch event's action is 0x1 (deviceType=0) [pCnt=1, s=]
I/InputDispatcher( 2259): Delivering touch to current input target: action: 0x1
I/InputDispatcher( 2259): Delivering touch to current input target: action: 0x1
I/InputDispatcher( 2259): Delivering touch to current input target: action: 0x1
W/Crittercism(30297): Crittercism not initialized yet. Returning.
I/ClipboardServiceEx( 2259): Send intent for dismiss clipboard dialog inside hideCurrentInputLocked() !
D/AbsListView(30297): Get MotionRecognitionManager
D/dalvikvm( 2316): WAIT_FOR_CONCURRENT_GC blocked 0ms
D/dalvikvm(30297): GC_FOR_ALLOC freed 88K, 11% free 17447K/19527K, paused 38ms, total 38ms
D/AbsListView(30297): [unregisterDoubleTapMotionListener]
I/MotionRecognitionManager(30297): .unregisterListener : / listener count = 0->0, listener=android.widget.AbsListView$4@41d88c68
D/dalvikvm( 2316): GC_EXPLICIT freed 53K, 8% free 12272K/13319K, paused 2ms+3ms, total 30ms
I/dalvikvm(30297): Jit: resizing JitTable from 4096 to 8192
D/dalvikvm(30297): GC_FOR_ALLOC freed 853K, 11% free 17564K/19719K, paused 67ms, total 67ms
D/dalvikvm(30297): GC_FOR_ALLOC freed 1333K, 11% free 17690K/19719K, paused 63ms, total 63ms
I/dalvikvm-heap(30297): Grow heap (frag case) to 18.527MB for 732216-byte allocation
D/dalvikvm(30297): GC_FOR_ALLOC freed 6K, 11% free 18398K/20487K, paused 63ms, total 64ms
D/dalvikvm(30297): GC_FOR_ALLOC freed 3K, 11% free 18404K/20487K, paused 68ms, total 68ms
I/dalvikvm-heap(30297): Grow heap (frag case) to 19.158MB for 662447-byte allocation
D/dalvikvm(30297): GC_FOR_ALLOC freed 0K, 11% free 19051K/21191K, paused 29ms, total 29ms
D/dalvikvm(30297): GC_FOR_ALLOC freed 243K, 10% free 19125K/21191K, paused 34ms, total 36ms
I/dalvikvm-heap(30297): Grow heap (frag case) to 19.931MB for 735016-byte allocation
D/dalvikvm(30297): GC_FOR_ALLOC freed 3K, 10% free 19839K/21959K, paused 47ms, total 47ms
W/PowerManagerService( 2259): Timer 0x3->0x3|0x0
E/Watchdog( 2259): !@Sync 11506
D/dalvikvm(30297): GC_FOR_ALLOC freed 342K, 10% free 19889K/21959K, paused 34ms, total 35ms
I/dalvikvm-heap(30297): Grow heap (frag case) to 20.674MB for 732216-byte allocation
D/dalvikvm(30297): GC_FOR_ALLOC freed 1K, 10% free 20603K/22727K, paused 37ms, total 37ms
D/dalvikvm(30297): GC_FOR_ALLOC freed 50K, 10% free 20653K/22727K, paused 32ms, total 32ms
I/dalvikvm-heap(30297): Grow heap (frag case) to 21.422MB for 735016-byte allocation
D/dalvikvm(30297): GC_FOR_ALLOC freed <1K, 10% free 21370K/23495K, paused 43ms, total 43ms
D/dalvikvm(30297): GC_FOR_ALLOC freed 532K, 9% free 21502K/23495K, paused 45ms, total 45ms
I/dalvikvm-heap(30297): Grow heap (frag case) to 22.251MB for 735016-byte allocation
D/dalvikvm(30297): GC_FOR_ALLOC freed 1K, 9% free 22218K/24263K, paused 38ms, total 38ms
I/InputReader( 2259): Touch event's action is 0x0 (deviceType=0) [pCnt=1, s=0.58345 ]
I/InputDispatcher( 2259): Delivering touch to current input target: action: 0x0
I/InputDispatcher( 2259): Delivering touch to current input target: action: 0x0
I/InputDispatcher( 2259): Delivering touch to current input target: action: 0x0
I/InputReader( 2259): Touch event's action is 0x1 (deviceType=0) [pCnt=1, s=]
I/InputDispatcher( 2259): Delivering touch to current input target: action: 0x1
I/InputDispatcher( 2259): Delivering touch to current input target: action: 0x1
I/InputDispatcher( 2259): Delivering touch to current input target: action: 0x1
I/InputReader( 2259): Touch event's action is 0x0 (deviceType=0) [pCnt=1, s=0.58346 ]
I/InputDispatcher( 2259): Delivering touch to current input target: action: 0x0
I/InputDispatcher( 2259): Delivering touch to current input target: action: 0x0
I/InputDispatcher( 2259): Delivering touch to current input target: action: 0x0
I/InputReader( 2259): Touch event's action is 0x1 (deviceType=0) [pCnt=1, s=]
I/InputDispatcher( 2259): Delivering touch to current input target: action: 0x1
I/InputDispatcher( 2259): Delivering touch to current input target: action: 0x1
I/InputDispatcher( 2259): Delivering touch to current input target: action: 0x1
I/InputReader( 2259): Touch event's action is 0x0 (deviceType=0) [pCnt=1, s=0.58347 ]
I/InputDispatcher( 2259): Delivering touch to current input target: action: 0x0
I/InputDispatcher( 2259): Delivering touch to current input target: action: 0x0
I/InputDispatcher( 2259): Delivering touch to current input target: action: 0x0
V/WindowOrientationListener( 2259): nearestRotation : 0 Angle: 345 tilt: 43
D/dalvikvm(22757): WAIT_FOR_CONCURRENT_GC blocked 0ms
D/dalvikvm(22757): GC_EXPLICIT freed 202K, 9% free 12813K/13959K, paused 4ms+3ms, total 47ms
D/dalvikvm(30297): GC_FOR_ALLOC freed 205K, 8% free 22386K/24263K, paused 40ms, total 40ms
D/dalvikvm( 2259): JIT code cache reset in 8 ms (1048556 bytes 547/17)
I/InputReader( 2259): Touch event's action is 0x1 (deviceType=0) [pCnt=1, s=]
I/InputDispatcher( 2259): Delivering touch to current input target: action: 0x1
I/InputDispatcher( 2259): Delivering touch to current input target: action: 0x1
I/InputDispatcher( 2259): Delivering touch to current input target: action: 0x1
D/dalvikvm( 2259): GC_CONCURRENT freed 6144K, 28% free 37299K/51655K, paused 10ms+22ms, total 230ms
W/PowerManagerService( 2259): Timer 0x3->0x3|0x0
I/InputReader( 2259): Touch event's action is 0x0 (deviceType=0) [pCnt=1, s=0.58348 ]
I/InputDispatcher( 2259): Delivering touch to current input target: action: 0x0
I/InputDispatcher( 2259): Delivering touch to current input target: action: 0x0
I/InputDispatcher( 2259): Delivering touch to current input target: action: 0x0
I/InputReader( 2259): Touch event's action is 0x1 (deviceType=0) [pCnt=1, s=]
I/InputDispatcher( 2259): Delivering touch to current input target: action: 0x1
I/InputDispatcher( 2259): Delivering touch to current input target: action: 0x1
I/InputDispatcher( 2259): Delivering touch to current input target: action: 0x1
D/dalvikvm(30297): GC_FOR_ALLOC freed 340K, 8% free 23216K/25031K, paused 42ms, total 42ms
I/InputReader( 2259): Touch event's action is 0x0 (deviceType=0) [pCnt=1, s=0.58349 ]
I/InputDispatcher( 2259): Delivering touch to current input target: action: 0x0
I/InputDispatcher( 2259): Delivering touch to current input target: action: 0x0
I/InputDispatcher( 2259): Delivering touch to current input target: action: 0x0
I/InputReader( 2259): Touch event's action is 0x1 (deviceType=0) [pCnt=1, s=]
I/InputDispatcher( 2259): Delivering touch to current input target: action: 0x1
I/InputDispatcher( 2259): Delivering touch to current input target: action: 0x1
I/InputDispatcher( 2259): Delivering touch to current input target: action: 0x1
W/Crittercism(30297): Crittercism not initialized yet. Returning.
W/Crittercism(30297): Crittercism not initialized yet. Returning.
I/ClipboardServiceEx( 2259): Send intent for dismiss clipboard dialog inside hideCurrentInputLocked() !
D/AbsListView(30297): Get MotionRecognitionManager
W/SignalStrength( 2259): getGsmLevel=0
W/SignalStrength( 2259): getLevel=0 (SignalStrength: 2 -1 -1 -1 -1 -1 -1 -1 -1 -1 -1 -1 gsm|lte 0)
W/SignalStrength( 2707): getGsmLevel=0
W/SignalStrength( 2707): getLevel=0 (SignalStrength: 2 -1 -1 -1 -1 -1 -1 -1 -1 -1 -1 -1 gsm|lte 0)
D/STATUSBAR-NetworkController( 2707): onSignalStrengthsChanged signalStrength=SignalStrength: 2 -1 -1 -1 -1 -1 -1 -1 -1 -1 -1 -1 gsm|lte 0 level=0
W/SignalStrength( 2259): getGsmLevel=0
W/SignalStrength( 2259): getLevel=0 (SignalStrength: 1 -1 -1 -1 -1 -1 -1 -1 -1 -1 -1 -1 gsm|lte 0)
W/SignalStrength( 2259): getGsmDbm=-109
W/SignalStrength( 2259): getDbm=-109
W/SignalStrength( 2259): getGsmAsuLevel=2
W/SignalStrength( 2259): getAsuLevel=2
W/SignalStrength( 2707): getGsmLevel=0
W/SignalStrength( 2707): getLevel=0 (SignalStrength: 2 -1 -1 -1 -1 -1 -1 -1 -1 -1 -1 -1 gsm|lte 0)
W/SignalStrength( 2259): getGsmDbm=-111
W/SignalStrength( 2259): getDbm=-111
W/SignalStrength( 2259): getGsmAsuLevel=1
W/SignalStrength( 2259): getAsuLevel=1
D/STATUSBAR-NetworkController( 2707): refreshSignalCluster: data=0 bt=false
D/STATUSBAR-SignalClusterView( 2707): mSeparateMobileGroup=8
W/SignalStrength( 2707): getGsmLevel=0
W/SignalStrength( 2707): getLevel=0 (SignalStrength: 1 -1 -1 -1 -1 -1 -1 -1 -1 -1 -1 -1 gsm|lte 0)
W/SignalStrength( 2707): getGsmLevel=0
W/SignalStrength( 2707): getLevel=0 (SignalStrength: 1 -1 -1 -1 -1 -1 -1 -1 -1 -1 -1 -1 gsm|lte 0)
D/STATUSBAR-SignalClusterView( 2707): mSeparateMobileGroup=8
D/STATUSBAR-SignalClusterView( 2707): mSeparateMobileGroup=8
D/STATUSBAR-NetworkController( 2707): onSignalStrengthsChanged signalStrength=SignalStrength: 1 -1 -1 -1 -1 -1 -1 -1 -1 -1 -1 -1 gsm|lte 0 level=0
W/AlarmManager( 2259): FACTORY_ON= 0
W/AlarmManager( 2259): FACTORY_ON= 0
D/MobileDataStateTracker( 2259): default: setPolicyDataEnable(enabled=true)
D/dalvikvm(30297): GC_FOR_ALLOC freed 370K, 8% free 23639K/25479K, paused 35ms, total 35ms
D/AbsListView(30297): [unregisterDoubleTapMotionListener]
I/MotionRecognitionManager(30297): .unregisterListener : / listener count = 0->0, listener=android.widget.AbsListView$4@41d2e430
I/ActivityManager( 2259): Process com.sec.android.widgetapp.ap.hero.accuweather (pid 30609) (adj 10) has died.
I/ActivityManager( 2259): Process android.process.media (pid 27791) (adj 10) has died.
I/ActivityManager( 2259): Process com.google.android.apps.plus (pid 30251) (adj 10) has died.
W/PowerManagerService( 2259): Timer 0x3->0x3|0x0
I/InputReader( 2259): Touch event's action is 0x0 (deviceType=0) [pCnt=1, s=0.58350 ]
I/InputDispatcher( 2259): Delivering touch to current input target: action: 0x0
I/InputDispatcher( 2259): Delivering touch to current input target: action: 0x0
I/InputDispatcher( 2259): Delivering touch to current input target: action: 0x0
I/InputReader( 2259): Touch event's action is 0x1 (deviceType=0) [pCnt=1, s=]
I/InputDispatcher( 2259): Delivering touch to current input target: action: 0x1
I/InputDispatcher( 2259): Delivering touch to current input target: action: 0x1
I/InputDispatcher( 2259): Delivering touch to current input target: action: 0x1
D/STATUSBAR-NetworkController( 2707): refreshSignalCluster: data=0 bt=false
D/STATUSBAR-SignalClusterView( 2707): mSeparateMobileGroup=8
D/STATUSBAR-SignalClusterView( 2707): mSeparateMobileGroup=8
D/STATUSBAR-SignalClusterView( 2707): mSeparateMobileGroup=8
I/InputReader( 2259): Touch event's action is 0x0 (deviceType=0) [pCnt=1, s=0.58351 ]
I/InputDispatcher( 2259): Delivering touch to current input target: action: 0x0
I/InputDispatcher( 2259): Delivering touch to current input target: action: 0x0
I/InputDispatcher( 2259): Delivering touch to current input target: action: 0x0
I/InputReader( 2259): Touch event's action is 0x1 (deviceType=0) [pCnt=1, s=]
I/InputDispatcher( 2259): Delivering touch to current input target: action: 0x1
I/InputDispatcher( 2259): Delivering touch to current input target: action: 0x1
I/InputDispatcher( 2259): Delivering touch to current input target: action: 0x1
I/InputReader( 2259): Touch event's action is 0x0 (deviceType=0) [pCnt=1, s=0.58352 ]
I/InputDispatcher( 2259): Delivering touch to current input target: action: 0x0
I/InputDispatcher( 2259): Delivering touch to current input target: action: 0x0
I/InputDispatcher( 2259): Delivering touch to current input target: action: 0x0
I/InputReader( 2259): Touch event's action is 0x1 (deviceType=0) [pCnt=1, s=]
I/InputDispatcher( 2259): Delivering touch to current input target: action: 0x1
I/InputDispatcher( 2259): Delivering touch to current input target: action: 0x1
I/InputDispatcher( 2259): Delivering touch to current input target: action: 0x1
D/STATUSBAR-NetworkController( 2707): refreshSignalCluster: data=0 bt=false
D/STATUSBAR-SignalClusterView( 2707): mSeparateMobileGroup=8
D/STATUSBAR-SignalClusterView( 2707): mSeparateMobileGroup=8
D/STATUSBAR-SignalClusterView( 2707): mSeparateMobileGroup=8
I/InputReader( 2259): Touch event's action is 0x0 (deviceType=0) [pCnt=1, s=0.58353 ]
I/InputDispatcher( 2259): Delivering touch to current input target: action: 0x0
I/InputDispatcher( 2259): Delivering touch to current input target: action: 0x0
I/InputDispatcher( 2259): Delivering touch to current input target: action: 0x0
I/InputReader( 2259): Touch event's action is 0x1 (deviceType=0) [pCnt=1, s=]
I/InputDispatcher( 2259): Delivering touch to current input target: action: 0x1
I/InputDispatcher( 2259): Delivering touch to current input target: action: 0x1
I/InputDispatcher( 2259): Delivering touch to current input target: action: 0x1
I/InputReader( 2259): Touch event's action is 0x0 (deviceType=0) [pCnt=1, s=0.58354 ]
I/InputDispatcher( 2259): Delivering touch to current input target: action: 0x0
I/InputDispatcher( 2259): Delivering touch to current input target: action: 0x0
I/InputDispatcher( 2259): Delivering touch to current input target: action: 0x0
W/SignalStrength( 2259): getGsmLevel=1
W/SignalStrength( 2259): getLevel=1 (SignalStrength: 1 -1 -1 -1 -1 -1 -1 -1 -1 -1 -1 -1 gsm|lte 1)
W/SignalStrength( 2707): getGsmLevel=1
W/SignalStrength( 2707): getLevel=1 (SignalStrength: 1 -1 -1 -1 -1 -1 -1 -1 -1 -1 -1 -1 gsm|lte 1)
W/SignalStrength( 2707): getGsmLevel=1
W/SignalStrength( 2707): getLevel=1 (SignalStrength: 1 -1 -1 -1 -1 -1 -1 -1 -1 -1 -1 -1 gsm|lte 1)
W/SignalStrength( 2259): getGsmDbm=-111
W/SignalStrength( 2259): getDbm=-111
W/SignalStrength( 2259): getGsmAsuLevel=1
W/SignalStrength( 2259): getAsuLevel=1
D/STATUSBAR-NetworkController( 2707): onSignalStrengthsChanged signalStrength=SignalStrength: 1 -1 -1 -1 -1 -1 -1 -1 -1 -1 -1 -1 gsm|lte 1 level=1
D/STATUSBAR-NetworkController( 2707): refreshSignalCluster: data=0 bt=false
D/STATUSBAR-SignalClusterView( 2707): mSeparateMobileGroup=8
D/STATUSBAR-SignalClusterView( 2707): mSeparateMobileGroup=8
D/STATUSBAR-SignalClusterView( 2707): mSeparateMobileGroup=8
W/AlarmManager( 2259): FACTORY_ON= 0
D/dalvikvm(30297): GC_CONCURRENT freed 2848K, 14% free 22832K/26247K, paused 4ms+18ms, total 65ms
I/SurfaceFlinger( 1917): id=18568(2) createSurf 0x41012e74 (1x1),1 flag=0, QopupWindow
I/SurfaceFlinger( 1917): SurfaceFlinger : eMagnificationFactorChanged. magnificationFactor=1.0
I/SurfaceFlinger( 1917): SurfaceFlinger : eZoomPositionChanged. zoomX=0.0 zoomY=0.0
D/KeyguardViewMediator( 2259): setHidden false
I/SurfaceFlinger( 1917): id=18569(3) createSurf 0x40e6ffb4 (1x1),1 flag=0, QopupWindow
I/SurfaceFlinger( 1917): SurfaceFlinger : eMagnificationFactorChanged. magnificationFactor=1.0
I/SurfaceFlinger( 1917): SurfaceFlinger : eZoomPositionChanged. zoomX=0.0 zoomY=0.0
D/KeyguardViewMediator( 2259): setHidden false
D/KeyguardViewMediator( 2259): setHidden false
D/KeyguardViewMediator( 2259): setHidden false
E/SpannableStringBuilder(30297): SPAN_EXCLUSIVE_EXCLUSIVE spans cannot have a zero length
D/KeyguardViewMediator( 2259): setHidden false
D/KeyguardViewMediator( 2259): setHidden false
D/STATUSBAR-NetworkController( 2707): refreshSignalCluster: data=0 bt=false
D/STATUSBAR-SignalClusterView( 2707): mSeparateMobileGroup=8
D/STATUSBAR-SignalClusterView( 2707): mSeparateMobileGroup=8
D/STATUSBAR-SignalClusterView( 2707): mSeparateMobileGroup=8
D/KeyguardViewMediator( 2259): setHidden false
I/InputReader( 2259): Touch event's action is 0x1 (deviceType=0) [pCnt=1, s=]
I/InputDispatcher( 2259): Delivering touch to current input target: action: 0x1
I/InputDispatcher( 2259): Delivering touch to current input target: action: 0x1
I/InputDispatcher( 2259): Delivering touch to current input target: action: 0x1
I/InputReader( 2259): Touch event's action is 0x0 (deviceType=0) [pCnt=1, s=0.58355 ]
I/InputDispatcher( 2259): Delivering touch to current input target: action: 0x0
I/InputDispatcher( 2259): Delivering touch to current input target: action: 0x0
I/InputDispatcher( 2259): Delivering touch to current input target: action: 0x0
D/KeyguardViewMediator( 2259): setHidden false
D/KeyguardViewMediator( 2259): setHidden false
D/KeyguardViewMediator( 2259): setHidden false
D/KeyguardViewMediator( 2259): setHidden false
D/STATUSBAR-NetworkController( 2707): refreshSignalCluster: data=0 bt=false
D/STATUSBAR-SignalClusterView( 2707): mSeparateMobileGroup=8
D/STATUSBAR-SignalClusterView( 2707): mSeparateMobileGroup=8
D/STATUSBAR-SignalClusterView( 2707): mSeparateMobileGroup=8
I/InputReader( 2259): Touch event's action is 0x1 (deviceType=0) [pCnt=1, s=]
I/InputDispatcher( 2259): Delivering touch to current input target: action: 0x1
I/InputDispatcher( 2259): Delivering touch to current input target: action: 0x1
I/InputDispatcher( 2259): Delivering touch to current input target: action: 0x1
I/InputReader( 2259): Touch event's action is 0x0 (deviceType=0) [pCnt=1, s=0.58356 ]
I/InputDispatcher( 2259): Delivering touch to current input target: action: 0x0
I/InputDispatcher( 2259): Delivering touch to current input target: action: 0x0
I/InputDispatcher( 2259): Delivering touch to current input target: action: 0x0
D/KeyguardViewMediator( 2259): setHidden false
D/KeyguardViewMediator( 2259): setHidden false
D/KeyguardViewMediator( 2259): setHidden false
D/KeyguardViewMediator( 2259): setHidden false
I/InputReader( 2259): Touch event's action is 0x1 (deviceType=0) [pCnt=1, s=]
I/InputDispatcher( 2259): Delivering touch to current input target: action: 0x1
I/InputDispatcher( 2259): Delivering touch to current input target: action: 0x1
I/InputDispatcher( 2259): Delivering touch to current input target: action: 0x1
D/STATUSBAR-NetworkController( 2707): refreshSignalCluster: data=0 bt=false
D/STATUSBAR-SignalClusterView( 2707): mSeparateMobileGroup=8
D/STATUSBAR-SignalClusterView( 2707): mSeparateMobileGroup=8
D/STATUSBAR-SignalClusterView( 2707): mSeparateMobileGroup=8
W/PowerManagerService( 2259): Timer 0x3->0x3|0x0
I/InputReader( 2259): Touch event's action is 0x0 (deviceType=0) [pCnt=1, s=0.58357 ]
I/InputDispatcher( 2259): Delivering touch to current input target: action: 0x0
I/InputDispatcher( 2259): Delivering touch to current input target: action: 0x0
I/InputDispatcher( 2259): Delivering touch to current input target: action: 0x0
I/InputReader( 2259): Touch event's action is 0x1 (deviceType=0) [pCnt=1, s=]
I/InputDispatcher( 2259): Delivering touch to current input target: action: 0x1
I/InputDispatcher( 2259): Delivering touch to current input target: action: 0x1
I/InputDispatcher( 2259): Delivering touch to current input target: action: 0x1
I/ClipboardServiceEx(30297): text write to parcel
I/ClipboardServiceEx( 2259): ===================================================================
I/ClipboardServiceEx( 2259): ----------------------------------------------------------------
D/ClipboardServiceEx( 2259): in synchronized
I/ClipboardServiceEx( 2259): addData..
D/ClipboardServiceEx( 2259): [addData] deleteData.GetProtectState() : false
D/KeyguardViewMediator( 2259): setHidden false
D/KeyguardViewMediator( 2259): setHidden false
D/ClipboardServiceEx( 2259): add data..file system
D/ClipboardServiceEx( 2259): ok Wrap saveData
D/ClipboardServiceEx( 2259): change list...
I/ClipboardServiceEx( 2259): setClipboardDataListChange() mDataCount = 20 currentDataCnt = 20
I/ClipboardServiceEx( 2259): some item is not unlocked...index :0
I/ClipboardServiceEx( 2259): String was copied.(FORMAT_TEXT_ID)
I/ClipboardServiceEx( 2259): ===================================================================true
I/ClipboardService( 2259): Got clipboard for user=0
I/ClipboardService( 2259): Got clipboard for user=0
D/STATUSBAR-NotificationService( 2259): enqueueToast()
I/SurfaceFlinger( 1917): id=18570(4) createSurf 0x429e5c24 (1x1),1 flag=0, Uoast
I/SurfaceFlinger( 1917): SurfaceFlinger : eMagnificationFactorChanged. magnificationFactor=1.0
I/SurfaceFlinger( 1917): SurfaceFlinger : eZoomPositionChanged. zoomX=0.0 zoomY=0.0
D/KeyguardViewMediator( 2259): setHidden false
D/PowerManagerService( 2259): acquireWakeLock flags=0x2000000a tag=KEEP_SCREEN_ON_FLAG uid=1000 pid=2259 myUID=1000 myPID=2259 myTID=2259
D/KeyguardViewMediator( 2259): setHidden false
D/KeyguardViewMediator( 2259): setHidden false
I/SurfaceFlinger( 1917): id=18568 Removed QopupWindow idx=3 MapSz=5
I/SurfaceFlinger( 1917): id=18568 Removed QopupWindow idx=-2 MapSz=5
I/SurfaceFlinger( 1917): id=18569 Removed QopupWindow idx=4 MapSz=4
I/SurfaceFlinger( 1917): id=18569 Removed QopupWindow idx=-2 MapSz=4
D/KeyguardViewMediator( 2259): setHidden false
D/KeyguardViewMediator( 2259): setHidden false
D/KeyguardViewMediator( 2259): setHidden false
D/dalvikvm( 2930): WAIT_FOR_CONCURRENT_GC blocked 0ms
D/dalvikvm( 2930): GC_EXPLICIT freed 324K, 9% free 12155K/13319K, paused 9ms+3ms, total 77ms
W/PowerManagerService( 2259): Timer 0x3->0x3|0x3
D/InputReader( 2259): Input event: value=1
I/PowerManagerService( 2259): Ulight 0x3->0x7|0x0
D/lights ( 2259): button : 1 +
D/lights ( 2259): button : 1 -
I/InputDispatcher( 2259): Delivering key to current input target: action: 0x0
I/InputDispatcher( 2259): Delivering key to current input target: action: 0x0
I/InputDispatcher( 2259): Delivering key to current input target: action: 0x0
D/InputReader( 2259): Input event: value=0
I/InputDispatcher( 2259): Delivering key to current input target: action: 0x1
I/InputDispatcher( 2259): Delivering key to current input target: action: 0x1
I/InputDispatcher( 2259): Delivering key to current input target: action: 0x1
I/ClipboardServiceEx( 2259): mCBPickerDialog enter case. MSG_DISMISS_DIALOG
D/AbsListView(30297): Get MotionRecognitionManager
D/InputReader( 2259): Input event: value=1
I/InputDispatcher( 2259): Delivering key to current input target: action: 0x0
I/InputDispatcher( 2259): Delivering key to current input target: action: 0x0
I/InputDispatcher( 2259): Delivering key to current input target: action: 0x0
D/STATUSBAR-NetworkController( 2707): refreshSignalCluster: data=0 bt=false
D/STATUSBAR-SignalClusterView( 2707): mSeparateMobileGroup=8
D/STATUSBAR-SignalClusterView( 2707): mSeparateMobileGroup=8
D/STATUSBAR-SignalClusterView( 2707): mSeparateMobileGroup=8
D/InputReader( 2259): Input event: value=0
I/InputDispatcher( 2259): Delivering key to current input target: action: 0x1
I/InputDispatcher( 2259): Delivering key to current input target: action: 0x1
I/InputDispatcher( 2259): Delivering key to current input target: action: 0x1
I/ClipboardServiceEx( 2259): mCBPickerDialog enter case. MSG_DISMISS_DIALOG
E/SpannableStringBuilder(30297): SPAN_EXCLUSIVE_EXCLUSIVE spans cannot have a zero length
D/AbsListView(30297): Get MotionRecognitionManager
W/Crittercism(30297): Crittercism not initialized yet. Returning.
D/InputReader( 2259): Input event: value=1
I/InputDispatcher( 2259): Delivering key to current input target: action: 0x0
I/InputDispatcher( 2259): Delivering key to current input target: action: 0x0
I/InputDispatcher( 2259): Delivering key to current input target: action: 0x0
D/InputReader( 2259): Input event: value=0
I/InputDispatcher( 2259): Delivering key to current input target: action: 0x1
I/InputDispatcher( 2259): Delivering key to current input target: action: 0x1
I/InputDispatcher( 2259): Delivering key to current input target: action: 0x1
I/ClipboardServiceEx( 2259): mCBPickerDialog enter case. MSG_DISMISS_DIALOG
D/WindowManager( 2259): PhoneWindowManager: focusChangedLw
D/KeyguardViewMediator( 2259): setHidden false
V/WindowManager( 2259): rotationForOrientationLw(orient=5, last=0); user=0 mLidState=-1 mDockMode=0 mHdmiPlugged=false mAccelerometerDefault=false sensorRotation=-1
D/WindowManager( 2259): mInputFocus is not null.
D/WindowManager( 2259): mInputFocus is not null.
D/Launcher( 6417): onRestart, Launcher: 1103527480
D/Launcher( 6417): onStart, Launcher: 1103527480
D/KeyguardViewMediator( 2259): setHidden false
D/Launcher.HomeFragment( 6417): onStart
D/Launcher( 6417): onResume, Launcher: 1103527480
D/WindowManager( 2259): mInputFocus is not null.
D/WindowManager( 2259): mInputFocus is not null.
D/KeyguardViewMediator( 2259): setHidden false
D/WindowManager( 2259): mInputFocus is not null.
D/WindowManager( 2259): mInputFocus is not null.
D/dalvikvm( 2259): GC_CONCURRENT freed 1735K, 28% free 37611K/51655K, paused 14ms+14ms, total 229ms
D/dalvikvm( 2259): WAIT_FOR_CONCURRENT_GC blocked 45ms
D/dalvikvm( 2259): WAIT_FOR_CONCURRENT_GC blocked 46ms
D/dalvikvm( 2259): WAIT_FOR_CONCURRENT_GC blocked 50ms
D/InputReader( 2259): Input event: value=1
I/ActivityThread(31862): Pub com.sec.android.widgetapp.ap.hero.accuweather: com.sec.android.widgetapp.ap.hero.accuweather.provider.accuweather.AccuContentProvider
D/dalvikvm(31862): GC_CONCURRENT freed 175K, 6% free 12405K/13191K, paused 13ms+2ms, total 33ms
D/comsamsunglog( 6417): [MSC_HERO_Accu_JB]>>> ====================================================================================================================
D/comsamsunglog( 6417): [MSC_HERO_Accu_JB]>>> widgetappapheroaccuweatherwidget [Version : 12091801] [ 1 ]
D/comsamsunglog( 6417): [MSC_HERO_Accu_JB]>>> Header set to : ===> "widget" <===
D/comsamsunglog( 6417): [MSC_HERO_Accu_JB]>>> ====================================================================================================================
D/widget ( 6417): [MSC_HERO_Accu_JB]>>> WC:917 [0:0] onResume :: fU = true cEUi = true
D/InputReader( 2259): Input event: value=0
D/widget ( 6417): [MSC_HERO_Accu_JB]>>> WC:2075 [0:0] AR_S_T : 0
D/widget ( 6417): [MSC_HERO_Accu_JB]>>> WC:953 [0:0] onResume :: mFAR = false, cC = false, cEUI = true
D/widget ( 6417): [MSC_HERO_Accu_JB]>>> WC:1265 [0:0] cUI : cnt = 1, mRC = true
D/dalvikvm( 2259): WAIT_FOR_CONCURRENT_GC blocked 0ms
D/KeyguardViewMediator( 2259): setHidden false
W/SignalStrength( 2259): getGsmLevel=1
W/SignalStrength( 2259): getLevel=1 (SignalStrength: 2 -1 -1 -1 -1 -1 -1 -1 -1 -1 -1 -1 gsm|lte 1)
W/SignalStrength( 2707): getGsmLevel=1
W/SignalStrength( 2707): getLevel=1 (SignalStrength: 2 -1 -1 -1 -1 -1 -1 -1 -1 -1 -1 -1 gsm|lte 1)
W/SignalStrength( 2707): getGsmLevel=1
W/SignalStrength( 2707): getLevel=1 (SignalStrength: 2 -1 -1 -1 -1 -1 -1 -1 -1 -1 -1 -1 gsm|lte 1)
I/SurfaceFlinger( 1917): id=18570 Removed Uoast idx=5 MapSz=3
D/STATUSBAR-NetworkController( 2707): onSignalStrengthsChanged signalStrength=SignalStrength: 2 -1 -1 -1 -1 -1 -1 -1 -1 -1 -1 -1 gsm|lte 1 level=1
W/AlarmManager( 2259): FACTORY_ON= 0
W/SignalStrength( 2259): getGsmDbm=-109
W/SignalStrength( 2259): getDbm=-109
W/SignalStrength( 2259): getGsmAsuLevel=2
W/SignalStrength( 2259): getAsuLevel=2
D/dalvikvm( 2259): GC_EXPLICIT freed 173K, 28% free 37528K/51655K, paused 7ms+23ms, total 226ms
I/SurfaceFlinger( 1917): id=18570 Removed Uoast idx=-2 MapSz=3
D/KeyguardViewMediator( 2259): setHidden false
D/WindowManager( 2259): mInputFocus is not null.
D/WindowManager( 2259): mInputFocus is not null.
D/WindowManager( 2259): mInputFocus is not null.
D/PowerManagerService( 2259): releaseWakeLockLocked flags=0x0 tag=KEEP_SCREEN_ON_FLAG myUID=1000 myPID=2259 myTID=2601
D/KeyguardViewMediator( 2259): setHidden false
I/FlashBarService( 2808): mPkgManagerReceiver : onReceive
D/WindowManager( 2259): mInputFocus is not null.
W/AlarmManager( 2259): FACTORY_ON= 0
D/dalvikvm(26975): WAIT_FOR_CONCURRENT_GC blocked 0ms
D/dalvikvm(26975): GC_EXPLICIT freed 198K, 7% free 12274K/13127K, paused 1ms+3ms, total 23ms
E/Launcher( 6417): Error finding setting, default accessibility to not found: accessibility_enabled
D/Launcher.HomeFragment( 6417): onResume
D/widget ( 6417): [MSC_HERO_Accu_JB]>>> WC:1226 [0:0] fireOR
D/widget ( 6417): [MSC_HERO_Accu_JB]>>> SM:446 [0:0] IR : false, IPR : false
D/MenuAppsGridFragment( 6417): onResume
I/Choreographer( 6417): Skipped 39 frames! The application may be doing too much work on its main thread.
I/SurfaceFlinger( 1917): id=18571(17) createSurf 0x40e6ffb4 (720x1280),1 flag=0, Mauncher
I/SurfaceFlinger( 1917): SurfaceFlinger : eMagnificationFactorChanged. magnificationFactor=1.0
I/SurfaceFlinger( 1917): SurfaceFlinger : eZoomPositionChanged. zoomX=0.0 zoomY=0.0
D/KeyguardViewMediator( 2259): setHidden false
D/WindowManager( 2259): mInputFocus is not null.
D/WindowManager( 2259): mInputFocus is not null.
D/WindowManager( 2259): PhoneWindowManager: focusChangedLw
D/KeyguardViewMediator( 2259): setHidden false
D/STATUSBAR-StatusBarManagerService( 2259): setSystemUiVisibility(0x0)
D/STATUSBAR-StatusBarManagerService( 2259): manageDisableList what=0x0 pkg=WindowManager.LayoutParams
I/InputDispatcher( 2259): Delivering key to current input target: action: 0x0
I/InputDispatcher( 2259): Delivering key to current input target: action: 0x0
I/InputDispatcher( 2259): Delivering key to current input target: action: 0x0
D/widget ( 6417): [MSC_HERO_Accu_JB]>>> WC:668 [0:0] mSUDH(): id = cityId:169582, tZ=GMT+1
D/widget ( 6417): [MSC_HERO_Accu_JB]>>> WC:679 [0:0] ===== mSetUIDataHandler(): day = 8:31 AM, night=3:59 PM
D/widget ( 6417): [MSC_HERO_Accu_JB]>>> SM:1256 [0:0] sta ani iPA = false, flkDir = 0, iFA = false
D/widget ( 6417): [MSC_HERO_Accu_JB]>>> WC:1713 [0:0] drw all Tm dt = 2135
D/widget ( 6417): [MSC_HERO_Accu_JB]>>> SM:516 [0:0] IR : false, IPR : false
I/ClipboardServiceEx( 2259): Send intent for dismiss clipboard dialog inside hideCurrentInputLocked() !
I/InputDispatcher( 2259): Delivering key to current input target: action: 0x1
I/InputDispatcher( 2259): Delivering key to current input target: action: 0x1
I/InputDispatcher( 2259): Delivering key to current input target: action: 0x1
D/KeyguardViewMediator( 2259): setHidden false
D/KeyguardViewMediator( 2259): setHidden false
I/ClipboardServiceEx( 2259): mCBPickerDialog enter case. MSG_DISMISS_DIALOG
D/wpfx.pan.jni( 2091): RendererBase(57139100)::resume
D/SensorService( 2259): info.rates.add, set DEFAULT_EVENTS_PERIOD
I/iNemoSensor( 2259): enable(): handle(5), en(1), what(1)
I/iNemoSensor( 2259): enable:373 gyro_dps = 0 .
D/iNemoSensor( 2259): enableDev() : path(/sys/class/input/event4/device/enable), val(1)
D/iNemoSensor( 2259): enable(): MASK_ACC (1) MASK_MAG (0) MASK_GYR (2)
D/iNemoSensor( 2259): enable(): mEnAcc(1) mEnMag(0) mEnGyr(1)
I/iNemoSensor( 2259): iNemoSensor::skip update_delay wanted_gyro = 20000000 current delay = 20000000
I/iNemoSensor( 2259): skip update_delay wanted_accel = 200000000 current delay = 200000000
D/SensorService( 2259): SensorDevice::activate (enable 1, disable 0) = 1
D/SensorService( 2259): activating sensor enable handle=5
D/SensorService( 2259): activating sensor enable, Done!
D/SensorService( 2259): SensorDevice::activating sensor handle=5 ns=200000000
D/iNemoSensor( 2259): setDelay(): handle(5), en(200000000)
I/iNemoSensor( 2259): iNemoSensor::update_delay wanted_gyro = 200000000
I/iNemoSensor( 2259): skip update_delay wanted_accel = 200000000 current delay = 200000000
I/SensorService( 2259): info.selectDelay() ns=20000000
D/iNemoSensor( 2259): setDelay(): handle(5), en(20000000)
I/iNemoSensor( 2259): iNemoSensor::update_delay wanted_gyro = 20000000
I/iNemoSensor( 2259): skip update_delay wanted_accel = 200000000 current delay = 200000000
D/SensorService( 2259): SensorDevice::setDelay, Return(true 1, false 0) = 1
D/SensorManager( 2091): registerListener :: handle = 5 name= LSM330DLC Gyroscope sensor delay= 20000 Listener= com.hamsterbeat.wallpapers.base.w@41bdbc78
D/KeyguardViewMediator( 2259): setHidden false
I/Launcher.StuckInEdit( 6417): exitWidgetResizeMode State NORMAL
D/KeyguardViewMediator( 2259): setHidden false
D/KeyguardViewMediator( 2259): setHidden false
D/InputReader( 2259): Input event: value=1
I/InputDispatcher( 2259): Delivering key to current input target: action: 0x0
I/InputDispatcher( 2259): Delivering key to current input target: action: 0x0
I/InputDispatcher( 2259): Delivering key to current input target: action: 0x0
D/InputReader( 2259): Input event: value=0
I/InputDispatcher( 2259): Delivering key to current input target: action: 0x1
I/InputDispatcher( 2259): Delivering key to current input target: action: 0x1
I/ClipboardServiceEx( 2259): mCBPickerDialog enter case. MSG_DISMISS_DIALOG
I/InputDispatcher( 2259): Delivering key to current input target: action: 0x1
I/Launcher.StuckInEdit( 6417): exitWidgetResizeMode State NORMAL
D/KeyguardViewMediator( 2259): setHidden false
I/SurfaceFlinger( 1917): id=18566 Removed NDActivity idx=4 MapSz=3
I/SurfaceFlinger( 1917): id=18566 Removed NDActivity idx=-2 MapSz=3
D/KeyguardViewMediator( 2259): setHidden false
D/KeyguardViewMediator( 2259): setHidden false
D/KeyguardViewMediator( 2259): setHidden false
D/InputReader( 2259): Input event: value=1
I/InputDispatcher( 2259): Delivering key to current input target: action: 0x0
I/InputDispatcher( 2259): Delivering key to current input target: action: 0x0
I/InputDispatcher( 2259): Delivering key to current input target: action: 0x0
D/InputReader( 2259): Input event: value=0
I/InputDispatcher( 2259): Delivering key to current input target: action: 0x1
I/InputDispatcher( 2259): Delivering key to current input target: action: 0x1
I/InputDispatcher( 2259): Delivering key to current input target: action: 0x1
I/ClipboardServiceEx( 2259): mCBPickerDialog enter case. MSG_DISMISS_DIALOG
I/Launcher.StuckInEdit( 6417): exitWidgetResizeMode State NORMAL
D/STATUSBAR-NetworkController( 2707): refreshSignalCluster: data=0 bt=false
D/STATUSBAR-SignalClusterView( 2707): mSeparateMobileGroup=8
D/STATUSBAR-SignalClusterView( 2707): mSeparateMobileGroup=8
D/STATUSBAR-SignalClusterView( 2707): mSeparateMobileGroup=8
D/STATUSBAR-NetworkController( 2707): refreshSignalCluster: data=0 bt=false
D/STATUSBAR-SignalClusterView( 2707): mSeparateMobileGroup=8
D/STATUSBAR-SignalClusterView( 2707): mSeparateMobileGroup=8
D/STATUSBAR-SignalClusterView( 2707): mSeparateMobileGroup=8
W/PowerManagerService( 2259): Timer 0x7->0x3|0x0
D/lights ( 2259): button : 2 +
D/lights ( 2259): button : 2 -
I/PowerManagerService( 2259): Ulight 0x7->0x3|0x0
I/InputReader( 2259): Touch event's action is 0x0 (deviceType=0) [pCnt=1, s=0.58358 ]
I/InputDispatcher( 2259): Delivering touch to current input target: action: 0x0
I/InputDispatcher( 2259): Delivering touch to current input target: action: 0x0
I/InputDispatcher( 2259): Delivering touch to current input target: action: 0x0
I/InputDispatcher( 2259): Delivering touch to current input target: action: 0x0
I/TwDVFSBroadcastReceiver( 2930): onLauncherIntent
D/PowerManager( 2930): DVFSLock : acquire : timeout : 1000
I/power ( 2259): *** acquire_dvfs_lock : lockType : 1 freq : 1400000
D/PowerManagerService( 2259): acquireDVFSLockLocked : type : DVFS_MIN_LIMIT frequency : 1400000 uid : 1000 pid : 2930 tag : TwDVFSBroadcastReceiver
D/widget ( 6417): [MSC_HERO_Accu_JB]>>> WC:1218 [0:0] fireOP
D/STATUSBAR-NetworkController( 2707): refreshSignalCluster: data=0 bt=false
D/STATUSBAR-SignalClusterView( 2707): mSeparateMobileGroup=8
D/STATUSBAR-SignalClusterView( 2707): mSeparateMobileGroup=8
D/STATUSBAR-SignalClusterView( 2707): mSeparateMobileGroup=8
I/InputReader( 2259): Touch event's action is 0x1 (deviceType=0) [pCnt=1, s=]
I/InputDispatcher( 2259): Delivering touch to current input target: action: 0x1
I/InputDispatcher( 2259): Delivering touch to current input target: action: 0x1
I/InputDispatcher( 2259): Delivering touch to current input target: action: 0x1
I/InputDispatcher( 2259): Delivering touch to current input target: action: 0x1
I/InputReader( 2259): Touch event's action is 0x0 (deviceType=0) [pCnt=1, s=0.58359 ]
I/InputDispatcher( 2259): Delivering touch to current input target: action: 0x0
I/InputDispatcher( 2259): Delivering touch to current input target: action: 0x0
I/InputDispatcher( 2259): Delivering touch to current input target: action: 0x0
I/InputDispatcher( 2259): Delivering touch to current input target: action: 0x0
I/TwDVFSBroadcastReceiver( 2930): onLauncherIntent
D/PowerManager( 2930): DVFSLock : acquire : timeout : 1000
D/PowerManagerService( 2259): acquireDVFSLockLocked : type : DVFS_MIN_LIMIT frequency : 1400000 uid : 1000 pid : 2930 tag : TwDVFSBroadcastReceiver
I/InputReader( 2259): Touch event's action is 0x1 (deviceType=0) [pCnt=1, s=]
I/InputDispatcher( 2259): Delivering touch to current input target: action: 0x1
I/InputDispatcher( 2259): Delivering touch to current input target: action: 0x1
I/InputDispatcher( 2259): Delivering touch to current input target: action: 0x1
I/InputDispatcher( 2259): Delivering touch to current input target: action: 0x1
D/Launcher.HomeFragment( 6417): onPause
D/Launcher( 6417): onPause, Launcher: 1103527480
D/PowerManagerService( 2259): acquireDVFSLockLocked : type : DVFS_MIN_LIMIT frequency : 1000000 uid : 1000 pid : 2259 tag : ActivityManager
W/ActivityManager( 2259): mDVFSLock.acquire()
D/widget ( 6417): [MSC_HERO_Accu_JB]>>> WC:1028 [0:0] onPause
V/WindowManager( 2259): rotationForOrientationLw(orient=1, last=0); user=0 mLidState=-1 mDockMode=0 mHdmiPlugged=false mAccelerometerDefault=false sensorRotation=-1
I/SurfaceFlinger( 1917): id=18572(5196) createSurf 0x42bc3f4c (1x1),1 flag=400, lleiderkrei
I/SurfaceFlinger( 1917): SurfaceFlinger : eMagnificationFactorChanged. magnificationFactor=1.0
I/SurfaceFlinger( 1917): SurfaceFlinger : eZoomPositionChanged. zoomX=0.0 zoomY=0.0
D/WindowManager( 2259): PhoneWindowManager: focusChangedLw
D/KeyguardViewMediator( 2259): setHidden false
D/KeyguardViewMediator( 2259): setHidden false
D/WindowManager( 2259): mInputFocus is not null.
D/WindowManager( 2259): mInputFocus is not null.
D/WindowManager( 2259): mInputFocus is not null.
D/Launcher( 6417): onTrimMemory. Level: 20
D/WindowManager( 2259): mInputFocus is not null.
D/KeyguardViewMediator( 2259): setHidden false
D/KeyguardViewMediator( 2259): setHidden false
D/KeyguardViewMediator( 2259): setHidden false
D/WindowManager( 2259): mInputFocus is not null.
D/WindowManager( 2259): mInputFocus is not null.
D/WindowManager( 2259): mInputFocus is not null.
D/WindowManager( 2259): mInputFocus is not null.
D/WindowManager( 2259): mInputFocus is not null.
D/KeyguardViewMediator( 2259): setHidden false
D/WindowManager( 2259): mInputFocus is not null.
E/ActivityThread(30297): Failed to find provider info for com.facebook.katana.provider.AttributionIdProvider
I/power ( 2259): *** acquire_dvfs_lock : lockType : 1 freq : 1400000
D/PowerManagerService( 2259): releaseDVFSLockLocked : remain DVFS_MIN_LIMIT : next : 1400000
D/dalvikvm( 2969): GC_CONCURRENT freed 283K, 9% free 12402K/13511K, paused 2ms+3ms, total 20ms
D/dalvikvm( 2969): WAIT_FOR_CONCURRENT_GC blocked 11ms
D/KeyguardViewMediator( 2259): setHidden false
D/WindowManager( 2259): mInputFocus is not null.
D/WindowManager( 2259): mInputFocus is not null.
D/dalvikvm(30297): GC_FOR_ALLOC freed 752K, 10% free 23724K/26247K, paused 48ms, total 48ms
D/AbsListView(30297): [unregisterDoubleTapMotionListener]
I/MotionRecognitionManager(30297): .unregisterListener : / listener count = 0->0, listener=android.widget.AbsListView$4@41e1f060
D/AbsListView(30297): [unregisterDoubleTapMotionListener]
I/MotionRecognitionManager(30297): .unregisterListener : / listener count = 0->0, listener=android.widget.AbsListView$4@41ce2d30
D/AbsListView(30297): [unregisterDoubleTapMotionListener]
I/MotionRecognitionManager(30297): .unregisterListener : / listener count = 0->0, listener=android.widget.AbsListView$4@420a84b8
D/AbsListView(30297): [unregisterDoubleTapMotionListener]
I/MotionRecognitionManager(30297): .unregisterListener : / listener count = 0->0, listener=android.widget.AbsListView$4@41f41de0
D/WindowManager( 2259): mInputFocus is not null.
I/SurfaceFlinger( 1917): id=18573(5) createSurf 0x429b4564 (1x1),1 flag=400, NDActivity
I/SurfaceFlinger( 1917): SurfaceFlinger : eMagnificationFactorChanged. magnificationFactor=1.0
I/SurfaceFlinger( 1917): SurfaceFlinger : eZoomPositionChanged. zoomX=0.0 zoomY=0.0
D/WindowManager( 2259): PhoneWindowManager: focusChangedLw
D/KeyguardViewMediator( 2259): setHidden false
D/STATUSBAR-NetworkController( 2707): refreshSignalCluster: data=0 bt=false
D/STATUSBAR-SignalClusterView( 2707): mSeparateMobileGroup=8
D/STATUSBAR-SignalClusterView( 2707): mSeparateMobileGroup=8
D/STATUSBAR-SignalClusterView( 2707): mSeparateMobileGroup=8
D/STATUSBAR-StatusBarManagerService( 2259): setSystemUiVisibility(0x0)
D/STATUSBAR-StatusBarManagerService( 2259): manageDisableList what=0x0 pkg=WindowManager.LayoutParams
I/ClipboardServiceEx( 2259): Send intent for dismiss clipboard dialog inside hideCurrentInputLocked() !
D/KeyguardViewMediator( 2259): setHidden false
D/Launcher.HomeFragment( 6417): onStop
D/KeyguardViewMediator( 2259): setHidden false
D/Launcher( 6417): onStop, Launcher: 1103527480
D/KeyguardViewMediator( 2259): setHidden false
D/SensorManager( 2091): unregisterListener:: Listener= com.hamsterbeat.wallpapers.base.w@41bdbc78
I/iNemoSensor( 2259): enable(): handle(5), en(0), what(1)
D/iNemoSensor( 2259): enableDev() : path(/sys/class/input/event4/device/enable), val(0)
D/iNemoSensor( 2259): enable(): MASK_ACC (1) MASK_MAG (0) MASK_GYR (0)
D/iNemoSensor( 2259): enable(): mEnAcc(1) mEnMag(0) mEnGyr(0)
I/iNemoSensor( 2259): skip update_delay wanted_accel = 200000000 current delay = 200000000
D/SensorService( 2259): SensorDevice::activate (enable 1, disable 0) = 0
D/SensorService( 2259): activating sensor disable handle=5
D/SensorService( 2259): activating sensor disable, Done!
D/SensorService( 2259): SensorDevice::activating sensor handle=5 ns=20000000
D/iNemoSensor( 2259): setDelay(): handle(5), en(20000000)
I/iNemoSensor( 2259): skip update_delay wanted_accel = 200000000 current delay = 200000000
W/ActivityManager( 2259): mDVFSLock.release()
D/KeyguardViewMediator( 2259): setHidden false
D/wpfx.pan.jni( 2091): RendererBase(57139100)::pause
I/SurfaceFlinger( 1917): id=18571 Removed Mauncher idx=1 MapSz=4
I/SurfaceFlinger( 1917): id=18571 Removed Mauncher idx=-2 MapSz=4
W/Crittercism(30297): Crittercism not initialized yet. Returning.
D/KeyguardViewMediator( 2259): setHidden false
I/SurfaceFlinger( 1917): id=18572 Removed lleiderkrei idx=3 MapSz=3
I/SurfaceFlinger( 1917): id=18572 Removed lleiderkrei idx=-2 MapSz=3
D/KeyguardViewMediator( 2259): setHidden false
D/KeyguardViewMediator( 2259): setHidden false
D/AbsListView(30297): Get MotionRecognitionManager
D/MotionRecognitionService( 2259): ssp status : false
D/dalvikvm(30297): GC_FOR_ALLOC freed 2660K, 14% free 22596K/26247K, paused 31ms, total 31ms
W/Crittercism(30297): Crittercism not initialized yet. Returning.
D/PowerManagerService( 2259): releaseDVFSLockLocked : all DVFS_MIN_LIMIT are released
I/power ( 2259): *** release_dvfs_lock : lockType : 1
D/dalvikvm(30297): GC_CONCURRENT freed 1814K, 14% free 22830K/26247K, paused 3ms+7ms, total 46ms
D/dalvikvm(30297): WAIT_FOR_CONCURRENT_GC blocked 13ms
D/dalvikvm(30297): WAIT_FOR_CONCURRENT_GC blocked 20ms
W/PowerManagerService( 2259): Timer 0x3->0x3|0x0
V/WindowOrientationListener( 2259): nearestRotation : 0 Angle: 351 tilt: 49
D/dalvikvm(30297): GC_CONCURRENT freed 1650K, 12% free 23267K/26247K, paused 6ms+5ms, total 58ms
D/dalvikvm(30297): WAIT_FOR_CONCURRENT_GC blocked 20ms
D/dalvikvm(30297): GC_FOR_ALLOC freed 1018K, 12% free 23114K/26247K, paused 81ms, total 81ms
I/dalvikvm-heap(30297): Grow heap (frag case) to 23.379MB for 266616-byte allocation
D/dalvikvm(30297): GC_FOR_ALLOC freed 1K, 13% free 23373K/26567K, paused 72ms, total 72ms
I/InputReader( 2259): Touch event's action is 0x0 (deviceType=0) [pCnt=1, s=0.58360 ]
I/InputDispatcher( 2259): Delivering touch to current input target: action: 0x0
I/InputDispatcher( 2259): Delivering touch to current input target: action: 0x0
I/InputDispatcher( 2259): Delivering touch to current input target: action: 0x0
D/dalvikvm(30297): GC_FOR_ALLOC freed 284K, 13% free 23311K/26567K, paused 35ms, total 35ms
I/dalvikvm-heap(30297): Grow heap (frag case) to 23.572MB for 266616-byte allocation
D/dalvikvm(30297): GC_FOR_ALLOC freed <1K, 13% free 23571K/26887K, paused 34ms, total 34ms
I/InputReader( 2259): Touch event's action is 0x1 (deviceType=0) [pCnt=1, s=]
I/InputDispatcher( 2259): Delivering touch to current input target: action: 0x1
I/InputDispatcher( 2259): Delivering touch to current input target: action: 0x1
I/InputDispatcher( 2259): Delivering touch to current input target: action: 0x1
W/AlarmManager( 2259): FACTORY_ON= 0
D/dalvikvm(30297): GC_FOR_ALLOC freed 257K, 13% free 23605K/26887K, paused 51ms, total 51ms
I/dalvikvm-heap(30297): Grow heap (frag case) to 23.859MB for 266616-byte allocation
D/dalvikvm(30297): GC_FOR_ALLOC freed <1K, 13% free 23865K/27207K, paused 33ms, total 33ms
I/InputReader( 2259): Touch event's action is 0x0 (deviceType=0) [pCnt=1, s=0.58361 ]
I/InputDispatcher( 2259): Delivering touch to current input target: action: 0x0
I/InputDispatcher( 2259): Delivering touch to current input target: action: 0x0
I/InputDispatcher( 2259): Delivering touch to current input target: action: 0x0
I/InputReader( 2259): Touch event's action is 0x1 (deviceType=0) [pCnt=1, s=]
I/InputDispatcher( 2259): Delivering touch to current input target: action: 0x1
I/InputDispatcher( 2259): Delivering touch to current input target: action: 0x1
I/InputDispatcher( 2259): Delivering touch to current input target: action: 0x1
W/Crittercism(30297): Crittercism not initialized yet. Returning.
I/ClipboardServiceEx( 2259): Send intent for dismiss clipboard dialog inside hideCurrentInputLocked() !
D/AbsListView(30297): Get MotionRecognitionManager
D/dalvikvm(30297): GC_CONCURRENT freed 1594K, 11% free 24277K/27207K, paused 14ms+16ms, total 68ms
D/AbsListView(30297): [unregisterDoubleTapMotionListener]
I/MotionRecognitionManager(30297): .unregisterListener : / listener count = 0->0, listener=android.widget.AbsListView$4@42027328
W/PowerManagerService( 2259): Timer 0x3->0x3|0x0
D/STATUSBAR-NetworkController( 2707): refreshSignalCluster: data=0 bt=false
D/STATUSBAR-SignalClusterView( 2707): mSeparateMobileGroup=8
D/STATUSBAR-SignalClusterView( 2707): mSeparateMobileGroup=8
D/STATUSBAR-SignalClusterView( 2707): mSeparateMobileGroup=8
I/DrmEventService( 2259): DrmEventService : OnLowMemory....Save the Phone
D/dalvikvm( 2259): WAIT_FOR_CONCURRENT_GC blocked 0ms
I/InputReader( 2259): Touch event's action is 0x0 (deviceType=0) [pCnt=1, s=0.58362 ]
I/InputDispatcher( 2259): Delivering touch to current input target: action: 0x0
I/InputDispatcher( 2259): Delivering touch to current input target: action: 0x0
I/InputDispatcher( 2259): Delivering touch to current input target: action: 0x0
D/dalvikvm( 2259): GC_EXPLICIT freed 828K, 28% free 37604K/51655K, paused 20ms+12ms, total 215ms
I/InputReader( 2259): Touch event's action is 0x1 (deviceType=0) [pCnt=1, s=]
I/InputDispatcher( 2259): Delivering touch to current input target: action: 0x1
I/InputDispatcher( 2259): Delivering touch to current input target: action: 0x1
I/InputDispatcher( 2259): Delivering touch to current input target: action: 0x1
W/Crittercism(30297): Crittercism not initialized yet. Returning.
W/Crittercism(30297): Crittercism not initialized yet. Returning.
I/ClipboardServiceEx( 2259): Send intent for dismiss clipboard dialog inside hideCurrentInputLocked() !
D/AbsListView(30297): Get MotionRecognitionManager
D/STATUSBAR-NetworkController( 2707): refreshSignalCluster: data=0 bt=false
