I/InputDispatcher( 2259): Delivering touch to current input target: action: 0x0
I/InputDispatcher( 2259): Delivering touch to current input target: action: 0x0
I/InputDispatcher( 2259): Delivering touch to current input target: action: 0x0
I/InputReader( 2259): Touch event's action is 0x1 (deviceType=0) [pCnt=1, s=]
I/InputDispatcher( 2259): Delivering touch to current input target: action: 0x1
I/InputDispatcher( 2259): Delivering touch to current input target: action: 0x1
I/InputDispatcher( 2259): Delivering touch to current input target: action: 0x1
I/SurfaceFlinger( 1917): id=18555 Removed QopupWindow idx=5 MapSz=4
D/KeyguardViewMediator( 2259): setHidden false
I/SurfaceFlinger( 1917): id=18555 Removed QopupWindow idx=-2 MapSz=4
I/InputReader( 2259): Touch event's action is 0x0 (deviceType=0) [pCnt=1, s=0.58228 ]
I/InputDispatcher( 2259): Delivering touch to current input target: action: 0x0
I/InputDispatcher( 2259): Delivering touch to current input target: action: 0x0
I/InputDispatcher( 2259): Delivering touch to current input target: action: 0x0
I/InputReader( 2259): Touch event's action is 0x1 (deviceType=0) [pCnt=1, s=]
I/InputDispatcher( 2259): Delivering touch to current input target: action: 0x1
I/InputDispatcher( 2259): Delivering touch to current input target: action: 0x1
I/InputDispatcher( 2259): Delivering touch to current input target: action: 0x1
I/InputReader( 2259): Touch event's action is 0x0 (deviceType=0) [pCnt=1, s=0.58229 ]
I/InputDispatcher( 2259): Delivering touch to current input target: action: 0x0
I/InputDispatcher( 2259): Delivering touch to current input target: action: 0x0
I/InputDispatcher( 2259): Delivering touch to current input target: action: 0x0
I/InputReader( 2259): Touch event's action is 0x1 (deviceType=0) [pCnt=1, s=1.58230 ]
I/InputReader( 2259): Touch event's action is 0x0 (deviceType=0) [pCnt=1, s=1.58230 ]
I/InputDispatcher( 2259): Delivering touch to current input target: action: 0x1
I/InputDispatcher( 2259): Delivering touch to current input target: action: 0x1
I/InputDispatcher( 2259): Delivering touch to current input target: action: 0x1
I/InputDispatcher( 2259): Delivering touch to current input target: action: 0x0
I/InputDispatcher( 2259): Delivering touch to current input target: action: 0x0
I/InputDispatcher( 2259): Delivering touch to current input target: action: 0x0
I/InputReader( 2259): Touch event's action is 0x1 (deviceType=0) [pCnt=1, s=]
I/InputDispatcher( 2259): Delivering touch to current input target: action: 0x1
I/InputDispatcher( 2259): Delivering touch to current input target: action: 0x1
I/InputDispatcher( 2259): Delivering touch to current input target: action: 0x1
I/InputReader( 2259): Touch event's action is 0x0 (deviceType=0) [pCnt=1, s=0.58231 ]
I/InputDispatcher( 2259): Delivering touch to current input target: action: 0x0
I/InputDispatcher( 2259): Delivering touch to current input target: action: 0x0
I/InputDispatcher( 2259): Delivering touch to current input target: action: 0x0
I/InputReader( 2259): Touch event's action is 0x1 (deviceType=0) [pCnt=1, s=]
I/InputDispatcher( 2259): Delivering touch to current input target: action: 0x1
I/InputDispatcher( 2259): Delivering touch to current input target: action: 0x1
I/InputDispatcher( 2259): Delivering touch to current input target: action: 0x1
I/SurfaceFlinger( 1917): id=18556(744) createSurf 0x41010f9c (1x1),1 flag=0, QopupWindow
I/SurfaceFlinger( 1917): SurfaceFlinger : eMagnificationFactorChanged. magnificationFactor=1.0
I/SurfaceFlinger( 1917): SurfaceFlinger : eZoomPositionChanged. zoomX=0.0 zoomY=0.0
D/KeyguardViewMediator( 2259): setHidden false
D/dalvikvm(30318): GC_CONCURRENT freed 1759K, 32% free 18686K/27271K, paused 2ms+5ms, total 37ms
D/KeyguardViewMediator( 2259): setHidden false
D/STATUSBAR-NetworkController( 2707): refreshSignalCluster: data=0 bt=false
D/STATUSBAR-SignalClusterView( 2707): mSeparateMobileGroup=8
D/STATUSBAR-SignalClusterView( 2707): mSeparateMobileGroup=8
D/STATUSBAR-SignalClusterView( 2707): mSeparateMobileGroup=8
I/InputReader( 2259): Touch event's action is 0x0 (deviceType=0) [pCnt=1, s=0.58232 ]
I/InputDispatcher( 2259): Delivering touch to current input target: action: 0x0
I/InputDispatcher( 2259): Delivering touch to current input target: action: 0x0
I/InputDispatcher( 2259): Delivering touch to current input target: action: 0x0
I/InputReader( 2259): Touch event's action is 0x1 (deviceType=0) [pCnt=1, s=]
I/InputDispatcher( 2259): Delivering touch to current input target: action: 0x1
I/InputDispatcher( 2259): Delivering touch to current input target: action: 0x1
I/InputDispatcher( 2259): Delivering touch to current input target: action: 0x1
I/SurfaceFlinger( 1917): id=18556 Removed QopupWindow idx=5 MapSz=4
I/SurfaceFlinger( 1917): id=18556 Removed QopupWindow idx=-2 MapSz=4
D/KeyguardViewMediator( 2259): setHidden false
I/InputReader( 2259): Touch event's action is 0x0 (deviceType=0) [pCnt=1, s=0.58233 ]
I/InputDispatcher( 2259): Delivering touch to current input target: action: 0x0
I/InputDispatcher( 2259): Delivering touch to current input target: action: 0x0
I/InputDispatcher( 2259): Delivering touch to current input target: action: 0x0
I/InputReader( 2259): Touch event's action is 0x1 (deviceType=0) [pCnt=1, s=]
I/InputDispatcher( 2259): Delivering touch to current input target: action: 0x1
I/InputDispatcher( 2259): Delivering touch to current input target: action: 0x1
I/InputDispatcher( 2259): Delivering touch to current input target: action: 0x1
I/InputReader( 2259): Touch event's action is 0x0 (deviceType=0) [pCnt=1, s=0.58234 ]
I/InputDispatcher( 2259): Delivering touch to current input target: action: 0x0
I/InputDispatcher( 2259): Delivering touch to current input target: action: 0x0
I/InputDispatcher( 2259): Delivering touch to current input target: action: 0x0
I/InputReader( 2259): Touch event's action is 0x1 (deviceType=0) [pCnt=1, s=]
I/InputDispatcher( 2259): Delivering touch to current input target: action: 0x1
I/InputDispatcher( 2259): Delivering touch to current input target: action: 0x1
I/InputDispatcher( 2259): Delivering touch to current input target: action: 0x1
I/InputReader( 2259): Touch event's action is 0x0 (deviceType=0) [pCnt=1, s=1.58235 ]
I/InputDispatcher( 2259): Delivering touch to current input target: action: 0x0
I/InputDispatcher( 2259): Delivering touch to current input target: action: 0x0
I/InputDispatcher( 2259): Delivering touch to current input target: action: 0x0
I/InputReader( 2259): Touch event's action is 0x1 (deviceType=0) [pCnt=1, s=]
I/InputDispatcher( 2259): Delivering touch to current input target: action: 0x1
I/InputDispatcher( 2259): Delivering touch to current input target: action: 0x1
I/InputDispatcher( 2259): Delivering touch to current input target: action: 0x1
I/InputReader( 2259): Touch event's action is 0x0 (deviceType=0) [pCnt=1, s=0.58236 ]
I/InputDispatcher( 2259): Delivering touch to current input target: action: 0x0
I/InputDispatcher( 2259): Delivering touch to current input target: action: 0x0
I/InputDispatcher( 2259): Delivering touch to current input target: action: 0x0
I/InputReader( 2259): Touch event's action is 0x1 (deviceType=0) [pCnt=1, s=]
I/InputDispatcher( 2259): Delivering touch to current input target: action: 0x1
I/InputDispatcher( 2259): Delivering touch to current input target: action: 0x1
I/InputDispatcher( 2259): Delivering touch to current input target: action: 0x1
I/InputReader( 2259): Touch event's action is 0x0 (deviceType=0) [pCnt=1, s=0.58237 ]
I/InputDispatcher( 2259): Delivering touch to current input target: action: 0x0
I/InputDispatcher( 2259): Delivering touch to current input target: action: 0x0
I/InputDispatcher( 2259): Delivering touch to current input target: action: 0x0
I/InputReader( 2259): Touch event's action is 0x1 (deviceType=0) [pCnt=1, s=]
I/InputDispatcher( 2259): Delivering touch to current input target: action: 0x1
I/InputDispatcher( 2259): Delivering touch to current input target: action: 0x1
I/InputDispatcher( 2259): Delivering touch to current input target: action: 0x1
I/InputReader( 2259): Touch event's action is 0x0 (deviceType=0) [pCnt=1, s=0.58238 ]
I/InputDispatcher( 2259): Delivering touch to current input target: action: 0x0
I/InputDispatcher( 2259): Delivering touch to current input target: action: 0x0
I/InputDispatcher( 2259): Delivering touch to current input target: action: 0x0
I/InputReader( 2259): Touch event's action is 0x1 (deviceType=0) [pCnt=1, s=]
I/InputDispatcher( 2259): Delivering touch to current input target: action: 0x1
I/InputDispatcher( 2259): Delivering touch to current input target: action: 0x1
I/InputDispatcher( 2259): Delivering touch to current input target: action: 0x1
I/InputReader( 2259): Touch event's action is 0x0 (deviceType=0) [pCnt=1, s=0.58239 ]
I/InputDispatcher( 2259): Delivering touch to current input target: action: 0x0
I/InputDispatcher( 2259): Delivering touch to current input target: action: 0x0
I/InputDispatcher( 2259): Delivering touch to current input target: action: 0x0
I/InputReader( 2259): Touch event's action is 0x1 (deviceType=0) [pCnt=1, s=]
I/InputDispatcher( 2259): Delivering touch to current input target: action: 0x1
I/InputDispatcher( 2259): Delivering touch to current input target: action: 0x1
I/InputDispatcher( 2259): Delivering touch to current input target: action: 0x1
I/InputReader( 2259): Touch event's action is 0x0 (deviceType=0) [pCnt=1, s=0.58240 ]
I/InputDispatcher( 2259): Delivering touch to current input target: action: 0x0
I/InputDispatcher( 2259): Delivering touch to current input target: action: 0x0
I/InputDispatcher( 2259): Delivering touch to current input target: action: 0x0
I/InputReader( 2259): Touch event's action is 0x1 (deviceType=0) [pCnt=1, s=]
I/InputDispatcher( 2259): Delivering touch to current input target: action: 0x1
I/InputDispatcher( 2259): Delivering touch to current input target: action: 0x1
I/InputDispatcher( 2259): Delivering touch to current input target: action: 0x1
D/STATUSBAR-NetworkController( 2707): refreshSignalCluster: data=0 bt=false
D/STATUSBAR-SignalClusterView( 2707): mSeparateMobileGroup=8
D/STATUSBAR-SignalClusterView( 2707): mSeparateMobileGroup=8
D/STATUSBAR-SignalClusterView( 2707): mSeparateMobileGroup=8
I/InputReader( 2259): Touch event's action is 0x0 (deviceType=0) [pCnt=1, s=0.58241 ]
I/InputDispatcher( 2259): Delivering touch to current input target: action: 0x0
I/InputDispatcher( 2259): Delivering touch to current input target: action: 0x0
I/InputDispatcher( 2259): Delivering touch to current input target: action: 0x0
I/InputReader( 2259): Touch event's action is 0x1 (deviceType=0) [pCnt=1, s=]
I/InputDispatcher( 2259): Delivering touch to current input target: action: 0x1
I/InputDispatcher( 2259): Delivering touch to current input target: action: 0x1
I/InputDispatcher( 2259): Delivering touch to current input target: action: 0x1
I/InputReader( 2259): Touch event's action is 0x0 (deviceType=0) [pCnt=1, s=0.58242 ]
I/InputDispatcher( 2259): Delivering touch to current input target: action: 0x0
I/InputDispatcher( 2259): Delivering touch to current input target: action: 0x0
I/InputDispatcher( 2259): Delivering touch to current input target: action: 0x0
I/InputReader( 2259): Touch event's action is 0x1 (deviceType=0) [pCnt=1, s=1.58243 ]
I/InputReader( 2259): Touch event's action is 0x0 (deviceType=0) [pCnt=1, s=1.58243 ]
I/InputDispatcher( 2259): Delivering touch to current input target: action: 0x1
I/InputDispatcher( 2259): Delivering touch to current input target: action: 0x1
I/InputDispatcher( 2259): Delivering touch to current input target: action: 0x1
I/InputDispatcher( 2259): Delivering touch to current input target: action: 0x0
I/InputDispatcher( 2259): Delivering touch to current input target: action: 0x0
I/InputDispatcher( 2259): Delivering touch to current input target: action: 0x0
I/InputReader( 2259): Touch event's action is 0x1 (deviceType=0) [pCnt=1, s=]
I/InputDispatcher( 2259): Delivering touch to current input target: action: 0x1
I/InputDispatcher( 2259): Delivering touch to current input target: action: 0x1
I/InputDispatcher( 2259): Delivering touch to current input target: action: 0x1
I/InputReader( 2259): Touch event's action is 0x0 (deviceType=0) [pCnt=1, s=0.58244 ]
I/InputDispatcher( 2259): Delivering touch to current input target: action: 0x0
I/InputDispatcher( 2259): Delivering touch to current input target: action: 0x0
I/InputDispatcher( 2259): Delivering touch to current input target: action: 0x0
I/LogsProvider( 2917): LOWMEMORY
D/dalvikvm( 2917): WAIT_FOR_CONCURRENT_GC blocked 0ms
I/InputReader( 2259): Touch event's action is 0x1 (deviceType=0) [pCnt=1, s=]
I/InputDispatcher( 2259): Delivering touch to current input target: action: 0x1
I/InputDispatcher( 2259): Delivering touch to current input target: action: 0x1
I/InputDispatcher( 2259): Delivering touch to current input target: action: 0x1
D/dalvikvm( 2917): GC_EXPLICIT freed 4K, 9% free 13064K/14215K, paused 3ms+3ms, total 36ms
I/InputReader( 2259): Touch event's action is 0x0 (deviceType=0) [pCnt=1, s=0.58245 ]
I/InputDispatcher( 2259): Delivering touch to current input target: action: 0x0
I/InputDispatcher( 2259): Delivering touch to current input target: action: 0x0
I/InputDispatcher( 2259): Delivering touch to current input target: action: 0x0
I/InputReader( 2259): Touch event's action is 0x1 (deviceType=0) [pCnt=1, s=]
I/InputDispatcher( 2259): Delivering touch to current input target: action: 0x1
I/InputDispatcher( 2259): Delivering touch to current input target: action: 0x1
I/InputDispatcher( 2259): Delivering touch to current input target: action: 0x1
I/InputReader( 2259): Touch event's action is 0x0 (deviceType=0) [pCnt=1, s=0.58246 ]
I/InputDispatcher( 2259): Delivering touch to current input target: action: 0x0
I/InputDispatcher( 2259): Delivering touch to current input target: action: 0x0
I/InputDispatcher( 2259): Delivering touch to current input target: action: 0x0
I/InputReader( 2259): Touch event's action is 0x1 (deviceType=0) [pCnt=1, s=]
I/InputDispatcher( 2259): Delivering touch to current input target: action: 0x1
I/InputDispatcher( 2259): Delivering touch to current input target: action: 0x1
I/InputDispatcher( 2259): Delivering touch to current input target: action: 0x1
I/InputReader( 2259): Touch event's action is 0x0 (deviceType=0) [pCnt=1, s=1.58247 ]
I/InputDispatcher( 2259): Delivering touch to current input target: action: 0x0
I/InputDispatcher( 2259): Delivering touch to current input target: action: 0x0
I/InputDispatcher( 2259): Delivering touch to current input target: action: 0x0
I/InputReader( 2259): Touch event's action is 0x1 (deviceType=0) [pCnt=1, s=]
I/InputDispatcher( 2259): Delivering touch to current input target: action: 0x1
I/InputDispatcher( 2259): Delivering touch to current input target: action: 0x1
I/InputDispatcher( 2259): Delivering touch to current input target: action: 0x1
I/InputReader( 2259): Touch event's action is 0x0 (deviceType=0) [pCnt=1, s=0.58248 ]
I/InputDispatcher( 2259): Delivering touch to current input target: action: 0x0
I/InputDispatcher( 2259): Delivering touch to current input target: action: 0x0
I/InputDispatcher( 2259): Delivering touch to current input target: action: 0x0
I/InputReader( 2259): Touch event's action is 0x1 (deviceType=0) [pCnt=1, s=]
I/InputDispatcher( 2259): Delivering touch to current input target: action: 0x1
I/InputDispatcher( 2259): Delivering touch to current input target: action: 0x1
I/InputDispatcher( 2259): Delivering touch to current input target: action: 0x1
D/STATUSBAR-NetworkController( 2707): refreshSignalCluster: data=0 bt=false
D/STATUSBAR-SignalClusterView( 2707): mSeparateMobileGroup=8
D/STATUSBAR-SignalClusterView( 2707): mSeparateMobileGroup=8
D/STATUSBAR-SignalClusterView( 2707): mSeparateMobileGroup=8
W/SignalStrength( 2259): getGsmLevel=1
W/SignalStrength( 2707): getGsmLevel=1
W/SignalStrength( 2259): getLevel=1 (SignalStrength: 0 -1 -1 -1 -1 -1 -1 -1 -1 -1 -1 -1 gsm|lte 1)
W/SignalStrength( 2707): getLevel=1 (SignalStrength: 0 -1 -1 -1 -1 -1 -1 -1 -1 -1 -1 -1 gsm|lte 1)
W/SignalStrength( 2707): getGsmLevel=1
W/SignalStrength( 2707): getLevel=1 (SignalStrength: 0 -1 -1 -1 -1 -1 -1 -1 -1 -1 -1 -1 gsm|lte 1)
W/SignalStrength( 2259): getGsmDbm=-113
W/SignalStrength( 2259): getDbm=-113
W/SignalStrength( 2259): getGsmAsuLevel=0
W/SignalStrength( 2259): getAsuLevel=0
W/SignalStrength( 2259): getGsmLevel=1
W/SignalStrength( 2259): getLevel=1 (SignalStrength: 1 -1 -1 -1 -1 -1 -1 -1 -1 -1 -1 -1 gsm|lte 1)
D/STATUSBAR-NetworkController( 2707): onSignalStrengthsChanged signalStrength=SignalStrength: 0 -1 -1 -1 -1 -1 -1 -1 -1 -1 -1 -1 gsm|lte 1 level=1
D/STATUSBAR-NetworkController( 2707): refreshSignalCluster: data=0 bt=false
D/STATUSBAR-SignalClusterView( 2707): mSeparateMobileGroup=8
D/STATUSBAR-SignalClusterView( 2707): mSeparateMobileGroup=8
D/STATUSBAR-SignalClusterView( 2707): mSeparateMobileGroup=8
W/SignalStrength( 2259): getGsmDbm=-111
W/SignalStrength( 2259): getDbm=-111
W/SignalStrength( 2259): getGsmAsuLevel=1
W/SignalStrength( 2259): getAsuLevel=1
W/AlarmManager( 2259): FACTORY_ON= 0
W/AlarmManager( 2259): FACTORY_ON= 0
W/SignalStrength( 2707): getGsmLevel=1
W/SignalStrength( 2707): getLevel=1 (SignalStrength: 1 -1 -1 -1 -1 -1 -1 -1 -1 -1 -1 -1 gsm|lte 1)
W/SignalStrength( 2707): getGsmLevel=1
W/SignalStrength( 2707): getLevel=1 (SignalStrength: 1 -1 -1 -1 -1 -1 -1 -1 -1 -1 -1 -1 gsm|lte 1)
D/STATUSBAR-NetworkController( 2707): onSignalStrengthsChanged signalStrength=SignalStrength: 1 -1 -1 -1 -1 -1 -1 -1 -1 -1 -1 -1 gsm|lte 1 level=1
I/InputReader( 2259): Touch event's action is 0x0 (deviceType=0) [pCnt=1, s=0.58249 ]
I/InputDispatcher( 2259): Delivering touch to current input target: action: 0x0
I/InputDispatcher( 2259): Delivering touch to current input target: action: 0x0
I/InputDispatcher( 2259): Delivering touch to current input target: action: 0x0
I/InputReader( 2259): Touch event's action is 0x1 (deviceType=0) [pCnt=1, s=]
I/InputDispatcher( 2259): Delivering touch to current input target: action: 0x1
I/InputDispatcher( 2259): Delivering touch to current input target: action: 0x1
I/InputDispatcher( 2259): Delivering touch to current input target: action: 0x1
I/InputReader( 2259): Touch event's action is 0x0 (deviceType=0) [pCnt=1, s=0.58250 ]
I/InputDispatcher( 2259): Delivering touch to current input target: action: 0x0
I/InputDispatcher( 2259): Delivering touch to current input target: action: 0x0
I/InputDispatcher( 2259): Delivering touch to current input target: action: 0x0
V/WindowOrientationListener( 2259): nearestRotation : 0 Angle: 355 tilt: 51
I/InputReader( 2259): Touch event's action is 0x1 (deviceType=0) [pCnt=1, s=]
I/InputDispatcher( 2259): Delivering touch to current input target: action: 0x1
I/InputDispatcher( 2259): Delivering touch to current input target: action: 0x1
I/InputDispatcher( 2259): Delivering touch to current input target: action: 0x1
I/InputReader( 2259): Touch event's action is 0x0 (deviceType=0) [pCnt=1, s=0.58251 ]
I/InputDispatcher( 2259): Delivering touch to current input target: action: 0x0
I/InputDispatcher( 2259): Delivering touch to current input target: action: 0x0
I/InputDispatcher( 2259): Delivering touch to current input target: action: 0x0
I/InputReader( 2259): Touch event's action is 0x1 (deviceType=0) [pCnt=1, s=]
I/InputDispatcher( 2259): Delivering touch to current input target: action: 0x1
I/InputDispatcher( 2259): Delivering touch to current input target: action: 0x1
I/InputDispatcher( 2259): Delivering touch to current input target: action: 0x1
W/AlarmManager( 2259): FACTORY_ON= 0
I/InputReader( 2259): Touch event's action is 0x0 (deviceType=0) [pCnt=1, s=0.58252 ]
I/InputDispatcher( 2259): Delivering touch to current input target: action: 0x0
I/InputDispatcher( 2259): Delivering touch to current input target: action: 0x0
I/InputDispatcher( 2259): Delivering touch to current input target: action: 0x0
I/InputReader( 2259): Touch event's action (MT) is 0x105 (deviceType=0) [pCnt=2, s=0.58252 1.58253 ]
I/InputDispatcher( 2259): Delivering touch to current input target: action: 0x105
I/InputDispatcher( 2259): Delivering touch to current input target: action: 0x105
I/InputDispatcher( 2259): Delivering touch to current input target: action: 0x105
I/InputReader( 2259): Touch event's action (MT) is 0x6 (deviceType=0) [pCnt=2, s=1.58253 ]
I/InputDispatcher( 2259): Delivering touch to current input target: action: 0x6
I/InputDispatcher( 2259): Delivering touch to current input target: action: 0x6
I/InputDispatcher( 2259): Delivering touch to current input target: action: 0x6
I/InputReader( 2259): Touch event's action is 0x1 (deviceType=0) [pCnt=1, s=]
I/InputDispatcher( 2259): Delivering touch to current input target: action: 0x1
I/InputDispatcher( 2259): Delivering touch to current input target: action: 0x1
I/InputDispatcher( 2259): Delivering touch to current input target: action: 0x1
I/InputReader( 2259): Touch event's action is 0x0 (deviceType=0) [pCnt=1, s=0.58254 ]
I/InputDispatcher( 2259): Delivering touch to current input target: action: 0x0
I/InputDispatcher( 2259): Delivering touch to current input target: action: 0x0
I/InputDispatcher( 2259): Delivering touch to current input target: action: 0x0
I/InputReader( 2259): Touch event's action is 0x1 (deviceType=0) [pCnt=1, s=]
I/InputDispatcher( 2259): Delivering touch to current input target: action: 0x1
I/InputDispatcher( 2259): Delivering touch to current input target: action: 0x1
I/InputDispatcher( 2259): Delivering touch to current input target: action: 0x1
D/STATUSBAR-NetworkController( 2707): refreshSignalCluster: data=0 bt=false
D/STATUSBAR-SignalClusterView( 2707): mSeparateMobileGroup=8
D/STATUSBAR-SignalClusterView( 2707): mSeparateMobileGroup=8
D/STATUSBAR-SignalClusterView( 2707): mSeparateMobileGroup=8
I/InputReader( 2259): Touch event's action is 0x0 (deviceType=0) [pCnt=1, s=0.58255 ]
I/InputDispatcher( 2259): Delivering touch to current input target: action: 0x0
I/InputDispatcher( 2259): Delivering touch to current input target: action: 0x0
I/InputDispatcher( 2259): Delivering touch to current input target: action: 0x0
D/GcmIntentService(27854): Received GCM message: Bundle{message=fashionhippiee: Leider nicht, unread_private_msg_count=1, collapse_key=do_not_collapse, user_id=2976358, unread_msg_count=1, unread_important_notification_count=0, android.support.content.wakelockid=2, from=1041460890447, type=notification, uri=kk://messaging?id=80574202, unread_notification_count=0}
I/InputReader( 2259): Touch event's action is 0x1 (deviceType=0) [pCnt=1, s=]
I/InputDispatcher( 2259): Delivering touch to current input target: action: 0x1
I/InputDispatcher( 2259): Delivering touch to current input target: action: 0x1
I/InputDispatcher( 2259): Delivering touch to current input target: action: 0x1
I/InputReader( 2259): Touch event's action is 0x0 (deviceType=0) [pCnt=1, s=1.58256 ]
I/InputDispatcher( 2259): Delivering touch to current input target: action: 0x0
I/InputDispatcher( 2259): Delivering touch to current input target: action: 0x0
I/InputDispatcher( 2259): Delivering touch to current input target: action: 0x0
D/ApplicationPolicy( 2259): isStatusBarNotificationAllowed: packageName = de.kleiderkreisel
D/STATUSBAR-NotificationService( 2259): Noti Alert - mSystemReady:true, AlertEnabled:true
D/PhoneStatusBar( 2707): addNotification score=0
D/MotionEngine( 2259): [@@@ Motion Engine @@@] InitializeMotionManager ALLLLLLLLLLLLLLLLLLLLLLLLL
D/MotionRecognitionService( 2259): .registerCallback : 1, motion_sensors=3, client=com.android.server.NotificationManagerService$OverTurnPlayer$1@42360f18
D/MotionRecognitionService( 2259): .checkSettingEngineEnabled : true
D/MotionRecognitionService( 2259): enableAccINT
D/MotionRecognitionService( 2259): enableAccINT Complete!!
D/MotionRecognitionService( 2259): .checkSettingEngineEnabled : true
D/MotionRecognitionService( 2259): .initializeMotionEngine
D/WindowOrientationListener( 2259): enable register mbSContext: false
V/WindowOrientationListener( 2259): WindowOrientationListener enabled
D/SensorService( 2259): sensor was already activated for this ident
D/SensorService( 2259): SensorDevice::activating sensor handle=0 ns=200000000
D/iNemoSensor( 2259): setDelay(): handle(0), en(200000000)
I/iNemoSensor( 2259): skip update_delay wanted_accel = 200000000 current delay = 200000000
I/SensorService( 2259): info.selectDelay() ns=200000000
D/iNemoSensor( 2259): setDelay(): handle(0), en(200000000)
I/iNemoSensor( 2259): skip update_delay wanted_accel = 200000000 current delay = 200000000
D/SensorService( 2259): SensorDevice::setDelay, Return(true 1, false 0) = 1
D/SensorManager( 2259): registerListener :: handle = 0 name= LSM330DLC 3-axis Accelerometer delay= 200000 Listener= android.view.WindowOrientationListener$SensorEventListenerImpl@422b7908
D/MotionEngine( 2259): [@@@ Motion Engine @@@] InitializeMotionManager.... RETURN........ (Already initialized......)
D/SensorService( 2259): sensor was already activated for this ident
D/SensorService( 2259): SensorDevice::activating sensor handle=0 ns=200000000
D/iNemoSensor( 2259): setDelay(): handle(0), en(200000000)
I/iNemoSensor( 2259): skip update_delay wanted_accel = 200000000 current delay = 200000000
I/SensorService( 2259): info.selectDelay() ns=20000000
D/iNemoSensor( 2259): setDelay(): handle(0), en(20000000)
I/iNemoSensor( 2259): update_delay wanted_accel = 20000000
D/SensorService( 2259): SensorDevice::setDelay, Return(true 1, false 0) = 1
D/SensorManager( 2259): registerListener :: handle = 0 name= LSM330DLC 3-axis Accelerometer delay= 20000 Listener= android.hardware.motion.MotionRecognitionService$4@41fd1708
D/SensorService( 2259): info.rates.add, set DEFAULT_EVENTS_PERIOD
I/iNemoSensor( 2259): enable(): handle(5), en(1), what(1)
I/iNemoSensor( 2259): enable:373 gyro_dps = 0 .
D/iNemoSensor( 2259): enableDev() : path(/sys/class/input/event4/device/enable), val(1)
V/MediaPlayer-JNI( 2707): native_setup
V/MediaPlayer( 2707): constructor
V/MotionRecognitionService( 2259): .updateOrientation : rotation = -1
V/MediaPlayer( 2707): setListener
V/MediaPlayer-JNI( 2707): setAudioStreamType: 5
V/MediaPlayer( 2707): MediaPlayer::setAudioStreamType
D/iNemoSensor( 2259): enable(): MASK_ACC (1) MASK_MAG (0) MASK_GYR (2)
D/iNemoSensor( 2259): enable(): mEnAcc(1) mEnMag(0) mEnGyr(1)
I/iNemoSensor( 2259): iNemoSensor::skip update_delay wanted_gyro = 20000000 current delay = 20000000
I/iNemoSensor( 2259): skip update_delay wanted_accel = 20000000 current delay = 20000000
D/SensorService( 2259): SensorDevice::activate (enable 1, disable 0) = 1
D/SensorService( 2259): activating sensor enable handle=5
D/SensorService( 2259): activating sensor enable, Done!
D/SensorService( 2259): SensorDevice::activating sensor handle=5 ns=200000000
D/iNemoSensor( 2259): setDelay(): handle(5), en(200000000)
I/iNemoSensor( 2259): iNemoSensor::update_delay wanted_gyro = 200000000
I/iNemoSensor( 2259): skip update_delay wanted_accel = 20000000 current delay = 20000000
I/SensorService( 2259): info.selectDelay() ns=20000000
D/iNemoSensor( 2259): setDelay(): handle(5), en(20000000)
I/iNemoSensor( 2259): iNemoSensor::update_delay wanted_gyro = 20000000
I/iNemoSensor( 2259): skip update_delay wanted_accel = 20000000 current delay = 20000000
D/SensorService( 2259): SensorDevice::setDelay, Return(true 1, false 0) = 1
D/SensorManager( 2259): registerListener :: handle = 5 name= LSM330DLC Gyroscope sensor delay= 20000 Listener= android.hardware.motion.MotionRecognitionService$5@41fd03b8
V/MotionRecognitionManager( 2259): .registerListenerEvent : success. listener count = 0->1, motion_sensors=3, motion event = 1, listener=com.android.server.NotificationManagerService$OverTurnPlayer$1@42360f18
I/STATUSBAR-NotificationService( 2259): Reg. OverTurn
D/STATUSBAR-NotificationService( 2259): Noti Alert - doVibrate
D/STATUSBAR-NotificationService( 2259): updateLightsLocked() : Turn off notification light
D/LightsService( 2259): [SvcLED] setSvcLedStateLocked:: id = 4, color = 0, mode = Off, set = Off
D/LightsService( 2259): [SvcLED] wl is acquired. It will be released after 350ms.
I/MediaPlayer( 2707): it is a Ringtone type is : 2
D/RingtoneManager( 2707): getActualDefaultRingtoneUri type :2
D/RingtoneManager( 2707): checkDefaultRingtoneProperUri : InternalMediaAudio uriString not null type:2
I/MediaPlayer( 2707): It is a Not a DRM RingTone: return NULL
I/MediaPlayer( 2707): path is null
D/RingtoneManager( 2259): getActualDefaultRingtoneUri type :2
D/RingtoneManager( 2259): checkDefaultRingtoneProperUri : InternalMediaAudio uriString not null type:2
V/AlarmManager( 2259): waitForAlarm result :1
V/MediaPlayer-JNI( 2707): setDataSourceFD: fd 76
V/MediaPlayer( 2707): setDataSource(76, 0, 576460752303423487)
V/MediaPlayerService( 1920): Client(1911) constructor
V/MediaPlayerService( 1920): Create new client(1911) from pid 2707, uid 1000,
V/MediaPlayerService( 1920): setDataSource fd=71, offset=0, length=576460752303423487
V/MediaPlayerService( 1920): st_dev = 45833
V/MediaPlayerService( 1920): st_mode = 33188
V/MediaPlayerService( 1920): st_uid = 0
V/MediaPlayerService( 1920): st_gid = 0
V/MediaPlayerService( 1920): st_size = 23900
V/MediaPlayerService( 1920): calculated length = 23900
V/MediaPlayerService( 1920): player type = 3
V/MediaPlayerService( 1920): create StagefrightPlayer
V/AwesomePlayer( 1920): setDefault
V/AwesomePlayer( 1920): constructor
V/AwesomePlayer( 1920): setDefault
I/AwesomePlayer( 1920): reset
I/AwesomePlayer( 1920): cancel player events
V/AwesomePlayer( 1920): mAudioTrackVector clear
V/StagefrightPlayer( 1920): StagefrightPlayer
V/AwesomePlayer( 1920): setListener
V/StagefrightPlayer( 1920): initCheck
V/AwesomePlayer( 1920): AwesomePlayer running on behalf of uid 1000
V/AudioSink( 1920): AudioOutput(6337)
V/StagefrightPlayer( 1920): setDataSource(71, 0, 23900)
V/AwesomePlayer( 1920): setDataSource (73, 0, 23900)
I/AwesomePlayer( 1920): cancel player events
V/AwesomePlayer( 1920): mAudioTrackVector clear
V/AwesomePlayer( 1920): track of type 'audio/vorbis' does not publish bitrate
V/AwesomePlayer( 1920): mBitrate = -1 bits/sec
W/AwesomePlayer( 1920): couldn't get userdata - Weather
W/AwesomePlayer( 1920): couldn't get userdata - Authorization
W/AwesomePlayer( 1920): couldn't get userdata - SnapShot
V/AwesomePlayer( 1920): current audio track (0)
V/AwesomePlayer( 1920): current audio track (0) is added to vector[0]
V/AwesomePlayer( 1920): setDataSource_l: Audio(1), Video(0)
I/AwesomePlayer( 1920): AwesomePlayer::setDataSource_l():: This is not a DRM content
V/MediaPlayerService( 1920): setDataSource
V/MediaPlayer-JNI( 2707): setLooping: 0
V/MediaPlayer( 2707): MediaPlayer::setLooping
V/MediaPlayerService( 1920): [1911] setLooping(0)
V/StagefrightPlayer( 1920): setLooping
V/AwesomePlayer( 1920): setLooping (0)
V/MediaPlayer( 2707): setVideoSurfaceTexture
V/MediaPlayerService( 1920): [1911] setVideoSurfaceTexture(0x0)
V/MediaPlayer( 2707): prepare
V/MediaPlayerService( 1920): [1911] setAudioStreamType(5)
V/MediaPlayerService( 1920): [1911] prepareAsync
V/AwesomePlayer( 1920): prepareAsync
V/AwesomePlayer( 1920): onPrepareAsyncEvent
I/InputReader( 2259): Touch event's action is 0x1 (deviceType=0) [pCnt=1, s=]
I/InputDispatcher( 2259): Delivering touch to current input target: action: 0x1
I/InputDispatcher( 2259): Delivering touch to current input target: action: 0x1
I/InputDispatcher( 2259): Delivering touch to current input target: action: 0x1
V/AwesomePlayer( 1920): notifyListner_l() msg (5-MEDIA_SET_VIDEO_SIZE), ext1 (0), ext2 (0)
V/MediaPlayerService( 1920): [1911] notify (0x41b27220, 5, 0, 0)
V/AwesomePlayer( 1920): notifyListner_l() msg (1-MEDIA_PREPARED), ext1 (0), ext2 (0)
V/MediaPlayerService( 1920): [1911] notify (0x41b27220, 1, 0, 0)
V/MediaPlayer( 2707): message received msg=5, ext1=0, ext2=0
V/MediaPlayer( 2707): New video size 0 x 0
V/MediaPlayer( 2707): callback application
V/MediaPlayer( 2707): back from callback
V/MediaPlayer( 2707): message received msg=1, ext1=0, ext2=0
V/MediaPlayer( 2707): prepared
V/MediaPlayer( 2707): signal application thread
V/MediaPlayer( 2707): callback application
V/MediaPlayer( 2707): prepare complete - status=0
V/MediaPlayer( 2707): back from callback
I/AudioService( 2259): AudioFocus requestAudioFocus() from 2707 focusChangeHint:3
D/StatusBar( 2707): expanding top notification at 1entry.userCollapsed() = false
V/MediaPlayer-JNI( 2707): start
V/MediaPlayer( 2707): start
V/MediaPlayerService( 1920): [1911] setLooping(0)
V/StagefrightPlayer( 1920): setLooping
V/AwesomePlayer( 1920): setLooping (0)
V/MediaPlayerService( 1920): [1911] setVolume(1.000000, 1.000000)
V/AudioSink( 1920): setVolume(1.000000, 1.000000)
V/MediaPlayerService( 1920): [1911] setAuxEffectSendLevel(0.000000)
V/AudioSink( 1920): setAuxEffectSendLevel(0.000000)
V/MediaPlayerService( 1920): [1911] start
V/StagefrightPlayer( 1920): setLooping
V/AwesomePlayer( 1920): setLooping (0)
V/StagefrightPlayer( 1920): start
V/AwesomePlayer( 1920): play
V/AwesomePlayer( 1920): AwesomePlayer::play_l():: This is not a DRM content
I/AudioPlayer( 1920): Audioplayer kKeyAudioPCMFormat:1, 2, 0
I/AudioPlayer( 1920): Audioplayer1 (2, 1)
V/AudioSink( 1920): open(44100, 2, 0x0, 1, 4, 6337)
E/AudioPolicyService( 1920): getOutput() tid 1920 ++
E/AudioPolicyService( 1920): getOutput() tid 1920 --
V/AudioPolicyManagerBase( 1920): getOutput() stream 5, samplingRate 0, format 0, channelMask 3, flags 0
V/AudioPolicyManagerBase( 1920): getOutputsForDevice device 0002 -> 0002
V/AudioPolicyManagerBase( 1920): getOutput() returns output 2
E/AudioPolicyService( 1920): getOutput() tid 1920 ++
E/AudioPolicyService( 1920): getOutput() tid 1920 --
V/AudioPolicyManagerBase( 1920): getOutput() stream 5, samplingRate 0, format 0, channelMask 3, flags 0
V/AudioPolicyManagerBase( 1920): getOutputsForDevice device 0002 -> 0002
V/AudioPolicyManagerBase( 1920): getOutput() returns output 2
E/AudioPolicyService( 1920): getOutput() tid 1920 ++
E/AudioPolicyService( 1920): getOutput() tid 1920 --
V/AudioPolicyManagerBase( 1920): getOutput() stream 5, samplingRate 44100, format 1, channelMask 3, flags 0
V/AudioPolicyManagerBase( 1920): getOutputsForDevice device 0002 -> 0002
V/AudioPolicyManagerBase( 1920): getOutput() returns output 2
V/AudioSink( 1920): setVolume
E/AudioPolicyService( 1920): getOutput() tid 1920 ++
E/AudioPolicyService( 1920): getOutput() tid 1920 --
V/AudioPolicyManagerBase( 1920): getOutput() stream 5, samplingRate 0, format 0, channelMask 3, flags 0
V/AudioPolicyManagerBase( 1920): getOutputsForDevice device 0002 -> 0002
V/AudioPolicyManagerBase( 1920): getOutput() returns output 2
V/AudioSink( 1920): start
V/LvOutput( 1920): initCheck: 0
V/LvOutput( 1920): attachEffects: attach processing to output 2, stream 5, session 6337, mode 0
V/LvOutput( 1920): attachEffects: no output processing needs to be attached to this stream
V/LvOutput( 1920): LvOutput::setAllProcessorEnabled(false) mOutputs.size(118)
V/AudioPolicyManagerBase( 1920): startOutput() output 2, stream 5, session 6337
V/AudioPolicyManagerBase( 1920): changeRefCount() stream 5, count 1
V/AudioPolicyManagerBase( 1920): getNewDevice() selected device 2
V/AudioPolicyManagerBase( 1920): setOutputDevice() output 2 device 0002 force 0 delayMs 0
V/AudioPolicyManagerBase( 1920): setOutputDevice() prevDevice 0002
V/AudioPolicyManagerBase( 1920): setOutputDevice() setting same device 0002 or null device for output 2
I/MediaPlayer( 2707): Don't send intent. msg.arg1 = 0, msg.arg2 = 0
D/dalvikvm( 2259): GC_CONCURRENT freed 2851K, 29% free 37047K/51655K, paused 14ms+29ms, total 281ms
I/AudioMixer( 1920): setParameter(TRACK, FORMAT, 0x1)
E/AudioMixer( 1920): MOON > checkSEC_PCM ++ 1
I/AudioHardwareTinyALSA( 1920): AudioStreamOutALSA::write setDevice
D/AudioHardwareTinyALSA( 1920): OutALSA::setDevice: mode = 0, newDevice=0x2, currentDevice=0x2 ,force= 0
D/AudioHardwareTinyALSA( 1920): OutALSA::setDevice: mDevice 0x2, newDevice = 0x2
D/AudioHardwareTinyALSA( 1920): setOutputVolume
D/TinyUCM ( 1920): setModifier Normal, en=1
I/AudioHardwareTinyALSA( 1920): OutALSA::setDevice: mHandle NULL mode[0], Device[00000002]
I/AudioHardwareTinyALSA( 1920): Open: mDefaults->direction=0 device=0
D/AudioHardwareTinyALSA( 1920): Channel: 2, Samplerate: 44100, Format: 0, Peroid Size: 1024, Period Count: 4
I/AudioHardwareTinyALSA( 1920): before pcm_prepare
D/AudioHardwareTinyALSA( 1920): setPcmInterface: Stream=0x1, iSamplerate=8000++
D/AudioHardwareTinyALSA( 1920): setPcmInterface--
D/AkmSensor( 2259): MeasureSNGLoop: interval.interval = 20000000, doze_max = 19600, prms->enabled = 2
I/InputReader( 2259): Touch event's action is 0x0 (deviceType=0) [pCnt=1, s=0.58257 ]
I/InputDispatcher( 2259): Delivering touch to current input target: action: 0x0
I/InputDispatcher( 2259): Delivering touch to current input target: action: 0x0
I/InputDispatcher( 2259): Delivering touch to current input target: action: 0x0
D/MotionEngine( 2259): [EXEC CAMERA] INIT..........
D/MotionEngine( 2259): [LIST SCROLL] MOTION_EVENT_TILT_LEVEL_ZERO_LAND 11 18 25 11 18 25
I/InputReader( 2259): Touch event's action is 0x1 (deviceType=0) [pCnt=1, s=]
I/InputDispatcher( 2259): Delivering touch to current input target: action: 0x1
I/InputDispatcher( 2259): Delivering touch to current input target: action: 0x1
I/InputDispatcher( 2259): Delivering touch to current input target: action: 0x1
D/MotionEngine( 2259): [ACC DIRECT CALL] 11111111 ACC PROX READY STATE.........
V/WindowOrientationListener( 2259): Proposed rotation changed! proposedRotation=0, oldProposedRotation=-1currentRotation = -1
V/MotionRecognitionService( 2259): .updateOrientation : rotation = 0
I/InputReader( 2259): Touch event's action is 0x0 (deviceType=0) [pCnt=1, s=0.58258 ]
I/InputDispatcher( 2259): Delivering touch to current input target: action: 0x0
I/InputDispatcher( 2259): Delivering touch to current input target: action: 0x0
I/InputDispatcher( 2259): Delivering touch to current input target: action: 0x0
I/InputReader( 2259): Touch event's action is 0x1 (deviceType=0) [pCnt=1, s=]
I/InputDispatcher( 2259): Delivering touch to current input target: action: 0x1
I/InputDispatcher( 2259): Delivering touch to current input target: action: 0x1
I/InputDispatcher( 2259): Delivering touch to current input target: action: 0x1
D/MotionEngine( 2259): [@@@ Motion Engine @@@] MOVE Recognition ############ 80
D/MotionEngine( 2259): [@@@ Motion Engine @@@] Event num 71 Occured
I/MotionRecognitionService( 2259): send 71=FLAT ~~
I/InputReader( 2259): Touch event's action is 0x0 (deviceType=0) [pCnt=1, s=0.58259 ]
I/InputDispatcher( 2259): Delivering touch to current input target: action: 0x0
I/InputDispatcher( 2259): Delivering touch to current input target: action: 0x0
I/InputDispatcher( 2259): Delivering touch to current input target: action: 0x0
I/InputReader( 2259): Touch event's action is 0x1 (deviceType=0) [pCnt=1, s=]
I/InputDispatcher( 2259): Delivering touch to current input target: action: 0x1
I/InputDispatcher( 2259): Delivering touch to current input target: action: 0x1
I/InputDispatcher( 2259): Delivering touch to current input target: action: 0x1
D/STATUSBAR-NetworkController( 2707): refreshSignalCluster: data=0 bt=false
D/STATUSBAR-SignalClusterView( 2707): mSeparateMobileGroup=8
D/STATUSBAR-SignalClusterView( 2707): mSeparateMobileGroup=8
D/STATUSBAR-SignalClusterView( 2707): mSeparateMobileGroup=8
I/InputReader( 2259): Touch event's action is 0x0 (deviceType=0) [pCnt=1, s=0.58260 ]
I/InputDispatcher( 2259): Delivering touch to current input target: action: 0x0
I/InputDispatcher( 2259): Delivering touch to current input target: action: 0x0
I/InputDispatcher( 2259): Delivering touch to current input target: action: 0x0
I/InputReader( 2259): Touch event's action is 0x1 (deviceType=0) [pCnt=1, s=]
I/InputDispatcher( 2259): Delivering touch to current input target: action: 0x1
I/InputDispatcher( 2259): Delivering touch to current input target: action: 0x1
I/InputDispatcher( 2259): Delivering touch to current input target: action: 0x1
D/MotionEngine( 2259): [@@@ Motion Engine @@@] MOVE Recognition ############ 100
D/MotionEngine( 2259): [TURN OVER] ##### Init
I/InputReader( 2259): Touch event's action is 0x0 (deviceType=0) [pCnt=1, s=0.58261 ]
I/InputDispatcher( 2259): Delivering touch to current input target: action: 0x0
I/InputDispatcher( 2259): Delivering touch to current input target: action: 0x0
I/InputDispatcher( 2259): Delivering touch to current input target: action: 0x0
D/MotionEngine( 2259): [@@@ Motion Engine @@@] GetMotionScenarioId -0.277727 6.493075 8.418014 -0.014583 -0.274167 -0.812000 51 20
D/MotionEngine( 2259): [@@@ Motion Engine @@@] MOVE Recognition ############ 200
D/MotionEngine( 2259): [@@@ Motion Engine @@@] Event num 98 Occured
D/MotionEngine( 2259): [VOLUME DOWN] READY STATE SATISFIED...........
I/InputReader( 2259): Touch event's action is 0x1 (deviceType=0) [pCnt=1, s=]
I/InputDispatcher( 2259): Delivering touch to current input target: action: 0x1
I/InputDispatcher( 2259): Delivering touch to current input target: action: 0x1
I/InputDispatcher( 2259): Delivering touch to current input target: action: 0x1
I/InputReader( 2259): Touch event's action is 0x0 (deviceType=0) [pCnt=1, s=0.58262 ]
I/InputDispatcher( 2259): Delivering touch to current input target: action: 0x0
I/InputDispatcher( 2259): Delivering touch to current input target: action: 0x0
I/InputDispatcher( 2259): Delivering touch to current input target: action: 0x0
I/InputReader( 2259): Touch event's action is 0x1 (deviceType=0) [pCnt=1, s=]
I/InputDispatcher( 2259): Delivering touch to current input target: action: 0x1
I/InputDispatcher( 2259): Delivering touch to current input target: action: 0x1
I/InputDispatcher( 2259): Delivering touch to current input target: action: 0x1
E/OMXCodec( 1920): [OMX.google.vorbis.decoder] err = -1011
I/InputReader( 2259): Touch event's action is 0x0 (deviceType=0) [pCnt=1, s=0.58263 ]
I/InputDispatcher( 2259): Delivering touch to current input target: action: 0x0
I/InputDispatcher( 2259): Delivering touch to current input target: action: 0x0
I/InputDispatcher( 2259): Delivering touch to current input target: action: 0x0
I/InputReader( 2259): Touch event's action is 0x1 (deviceType=0) [pCnt=1, s=]
I/InputDispatcher( 2259): Delivering touch to current input target: action: 0x1
I/InputDispatcher( 2259): Delivering touch to current input target: action: 0x1
I/InputDispatcher( 2259): Delivering touch to current input target: action: 0x1
V/AwesomePlayer( 1920): MEDIA_PLAYBACK_COMPLETE
V/AwesomePlayer( 1920): notifyListner_l() msg (2-MEDIA_PLAYBACK_COMPLETE), ext1 (0), ext2 (0)
V/MediaPlayerService( 1920): [1911] notify (0x41b27220, 2, 0, 0)
V/AudioSink( 1920): stop
V/LvOutput( 1920): initCheck: 0
V/LvOutput( 1920): detachEffects: detach processing for output 2, stream 5, session 6337
V/LvOutput( 1920): detachEffects: no output processing was attached to this stream
V/AudioPolicyManagerBase( 1920): stopOutput() output 2, stream 5, session 6337
V/AudioPolicyManagerBase( 1920): changeRefCount() stream 5, count 0
V/AudioPolicyManagerBase( 1920): getNewDevice() selected device 0
V/AudioPolicyManagerBase( 1920): setOutputDevice() output 2 device 0000 force 0 delayMs 184
V/AudioPolicyManagerBase( 1920): setOutputDevice() prevDevice 0002
V/AudioPolicyManagerBase( 1920): setOutputDevice() setting same device 0000 or null device for output 2
V/MediaPlayer( 2707): message received msg=2, ext1=0, ext2=0
V/MediaPlayer( 2707): playback complete
V/MediaPlayer( 2707): callback application
V/MediaPlayer( 2707): back from callback
I/AudioService( 2259): AudioFocus abandonAudioFocus() from 2707
D/MotionRecognitionManager( 2259): @ member 0 = com.android.server.NotificationManagerService$OverTurnPlayer$1@42360f18
D/SensorManager( 2259): unregisterListener:: Listener= android.hardware.motion.MotionRecognitionService$4@41fd1708
I/SensorManager( 2259): Set min delay = 200000
I/SensorManager( 2259): Set min delay = 200000
D/MotionRecognitionService( 2259): .unregisterCallback : 0, client=com.android.server.NotificationManagerService$OverTurnPlayer$1@42360f18
I/SensorManager( 2259): Before sending... delay = 200000
D/Sensors ( 2259): Remain listener = android.view.WindowOrientationListener$SensorEventListenerImpl@424160b0
I/Sensors ( 2259): sendDelay --- 200000000
I/SensorService( 2259): info.selectDelay() ns=200000000
D/iNemoSensor( 2259): setDelay(): handle(0), en(200000000)
I/iNemoSensor( 2259): iNemoSensor::skip update_delay wanted_gyro = 20000000 current delay = 20000000
I/iNemoSensor( 2259): update_delay wanted_accel = 200000000
D/SensorService( 2259): SensorDevice::setDelay, Return(true 1, false 0) = 1
D/SensorManager( 2259): JNI - sendDelay
D/SensorManager( 2259): unregisterListener:: Listener= android.hardware.motion.MotionRecognitionService$5@41fd03b8
I/iNemoSensor( 2259): enable(): handle(5), en(0), what(1)
D/iNemoSensor( 2259): enableDev() : path(/sys/class/input/event4/device/enable), val(0)
D/iNemoSensor( 2259): enable(): MASK_ACC (1) MASK_MAG (0) MASK_GYR (0)
D/iNemoSensor( 2259): enable(): mEnAcc(1) mEnMag(0) mEnGyr(0)
I/iNemoSensor( 2259): skip update_delay wanted_accel = 200000000 current delay = 200000000
D/SensorService( 2259): SensorDevice::activate (enable 1, disable 0) = 0
D/SensorService( 2259): activating sensor disable handle=5
D/SensorService( 2259): activating sensor disable, Done!
D/SensorService( 2259): SensorDevice::activating sensor handle=5 ns=20000000
D/iNemoSensor( 2259): setDelay(): handle(5), en(20000000)
I/iNemoSensor( 2259): skip update_delay wanted_accel = 200000000 current delay = 200000000
D/MotionRecognitionService( 2259): .checkSettingEngineEnabled : true
E/MotionRecognitionService( 2259): Cancel reactive alert mode
D/MotionRecognitionService( 2259): disableAccINT
D/SensorManager( 2259): unregisterListener:: Listener= android.view.WindowOrientationListener$SensorEventListenerImpl@422b7908
D/AkmSensor( 2259): MeasureSNGLoop: interval.interval = 200000000, doze_max = 196000, prms->enabled = 2
I/SensorManager( 2259): Set min delay = 200000
I/SensorManager( 2259): Before sending... delay = 200000
D/Sensors ( 2259): Remain listener = android.view.WindowOrientationListener$SensorEventListenerImpl@424160b0
I/Sensors ( 2259): sendDelay --- 200000000
I/SensorService( 2259): info.selectDelay() ns=200000000
D/iNemoSensor( 2259): setDelay(): handle(0), en(200000000)
I/iNemoSensor( 2259): skip update_delay wanted_accel = 200000000 current delay = 200000000
D/SensorService( 2259): SensorDevice::setDelay, Return(true 1, false 0) = 1
D/SensorManager( 2259): JNI - sendDelay
I/MotionRecognitionManager( 2259): .unregisterListener : / listener count = 1->0, listener=com.android.server.NotificationManagerService$OverTurnPlayer$1@42360f18
D/MotionRecognitionService( 2259): disableAccINT Complete!!
V/WindowOrientationListener( 2259): WindowOrientationListener disabled
D/MotionRecognitionService( 2259): .finalizeMotionEngine
I/STATUSBAR-NotificationService( 2259): UnReg. OverTurn
I/InputReader( 2259): Touch event's action is 0x0 (deviceType=0) [pCnt=1, s=0.58264 ]
I/InputDispatcher( 2259): Delivering touch to current input target: action: 0x0
I/InputDispatcher( 2259): Delivering touch to current input target: action: 0x0
I/InputDispatcher( 2259): Delivering touch to current input target: action: 0x0
I/InputReader( 2259): Touch event's action is 0x1 (deviceType=0) [pCnt=1, s=]
I/InputDispatcher( 2259): Delivering touch to current input target: action: 0x1
I/InputDispatcher( 2259): Delivering touch to current input target: action: 0x1
I/InputDispatcher( 2259): Delivering touch to current input target: action: 0x1
D/PowerManagerService( 2259): mIsSipVisible : true
D/ApplicationPolicy( 2259): isStatusBarNotificationAllowed: packageName = android
D/STATUSBAR-NotificationService( 2259): Noti Alert - mSystemReady:true, AlertEnabled:true
D/StatusBar( 2707): expanding top notification at 1entry.userCollapsed() = false
V/MediaPlayer-JNI(26559): native_setup
V/MediaPlayer(26559): constructor
V/MediaPlayer(26559): setListener
V/MediaPlayer-JNI(26559): setAudioStreamType: 5
V/MediaPlayer(26559): MediaPlayer::setAudioStreamType
I/MediaPlayer(26559): path is null
V/MediaPlayer-JNI(26559): setDataSourceFD: fd 86
V/MediaPlayer(26559): setDataSource(86, 472080, 4568)
V/MediaPlayerService( 1920): Client(1912) constructor
V/MediaPlayerService( 1920): Create new client(1912) from pid 26559, uid 10136,
V/MediaPlayerService( 1920): setDataSource fd=86, offset=472080, length=4568
V/MediaPlayerService( 1920): st_dev = 45836
V/MediaPlayerService( 1920): st_mode = 33188
V/MediaPlayerService( 1920): st_uid = 1000
V/MediaPlayerService( 1920): st_gid = 1000
V/MediaPlayerService( 1920): st_size = 11805057
V/MediaPlayerService( 1920): player type = 3
V/MediaPlayerService( 1920): create StagefrightPlayer
V/AwesomePlayer( 1920): setDefault
V/AwesomePlayer( 1920): constructor
V/AwesomePlayer( 1920): setDefault
I/AwesomePlayer( 1920): reset
I/AwesomePlayer( 1920): cancel player events
V/AwesomePlayer( 1920): mAudioTrackVector clear
V/StagefrightPlayer( 1920): StagefrightPlayer
V/AwesomePlayer( 1920): setListener
V/StagefrightPlayer( 1920): initCheck
V/AwesomePlayer( 1920): AwesomePlayer running on behalf of uid 10136
V/AudioSink( 1920): AudioOutput(6338)
V/StagefrightPlayer( 1920): setDataSource(86, 472080, 4568)
V/AwesomePlayer( 1920): setDataSource (87, 472080, 4568)
I/AwesomePlayer( 1920): cancel player events
V/AwesomePlayer( 1920): mAudioTrackVector clear
D/WVMDrmPlugIn( 1919): WVMDrmPlugin::onInitialize : 8126
D/WVMDrmPlugIn( 1919): WVMDrmPlugin::onSetOnInfoListener : add 8126
I/DxDrmPluginEngine( 1919): DxDrmFrameworkPlugin::onInitialize(uniqueId = 8126)
I/DxDrmPluginEngine( 1919): DxDrmFrameworkPlugin::onSetOnInfoListener(uniqueId = 8126)
