D/SensorService( 2259): SensorDevice::activating sensor handle=3 ns=200000000
D/lights ( 2259): write pattern : g_led_info = 0
D/lights ( 2259): led_pattern : 0 +
D/lights ( 2259): led_pattern : 0 -
E/Parcel ( 7294): Reading a NULL string not supported here.
D/ ( 7294): Get battery level: 67 .
D/ ( 7294): Get charging state:Discharging
D/ ( 7294): It is not charging
W/SignalStrength( 2259): getGsmLevel=1
W/SignalStrength( 2259): getLevel=1 (SignalStrength: 2 -1 -1 -1 -1 -1 -1 -1 -1 -1 -1 -1 gsm|lte 1)
W/SignalStrength( 2707): getGsmLevel=1
W/SignalStrength( 2707): getLevel=1 (SignalStrength: 2 -1 -1 -1 -1 -1 -1 -1 -1 -1 -1 -1 gsm|lte 1)
W/SignalStrength( 2707): getGsmLevel=1
W/SignalStrength( 2707): getLevel=1 (SignalStrength: 2 -1 -1 -1 -1 -1 -1 -1 -1 -1 -1 -1 gsm|lte 1)
W/SignalStrength( 2259): getGsmDbm=-109
W/SignalStrength( 2259): getDbm=-109
W/SignalStrength( 2259): getGsmAsuLevel=2
W/SignalStrength( 2259): getAsuLevel=2
E/Parcel ( 7294): Reading a NULL string not supported here.
D/ ( 7294): Get battery level: 67 .
D/ ( 7294): Get charging state:Discharging
D/ ( 7294): It is not charging
E/SPPClientService(22757): [PushClientService] onStartCommand. F:false, D:false, E:false, T:false, S:false, R:false
E/Parcel ( 7294): Reading a NULL string not supported here.
D/ ( 7294): Get battery level: 67 .
D/ ( 7294): Get charging state:Discharging
D/ ( 7294): It is not charging
D/ClockAlarmWidgetService(24641): [ClockAlarmWidgetService] onReceive: action = android.intent.action.TIME_TICK
E/ClockAlarmWidget(24641): [AlarmWidgetIdManager] getListItem() : itemIndex=0, widgetID:7
E/ClockAlarmWidget(24641): [AlarmWidgetIdManager] getListItem() : ItemIndex exceed ListItemCount. itemIndex=1
E/ClockAlarmWidget(24641): [AlarmWidgetIdManager] getListItem() : itemIndex=1, widgetID:7
D/ClockAlarmDataProvider(24641): getAlarm() - too many same ID alarm data. nCount: 0
D/ClockWidget( 2259): refreshTime()
D/ClockWidget( 2259): TTS Message = Es ist 20:54., Freitag, Januar 3
E/Parcel ( 7294): Reading a NULL string not supported here.
D/ ( 7294): Get battery level: 67 .
D/ ( 7294): Get charging state:Discharging
D/ ( 7294): It is not charging
D/dalvikvm( 2259): GC_CONCURRENT freed 1798K, 20% free 41835K/51655K, paused 15ms+25ms, total 183ms
V/BackupServiceBinder( 2259): doBackup() invoked
V/BackupServiceBinder( 2259): doBackup() invoked
D/BackupHelperDispatcher( 2259): handling existing helper 'wallpaper' android.app.backup.WallpaperBackupHelper@425be188
D/InputReader( 2259): Input event: value=1
D/InputReader( 2259): Input event: value=1
D/InputReader( 2259): Input event: value=0
D/InputReader( 2259): Input event: value=0
D/KeyguardViewMediator( 2259): onWakeKeyWhenKeyguardShowing(24)
I/SamsungVolumeControl( 2259): in updateInfo()
D/KeyguardViewMediator( 2259): onWakeKeyWhenKeyguardShowing(25)
I/SamsungVolumeControl( 2259): in updateInfo()
I/SamsungVolumeControl( 2259): run() is called.
W/WindowManager( 2259): voice stream active = false, record thread active = false
I/SamsungVolumeControl( 2259): in run(), sleep mSleepDuration=500
E/Parcel ( 7294): Reading a NULL string not supported here.
D/ ( 7294): Get battery level: 67 .
D/ ( 7294): Get charging state:Discharging
D/ ( 7294): It is not charging
I/SamsungVolumeControl( 2259): in run(), Now finish thread.
I/wpa_supplicant(15282): State: COMPLETED -> GROUP_HANDSHAKE
I/wpa_supplicant(15282): CTRL-EVENT-STATE-CHANGE id=8 state=8 BSSID=00.00.00
I/wpa_supplicant(15282): 574C414E2D383439443936
I/wpa_supplicant(15282): WPA: Group rekeying completed with 84.9D.A6 [GTK=CCMP]
I/wpa_supplicant(15282): State: GROUP_HANDSHAKE -> COMPLETED
I/wpa_supplicant(15282): CTRL-EVENT-STATE-CHANGE id=8 state=9 BSSID=00.00.00
I/wpa_supplicant(15282): 574C414E2D383439443936
E/Parcel ( 7294): Reading a NULL string not supported here.
D/ ( 7294): Get battery level: 67 .
D/ ( 7294): Get charging state:Discharging
D/ ( 7294): It is not charging
W/SignalStrength( 2259): getGsmLevel=1
W/SignalStrength( 2259): getLevel=1 (SignalStrength: 3 -1 -1 -1 -1 -1 -1 -1 -1 -1 -1 -1 gsm|lte 1)
W/SignalStrength( 2707): getGsmLevel=1
W/SignalStrength( 2707): getLevel=1 (SignalStrength: 3 -1 -1 -1 -1 -1 -1 -1 -1 -1 -1 -1 gsm|lte 1)
W/SignalStrength( 2707): getGsmLevel=1
W/SignalStrength( 2707): getLevel=1 (SignalStrength: 3 -1 -1 -1 -1 -1 -1 -1 -1 -1 -1 -1 gsm|lte 1)
E/Parcel ( 7294): Reading a NULL string not supported here.
D/ ( 7294): Get battery level: 67 .
D/ ( 7294): Get charging state:Discharging
D/ ( 7294): It is not charging
W/SignalStrength( 2259): getGsmDbm=-107
W/SignalStrength( 2259): getDbm=-107
W/SignalStrength( 2259): getGsmAsuLevel=3
W/SignalStrength( 2259): getAsuLevel=3
D/ClockAlarmWidgetService(24641): [ClockAlarmWidgetService] onReceive: action = android.intent.action.TIME_TICK
E/ClockAlarmWidget(24641): [AlarmWidgetIdManager] getListItem() : itemIndex=0, widgetID:7
E/ClockAlarmWidget(24641): [AlarmWidgetIdManager] getListItem() : ItemIndex exceed ListItemCount. itemIndex=1
E/ClockAlarmWidget(24641): [AlarmWidgetIdManager] getListItem() : itemIndex=1, widgetID:7
D/ClockAlarmDataProvider(24641): getAlarm() - too many same ID alarm data. nCount: 0
D/ClockWidget( 2259): refreshTime()
D/ClockWidget( 2259): TTS Message = Es ist 20:55., Freitag, Januar 3
E/Parcel ( 7294): Reading a NULL string not supported here.
D/ ( 7294): Get battery level: 67 .
D/ ( 7294): Get charging state:Discharging
D/ ( 7294): It is not charging
W/SignalStrength( 2259): getGsmLevel=1
W/SignalStrength( 2259): getLevel=1 (SignalStrength: 2 -1 -1 -1 -1 -1 -1 -1 -1 -1 -1 -1 gsm|lte 1)
W/SignalStrength( 2707): getGsmLevel=1
W/SignalStrength( 2707): getLevel=1 (SignalStrength: 2 -1 -1 -1 -1 -1 -1 -1 -1 -1 -1 -1 gsm|lte 1)
W/SignalStrength( 2707): getGsmLevel=1
W/SignalStrength( 2707): getLevel=1 (SignalStrength: 2 -1 -1 -1 -1 -1 -1 -1 -1 -1 -1 -1 gsm|lte 1)
W/SignalStrength( 2259): getGsmDbm=-109
W/SignalStrength( 2259): getDbm=-109
W/SignalStrength( 2259): getGsmAsuLevel=2
W/SignalStrength( 2259): getAsuLevel=2
E/Parcel ( 7294): Reading a NULL string not supported here.
D/ ( 7294): Get battery level: 67 .
D/ ( 7294): Get charging state:Discharging
D/ ( 7294): It is not charging
D/ClockAlarmWidgetService(24641): [ClockAlarmWidgetService] onReceive: action = android.intent.action.TIME_TICK
E/ClockAlarmWidget(24641): [AlarmWidgetIdManager] getListItem() : itemIndex=0, widgetID:7
E/ClockAlarmWidget(24641): [AlarmWidgetIdManager] getListItem() : ItemIndex exceed ListItemCount. itemIndex=1
E/ClockAlarmWidget(24641): [AlarmWidgetIdManager] getListItem() : itemIndex=1, widgetID:7
D/ClockAlarmDataProvider(24641): getAlarm() - too many same ID alarm data. nCount: 0
D/ClockWidget( 2259): refreshTime()
D/ClockWidget( 2259): TTS Message = Es ist 20:56., Freitag, Januar 3
E/Parcel ( 7294): Reading a NULL string not supported here.
D/ ( 7294): Get battery level: 67 .
D/ ( 7294): Get charging state:Discharging
D/ ( 7294): It is not charging
E/Parcel ( 7294): Reading a NULL string not supported here.
D/ ( 7294): Get battery level: 67 .
D/ ( 7294): Get charging state:Discharging
D/ ( 7294): It is not charging
D/ClockAlarmWidgetService(24641): [ClockAlarmWidgetService] onReceive: action = android.intent.action.TIME_TICK
E/ClockAlarmWidget(24641): [AlarmWidgetIdManager] getListItem() : itemIndex=0, widgetID:7
E/ClockAlarmWidget(24641): [AlarmWidgetIdManager] getListItem() : ItemIndex exceed ListItemCount. itemIndex=1
E/ClockAlarmWidget(24641): [AlarmWidgetIdManager] getListItem() : itemIndex=1, widgetID:7
D/dalvikvm(24641): WAIT_FOR_CONCURRENT_GC blocked 0ms
D/dalvikvm(24641): GC_EXPLICIT freed 376K, 8% free 12244K/13191K, paused 6ms+4ms, total 46ms
D/ClockAlarmDataProvider(24641): getAlarm() - too many same ID alarm data. nCount: 0
D/ClockWidget( 2259): refreshTime()
D/ClockWidget( 2259): TTS Message = Es ist 20:57., Freitag, Januar 3
W/SignalStrength( 2259): getGsmLevel=0
W/SignalStrength( 2259): getLevel=0 (SignalStrength: 2 -1 -1 -1 -1 -1 -1 -1 -1 -1 -1 -1 gsm|lte 0)
W/SignalStrength( 2707): getGsmLevel=0
W/SignalStrength( 2707): getLevel=0 (SignalStrength: 2 -1 -1 -1 -1 -1 -1 -1 -1 -1 -1 -1 gsm|lte 0)
W/SignalStrength( 2707): getGsmLevel=0
W/SignalStrength( 2707): getLevel=0 (SignalStrength: 2 -1 -1 -1 -1 -1 -1 -1 -1 -1 -1 -1 gsm|lte 0)
W/SignalStrength( 2259): getGsmDbm=-109
W/SignalStrength( 2259): getDbm=-109
W/SignalStrength( 2259): getGsmAsuLevel=2
W/SignalStrength( 2259): getAsuLevel=2
E/Parcel ( 7294): Reading a NULL string not supported here.
D/ ( 7294): Get battery level: 67 .
D/ ( 7294): Get charging state:Discharging
D/ ( 7294): It is not charging
W/SignalStrength( 2259): getGsmLevel=0
W/SignalStrength( 2259): getLevel=0 (SignalStrength: 1 -1 -1 -1 -1 -1 -1 -1 -1 -1 -1 -1 gsm|lte 0)
W/SignalStrength( 2259): getGsmDbm=-111
W/SignalStrength( 2259): getDbm=-111
W/SignalStrength( 2259): getGsmAsuLevel=1
W/SignalStrength( 2259): getAsuLevel=1
W/SignalStrength( 2707): getGsmLevel=0
W/SignalStrength( 2707): getLevel=0 (SignalStrength: 1 -1 -1 -1 -1 -1 -1 -1 -1 -1 -1 -1 gsm|lte 0)
W/SignalStrength( 2707): getGsmLevel=0
W/SignalStrength( 2707): getLevel=0 (SignalStrength: 1 -1 -1 -1 -1 -1 -1 -1 -1 -1 -1 -1 gsm|lte 0)
D/dalvikvm(26559): GC_CONCURRENT freed 498K, 8% free 14019K/15111K, paused 23ms+10ms, total 102ms
V/MediaPlayer-JNI(26559): native_setup
V/MediaPlayer(26559): constructor
V/MediaPlayer(26559): setListener
V/MediaPlayer-JNI(26559): setAudioStreamType: 5
V/MediaPlayer(26559): MediaPlayer::setAudioStreamType
I/ActivityThread(27791): Pub downloads: com.android.providers.downloads.DownloadProvider
D/ApplicationPolicy( 2259): isStatusBarNotificationAllowed: packageName = com.whatsapp
D/ClockWidget( 2259): received MISSED_EVENT intent !!
D/SensorService( 2259): info.rates.add, set DEFAULT_EVENTS_PERIOD
D/SensorService( 2259): SensorDevice::activate (enable 1, disable 0) = 1
D/SensorService( 2259): activating sensor enable handle=3
D/SensorService( 2259): activating sensor enable, Done!
D/SensorService( 2259): SensorDevice::activating sensor handle=3 ns=200000000
I/SensorService( 2259): info.selectDelay() ns=200000000
D/SensorService( 2259): SensorDevice::setDelay, Return(true 1, false 0) = 1
D/SensorManager( 2259): registerListener :: handle = 3 name= CM36651 Light sensor delay= 200000 Listener= com.android.server.LightsService$4@423c46d0
I/ActivityThread(27791): Pub drm: com.android.providers.drm.DrmProvider
I/ActivityThread(27791): Pub media: com.android.providers.media.MediaProvider
W/ResourceType( 2707): Attempt to retrieve bag 0x01030068 which is invalid or in a cycle.
W/ResourceType( 2707): Attempt to retrieve bag 0x01030067 which is invalid or in a cycle.
D/MediaScanner(27791): Scanner initMutex res = 0
W/ResourceType( 2707): Attempt to retrieve bag 0x010301f2 which is invalid or in a cycle.
D/SensorManager( 2259): unregisterListener:: Listener= com.android.server.LightsService$4@423c46d0
D/SensorService( 2259): SensorDevice::activate (enable 1, disable 0) = 0
D/SensorService( 2259): activating sensor disable handle=3
D/SensorService( 2259): activating sensor disable, Done!
D/SensorService( 2259): SensorDevice::activating sensor handle=3 ns=200000000
D/lights ( 2259): write pattern : g_led_info = 4
D/lights ( 2259): write : /sys/class/sec/led/led_blink = 0xffff00ff 1000 4000
D/lights ( 2259):
E/lights ( 2259): g_led_info = 0x4
D/facerecognition(27791): FR_FileOpen /sdcard/.face/facedata=55
D/facerecognition(27791): FR_FileOpen /data/user/0/com.android.providers.media/face/facedata=56
I/ActivityThread(27791): Pub sisodownloads: com.sec.android.providers.downloads.SecDownloadProvider
V/MediaPlayer-JNI(26559): setDataSourceFD: fd 75
V/MediaPlayer(26559): setDataSource(75, 0, 576460752303423487)
V/MediaPlayerService( 1920): Client(1909) constructor
V/MediaPlayerService( 1920): Create new client(1909) from pid 26559, uid 10136,
V/MediaPlayerService( 1920): setDataSource fd=71, offset=0, length=576460752303423487
V/MediaPlayerService( 1920): st_dev = 45833
V/MediaPlayerService( 1920): st_mode = 33188
V/MediaPlayerService( 1920): st_uid = 0
V/MediaPlayerService( 1920): st_gid = 0
V/MediaPlayerService( 1920): st_size = 13701
V/MediaPlayerService( 1920): calculated length = 13701
V/MediaPlayerService( 1920): player type = 3
V/MediaPlayerService( 1920): create StagefrightPlayer
V/AwesomePlayer( 1920): setDefault
V/AwesomePlayer( 1920): constructor
V/AwesomePlayer( 1920): setDefault
I/AwesomePlayer( 1920): reset
I/AwesomePlayer( 1920): cancel player events
V/AwesomePlayer( 1920): mAudioTrackVector clear
V/StagefrightPlayer( 1920): StagefrightPlayer
V/AwesomePlayer( 1920): setListener
V/StagefrightPlayer( 1920): initCheck
V/AwesomePlayer( 1920): AwesomePlayer running on behalf of uid 10136
V/AudioSink( 1920): AudioOutput(6330)
V/StagefrightPlayer( 1920): setDataSource(71, 0, 13701)
V/AwesomePlayer( 1920): setDataSource (73, 0, 13701)
I/AwesomePlayer( 1920): cancel player events
V/AwesomePlayer( 1920): mAudioTrackVector clear
V/AwesomePlayer( 1920): track of type 'audio/vorbis' does not publish bitrate
V/AwesomePlayer( 1920): mBitrate = -1 bits/sec
W/AwesomePlayer( 1920): couldn't get userdata - Weather
W/AwesomePlayer( 1920): couldn't get userdata - Authorization
W/AwesomePlayer( 1920): couldn't get userdata - SnapShot
V/AwesomePlayer( 1920): current audio track (0)
V/AwesomePlayer( 1920): current audio track (0) is added to vector[0]
V/AwesomePlayer( 1920): setDataSource_l: Audio(1), Video(0)
I/AwesomePlayer( 1920): AwesomePlayer::setDataSource_l():: This is not a DRM content
V/MediaPlayerService( 1920): setDataSource
V/MediaPlayer-JNI(26559): setLooping: 0
V/MediaPlayer(26559): MediaPlayer::setLooping
V/MediaPlayerService( 1920): [1909] setLooping(0)
V/StagefrightPlayer( 1920): setLooping
V/AwesomePlayer( 1920): setLooping (0)
V/MediaPlayer(26559): setVideoSurfaceTexture
V/MediaPlayerService( 1920): [1909] setVideoSurfaceTexture(0x0)
V/MediaPlayer(26559): prepare
V/MediaPlayerService( 1920): [1909] setAudioStreamType(5)
V/MediaPlayerService( 1920): [1909] prepareAsync
V/AwesomePlayer( 1920): prepareAsync
V/AwesomePlayer( 1920): onPrepareAsyncEvent
V/AwesomePlayer( 1920): notifyListner_l() msg (5-MEDIA_SET_VIDEO_SIZE), ext1 (0), ext2 (0)
V/MediaPlayerService( 1920): [1909] notify (0x41b27220, 5, 0, 0)
V/AwesomePlayer( 1920): notifyListner_l() msg (1-MEDIA_PREPARED), ext1 (0), ext2 (0)
V/MediaPlayerService( 1920): [1909] notify (0x41b27220, 1, 0, 0)
V/MediaPlayer(26559): message received msg=5, ext1=0, ext2=0
V/MediaPlayer(26559): New video size 0 x 0
V/MediaPlayer(26559): callback application
V/MediaPlayer(26559): back from callback
V/MediaPlayer(26559): message received msg=1, ext1=0, ext2=0
V/MediaPlayer(26559): prepared
V/MediaPlayer(26559): signal application thread
V/MediaPlayer(26559): callback application
V/MediaPlayer(26559): back from callback
V/MediaPlayer(26559): prepare complete - status=0
V/MediaPlayer-JNI(26559): start
V/MediaPlayer(26559): start
V/MediaPlayerService( 1920): [1909] setLooping(0)
V/StagefrightPlayer( 1920): setLooping
V/AwesomePlayer( 1920): setLooping (0)
V/MediaPlayerService( 1920): [1909] setVolume(1.000000, 1.000000)
V/AudioSink( 1920): setVolume(1.000000, 1.000000)
I/MediaPlayer(26559): Don't send intent. msg.arg1 = 0, msg.arg2 = 0
V/MediaPlayerService( 1920): [1909] setAuxEffectSendLevel(0.000000)
V/AudioSink( 1920): setAuxEffectSendLevel(0.000000)
V/MediaPlayerService( 1920): [1909] start
V/StagefrightPlayer( 1920): setLooping
V/AwesomePlayer( 1920): setLooping (0)
V/StagefrightPlayer( 1920): start
V/AwesomePlayer( 1920): play
V/AwesomePlayer( 1920): AwesomePlayer::play_l():: This is not a DRM content
I/AudioPlayer( 1920): Audioplayer kKeyAudioPCMFormat:1, 1, 0
I/AudioPlayer( 1920): Audioplayer1 (1, 1)
V/AudioSink( 1920): open(44100, 1, 0x0, 1, 4, 6330)
E/AudioPolicyService( 1920): getOutput() tid 12626 ++
E/AudioPolicyService( 1920): getOutput() tid 12626 --
V/AudioPolicyManagerBase( 1920): getOutput() stream 5, samplingRate 0, format 0, channelMask 3, flags 0
V/AudioPolicyManagerBase( 1920): getOutputsForDevice device 0002 -> 0002
V/AudioPolicyManagerBase( 1920): getOutput() returns output 2
E/AudioPolicyService( 1920): getOutput() tid 12626 ++
E/AudioPolicyService( 1920): getOutput() tid 12626 --
V/AudioPolicyManagerBase( 1920): getOutput() stream 5, samplingRate 0, format 0, channelMask 3, flags 0
V/AudioPolicyManagerBase( 1920): getOutputsForDevice device 0002 -> 0002
V/AudioPolicyManagerBase( 1920): getOutput() returns output 2
E/AudioPolicyService( 1920): getOutput() tid 12626 ++
E/AudioPolicyService( 1920): getOutput() tid 12626 --
V/AudioPolicyManagerBase( 1920): getOutput() stream 5, samplingRate 44100, format 1, channelMask 1, flags 0
V/AudioPolicyManagerBase( 1920): getOutputsForDevice device 0002 -> 0002
V/AudioPolicyManagerBase( 1920): getOutput() returns output 2
V/AudioSink( 1920): setVolume
E/AudioPolicyService( 1920): getOutput() tid 12626 ++
E/AudioPolicyService( 1920): getOutput() tid 12626 --
V/AudioPolicyManagerBase( 1920): getOutput() stream 5, samplingRate 0, format 0, channelMask 3, flags 0
V/AudioPolicyManagerBase( 1920): getOutputsForDevice device 0002 -> 0002
V/AudioPolicyManagerBase( 1920): getOutput() returns output 2
V/AudioSink( 1920): start
V/LvOutput( 1920): initCheck: 0
V/LvOutput( 1920): attachEffects: attach processing to output 2, stream 5, session 6330, mode 0
V/LvOutput( 1920): attachEffects: no output processing needs to be attached to this stream
V/LvOutput( 1920): LvOutput::setAllProcessorEnabled(false) mOutputs.size(118)
V/AudioPolicyManagerBase( 1920): startOutput() output 2, stream 5, session 6330
V/AudioPolicyManagerBase( 1920): changeRefCount() stream 5, count 1
V/AudioPolicyManagerBase( 1920): getNewDevice() selected device 2
V/AudioPolicyManagerBase( 1920): setOutputDevice() output 2 device 0002 force 0 delayMs 0
V/AudioPolicyManagerBase( 1920): setOutputDevice() prevDevice 0002
V/AudioPolicyManagerBase( 1920): setOutputDevice() setting same device 0002 or null device for output 2
I/AudioMixer( 1920): setParameter(TRACK, FORMAT, 0x1)
E/AudioMixer( 1920): MOON > checkSEC_PCM ++ 1
I/AudioHardwareTinyALSA( 1920): AudioStreamOutALSA::write setDevice
D/AudioHardwareTinyALSA( 1920): OutALSA::setDevice: mode = 0, newDevice=0x2, currentDevice=0x2 ,force= 0
D/AudioHardwareTinyALSA( 1920): OutALSA::setDevice: mDevice 0x2, newDevice = 0x2
D/AudioHardwareTinyALSA( 1920): setOutputVolume
D/TinyUCM ( 1920): setModifier Normal, en=1
I/AudioHardwareTinyALSA( 1920): OutALSA::setDevice: mHandle NULL mode[0], Device[00000002]
I/AudioHardwareTinyALSA( 1920): Open: mDefaults->direction=0 device=0
D/AudioHardwareTinyALSA( 1920): Channel: 2, Samplerate: 44100, Format: 0, Peroid Size: 1024, Period Count: 4
I/AudioHardwareTinyALSA( 1920): before pcm_prepare
D/AudioHardwareTinyALSA( 1920): setPcmInterface: Stream=0x1, iSamplerate=8000++
D/AudioHardwareTinyALSA( 1920): setPcmInterface--
D/dalvikvm( 2259): GC_CONCURRENT freed 1722K, 19% free 42061K/51655K, paused 29ms+14ms, total 213ms
E/OMXCodec( 1920): [OMX.google.vorbis.decoder] err = -1011
V/AwesomePlayer( 1920): MEDIA_PLAYBACK_COMPLETE
V/AwesomePlayer( 1920): notifyListner_l() msg (2-MEDIA_PLAYBACK_COMPLETE), ext1 (0), ext2 (0)
V/MediaPlayerService( 1920): [1909] notify (0x41b27220, 2, 0, 0)
V/AudioSink( 1920): stop
V/LvOutput( 1920): initCheck: 0
V/LvOutput( 1920): detachEffects: detach processing for output 2, stream 5, session 6330
V/LvOutput( 1920): detachEffects: no output processing was attached to this stream
V/AudioPolicyManagerBase( 1920): stopOutput() output 2, stream 5, session 6330
V/AudioPolicyManagerBase( 1920): changeRefCount() stream 5, count 0
V/AudioPolicyManagerBase( 1920): getNewDevice() selected device 0
V/AudioPolicyManagerBase( 1920): setOutputDevice() output 2 device 0000 force 0 delayMs 184
V/AudioPolicyManagerBase( 1920): setOutputDevice() prevDevice 0002
V/AudioPolicyManagerBase( 1920): setOutputDevice() setting same device 0000 or null device for output 2
V/MediaPlayer(26559): message received msg=2, ext1=0, ext2=0
V/MediaPlayer(26559): playback complete
V/MediaPlayer(26559): callback application
V/MediaPlayer(26559): back from callback
D/dalvikvm(26559): GC_CONCURRENT freed 374K, 7% free 14173K/15175K, paused 19ms+19ms, total 105ms
E/Watchdog( 2259): !@Sync 11497
I/System.out(26559): Not a DRM File, opening notmally
I/System.out(26559): buffer returned
D/dalvikvm(27812): GC_CONCURRENT freed 171K, 6% free 12452K/13191K, paused 20ms+3ms, total 50ms
D/dalvikvm(27812): WAIT_FOR_CONCURRENT_GC blocked 15ms
D/dalvikvm(26559): GC_FOR_ALLOC freed 91K, 7% free 14206K/15175K, paused 200ms, total 201ms
I/dalvikvm-heap(26559): Grow heap (frag case) to 14.904MB for 500816-byte allocation
D/dalvikvm(27826): GC_CONCURRENT freed 179K, 6% free 12445K/13191K, paused 17ms+3ms, total 43ms
D/dalvikvm(27826): WAIT_FOR_CONCURRENT_GC blocked 10ms
D/dalvikvm(26559): GC_FOR_ALLOC freed <1K, 7% free 14695K/15687K, paused 125ms, total 125ms
D/ApplicationPolicy( 2259): isStatusBarNotificationAllowed: packageName = com.whatsapp
D/dalvikvm( 2707): WAIT_FOR_CONCURRENT_GC blocked 0ms
D/ClockWidget( 2259): received MISSED_EVENT intent !!
D/lights ( 2259): write pattern : g_led_info = 0
D/lights ( 2259): led_pattern : 0 +
D/lights ( 2259): led_pattern : 0 -
D/dalvikvm( 2707): GC_EXPLICIT freed 311K, 46% free 17398K/32071K, paused 4ms+4ms, total 85ms
D/dalvikvm(27791): GC_CONCURRENT freed 282K, 7% free 12296K/13191K, paused 2ms+9ms, total 121ms
D/MediaScanner(27791): Constructor set externalStorageSdPath : /storage/extSdCard
D/MediaScanner(27791): scanSingleFile : 7klwibgf7kdcbid(7OpblkBhh7Vfdrb7OpblkBhh Rvbgfk7RVG6)(*,(*(+6OB((()5qhg
D/AudioHardwareTinyALSA( 1920): Entering AudioStreamOutALSA standby mode
I/AudioHardwareTinyALSA( 1920): Close mHandle:41bb0570
E/Parcel ( 7294): Reading a NULL string not supported here.
D/ ( 7294): Get battery level: 67 .
D/ ( 7294): Get charging state:Discharging
D/ ( 7294): It is not charging
W/SignalStrength( 2707): getGsmLevel=0
W/SignalStrength( 2707): getLevel=0 (SignalStrength: 0 -1 -1 -1 -1 -1 -1 -1 -1 -1 -1 -1 gsm|lte 0)
W/SignalStrength( 2707): getGsmLevel=0
W/SignalStrength( 2707): getLevel=0 (SignalStrength: 0 -1 -1 -1 -1 -1 -1 -1 -1 -1 -1 -1 gsm|lte 0)
W/SignalStrength( 2259): getGsmLevel=0
W/SignalStrength( 2259): getLevel=0 (SignalStrength: 0 -1 -1 -1 -1 -1 -1 -1 -1 -1 -1 -1 gsm|lte 0)
W/SignalStrength( 2259): getGsmDbm=-113
W/SignalStrength( 2259): getDbm=-113
W/SignalStrength( 2259): getGsmAsuLevel=0
W/SignalStrength( 2259): getAsuLevel=0
E/Parcel ( 7294): Reading a NULL string not supported here.
D/ ( 7294): Get battery level: 67 .
D/ ( 7294): Get charging state:Discharging
D/ ( 7294): It is not charging
E/Parcel ( 7294): Reading a NULL string not supported here.
D/ ( 7294): Get battery level: 67 .
D/ ( 7294): Get charging state:Discharging
D/ ( 7294): It is not charging
W/SignalStrength( 2259): getGsmLevel=1
W/SignalStrength( 2259): getLevel=1 (SignalStrength: 0 -1 -1 -1 -1 -1 -1 -1 -1 -1 -1 -1 gsm|lte 1)
W/SignalStrength( 2707): getGsmLevel=1
W/SignalStrength( 2707): getLevel=1 (SignalStrength: 0 -1 -1 -1 -1 -1 -1 -1 -1 -1 -1 -1 gsm|lte 1)
W/SignalStrength( 2707): getGsmLevel=1
W/SignalStrength( 2707): getLevel=1 (SignalStrength: 0 -1 -1 -1 -1 -1 -1 -1 -1 -1 -1 -1 gsm|lte 1)
W/SignalStrength( 2259): getGsmDbm=-113
W/SignalStrength( 2259): getDbm=-113
W/SignalStrength( 2259): getGsmAsuLevel=0
W/SignalStrength( 2259): getAsuLevel=0
E/Parcel ( 7294): Reading a NULL string not supported here.
D/ ( 7294): Get battery level: 67 .
D/ ( 7294): Get charging state:Discharging
D/ ( 7294): It is not charging
V/MediaPlayer-JNI(26559): stop
V/MediaPlayer(26559): stop
V/MediaPlayerService( 1920): [1909] stop
V/StagefrightPlayer( 1920): stop
V/StagefrightPlayer( 1920): pause
V/AwesomePlayer( 1920): pause
V/MediaPlayer-JNI(26559): release
V/MediaPlayer(26559): setListener
V/MediaPlayer(26559): disconnect
V/MediaPlayerService( 1920): disconnect(1909) from pid 26559
V/StagefrightPlayer( 1920): reset
I/AwesomePlayer( 1920): reset
I/AwesomePlayer( 1920): cancel player events
V/AwesomePlayer( 1920): mAudioTrackVector clear
V/AudioSink( 1920): stop
I/AudioSink( 1920): +++ close
V/AudioPolicyManagerBase( 1920): releaseOutput() 2
I/AudioSink( 1920): --- close
I/OMXCodec( 1920): [OMX.google.vorbis.decoder] stop() sendCommand(0x1cf5, OMX_CommandStateSet, OMX_StateIdle)
I/OMXCodec( 1920): [OMX.google.vorbis.decoder] stopped in state 1
V/StagefrightPlayer( 1920): ~StagefrightPlayer
V/StagefrightPlayer( 1920): reset
I/AwesomePlayer( 1920): reset
I/AwesomePlayer( 1920): cancel player events
V/AwesomePlayer( 1920): mAudioTrackVector clear
I/AwesomePlayer( 1920): reset
I/AwesomePlayer( 1920): cancel player events
V/AwesomePlayer( 1920): mAudioTrackVector clear
V/AwesomePlayer( 1920): ~AwesomePlayer()
V/MediaPlayer(26559): destructor
V/MediaPlayerService( 1920): Client(1909) destructor pid = 26559
I/AudioSink( 1920): +++ close
I/AudioSink( 1920): --- close
V/MediaPlayerService( 1920): disconnect(1909) from pid 26559
V/MediaPlayer(26559): disconnect
D/ClockAlarmWidgetService(24641): [ClockAlarmWidgetService] onReceive: action = android.intent.action.TIME_TICK
E/ClockAlarmWidget(24641): [AlarmWidgetIdManager] getListItem() : itemIndex=0, widgetID:7
E/ClockAlarmWidget(24641): [AlarmWidgetIdManager] getListItem() : ItemIndex exceed ListItemCount. itemIndex=1
E/ClockAlarmWidget(24641): [AlarmWidgetIdManager] getListItem() : itemIndex=1, widgetID:7
D/ClockAlarmDataProvider(24641): getAlarm() - too many same ID alarm data. nCount: 0
D/ClockWidget( 2259): refreshTime()
D/ClockWidget( 2259): TTS Message = Es ist 20:58., Freitag, Januar 3
W/SignalStrength( 2707): getGsmLevel=1
W/SignalStrength( 2707): getLevel=1 (SignalStrength: 3 -1 -1 -1 -1 -1 -1 -1 -1 -1 -1 -1 gsm|lte 1)
W/SignalStrength( 2707): getGsmLevel=1
W/SignalStrength( 2707): getLevel=1 (SignalStrength: 3 -1 -1 -1 -1 -1 -1 -1 -1 -1 -1 -1 gsm|lte 1)
W/SignalStrength( 2259): getGsmLevel=1
W/SignalStrength( 2259): getLevel=1 (SignalStrength: 3 -1 -1 -1 -1 -1 -1 -1 -1 -1 -1 -1 gsm|lte 1)
W/SignalStrength( 2259): getGsmDbm=-107
W/SignalStrength( 2259): getDbm=-107
W/SignalStrength( 2259): getGsmAsuLevel=3
W/SignalStrength( 2259): getAsuLevel=3
E/Parcel ( 7294): Reading a NULL string not supported here.
D/ ( 7294): Get battery level: 67 .
D/ ( 7294): Get charging state:Discharging
D/ ( 7294): It is not charging
D/ClockAlarmWidgetService(24641): [ClockAlarmWidgetService] onReceive: action = android.intent.action.TIME_TICK
E/ClockAlarmWidget(24641): [AlarmWidgetIdManager] getListItem() : itemIndex=0, widgetID:7
E/ClockAlarmWidget(24641): [AlarmWidgetIdManager] getListItem() : ItemIndex exceed ListItemCount. itemIndex=1
E/ClockAlarmWidget(24641): [AlarmWidgetIdManager] getListItem() : itemIndex=1, widgetID:7
D/ClockAlarmDataProvider(24641): getAlarm() - too many same ID alarm data. nCount: 0
D/ClockWidget( 2259): refreshTime()
D/ClockWidget( 2259): TTS Message = Es ist 20:59., Freitag, Januar 3
E/Parcel ( 7294): Reading a NULL string not supported here.
D/ ( 7294): Get battery level: 67 .
D/ ( 7294): Get charging state:Discharging
D/ ( 7294): It is not charging
E/Parcel ( 7294): Reading a NULL string not supported here.
D/ ( 7294): Get battery level: 67 .
D/ ( 7294): Get charging state:Discharging
D/ ( 7294): It is not charging
I/EventLogService(24524): Aggregate from 1388777397532 (log), 1388777397532 (data)
E/Parcel ( 7294): Reading a NULL string not supported here.
D/ ( 7294): Get battery level: 67 .
D/ ( 7294): Get charging state:Discharging
D/ ( 7294): It is not charging
D/ClockAlarmWidgetService(24641): [ClockAlarmWidgetService] onReceive: action = android.intent.action.TIME_TICK
E/ClockAlarmWidget(24641): [AlarmWidgetIdManager] getListItem() : itemIndex=0, widgetID:7
E/ClockAlarmWidget(24641): [AlarmWidgetIdManager] getListItem() : ItemIndex exceed ListItemCount. itemIndex=1
E/ClockAlarmWidget(24641): [AlarmWidgetIdManager] getListItem() : itemIndex=1, widgetID:7
D/ClockAlarmDataProvider(24641): getAlarm() - too many same ID alarm data. nCount: 0
D/ClockWidget( 2259): refreshTime()
D/ClockWidget( 2259): TTS Message = Es ist 21:0., Freitag, Januar 3
E/Parcel ( 7294): Reading a NULL string not supported here.
D/ ( 7294): Get battery level: 67 .
D/ ( 7294): Get charging state:Discharging
D/ ( 7294): It is not charging
E/Parcel ( 7294): Reading a NULL string not supported here.
D/ ( 7294): Get battery level: 67 .
D/ ( 7294): Get charging state:Discharging
D/ ( 7294): It is not charging
D/ClockAlarmWidgetService(24641): [ClockAlarmWidgetService] onReceive: action = android.intent.action.TIME_TICK
E/ClockAlarmWidget(24641): [AlarmWidgetIdManager] getListItem() : itemIndex=0, widgetID:7
E/ClockAlarmWidget(24641): [AlarmWidgetIdManager] getListItem() : ItemIndex exceed ListItemCount. itemIndex=1
E/ClockAlarmWidget(24641): [AlarmWidgetIdManager] getListItem() : itemIndex=1, widgetID:7
D/ClockAlarmDataProvider(24641): getAlarm() - too many same ID alarm data. nCount: 0
D/ClockWidget( 2259): refreshTime()
D/ClockWidget( 2259): TTS Message = Es ist 21:1., Freitag, Januar 3
E/Parcel ( 7294): Reading a NULL string not supported here.
D/ ( 7294): Get battery level: 67 .
D/ ( 7294): Get charging state:Discharging
D/ ( 7294): It is not charging
E/Parcel ( 7294): Reading a NULL string not supported here.
D/ ( 7294): Get battery level: 67 .
D/ ( 7294): Get charging state:Discharging
D/ ( 7294): It is not charging
W/SignalStrength( 2259): getGsmLevel=2
W/SignalStrength( 2259): getLevel=2 (SignalStrength: 3 -1 -1 -1 -1 -1 -1 -1 -1 -1 -1 -1 gsm|lte 2)
W/SignalStrength( 2259): getGsmDbm=-107
W/SignalStrength( 2259): getDbm=-107
W/SignalStrength( 2259): getGsmAsuLevel=3
W/SignalStrength( 2259): getAsuLevel=3
W/SignalStrength( 2707): getGsmLevel=2
W/SignalStrength( 2707): getLevel=2 (SignalStrength: 3 -1 -1 -1 -1 -1 -1 -1 -1 -1 -1 -1 gsm|lte 2)
W/SignalStrength( 2707): getGsmLevel=2
W/SignalStrength( 2707): getLevel=2 (SignalStrength: 3 -1 -1 -1 -1 -1 -1 -1 -1 -1 -1 -1 gsm|lte 2)
D/ClockAlarmWidgetService(24641): [ClockAlarmWidgetService] onReceive: action = android.intent.action.TIME_TICK
E/ClockAlarmWidget(24641): [AlarmWidgetIdManager] getListItem() : itemIndex=0, widgetID:7
E/ClockAlarmWidget(24641): [AlarmWidgetIdManager] getListItem() : ItemIndex exceed ListItemCount. itemIndex=1
E/ClockAlarmWidget(24641): [AlarmWidgetIdManager] getListItem() : itemIndex=1, widgetID:7
D/ClockAlarmDataProvider(24641): getAlarm() - too many same ID alarm data. nCount: 0
D/ClockWidget( 2259): refreshTime()
D/ClockWidget( 2259): TTS Message = Es ist 21:2., Freitag, Januar 3
W/SignalStrength( 2259): getGsmLevel=1
W/SignalStrength( 2259): getLevel=1 (SignalStrength: 3 -1 -1 -1 -1 -1 -1 -1 -1 -1 -1 -1 gsm|lte 1)
E/Parcel ( 7294): Reading a NULL string not supported here.
D/ ( 7294): Get battery level: 67 .
D/ ( 7294): Get charging state:Discharging
D/ ( 7294): It is not charging
W/SignalStrength( 2707): getGsmLevel=1
W/SignalStrength( 2707): getLevel=1 (SignalStrength: 3 -1 -1 -1 -1 -1 -1 -1 -1 -1 -1 -1 gsm|lte 1)
W/SignalStrength( 2707): getGsmLevel=1
W/SignalStrength( 2707): getLevel=1 (SignalStrength: 3 -1 -1 -1 -1 -1 -1 -1 -1 -1 -1 -1 gsm|lte 1)
W/SignalStrength( 2259): getGsmDbm=-107
W/SignalStrength( 2259): getDbm=-107
W/SignalStrength( 2259): getGsmAsuLevel=3
W/SignalStrength( 2259): getAsuLevel=3
D/ClockAlarmWidgetService(24641): [ClockAlarmWidgetService] onReceive: action = android.intent.action.TIME_TICK
D/dalvikvm( 2259): GC_CONCURRENT freed 1571K, 18% free 42471K/51655K, paused 38ms+14ms, total 229ms
E/ClockAlarmWidget(24641): [AlarmWidgetIdManager] getListItem() : itemIndex=0, widgetID:7
E/ClockAlarmWidget(24641): [AlarmWidgetIdManager] getListItem() : ItemIndex exceed ListItemCount. itemIndex=1
E/ClockAlarmWidget(24641): [AlarmWidgetIdManager] getListItem() : itemIndex=1, widgetID:7
D/ClockAlarmDataProvider(24641): getAlarm() - too many same ID alarm data. nCount: 0
D/ClockWidget( 2259): refreshTime()
D/ClockWidget( 2259): TTS Message = Es ist 21:3., Freitag, Januar 3
E/Parcel ( 7294): Reading a NULL string not supported here.
D/ ( 7294): Get battery level: 67 .
D/ ( 7294): Get charging state:Discharging
D/ ( 7294): It is not charging
E/Parcel ( 7294): Reading a NULL string not supported here.
D/ ( 7294): Get battery level: 67 .
D/ ( 7294): Get charging state:Discharging
D/ ( 7294): It is not charging
W/SignalStrength( 2259): getGsmLevel=1
W/SignalStrength( 2259): getLevel=1 (SignalStrength: 2 -1 -1 -1 -1 -1 -1 -1 -1 -1 -1 -1 gsm|lte 1)
W/SignalStrength( 2707): getGsmLevel=1
W/SignalStrength( 2707): getLevel=1 (SignalStrength: 2 -1 -1 -1 -1 -1 -1 -1 -1 -1 -1 -1 gsm|lte 1)
W/SignalStrength( 2707): getGsmLevel=1
W/SignalStrength( 2707): getLevel=1 (SignalStrength: 2 -1 -1 -1 -1 -1 -1 -1 -1 -1 -1 -1 gsm|lte 1)
W/SignalStrength( 2259): getGsmDbm=-109
W/SignalStrength( 2259): getDbm=-109
W/SignalStrength( 2259): getGsmAsuLevel=2
W/SignalStrength( 2259): getAsuLevel=2
E/Parcel ( 7294): Reading a NULL string not supported here.
D/ ( 7294): Get battery level: 67 .
D/ ( 7294): Get charging state:Discharging
D/ ( 7294): It is not charging
D/ClockAlarmWidgetService(24641): [ClockAlarmWidgetService] onReceive: action = android.intent.action.TIME_TICK
E/ClockAlarmWidget(24641): [AlarmWidgetIdManager] getListItem() : itemIndex=0, widgetID:7
E/ClockAlarmWidget(24641): [AlarmWidgetIdManager] getListItem() : ItemIndex exceed ListItemCount. itemIndex=1
E/ClockAlarmWidget(24641): [AlarmWidgetIdManager] getListItem() : itemIndex=1, widgetID:7
D/ClockAlarmDataProvider(24641): getAlarm() - too many same ID alarm data. nCount: 0
D/ClockWidget( 2259): refreshTime()
D/ClockWidget( 2259): TTS Message = Es ist 21:4., Freitag, Januar 3
E/Parcel ( 7294): Reading a NULL string not supported here.
D/ ( 7294): Get battery level: 67 .
D/ ( 7294): Get charging state:Discharging
D/ ( 7294): It is not charging
W/SignalStrength( 2259): getGsmLevel=2
W/SignalStrength( 2259): getLevel=2 (SignalStrength: 2 -1 -1 -1 -1 -1 -1 -1 -1 -1 -1 -1 gsm|lte 2)
W/SignalStrength( 2707): getGsmLevel=2
W/SignalStrength( 2707): getLevel=2 (SignalStrength: 2 -1 -1 -1 -1 -1 -1 -1 -1 -1 -1 -1 gsm|lte 2)
W/SignalStrength( 2707): getGsmLevel=2
W/SignalStrength( 2707): getLevel=2 (SignalStrength: 2 -1 -1 -1 -1 -1 -1 -1 -1 -1 -1 -1 gsm|lte 2)
W/SignalStrength( 2259): getGsmDbm=-109
W/SignalStrength( 2259): getDbm=-109
W/SignalStrength( 2259): getGsmAsuLevel=2
W/SignalStrength( 2259): getAsuLevel=2
W/SignalStrength( 2707): getGsmLevel=2
W/SignalStrength( 2707): getLevel=2 (SignalStrength: 4 -1 -1 -1 -1 -1 -1 -1 -1 -1 -1 -1 gsm|lte 2)
W/SignalStrength( 2707): getGsmLevel=2
W/SignalStrength( 2707): getLevel=2 (SignalStrength: 4 -1 -1 -1 -1 -1 -1 -1 -1 -1 -1 -1 gsm|lte 2)
W/SignalStrength( 2259): getGsmLevel=2
W/SignalStrength( 2259): getLevel=2 (SignalStrength: 4 -1 -1 -1 -1 -1 -1 -1 -1 -1 -1 -1 gsm|lte 2)
W/SignalStrength( 2259): getGsmDbm=-105
W/SignalStrength( 2259): getDbm=-105
W/SignalStrength( 2259): getGsmAsuLevel=4
W/SignalStrength( 2259): getAsuLevel=4
E/Watchdog( 2259): !@Sync 11498
E/Parcel ( 7294): Reading a NULL string not supported here.
D/ ( 7294): Get battery level: 67 .
D/ ( 7294): Get charging state:Discharging
D/ ( 7294): It is not charging
D/ClockAlarmWidgetService(24641): [ClockAlarmWidgetService] onReceive: action = android.intent.action.TIME_TICK
E/ClockAlarmWidget(24641): [AlarmWidgetIdManager] getListItem() : itemIndex=0, widgetID:7
E/ClockAlarmWidget(24641): [AlarmWidgetIdManager] getListItem() : ItemIndex exceed ListItemCount. itemIndex=1
E/ClockAlarmWidget(24641): [AlarmWidgetIdManager] getListItem() : itemIndex=1, widgetID:7
D/ClockAlarmDataProvider(24641): getAlarm() - too many same ID alarm data. nCount: 0
D/ClockWidget( 2259): refreshTime()
D/ClockWidget( 2259): TTS Message = Es ist 21:5., Freitag, Januar 3
W/SignalStrength( 2259): getGsmLevel=1
W/SignalStrength( 2259): getLevel=1 (SignalStrength: 4 -1 -1 -1 -1 -1 -1 -1 -1 -1 -1 -1 gsm|lte 1)
W/SignalStrength( 2707): getGsmLevel=1
W/SignalStrength( 2707): getLevel=1 (SignalStrength: 4 -1 -1 -1 -1 -1 -1 -1 -1 -1 -1 -1 gsm|lte 1)
W/SignalStrength( 2707): getGsmLevel=1
W/SignalStrength( 2707): getLevel=1 (SignalStrength: 4 -1 -1 -1 -1 -1 -1 -1 -1 -1 -1 -1 gsm|lte 1)
W/SignalStrength( 2259): getGsmDbm=-105
W/SignalStrength( 2259): getDbm=-105
W/SignalStrength( 2259): getGsmAsuLevel=4
W/SignalStrength( 2259): getAsuLevel=4
E/Parcel ( 7294): Reading a NULL string not supported here.
D/ ( 7294): Get battery level: 67 .
D/ ( 7294): Get charging state:Discharging
D/ ( 7294): It is not charging
E/SPPClientService(22757): [PushClientService] onStartCommand. F:false, D:false, E:false, T:false, S:false, R:false
E/Parcel ( 7294): Reading a NULL string not supported here.
D/ ( 7294): Get battery level: 67 .
D/ ( 7294): Get charging state:Discharging
D/ ( 7294): It is not charging
D/ClockAlarmWidgetService(24641): [ClockAlarmWidgetService] onReceive: action = android.intent.action.TIME_TICK
E/ClockAlarmWidget(24641): [AlarmWidgetIdManager] getListItem() : itemIndex=0, widgetID:7
E/ClockAlarmWidget(24641): [AlarmWidgetIdManager] getListItem() : ItemIndex exceed ListItemCount. itemIndex=1
E/ClockAlarmWidget(24641): [AlarmWidgetIdManager] getListItem() : itemIndex=1, widgetID:7
D/ClockAlarmDataProvider(24641): getAlarm() - too many same ID alarm data. nCount: 0
D/ClockWidget( 2259): refreshTime()
D/ClockWidget( 2259): TTS Message = Es ist 21:6., Freitag, Januar 3
E/Parcel ( 7294): Reading a NULL string not supported here.
D/ ( 7294): Get battery level: 67 .
D/ ( 7294): Get charging state:Discharging
D/ ( 7294): It is not charging
W/SignalStrength( 2259): getGsmLevel=2
W/SignalStrength( 2259): getLevel=2 (SignalStrength: 4 -1 -1 -1 -1 -1 -1 -1 -1 -1 -1 -1 gsm|lte 2)
W/SignalStrength( 2707): getGsmLevel=2
W/SignalStrength( 2707): getLevel=2 (SignalStrength: 4 -1 -1 -1 -1 -1 -1 -1 -1 -1 -1 -1 gsm|lte 2)
W/SignalStrength( 2707): getGsmLevel=2
W/SignalStrength( 2707): getLevel=2 (SignalStrength: 4 -1 -1 -1 -1 -1 -1 -1 -1 -1 -1 -1 gsm|lte 2)
W/SignalStrength( 2259): getGsmDbm=-105
W/SignalStrength( 2259): getDbm=-105
W/SignalStrength( 2259): getGsmAsuLevel=4
W/SignalStrength( 2259): getAsuLevel=4
E/Parcel ( 7294): Reading a NULL string not supported here.
D/ ( 7294): Get battery level: 67 .
D/ ( 7294): Get charging state:Discharging
D/ ( 7294): It is not charging
D/ClockAlarmWidgetService(24641): [ClockAlarmWidgetService] onReceive: action = android.intent.action.TIME_TICK
E/ClockAlarmWidget(24641): [AlarmWidgetIdManager] getListItem() : itemIndex=0, widgetID:7
E/ClockAlarmWidget(24641): [AlarmWidgetIdManager] getListItem() : ItemIndex exceed ListItemCount. itemIndex=1
E/ClockAlarmWidget(24641): [AlarmWidgetIdManager] getListItem() : itemIndex=1, widgetID:7
D/ClockAlarmDataProvider(24641): getAlarm() - too many same ID alarm data. nCount: 0
D/ClockWidget( 2259): refreshTime()
D/ClockWidget( 2259): TTS Message = Es ist 21:7., Freitag, Januar 3
W/SignalStrength( 2259): getGsmLevel=2
W/SignalStrength( 2259): getLevel=2 (SignalStrength: 5 -1 -1 -1 -1 -1 -1 -1 -1 -1 -1 -1 gsm|lte 2)
W/SignalStrength( 2707): getGsmLevel=2
W/SignalStrength( 2707): getLevel=2 (SignalStrength: 5 -1 -1 -1 -1 -1 -1 -1 -1 -1 -1 -1 gsm|lte 2)
W/SignalStrength( 2707): getGsmLevel=2
W/SignalStrength( 2707): getLevel=2 (SignalStrength: 5 -1 -1 -1 -1 -1 -1 -1 -1 -1 -1 -1 gsm|lte 2)
E/Parcel ( 7294): Reading a NULL string not supported here.
D/ ( 7294): Get battery level: 67 .
D/ ( 7294): Get charging state:Discharging
D/ ( 7294): It is not charging
W/SignalStrength( 2259): getGsmDbm=-103
W/SignalStrength( 2259): getDbm=-103
W/SignalStrength( 2259): getGsmAsuLevel=5
W/SignalStrength( 2259): getAsuLevel=5
D/SensorService( 2259): info.rates.add, set DEFAULT_EVENTS_PERIOD
D/SensorService( 2259): SensorDevice::activate (enable 1, disable 0) = 1
D/SensorService( 2259): activating sensor enable handle=3
D/SensorService( 2259): activating sensor enable, Done!
D/SensorService( 2259): SensorDevice::activating sensor handle=3 ns=200000000
I/SensorService( 2259): info.selectDelay() ns=200000000
D/SensorService( 2259): SensorDevice::setDelay, Return(true 1, false 0) = 1
D/SensorManager( 2259): registerListener :: handle = 3 name= CM36651 Light sensor delay= 200000 Listener= com.android.server.LightsService$4@423c46d0
E/Parcel ( 7294): Reading a NULL string not supported here.
D/ ( 7294): Get battery level: 67 .
D/ ( 7294): Get charging state:Discharging
D/ ( 7294): It is not charging
D/SensorManager( 2259): unregisterListener:: Listener= com.android.server.LightsService$4@423c46d0
D/SensorService( 2259): SensorDevice::activate (enable 1, disable 0) = 0
D/SensorService( 2259): activating sensor disable handle=3
D/SensorService( 2259): activating sensor disable, Done!
D/SensorService( 2259): SensorDevice::activating sensor handle=3 ns=200000000
E/Parcel ( 7294): Reading a NULL string not supported here.
D/ ( 7294): Get battery level: 67 .
D/ ( 7294): Get charging state:Discharging
D/ ( 7294): It is not charging
D/GCM (24524): Ignoring attempt to send heartbeat on dead connection.
E/Parcel ( 7294): Reading a NULL string not supported here.
D/ ( 7294): Get battery level: 67 .
D/ ( 7294): Get charging state:Discharging
D/ ( 7294): It is not charging
E/Parcel ( 7294): Reading a NULL string not supported here.
D/ ( 7294): Get battery level: 67 .
D/ ( 7294): Get charging state:Discharging
D/ ( 7294): It is not charging
E/Parcel ( 7294): Reading a NULL string not supported here.
D/ ( 7294): Get battery level: 67 .
D/ ( 7294): Get charging state:Discharging
D/ ( 7294): It is not charging
D/ClockAlarmWidgetService(24641): [ClockAlarmWidgetService] onReceive: action = android.intent.action.TIME_TICK
E/ClockAlarmWidget(24641): [AlarmWidgetIdManager] getListItem() : itemIndex=0, widgetID:7
E/ClockAlarmWidget(24641): [AlarmWidgetIdManager] getListItem() : ItemIndex exceed ListItemCount. itemIndex=1
E/ClockAlarmWidget(24641): [AlarmWidgetIdManager] getListItem() : itemIndex=1, widgetID:7
D/ClockAlarmDataProvider(24641): getAlarm() - too many same ID alarm data. nCount: 0
D/ClockWidget( 2259): refreshTime()
D/ClockWidget( 2259): TTS Message = Es ist 21:8., Freitag, Januar 3
E/SPPClientService(22757): [b] sendPingReq
E/SPPClientService(22757): [b] __PingReply__
W/SignalStrength( 2707): getGsmLevel=2
W/SignalStrength( 2707): getLevel=2 (SignalStrength: 4 -1 -1 -1 -1 -1 -1 -1 -1 -1 -1 -1 gsm|lte 2)
W/SignalStrength( 2707): getGsmLevel=2
W/SignalStrength( 2707): getLevel=2 (SignalStrength: 4 -1 -1 -1 -1 -1 -1 -1 -1 -1 -1 -1 gsm|lte 2)
W/SignalStrength( 2259): getGsmLevel=2
W/SignalStrength( 2259): getLevel=2 (SignalStrength: 4 -1 -1 -1 -1 -1 -1 -1 -1 -1 -1 -1 gsm|lte 2)
W/SignalStrength( 2259): getGsmDbm=-105
W/SignalStrength( 2259): getDbm=-105
W/SignalStrength( 2259): getGsmAsuLevel=4
W/SignalStrength( 2259): getAsuLevel=4
E/Parcel ( 7294): Reading a NULL string not supported here.
D/ ( 7294): Get battery level: 67 .
D/ ( 7294): Get charging state:Discharging
D/ ( 7294): It is not charging
E/Parcel ( 7294): Reading a NULL string not supported here.
D/ ( 7294): Get battery level: 67 .
D/ ( 7294): Get charging state:Discharging
D/ ( 7294): It is not charging
W/SignalStrength( 2259): getGsmLevel=1
W/SignalStrength( 2259): getLevel=1 (SignalStrength: 4 -1 -1 -1 -1 -1 -1 -1 -1 -1 -1 -1 gsm|lte 1)
W/SignalStrength( 2707): getGsmLevel=1
W/SignalStrength( 2707): getLevel=1 (SignalStrength: 4 -1 -1 -1 -1 -1 -1 -1 -1 -1 -1 -1 gsm|lte 1)
W/SignalStrength( 2707): getGsmLevel=1
W/SignalStrength( 2707): getLevel=1 (SignalStrength: 4 -1 -1 -1 -1 -1 -1 -1 -1 -1 -1 -1 gsm|lte 1)
W/SignalStrength( 2259): getGsmDbm=-105
W/SignalStrength( 2259): getDbm=-105
W/SignalStrength( 2259): getGsmAsuLevel=4
W/SignalStrength( 2259): getAsuLevel=4
E/Parcel ( 7294): Reading a NULL string not supported here.
D/ ( 7294): Get battery level: 67 .
D/ ( 7294): Get charging state:Discharging
D/ ( 7294): It is not charging
D/ClockAlarmWidgetService(24641): [ClockAlarmWidgetService] onReceive: action = android.intent.action.TIME_TICK
D/dalvikvm( 2259): GC_CONCURRENT freed 1886K, 18% free 42577K/51655K, paused 47ms+21ms, total 277ms
E/ClockAlarmWidget(24641): [AlarmWidgetIdManager] getListItem() : itemIndex=0, widgetID:7
E/ClockAlarmWidget(24641): [AlarmWidgetIdManager] getListItem() : ItemIndex exceed ListItemCount. itemIndex=1
E/ClockAlarmWidget(24641): [AlarmWidgetIdManager] getListItem() : itemIndex=1, widgetID:7
D/ClockAlarmDataProvider(24641): getAlarm() - too many same ID alarm data. nCount: 0
D/ClockWidget( 2259): refreshTime()
D/ClockWidget( 2259): TTS Message = Es ist 21:9., Freitag, Januar 3
W/SignalStrength( 2259): getGsmLevel=0
W/SignalStrength( 2259): getLevel=0 (SignalStrength: 4 -1 -1 -1 -1 -1 -1 -1 -1 -1 -1 -1 gsm|lte 0)
W/SignalStrength( 2707): getGsmLevel=0
W/SignalStrength( 2707): getLevel=0 (SignalStrength: 4 -1 -1 -1 -1 -1 -1 -1 -1 -1 -1 -1 gsm|lte 0)
W/SignalStrength( 2707): getGsmLevel=0
W/SignalStrength( 2707): getLevel=0 (SignalStrength: 4 -1 -1 -1 -1 -1 -1 -1 -1 -1 -1 -1 gsm|lte 0)
W/SignalStrength( 2259): getGsmDbm=-105
W/SignalStrength( 2259): getDbm=-105
W/SignalStrength( 2259): getGsmAsuLevel=4
W/SignalStrength( 2259): getAsuLevel=4
E/Parcel ( 7294): Reading a NULL string not supported here.
D/ ( 7294): Get battery level: 67 .
D/ ( 7294): Get charging state:Discharging
D/ ( 7294): It is not charging
W/SignalStrength( 2259): getGsmLevel=0
W/SignalStrength( 2259): getLevel=0 (SignalStrength: 1 -1 -1 -1 -1 -1 -1 -1 -1 -1 -1 -1 gsm|lte 0)
W/SignalStrength( 2259): getGsmDbm=-111
W/SignalStrength( 2259): getDbm=-111
W/SignalStrength( 2259): getGsmAsuLevel=1
W/SignalStrength( 2259): getAsuLevel=1
W/SignalStrength( 2707): getGsmLevel=0
W/SignalStrength( 2707): getLevel=0 (SignalStrength: 1 -1 -1 -1 -1 -1 -1 -1 -1 -1 -1 -1 gsm|lte 0)
W/SignalStrength( 2707): getGsmLevel=0
W/SignalStrength( 2707): getLevel=0 (SignalStrength: 1 -1 -1 -1 -1 -1 -1 -1 -1 -1 -1 -1 gsm|lte 0)
D/dalvikvm( 2259): WAIT_FOR_CONCURRENT_GC blocked 0ms
D/ClockAlarmWidgetService(24641): [ClockAlarmWidgetService] onReceive: action = android.intent.action.TIME_TICK
E/ClockAlarmWidget(24641): [AlarmWidgetIdManager] getListItem() : itemIndex=0, widgetID:7
E/ClockAlarmWidget(24641): [AlarmWidgetIdManager] getListItem() : ItemIndex exceed ListItemCount. itemIndex=1
E/ClockAlarmWidget(24641): [AlarmWidgetIdManager] getListItem() : itemIndex=1, widgetID:7
D/dalvikvm( 2259): GC_EXPLICIT freed 298K, 18% free 42466K/51655K, paused 22ms+16ms, total 415ms
D/ClockAlarmDataProvider(24641): getAlarm() - too many same ID alarm data. nCount: 0
D/ClockWidget( 2259): refreshTime()
D/ClockWidget( 2259): TTS Message = Es ist 21:10., Freitag, Januar 3
W/SignalStrength( 2259): getGsmLevel=1
W/SignalStrength( 2259): getLevel=1 (SignalStrength: 1 -1 -1 -1 -1 -1 -1 -1 -1 -1 -1 -1 gsm|lte 1)
W/SignalStrength( 2707): getGsmLevel=1
W/SignalStrength( 2707): getLevel=1 (SignalStrength: 1 -1 -1 -1 -1 -1 -1 -1 -1 -1 -1 -1 gsm|lte 1)
W/SignalStrength( 2707): getGsmLevel=1
W/SignalStrength( 2707): getLevel=1 (SignalStrength: 1 -1 -1 -1 -1 -1 -1 -1 -1 -1 -1 -1 gsm|lte 1)
W/SignalStrength( 2259): getGsmDbm=-111
W/SignalStrength( 2259): getDbm=-111
W/SignalStrength( 2259): getGsmAsuLevel=1
W/SignalStrength( 2259): getAsuLevel=1
E/Parcel ( 7294): Reading a NULL string not supported here.
D/ ( 7294): Get battery level: 67 .
D/ ( 7294): Get charging state:Discharging
D/ ( 7294): It is not charging
E/Parcel ( 7294): Reading a NULL string not supported here.
D/ ( 7294): Get battery level: 67 .
D/ ( 7294): Get charging state:Discharging
D/ ( 7294): It is not charging
W/SignalStrength( 2259): getGsmLevel=0
W/SignalStrength( 2259): getLevel=0 (SignalStrength: 1 -1 -1 -1 -1 -1 -1 -1 -1 -1 -1 -1 gsm|lte 0)
W/SignalStrength( 2707): getGsmLevel=0
W/SignalStrength( 2707): getLevel=0 (SignalStrength: 1 -1 -1 -1 -1 -1 -1 -1 -1 -1 -1 -1 gsm|lte 0)
W/SignalStrength( 2707): getGsmLevel=0
W/SignalStrength( 2707): getLevel=0 (SignalStrength: 1 -1 -1 -1 -1 -1 -1 -1 -1 -1 -1 -1 gsm|lte 0)
W/SignalStrength( 2259): getGsmDbm=-111
W/SignalStrength( 2259): getDbm=-111
W/SignalStrength( 2259): getGsmAsuLevel=1
W/SignalStrength( 2259): getAsuLevel=1
E/Parcel ( 7294): Reading a NULL string not supported here.
D/ ( 7294): Get battery level: 67 .
D/ ( 7294): Get charging state:Discharging
D/ ( 7294): It is not charging
D/ClockAlarmWidgetService(24641): [ClockAlarmWidgetService] onReceive: action = android.intent.action.TIME_TICK
E/ClockAlarmWidget(24641): [AlarmWidgetIdManager] getListItem() : itemIndex=0, widgetID:7
E/ClockAlarmWidget(24641): [AlarmWidgetIdManager] getListItem() : ItemIndex exceed ListItemCount. itemIndex=1
E/ClockAlarmWidget(24641): [AlarmWidgetIdManager] getListItem() : itemIndex=1, widgetID:7
D/ClockAlarmDataProvider(24641): getAlarm() - too many same ID alarm data. nCount: 0
D/ClockWidget( 2259): refreshTime()
D/ClockWidget( 2259): TTS Message = Es ist 21:11., Freitag, Januar 3
E/Parcel ( 7294): Reading a NULL string not supported here.
D/ ( 7294): Get battery level: 67 .
D/ ( 7294): Get charging state:Discharging
D/ ( 7294): It is not charging
E/Watchdog( 2259): !@Sync 11499
E/Parcel ( 7294): Reading a NULL string not supported here.
D/ ( 7294): Get battery level: 67 .
D/ ( 7294): Get charging state:Discharging
D/ ( 7294): It is not charging
D/ClockAlarmWidgetService(24641): [ClockAlarmWidgetService] onReceive: action = android.intent.action.TIME_TICK
E/ClockAlarmWidget(24641): [AlarmWidgetIdManager] getListItem() : itemIndex=0, widgetID:7
E/ClockAlarmWidget(24641): [AlarmWidgetIdManager] getListItem() : ItemIndex exceed ListItemCount. itemIndex=1
E/ClockAlarmWidget(24641): [AlarmWidgetIdManager] getListItem() : itemIndex=1, widgetID:7
D/ClockAlarmDataProvider(24641): getAlarm() - too many same ID alarm data. nCount: 0
D/ClockWidget( 2259): refreshTime()
D/ClockWidget( 2259): TTS Message = Es ist 21:12., Freitag, Januar 3
W/SignalStrength( 2259): getGsmLevel=0
W/SignalStrength( 2259): getLevel=0 (SignalStrength: 0 -1 -1 -1 -1 -1 -1 -1 -1 -1 -1 -1 gsm|lte 0)
