D/comdaemonstockapp(24684): [Daemon_Stock]>>> Stockclock_DaemonService.java:56 [0:0] appServiceStatus: 9
D/videowall-TranscodeService( 1021): Music is = false
D/videowall-TranscodeService( 1021): power : true / screen off : false
D/videowall-TranscodeService( 1021): releaseTransThread.
D/CircleLockScreenMotion( 2259): Here comes a motion event
D/comdaemonstockapp(24684): [Daemon_Stock]>>> Stockclock_DaemonService.java:57 [0:0] [AR]: 0
D/MotionEngine( 2259): [LIST SCROLL] MOTION_EVENT_TILT_DOWN_LEVEL_1_LAND 11 18 25 11 18 25
D/CircleLockScreenMotion( 2259): Here comes a motion event
D/CircleLockScreenMotion( 2259): Here comes a motion event
D/dalvikvm( 421): GC_CONCURRENT freed 426K, 8% free 12330K/13383K, paused 11ms+1ms, total 44ms
D/CircleLockScreenMotion( 2259): Here comes a motion event
D/CircleLockScreenMotion( 2259): Here comes a motion event
D/CircleLockScreenMotion( 2259): Here comes a motion event
D/CircleLockScreenMotion( 2259): Here comes a motion event
D/CircleLockScreenMotion( 2259): Here comes a motion event
D/CircleLockScreenMotion( 2259): Here comes a motion event
D/CircleLockScreenMotion( 2259): Here comes a motion event
D/CircleLockScreenMotion( 2259): Here comes a motion event
D/CircleLockScreenMotion( 2259): Here comes a motion event
D/CircleLockScreenMotion( 2259): Here comes a motion event
D/CircleLockScreenMotion( 2259): Here comes a motion event
D/CircleLockScreenMotion( 2259): Here comes a motion event
D/CircleLockScreenMotion( 2259): Here comes a motion event
D/CircleLockScreenMotion( 2259): Here comes a motion event
D/CircleLockScreenMotion( 2259): Here comes a motion event
D/CircleLockScreenMotion( 2259): Here comes a motion event
D/CircleLockScreenMotion( 2259): Here comes a motion event
D/CircleLockScreenMotion( 2259): Here comes a motion event
D/CircleLockScreenMotion( 2259): Here comes a motion event
I/InputReader( 2259): Touch event's action is 0x0 (deviceType=0) [pCnt=1, s=0.58379 ]
I/InputDispatcher( 2259): Delivering touch to current input target: action: 0x0
I/InputDispatcher( 2259): Delivering touch to current input target: action: 0x0
I/InputDispatcher( 2259): Delivering touch to current input target: action: 0x0
D/CircleLockScreenMotion( 2259): register motion listener
D/MotionRecognitionManager( 2259): .registerListenerEvent : fail. already registered / listener count = 1, listener=com.android.internal.policy.impl.sec.CircleLockScreenMotion$2@428ade68
D/MotionRecognitionManager( 2259): .registerListenerEvent : fail. already registered / listener count = 1, listener=com.android.internal.policy.impl.sec.CircleLockScreenMotion$2@428ade68
D/CircleLockScreenMotion( 2259): reset motion engine
D/MotionEngine( 2259): [@@@ MotionEngine @@@] ResetMotionEngine............................ CALLED...............
D/CircleUnlockRipple( 2259): handleTouchEvent event : 0
D/CircleUnlockRipple( 2259): pokeWakelockWithTimeCheck time diffence = 1249
D/KeyguardViewMediator( 2259): pokeWakelock(10000)
D/CircleUnlockRipple( 2259): pokeWakelockWithTimeCheck mCallback.pokeWakelock(AWAKE_INTERVAL_DEFAULT_MS)
D/CircleUnlockRippleRenderer( 2259): event action: 0, view = null, src = 1002
E/AudioPolicyService( 1920): getOutput() tid 2185 ++
E/AudioPolicyService( 1920): getOutput() tid 2185 --
V/AudioPolicyManagerBase( 1920): getOutput() stream 1, samplingRate 0, format 0, channelMask 3, flags 0
V/AudioPolicyManagerBase( 1920): getOutputsForDevice device 0002 -> 0002
V/AudioPolicyManagerBase( 1920): getOutput() returns output 2
E/AudioPolicyService( 1920): getOutput() tid 2219 ++
E/AudioPolicyService( 1920): getOutput() tid 2219 --
V/AudioPolicyManagerBase( 1920): getOutput() stream 1, samplingRate 0, format 0, channelMask 3, flags 0
V/AudioPolicyManagerBase( 1920): getOutputsForDevice device 0002 -> 0002
V/AudioPolicyManagerBase( 1920): getOutput() returns output 2
E/AudioPolicyService( 1920): getOutput() tid 3902 ++
E/AudioPolicyService( 1920): getOutput() tid 3902 --
V/AudioPolicyManagerBase( 1920): getOutput() stream 1, samplingRate 44100, format 1, channelMask 3, flags 4
V/AudioPolicyManagerBase( 1920): getOutputsForDevice device 0002 -> 0002
V/AudioPolicyManagerBase( 1920): getOutput() returns output 2
D/MotionRecognitionService( 2259): .resetMotionEngine
D/PowerManagerService( 2259): acquireWakeLock flags=0x1000001a tag=keyguard uid=1000 pid=2259 myUID=1000 myPID=2259 myTID=2604
D/MotionEngine( 2259): [EXEC CAMERA] INIT..........
D/MotionEngine( 2259): [LIST SCROLL] MOTION_EVENT_TILT_LEVEL_ZERO_LAND 11 18 25 11 18 25
D/CircleLockScreenMotion( 2259): Here comes a motion event
V/LvOutput( 1920): initCheck: 0
V/LvOutput( 1920): attachEffects: attach processing to output 2, stream 1, session 6356, mode 0
V/LvOutput( 1920): attachEffects: no output processing needs to be attached to this stream
V/LvOutput( 1920): LvOutput::setAllProcessorEnabled(false) mOutputs.size(118)
V/AudioPolicyManagerBase( 1920): startOutput() output 2, stream 1, session 6356
V/AudioPolicyManagerBase( 1920): changeRefCount() stream 1, count 1
V/AudioPolicyManagerBase( 1920): getNewDevice() selected device 2
V/AudioPolicyManagerBase( 1920): setOutputDevice() output 2 device 0002 force 0 delayMs 0
V/AudioPolicyManagerBase( 1920): setOutputDevice() prevDevice 0002
V/AudioPolicyManagerBase( 1920): setOutputDevice() setting same device 0002 or null device for output 2
I/AudioMixer( 1920): setParameter(TRACK, FORMAT, 0x1)
E/AudioMixer( 1920): MOON > checkSEC_PCM ++ 1
I/AudioHardwareTinyALSA( 1920): AudioStreamOutALSA::write setDevice
D/AudioHardwareTinyALSA( 1920): OutALSA::setDevice: mode = 0, newDevice=0x2, currentDevice=0x2 ,force= 0
D/AudioHardwareTinyALSA( 1920): OutALSA::setDevice: mDevice 0x2, newDevice = 0x2
D/AudioHardwareTinyALSA( 1920): setOutputVolume
D/TinyUCM ( 1920): setModifier Normal, en=1
I/AudioHardwareTinyALSA( 1920): OutALSA::setDevice: mHandle NULL mode[0], Device[00000002]
I/AudioHardwareTinyALSA( 1920): Open: mDefaults->direction=0 device=0
D/AudioHardwareTinyALSA( 1920): Channel: 2, Samplerate: 44100, Format: 0, Peroid Size: 1024, Period Count: 4
I/AudioHardwareTinyALSA( 1920): before pcm_prepare
D/AudioHardwareTinyALSA( 1920): setPcmInterface: Stream=0x1, iSamplerate=8000++
D/AudioHardwareTinyALSA( 1920): setPcmInterface--
D/CircleLockScreenMotion( 2259): Here comes a motion event
D/CircleUnlockRipple( 2259): handleTouchEvent event : 2
D/CircleUnlockRipple( 2259): pokeWakelockWithTimeCheck time diffence = 1277
D/KeyguardViewMediator( 2259): pokeWakelock(10000)
D/CircleUnlockRipple( 2259): pokeWakelockWithTimeCheck mCallback.pokeWakelock(AWAKE_INTERVAL_DEFAULT_MS)
D/CircleUnlockRippleRenderer( 2259): event action: 2, view = null, src = 1002
D/PowerManagerService( 2259): acquireWakeLock flags=0x1000001a tag=keyguard uid=1000 pid=2259 myUID=1000 myPID=2259 myTID=2604
D/CircleUnlockRipple( 2259): handleTouchEvent event : 2
D/CircleUnlockRipple( 2259): pokeWakelockWithTimeCheck time diffence = 1293
D/KeyguardViewMediator( 2259): pokeWakelock(10000)
D/CircleUnlockRipple( 2259): pokeWakelockWithTimeCheck mCallback.pokeWakelock(AWAKE_INTERVAL_DEFAULT_MS)
D/CircleUnlockRippleRenderer( 2259): event action: 2, view = null, src = 1002
D/CircleLockScreenMotion( 2259): Here comes a motion event
D/PowerManagerService( 2259): acquireWakeLock flags=0x1000001a tag=keyguard uid=1000 pid=2259 myUID=1000 myPID=2259 myTID=2604
D/CircleUnlockRipple( 2259): handleTouchEvent event : 2
D/CircleUnlockRipple( 2259): pokeWakelockWithTimeCheck time diffence = 1310
D/KeyguardViewMediator( 2259): pokeWakelock(10000)
D/CircleUnlockRipple( 2259): pokeWakelockWithTimeCheck mCallback.pokeWakelock(AWAKE_INTERVAL_DEFAULT_MS)
D/CircleUnlockRippleRenderer( 2259): event action: 2, view = null, src = 1002
D/PowerManagerService( 2259): acquireWakeLock flags=0x1000001a tag=keyguard uid=1000 pid=2259 myUID=1000 myPID=2259 myTID=2604
D/CircleLockScreenMotion( 2259): Here comes a motion event
D/CircleUnlockRipple( 2259): handleTouchEvent event : 2
D/CircleUnlockRipple( 2259): pokeWakelockWithTimeCheck time diffence = 1327
D/KeyguardViewMediator( 2259): pokeWakelock(10000)
D/CircleUnlockRipple( 2259): pokeWakelockWithTimeCheck mCallback.pokeWakelock(AWAKE_INTERVAL_DEFAULT_MS)
D/CircleUnlockRippleRenderer( 2259): event action: 2, view = null, src = 1002
D/PowerManagerService( 2259): acquireWakeLock flags=0x1000001a tag=keyguard uid=1000 pid=2259 myUID=1000 myPID=2259 myTID=2604
D/MotionEngine( 2259): [ACC DIRECT CALL] 11111111 ACC PROX READY STATE.........
D/CircleLockScreenMotion( 2259): Here comes a motion event
D/CircleUnlockRipple( 2259): handleTouchEvent event : 2
D/CircleUnlockRipple( 2259): pokeWakelockWithTimeCheck time diffence = 1343
D/KeyguardViewMediator( 2259): pokeWakelock(10000)
D/CircleUnlockRipple( 2259): pokeWakelockWithTimeCheck mCallback.pokeWakelock(AWAKE_INTERVAL_DEFAULT_MS)
D/CircleUnlockRippleRenderer( 2259): event action: 2, view = null, src = 1002
D/PowerManagerService( 2259): acquireWakeLock flags=0x1000001a tag=keyguard uid=1000 pid=2259 myUID=1000 myPID=2259 myTID=2604
D/CircleLockScreenMotion( 2259): Here comes a motion event
D/CircleUnlockRipple( 2259): handleTouchEvent event : 2
D/CircleUnlockRipple( 2259): pokeWakelockWithTimeCheck time diffence = 1361
D/KeyguardViewMediator( 2259): pokeWakelock(10000)
D/CircleUnlockRipple( 2259): pokeWakelockWithTimeCheck mCallback.pokeWakelock(AWAKE_INTERVAL_DEFAULT_MS)
D/CircleUnlockRippleRenderer( 2259): event action: 2, view = null, src = 1002
D/PowerManagerService( 2259): acquireWakeLock flags=0x1000001a tag=keyguard uid=1000 pid=2259 myUID=1000 myPID=2259 myTID=2604
D/CircleUnlockRipple( 2259): handleTouchEvent event : 2
D/CircleUnlockRipple( 2259): pokeWakelockWithTimeCheck time diffence = 1377
D/KeyguardViewMediator( 2259): pokeWakelock(10000)
D/CircleUnlockRipple( 2259): pokeWakelockWithTimeCheck mCallback.pokeWakelock(AWAKE_INTERVAL_DEFAULT_MS)
D/CircleUnlockRippleRenderer( 2259): event action: 2, view = null, src = 1002
D/PowerManagerService( 2259): acquireWakeLock flags=0x1000001a tag=keyguard uid=1000 pid=2259 myUID=1000 myPID=2259 myTID=2604
E/AudioPolicyService( 1920): getOutput() tid 3902 ++
E/AudioPolicyService( 1920): getOutput() tid 3902 --
V/AudioPolicyManagerBase( 1920): getOutput() stream 1, samplingRate 0, format 0, channelMask 3, flags 0
V/AudioPolicyManagerBase( 1920): getOutputsForDevice device 0002 -> 0002
V/AudioPolicyManagerBase( 1920): getOutput() returns output 2
D/CircleLockScreenMotion( 2259): Here comes a motion event
E/AudioPolicyService( 1920): getOutput() tid 4793 ++
E/AudioPolicyService( 1920): getOutput() tid 4793 --
V/AudioPolicyManagerBase( 1920): getOutput() stream 1, samplingRate 0, format 0, channelMask 3, flags 0
V/AudioPolicyManagerBase( 1920): getOutputsForDevice device 0002 -> 0002
V/AudioPolicyManagerBase( 1920): getOutput() returns output 2
E/AudioPolicyService( 1920): getOutput() tid 12626 ++
E/AudioPolicyService( 1920): getOutput() tid 12626 --
V/AudioPolicyManagerBase( 1920): getOutput() stream 1, samplingRate 48000, format 1, channelMask 1, flags 4
V/AudioPolicyManagerBase( 1920): getOutputsForDevice device 0002 -> 0002
V/AudioPolicyManagerBase( 1920): getOutput() returns output 2
V/LvOutput( 1920): initCheck: 0
V/LvOutput( 1920): attachEffects: attach processing to output 2, stream 1, session 6357, mode 0
V/LvOutput( 1920): attachEffects: no output processing needs to be attached to this stream
V/LvOutput( 1920): LvOutput::setAllProcessorEnabled(false) mOutputs.size(118)
V/AudioPolicyManagerBase( 1920): startOutput() output 2, stream 1, session 6357
V/AudioPolicyManagerBase( 1920): changeRefCount() stream 1, count 2
D/CircleLockScreenMotion( 2259): Here comes a motion event
I/AudioMixer( 1920): setParameter(TRACK, FORMAT, 0x1)
E/AudioMixer( 1920): MOON > checkSEC_PCM ++ 1
I/AudioMixer( 1920): AudioMixer::track_t::setResampler channelCount 1
E/AudioMixer( 1920): MOON > checkSEC_PCM ++ 1
I/AudioResampler( 1920): AudioResampler::AudioResampler() 1 bits, 1 channels
E/AudioResampler( 1920): Unsupported sample format, 1 bits, 1 channels
I/AudioResampler( 1920): new MM resampler(48000 -> 44100, 1)
D/CircleLockScreenMotion( 2259): Here comes a motion event
D/MotionEngine( 2259): [@@@ Motion Engine @@@] GetMotionScenarioId -1.599327 1.723825 10.371682 -1.942500 -26.652505 -43.467507 51 20
D/MotionEngine( 2259): [@@@ Motion Engine @@@] MOVE Recognition ############ 100
D/CircleLockScreenMotion( 2259): Here comes a motion event
D/CircleUnlockRipple( 2259): handleTouchEvent event : 2
D/CircleUnlockRipple( 2259): pokeWakelockWithTimeCheck time diffence = 1444
D/KeyguardViewMediator( 2259): pokeWakelock(10000)
D/CircleUnlockRipple( 2259): pokeWakelockWithTimeCheck mCallback.pokeWakelock(AWAKE_INTERVAL_DEFAULT_MS)
D/CircleUnlockRippleRenderer( 2259): event action: 2, view = null, src = 1002
D/LockPatternUtils( 2259): isPcwEnable = 10
D/PowerManagerService( 2259): acquireWakeLock flags=0x1000001a tag=keyguard uid=1000 pid=2259 myUID=1000 myPID=2259 myTID=2604
D/KeyguardViewMediator( 2259): keyguardDone(true)
D/KeyguardViewMediator( 2259): handleKeyguardDone
D/KeyguardViewMediator( 2259): handleHide
E/AudioPolicyService( 1920): getOutput() tid 12626 ++
E/AudioPolicyService( 1920): getOutput() tid 12626 --
V/AudioPolicyManagerBase( 1920): getOutput() stream 1, samplingRate 0, format 0, channelMask 3, flags 0
V/AudioPolicyManagerBase( 1920): getOutputsForDevice device 0002 -> 0002
V/AudioPolicyManagerBase( 1920): getOutput() returns output 2
E/AudioPolicyService( 1920): getOutput() tid 7839 ++
E/AudioPolicyService( 1920): getOutput() tid 7839 --
V/AudioPolicyManagerBase( 1920): getOutput() stream 1, samplingRate 0, format 0, channelMask 3, flags 0
V/AudioPolicyManagerBase( 1920): getOutputsForDevice device 0002 -> 0002
V/AudioPolicyManagerBase( 1920): getOutput() returns output 2
E/AudioPolicyService( 1920): getOutput() tid 1920 ++
E/AudioPolicyService( 1920): getOutput() tid 1920 --
V/AudioPolicyManagerBase( 1920): getOutput() stream 1, samplingRate 44100, format 1, channelMask 1, flags 4
V/AudioPolicyManagerBase( 1920): getOutputsForDevice device 0002 -> 0002
V/AudioPolicyManagerBase( 1920): getOutput() returns output 2
V/LvOutput( 1920): initCheck: 0
V/LvOutput( 1920): attachEffects: attach processing to output 2, stream 1, session 6358, mode 0
V/LvOutput( 1920): attachEffects: no output processing needs to be attached to this stream
V/LvOutput( 1920): LvOutput::setAllProcessorEnabled(false) mOutputs.size(118)
V/AudioPolicyManagerBase( 1920): startOutput() output 2, stream 1, session 6358
V/AudioPolicyManagerBase( 1920): changeRefCount() stream 1, count 3
V/AudioPolicyManagerBase( 1920): releaseOutput() 2
D/MotionEngine( 2259): [TURN OVER] ##### Init
D/CircleLockScreenMotion( 2259): Here comes a motion event
D/Launcher( 6417): onRestart, Launcher: 1103527480
D/Launcher( 6417): onStart, Launcher: 1103527480
D/Launcher.HomeFragment( 6417): onStart
I/AudioMixer( 1920): setParameter(TRACK, FORMAT, 0x1)
E/AudioMixer( 1920): MOON > checkSEC_PCM ++ 1
D/CircleLockScreenMotion( 2259): Here comes a motion event
D/KeyguardViewMediator( 2259): setHidden false
D/KeyguardViewMediator( 2259): setHidden false
D/CircleLockScreenMotion( 2259): Here comes a motion event
D/KeyguardViewMediator( 2259): adjustUserActivityLocked mShowing: false mHidden: false
D/LockPatternUtils( 2259): isPcwEnable = 10
D/KeyguardViewMediator( 2259): adjustStatusBarLocked: mShowing=false mHidden=false isSecure=false --> flags=0x0
I/InputReader( 2259): Touch event's action is 0x1 (deviceType=0) [pCnt=1, s=]
I/InputDispatcher( 2259): Delivering touch to current input target: action: 0x1
I/InputDispatcher( 2259): Delivering touch to current input target: action: 0x1
I/InputDispatcher( 2259): Delivering touch to current input target: action: 0x1
D/PowerManagerService( 2259): enableUserActivity true
D/STATUSBAR-StatusBarManagerService( 2259): manageDisableList what=0x0 pkg=android
E/KeyguardViewMediator( 2259): 3. Lockscreen unlock
E/KeyguardViewMediator( 2259): Phone is boot completed. so can broadcast
D/lights ( 2259): button : 2 +
D/lights ( 2259): button : 2 -
E/KeyguardViewMediator( 2259): Phone is boot completed. so can broadcast
D/CircleUnlockRipple( 2259): handleTouchEvent event : 2
D/CircleUnlockRipple( 2259): pokeWakelockWithTimeCheck time diffence = 1507
D/KeyguardViewMediator( 2259): pokeWakelock canceled by the showing condition
D/CircleUnlockRipple( 2259): pokeWakelockWithTimeCheck mCallback.pokeWakelock(AWAKE_INTERVAL_DEFAULT_MS)
D/CircleUnlockRippleRenderer( 2259): event action: 2, view = null, src = 1002
D/PhoneStatusBar( 2707): disable: < expand icons alerts ticker system_info BACK HOME recent* CLOCK > D/PowerManagerService( 2259): releaseWakeLockLocked flags=0x0 tag=keyguard myUID=1000 myPID=2259 myTID=2604
I/PowerManagerService( 2259): Ulight 0x7->0x3|0x0
D/CircleUnlockRippleRenderer( 2259): cleanUp
V/SoundPoolThread( 2259): Got message m=1, mData=0
V/SoundPoolThread( 2259): goodbye
D/STATUSBAR-NotificationService( 2259): ACTION_USER_PRESENT
D/LightsService( 2259): [SvcLED] setSvcLedStateLocked:: id = 4, color = 0, mode = Off, set = Off
D/LightsService( 2259): [SvcLED] wl is acquired. It will be released after 350ms.
E/MotionRecognitionService( 2259): mReceiver.onReceive : ACTION_USER_PRESENT :: UNLOCK SCREEN
V/SoundPoolThread( 2259): return from quit
D/CircleLockScreenMotion( 2259): Here comes a motion event
D/Launcher( 6417): onResume, Launcher: 1103527480
V/LvOutput( 1920): initCheck: 0
V/LvOutput( 1920): detachEffects: detach processing for output 2, stream 1, session 6357
V/LvOutput( 1920): detachEffects: no output processing was attached to this stream
V/AudioPolicyManagerBase( 1920): stopOutput() output 2, stream 1, session 6357
V/AudioPolicyManagerBase( 1920): changeRefCount() stream 1, count 2
V/AudioPolicyManagerBase( 1920): releaseOutput() 2
V/LvOutput( 1920): initCheck: 0
V/LvOutput( 1920): detachEffects: detach processing for output 2, stream 1, session 6356
V/LvOutput( 1920): detachEffects: no output processing was attached to this stream
V/AudioPolicyManagerBase( 1920): stopOutput() output 2, stream 1, session 6356
V/AudioPolicyManagerBase( 1920): changeRefCount() stream 1, count 1
V/AudioPolicyManagerBase( 1920): releaseOutput() 2
V/SoundPoolThread( 2259): return from quit
D/CircleLockScreenMotion( 2259): reset motion engine
D/MotionEngine( 2259): [@@@ MotionEngine @@@] ResetMotionEngine............................ CALLED...............
D/CircleUnlockRipple( 2259): handleTouchEvent event : 1
D/CircleUnlockRipple( 2259): pokeWakelockWithTimeCheck time diffence = 1536
D/KeyguardViewMediator( 2259): pokeWakelock canceled by the showing condition
D/CircleUnlockRipple( 2259): pokeWakelockWithTimeCheck mCallback.pokeWakelock(AWAKE_INTERVAL_DEFAULT_MS)
D/CircleUnlockRippleRenderer( 2259): event action: 1, view = null, src = 1002
D/MotionRecognitionService( 2259): .resetMotionEngine
D/MotionEngine( 2259): [EXEC CAMERA] INIT..........
D/MotionEngine( 2259): [LIST SCROLL] MOTION_EVENT_TILT_LEVEL_ZERO_LAND 11 18 25 11 18 25
D/CircleLockScreenMotion( 2259): Here comes a motion event
D/CircleLockScreenMotion( 2259): Here comes a motion event
D/STATUSBAR-NetworkController( 2707): refreshSignalCluster: data=0 bt=false
D/STATUSBAR-SignalClusterView( 2707): mSeparateMobileGroup=8
D/STATUSBAR-SignalClusterView( 2707): mSeparateMobileGroup=8
D/STATUSBAR-SignalClusterView( 2707): mSeparateMobileGroup=8
D/CircleLockScreenMotion( 2259): Here comes a motion event
D/CircleLockScreenMotion( 2259): Here comes a motion event
D/MotionEngine( 2259): [ACC DIRECT CALL] 11111111 ACC PROX READY STATE.........
D/CircleLockScreenMotion( 2259): Here comes a motion event
D/CircleLockScreenMotion( 2259): Here comes a motion event
D/CircleLockScreenMotion( 2259): Here comes a motion event
D/WindowManager( 2259): PhoneWindowManager: focusChangedLw
D/CircleLockScreenMotion( 2259): Here comes a motion event
D/CircleLockScreenMotion( 2259): Here comes a motion event
D/KeyguardViewMediator( 2259): setHidden false
D/MotionEngine( 2259): [@@@ Motion Engine @@@] MOVE Recognition ############ 100
D/CircleLockScreenMotion( 2259): Here comes a motion event
D/WindowManager( 2259): mInputFocus is not null.
D/WindowManager( 2259): mInputFocus is not null.
D/LockPatternKeyguardView( 2259): unfocused
D/CircleLockScreen( 2259): unfocused
D/MotionEngine( 2259): [TURN OVER] ##### Init
D/CircleLockScreenMotion( 2259): Here comes a motion event
D/WindowManager( 2259): PhoneWindowManager: focusChangedLw
D/NfcService(20808): NFC-C ON
D/KeyguardViewMediator( 2259): setHidden false
D/STATUSBAR-StatusBarManagerService( 2259): setSystemUiVisibility(0x0)
D/wpfx.pan.jni( 2091): RendererBase(57139100)::resume
D/SensorService( 2259): info.rates.add, set DEFAULT_EVENTS_PERIOD
D/SensorService( 2259): SensorDevice::activating sensor handle=5 ns=20000000
D/iNemoSensor( 2259): setDelay(): handle(5), en(20000000)
I/iNemoSensor( 2259): iNemoSensor::skip update_delay wanted_gyro = 20000000 current delay = 20000000
I/iNemoSensor( 2259): skip update_delay wanted_accel = 20000000 current delay = 20000000
I/SensorService( 2259): info.selectDelay() ns=20000000
D/iNemoSensor( 2259): setDelay(): handle(5), en(20000000)
I/iNemoSensor( 2259): iNemoSensor::skip update_delay wanted_gyro = 20000000 current delay = 20000000
I/iNemoSensor( 2259): skip update_delay wanted_accel = 20000000 current delay = 20000000
D/SensorService( 2259): SensorDevice::setDelay, Return(true 1, false 0) = 1
D/STATUSBAR-StatusBarManagerService( 2259): manageDisableList what=0x0 pkg=WindowManager.LayoutParams
D/SensorManager( 2091): registerListener :: handle = 5 name= LSM330DLC Gyroscope sensor delay= 20000 Listener= com.hamsterbeat.wallpapers.base.w@41bdbc78
D/CircleLockScreenMotion( 2259): Here comes a motion event
D/KeyguardViewMediator( 2259): setHidden false
D/PhoneStatusBar( 2707): disable: < expand icons alerts ticker system_info back* home* recent clock* > D/KeyguardViewMediator( 2259): setHidden false
D/KeyguardViewMediator( 2259): setHidden false
D/KeyguardViewMediator( 2259): setHidden false
D/CircleLockScreenMotion( 2259): Here comes a motion event
D/KeyguardViewMediator( 2259): setHidden false
D/KeyguardViewMediator( 2259): setHidden false
D/CircleLockScreenMotion( 2259): Here comes a motion event
D/KeyguardViewMediator( 2259): setHidden false
D/CircleLockScreenMotion( 2259): Here comes a motion event
D/KeyguardViewMediator( 2259): setHidden false
D/CircleLockScreenMotion( 2259): Here comes a motion event
D/KeyguardViewMediator( 2259): setHidden false
D/CircleLockScreenMotion( 2259): Here comes a motion event
D/KeyguardViewMediator( 2259): setHidden false
D/CircleLockScreenMotion( 2259): Here comes a motion event
D/KeyguardViewMediator( 2259): setHidden false
D/KeyguardViewMediator( 2259): setHidden false
D/CircleLockScreenMotion( 2259): Here comes a motion event
D/dalvikvm( 1516): GC_CONCURRENT freed 174K, 6% free 12449K/13191K, paused 12ms+3ms, total 51ms
D/dalvikvm( 1516): WAIT_FOR_CONCURRENT_GC blocked 20ms
D/KeyguardViewMediator( 2259): setHidden false
D/CircleLockScreen( 2259): onPause()
D/CircleShortcutWidget( 2259): onPause()
D/CircleLockScreenMotion( 2259): unregister motion listener
D/MotionRecognitionManager( 2259): @ member 0 = com.android.internal.policy.impl.sec.CircleLockScreenMotion$2@428ade68
I/MotionRecognitionManager( 2259): .unregisterListener : / listener count = 1->1, listener=com.android.internal.policy.impl.sec.CircleLockScreenMotion$1@428d21a8
D/MotionRecognitionManager( 2259): @ member 0 = com.android.internal.policy.impl.sec.CircleLockScreenMotion$2@428ade68
D/SensorManager( 2259): unregisterListener:: Listener= android.hardware.motion.MotionRecognitionService$4@41fd1708
I/SensorManager( 2259): Set min delay = 200000
I/SensorManager( 2259): Set min delay = 200000
I/SensorManager( 2259): Before sending... delay = 200000
D/Sensors ( 2259): Remain listener = android.view.WindowOrientationListener$SensorEventListenerImpl@424160b0
I/Sensors ( 2259): sendDelay --- 200000000
I/SensorService( 2259): info.selectDelay() ns=200000000
D/iNemoSensor( 2259): setDelay(): handle(0), en(200000000)
I/iNemoSensor( 2259): iNemoSensor::skip update_delay wanted_gyro = 20000000 current delay = 20000000
I/iNemoSensor( 2259): update_delay wanted_accel = 200000000
I/ActivityThread( 1526): Pub com.sec.android.widgetapp.ap.hero.accuweather: com.sec.android.widgetapp.ap.hero.accuweather.provider.accuweather.AccuContentProvider
D/SensorService( 2259): SensorDevice::setDelay, Return(true 1, false 0) = 1
D/SensorManager( 2259): JNI - sendDelay
D/SensorManager( 2259): unregisterListener:: Listener= android.hardware.motion.MotionRecognitionService$5@41fd03b8
D/SensorService( 2259): SensorDevice::activating sensor handle=5 ns=20000000
D/iNemoSensor( 2259): setDelay(): handle(5), en(20000000)
I/iNemoSensor( 2259): iNemoSensor::skip update_delay wanted_gyro = 20000000 current delay = 20000000
I/iNemoSensor( 2259): skip update_delay wanted_accel = 200000000 current delay = 200000000
D/AkmSensor( 2259): MeasureSNGLoop: interval.interval = 200000000, doze_max = 196000, prms->enabled = 2
D/MotionRecognitionService( 2259): .unregisterCallback : 0, client=com.android.internal.policy.impl.sec.CircleLockScreenMotion$2@428ade68
D/MotionRecognitionService( 2259): .checkSettingEngineEnabled : true
D/SensorManager( 2259): unregisterListener:: Listener= android.view.WindowOrientationListener$SensorEventListenerImpl@422b7908
I/SensorManager( 2259): Set min delay = 200000
I/SensorManager( 2259): Before sending... delay = 200000
D/Sensors ( 2259): Remain listener = android.view.WindowOrientationListener$SensorEventListenerImpl@424160b0
I/Sensors ( 2259): sendDelay --- 200000000
I/SensorService( 2259): info.selectDelay() ns=200000000
D/iNemoSensor( 2259): setDelay(): handle(0), en(200000000)
I/iNemoSensor( 2259): iNemoSensor::skip update_delay wanted_gyro = 20000000 current delay = 20000000
I/iNemoSensor( 2259): skip update_delay wanted_accel = 200000000 current delay = 200000000
D/SensorService( 2259): SensorDevice::setDelay, Return(true 1, false 0) = 1
D/SensorManager( 2259): JNI - sendDelay
I/MotionRecognitionManager( 2259): .unregisterListener : / listener count = 1->0, listener=com.android.internal.policy.impl.sec.CircleLockScreenMotion$2@428ade68
D/CircleLockScreen( 2259): cleanUp()
D/CircleUnlockRippleRenderer( 2259): cleanUp
D/CircleShortcutWidget( 2259): cleanUp()
D/CircleLockScreenMotion( 2259): cleanUp
I/MotionRecognitionManager( 2259): .unregisterListener : / listener count = 0->0, listener=com.android.internal.policy.impl.sec.CircleLockScreenMotion$1@428d21a8
I/MotionRecognitionManager( 2259): .unregisterListener : / listener count = 0->0, listener=com.android.internal.policy.impl.sec.CircleLockScreenMotion$2@428ade68
V/WindowOrientationListener( 2259): WindowOrientationListener disabled
D/MotionRecognitionService( 2259): .finalizeMotionEngine
D/KeyguardViewMediator( 2259): setHidden false
I/SurfaceFlinger( 1917): id=18591 Removed Leyguard idx=5 MapSz=4
I/SurfaceFlinger( 1917): id=18591 Removed Leyguard idx=-2 MapSz=4
V/LvOutput( 1920): initCheck: 0
V/LvOutput( 1920): detachEffects: detach processing for output 2, stream 1, session 6358
V/LvOutput( 1920): detachEffects: no output processing was attached to this stream
V/AudioPolicyManagerBase( 1920): stopOutput() output 2, stream 1, session 6358
V/AudioPolicyManagerBase( 1920): changeRefCount() stream 1, count 0
V/AudioPolicyManagerBase( 1920): getNewDevice() selected device 0
V/AudioPolicyManagerBase( 1920): setOutputDevice() output 2 device 0000 force 0 delayMs 184
V/AudioPolicyManagerBase( 1920): setOutputDevice() prevDevice 0002
V/AudioPolicyManagerBase( 1920): setOutputDevice() setting same device 0000 or null device for output 2
D/KeyguardViewMediator( 2259): setHidden false
D/dalvikvm( 1526): GC_CONCURRENT freed 168K, 6% free 12405K/13191K, paused 19ms+7ms, total 80ms
W/SurfaceView( 2259): CHECK surface infomation creating=false formatChanged=false sizeChanged=false visible=false visibleChanged=true surfaceChanged=true realSizeChanged=false redrawNeeded=false left=false top=false
I/SurfaceFlinger( 1917): id=18592 Removed TurfaceView idx=4 MapSz=3
I/SurfaceFlinger( 1917): id=18592 Removed TurfaceView idx=-2 MapSz=3
D/KeyguardViewMediator( 2259): setHidden false
D/WallpaperWidget( 2259): cleanUp()
D/KeyguardViewMediator( 2259): setHidden false
D/LockPatternUtils( 2259): isPcwEnable = 10
D/KeyguardViewMediator( 2259): adjustStatusBarLocked: mShowing=false mHidden=false isSecure=false --> flags=0x0
D/STATUSBAR-StatusBarManagerService( 2259): manageDisableList what=0x0 pkg=android
D/comsamsunglog( 6417): [MSC_HERO_Accu_JB]>>> ====================================================================================================================
D/comsamsunglog( 6417): [MSC_HERO_Accu_JB]>>> widgetappapheroaccuweatherwidget [Version : 12091801] [ 1 ]
D/comsamsunglog( 6417): [MSC_HERO_Accu_JB]>>> Header set to : ===> "widget" <===
D/comsamsunglog( 6417): [MSC_HERO_Accu_JB]>>> ====================================================================================================================
E/MTPRx ( 548): In MtpReceiverandroid.intent.action.USER_PRESENT
E/MTPRx ( 548): check value of boot_completed is1
E/MTPRx ( 548): check booting is completed_sys.boot_completed
E/MTPRx ( 548): Sd-Card path/storage/extSdCard
E/MTPRx ( 548): Status for mount/Unmount :mounted
E/MTPRx ( 548): SDcard is available
D/widget ( 6417): [MSC_HERO_Accu_JB]>>> WC:917 [0:0] onResume :: fU = true cEUi = true
E/MTPRx ( 548): The value of first_boot is 1
E/MTPRx ( 548): [ 662] The value of first_boot is 1NORMAL SEQUENCE
D/widget ( 6417): [MSC_HERO_Accu_JB]>>> WC:2075 [0:0] AR_S_T : 0
D/widget ( 6417): [MSC_HERO_Accu_JB]>>> WC:953 [0:0] onResume :: mFAR = false, cC = false, cEUI = true
D/widget ( 6417): [MSC_HERO_Accu_JB]>>> WC:1265 [0:0] cUI : cnt = 1, mRC = true
D/dalvikvm( 2259): GC_CONCURRENT freed 5896K, 28% free 37467K/51655K, paused 24ms+18ms, total 220ms
D/dalvikvm( 2259): WAIT_FOR_CONCURRENT_GC blocked 128ms
D/dalvikvm( 2259): WAIT_FOR_CONCURRENT_GC blocked 128ms
D/KeyguardViewMediator( 2259): setHidden false
D/dalvikvm( 2259): WAIT_FOR_CONCURRENT_GC blocked 112ms
D/KeyguardViewMediator( 2259): setHidden false
D/KeyguardViewMediator( 2259): setHidden false
I/FlashBarService( 2808): mPkgManagerReceiver : onReceive
I/SeniorFavoriteWidgetProviderSmall( 1586): registerContentObserver() = com.sec.android.widgetapp.favoriteswidget.SeniorFavoriteWidgetProvider$SeniorFavoriteContentObserver@41ba3d10
I/ActivityThread( 1598): Pub com.samsung.helphub.provider: com.samsung.helphub.provider.HelpHubContentProvider
E/Launcher( 6417): Error finding setting, default accessibility to not found: accessibility_enabled
D/Launcher.HomeFragment( 6417): onResume
D/MenuAppsGridFragment( 6417): onResume
W/InputMethodManagerService( 2259): Window already focused, ignoring focus gain of: com.android.internal.view.IInputMethodClient$Stub$Proxy@42b2b168 attribute=android.view.inputmethod.EditorInfo@42c7ccf8
D/widget ( 6417): [MSC_HERO_Accu_JB]>>> WC:668 [0:0] mSUDH(): id = cityId:169582, tZ=GMT+1
D/widget ( 6417): [MSC_HERO_Accu_JB]>>> WC:679 [0:0] ===== mSetUIDataHandler(): day = 8:31 AM, night=3:59 PM
D/widget ( 6417): [MSC_HERO_Accu_JB]>>> SM:1256 [0:0] sta ani iPA = false, flkDir = 0, iFA = false
D/widget ( 6417): [MSC_HERO_Accu_JB]>>> WC:1713 [0:0] drw all Tm dt = 2150
D/widget ( 6417): [MSC_HERO_Accu_JB]>>> SM:516 [0:0] IR : false, IPR : false
D/STATUSBAR-NetworkController( 2707): refreshSignalCluster: data=0 bt=false
D/STATUSBAR-SignalClusterView( 2707): mSeparateMobileGroup=8
D/STATUSBAR-SignalClusterView( 2707): mSeparateMobileGroup=8
D/STATUSBAR-SignalClusterView( 2707): mSeparateMobileGroup=8
E/SpannableStringBuilder( 6417): SPAN_EXCLUSIVE_EXCLUSIVE spans cannot have a zero length
E/SpannableStringBuilder( 6417): SPAN_EXCLUSIVE_EXCLUSIVE spans cannot have a zero length
W/PowerManagerService( 2259): Timer 0x3->0x3|0x0
D/STATUSBAR-NetworkController( 2707): refreshSignalCluster: data=0 bt=false
D/STATUSBAR-SignalClusterView( 2707): mSeparateMobileGroup=8
D/STATUSBAR-SignalClusterView( 2707): mSeparateMobileGroup=8
D/STATUSBAR-SignalClusterView( 2707): mSeparateMobileGroup=8
D/dalvikvm( 421): GC_CONCURRENT freed 423K, 8% free 12331K/13383K, paused 11ms+1ms, total 31ms
D/AudioHardwareTinyALSA( 1920): Entering AudioStreamOutALSA standby mode
I/AudioHardwareTinyALSA( 1920): Close mHandle:41da4b80
V/AlarmManager( 2259): waitForAlarm result :1
V/AlarmManager( 2259): trigger ELAPSED_REALTIME_WAKEUP or RTC_WAKEUP
D/dalvikvm( 1918): WAIT_FOR_CONCURRENT_GC blocked 0ms
D/dalvikvm( 1918): GC_EXPLICIT freed 38K, 7% free 12119K/12931K, paused 5ms+3ms, total 41ms
D/dalvikvm( 1918): WAIT_FOR_CONCURRENT_GC blocked 0ms
D/dalvikvm( 1918): GC_EXPLICIT freed <1K, 7% free 12119K/12931K, paused 3ms+3ms, total 33ms
D/dalvikvm( 1918): WAIT_FOR_CONCURRENT_GC blocked 0ms
E/Watchdog( 2259): !@Sync 11517
D/dalvikvm( 1625): WAIT_FOR_CONCURRENT_GC blocked 0ms
D/dalvikvm( 1918): GC_EXPLICIT freed <1K, 7% free 12119K/12931K, paused 2ms+2ms, total 34ms
D/dalvikvm( 1625): GC_CONCURRENT freed 178K, 6% free 12446K/13191K, paused 2ms+2ms, total 20ms
D/dalvikvm( 1625): WAIT_FOR_CONCURRENT_GC blocked 9ms
D/dalvikvm( 1625): GC_CONCURRENT freed 157K, 6% free 12838K/13575K, paused 2ms+2ms, total 24ms
D/dalvikvm( 1625): WAIT_FOR_CONCURRENT_GC blocked 8ms
I/ActivityThread( 1625): Pub com.google.android.apps.plus.content.ApiProvider: com.google.android.apps.plus.content.EsApiProvider
I/ActivityThread( 1625): Pub com.google.android.apps.plus.content.EsGooglePhotoProvider: com.google.android.picasasync.PicasaContentProvider
I/ActivityThread( 1625): Pub com.google.android.apps.plus.iu.EsGoogleIuProvider: com.google.android.apps.plus.iu.InstantUploadProvider
D/dalvikvm( 1625): GC_CONCURRENT freed 502K, 8% free 12883K/13959K, paused 1ms+2ms, total 21ms
D/dalvikvm( 1625): WAIT_FOR_CONCURRENT_GC blocked 8ms
I/ActivityThread( 1625): Pub com.google.android.apps.plus.content.EsPicasaStoreProvider: com.google.android.picasastore.PicasaPhotoContentProvider
I/ActivityThread( 1625): Pub com.google.plus.platform: com.google.android.apps.plus.content.AdsProvider
I/ActivityThread( 1625): Pub com.google.android.apps.plus.content.EsProvider: com.google.android.apps.plus.content.EsProvider
D/gp.PicasaPhotoCP( 1625): set fsid first time:-1
D/dalvikvm( 1625): GC_FOR_ALLOC freed 271K, 8% free 12971K/14023K, paused 18ms, total 18ms
D/dalvikvm( 1625): GC_FOR_ALLOC freed 68K, 8% free 13079K/14087K, paused 27ms, total 27ms
W/AlarmManager( 2259): FACTORY_ON= 0
D/dalvikvm( 1625): Trying to load lib /data/data/com.google.android.apps.plus/lib/libwebp_android.so 0x41b9e698
D/dalvikvm( 1625): Added shared lib /data/data/com.google.android.apps.plus/lib/libwebp_android.so 0x41b9e698
D/dalvikvm( 1625): No JNI_OnLoad found in /data/data/com.google.android.apps.plus/lib/libwebp_android.so 0x41b9e698, skipping init
D/dalvikvm( 1625): Trying to load lib /data/data/com.google.android.apps.plus/lib/libplus_jni_v8.so 0x41b9e698
D/dalvikvm( 1625): Added shared lib /data/data/com.google.android.apps.plus/lib/libplus_jni_v8.so 0x41b9e698
D/dalvikvm( 1625): No JNI_OnLoad found in /data/data/com.google.android.apps.plus/lib/libplus_jni_v8.so 0x41b9e698, skipping init
I/NativeLibrarySupport( 1625): Native WEBP decoder, version=0.3.1
I/NativeLibrarySupport( 1625): Native networking disabled
I/ActivityManager( 2259): Process com.sec.pcw:CameraAutoUpload (pid 1516) (adj 10) has died.
I/ActivityManager( 2259): Process com.sec.android.app.clockpackage (pid 406) (adj 10) has died.
I/ActivityManager( 2259): Process com.sec.android.widgetapp.ap.hero.accuweather (pid 1526) (adj 9) has died.
D/Launcher( 6417): onTrimMemory. Level: 10
I/ActivityThread( 1646): Pub com.android.voicemail: com.android.providers.contacts.VoicemailContentProvider
D/dalvikvm( 1625): GC_FOR_ALLOC freed 87K, 7% free 13242K/14151K, paused 31ms, total 31ms
I/dalvikvm-heap( 1625): Grow heap (frag case) to 13.735MB for 262160-byte allocation
I/ActivityThread( 1646): Pub applications: com.android.providers.applications.ApplicationsProvider
D/dalvikvm( 1625): GC_FOR_ALLOC freed 7K, 7% free 13490K/14471K, paused 31ms, total 31ms
I/ActivityThread( 1646): Pub call_log: com.android.providers.contacts.CallLogProvider
I/ActivityThread( 1646): Pub user_dictionary: com.android.providers.userdictionary.UserDictionaryProvider
I/ActivityThread( 1646): Pub contacts;com.android.contacts: com.android.providers.contacts.ContactsProvider2
D/dalvikvm( 1625): GC_FOR_ALLOC freed 1K, 7% free 13489K/14471K, paused 33ms, total 33ms
I/dalvikvm-heap( 1625): Grow heap (frag case) to 14.927MB for 1259536-byte allocation
D/dalvikvm( 1625): GC_FOR_ALLOC freed <1K, 7% free 14719K/15751K, paused 30ms, total 31ms
D/dalvikvm( 1646): GC_CONCURRENT freed 258K, 7% free 12366K/13191K, paused 3ms+2ms, total 27ms
D/dalvikvm( 1646): WAIT_FOR_CONCURRENT_GC blocked 13ms
D/dalvikvm( 1646): WAIT_FOR_CONCURRENT_GC blocked 13ms
D/dalvikvm( 1625): GC_CONCURRENT freed 9K, 7% free 14728K/15751K, paused 12ms+3ms, total 45ms
D/dalvikvm( 1625): WAIT_FOR_CONCURRENT_GC blocked 32ms
D/dalvikvm( 1625): GC_FOR_ALLOC freed <1K, 7% free 14728K/15751K, paused 25ms, total 25ms
I/dalvikvm-heap( 1625): Grow heap (frag case) to 16.966MB for 2129936-byte allocation
D/dalvikvm( 1625): GC_FOR_ALLOC freed 4K, 6% free 16803K/17863K, paused 19ms, total 19ms
D/dalvikvm( 1625): GC_CONCURRENT freed 4K, 6% free 17824K/18823K, paused 1ms+2ms, total 28ms
D/dalvikvm( 421): GC_CONCURRENT freed 412K, 8% free 12340K/13383K, paused 12ms+1ms, total 31ms
I/InputReader( 2259): Touch event's action is 0x0 (deviceType=0) [pCnt=1, s=0.58380 ]
I/InputDispatcher( 2259): Delivering touch to current input target: action: 0x0
I/InputDispatcher( 2259): Delivering touch to current input target: action: 0x0
I/InputDispatcher( 2259): Delivering touch to current input target: action: 0x0
I/InputDispatcher( 2259): Delivering touch to current input target: action: 0x0
I/InputReader( 2259): Touch event's action is 0x1 (deviceType=0) [pCnt=1, s=]
I/InputDispatcher( 2259): Delivering touch to current input target: action: 0x1
I/InputDispatcher( 2259): Delivering touch to current input target: action: 0x1
I/InputDispatcher( 2259): Delivering touch to current input target: action: 0x1
I/InputDispatcher( 2259): Delivering touch to current input target: action: 0x1
I/Launcher.StuckInEdit( 6417): exitWidgetResizeMode State NORMAL
D/Launcher( 6417): onTrimMemory. Level: 10
I/TwDVFSBroadcastReceiver( 2930): onLauncherIntent
D/PowerManager( 2930): DVFSLock : acquire : timeout : 1000
I/power ( 2259): *** acquire_dvfs_lock : lockType : 1 freq : 1400000
D/PowerManagerService( 2259): acquireDVFSLockLocked : type : DVFS_MIN_LIMIT frequency : 1400000 uid : 1000 pid : 2930 tag : TwDVFSBroadcastReceiver
E/libEGL ( 6417): call to OpenGL ES API with no current context (logged once per thread)
D/Launcher.MenuAppsGrid( 6417): StateObj::getAppsList() item count = 147
D/CellLayoutChildren( 6417): setCellDimensions. width: 164, height: 188, gapX: 8, gapY: 4
D/CellLayout( 6417): setGridSize(4, 5)
D/CellLayoutChildren( 6417): setCellDimensions. width: 164, height: 188, gapX: 8, gapY: 4
D/CellLayout( 6417): setGridSize(4, 5)
D/CellLayoutChildren( 6417): setCellDimensions. width: 164, height: 188, gapX: 8, gapY: 4
D/CellLayout( 6417): setGridSize(4, 5)
D/CellLayoutChildren( 6417): setCellDimensions. width: 164, height: 188, gapX: 8, gapY: 4
D/CellLayout( 6417): setGridSize(4, 5)
D/CellLayoutChildren( 6417): setCellDimensions. width: 164, height: 188, gapX: 8, gapY: 4
D/CellLayout( 6417): setGridSize(4, 5)
D/CellLayoutChildren( 6417): setCellDimensions. width: 164, height: 188, gapX: 8, gapY: 4
D/CellLayout( 6417): setGridSize(4, 5)
D/CellLayoutChildren( 6417): setCellDimensions. width: 164, height: 188, gapX: 8, gapY: 4
D/CellLayout( 6417): setGridSize(4, 5)
D/CellLayoutChildren( 6417): setCellDimensions. width: 164, height: 188, gapX: 8, gapY: 4
D/CellLayout( 6417): setGridSize(4, 5)
D/CellLayoutChildren( 6417): setCellDimensions. width: 164, height: 188, gapX: 8, gapY: 4
D/CellLayout( 6417): setGridSize(4, 5)
D/Launcher.MenuAppsGrid( 6417): StateObj::getAppsList() item count = 147
D/CellLayoutChildren( 6417): setCellDimensions. width: 164, height: 188, gapX: 8, gapY: 4
D/CellLayout( 6417): setGridSize(4, 5)
D/CellLayoutChildren( 6417): setCellDimensions. width: 164, height: 188, gapX: 8, gapY: 4
D/CellLayout( 6417): setGridSize(4, 5)
D/CellLayoutChildren( 6417): setCellDimensions. width: 164, height: 188, gapX: 8, gapY: 4
D/CellLayout( 6417): setGridSize(4, 5)
D/CellLayoutChildren( 6417): setCellDimensions. width: 164, height: 188, gapX: 8, gapY: 4
D/CellLayout( 6417): setGridSize(4, 5)
D/CellLayoutChildren( 6417): setCellDimensions. width: 164, height: 188, gapX: 8, gapY: 4
D/CellLayout( 6417): setGridSize(4, 5)
D/CellLayoutChildren( 6417): setCellDimensions. width: 164, height: 188, gapX: 8, gapY: 4
D/CellLayout( 6417): setGridSize(4, 5)
D/CellLayoutChildren( 6417): setCellDimensions. width: 164, height: 188, gapX: 8, gapY: 4
D/CellLayout( 6417): setGridSize(4, 5)
D/CellLayoutChildren( 6417): setCellDimensions. width: 164, height: 188, gapX: 8, gapY: 4
D/CellLayout( 6417): setGridSize(4, 5)
D/CellLayoutChildren( 6417): setCellDimensions. width: 164, height: 188, gapX: 8, gapY: 4
D/CellLayout( 6417): setGridSize(4, 5)
D/dalvikvm( 6417): GC_FOR_ALLOC freed 1852K, 13% free 32064K/36743K, paused 36ms, total 36ms
D/dalvikvm( 1646): GC_CONCURRENT freed 94K, 6% free 12672K/13383K, paused 12ms+3ms, total 32ms
I/power ( 2259): *** release_dvfs_lock : lockType : 1
D/PowerManagerService( 2259): releaseDVFSLockLocked : all DVFS_MIN_LIMIT are released
W/PowerManagerService( 2259): Timer 0x3->0x3|0x0
D/dalvikvm( 2259): WAIT_FOR_CONCURRENT_GC blocked 0ms
D/dalvikvm( 2259): GC_EXPLICIT freed 978K, 28% free 37392K/51655K, paused 6ms+13ms, total 175ms
D/dalvikvm(27080): GC_CONCURRENT freed 322K, 7% free 12821K/13767K, paused 10ms+2ms, total 36ms
D/dalvikvm( 1646): GC_CONCURRENT freed 131K, 6% free 12942K/13703K, paused 4ms+2ms, total 24ms
I/InputReader( 2259): Touch event's action is 0x0 (deviceType=0) [pCnt=1, s=0.58381 ]
I/InputDispatcher( 2259): Delivering touch to current input target: action: 0x0
I/InputDispatcher( 2259): Delivering touch to current input target: action: 0x0
I/InputDispatcher( 2259): Delivering touch to current input target: action: 0x0
I/InputDispatcher( 2259): Delivering touch to current input target: action: 0x0
I/TwDVFSBroadcastReceiver( 2930): onLauncherIntent
D/PowerManager( 2930): DVFSLock : acquire : timeout : 1000
I/power ( 2259): *** acquire_dvfs_lock : lockType : 1 freq : 1400000
D/PowerManagerService( 2259): acquireDVFSLockLocked : type : DVFS_MIN_LIMIT frequency : 1400000 uid : 1000 pid : 2930 tag : TwDVFSBroadcastReceiver
I/InputReader( 2259): Touch event's action is 0x1 (deviceType=0) [pCnt=1, s=]
I/InputDispatcher( 2259): Delivering touch to current input target: action: 0x1
I/InputDispatcher( 2259): Delivering touch to current input target: action: 0x1
I/InputDispatcher( 2259): Delivering touch to current input target: action: 0x1
I/InputDispatcher( 2259): Delivering touch to current input target: action: 0x1
D/PowerManagerService( 2259): acquireDVFSLockLocked : type : DVFS_MIN_LIMIT frequency : 1000000 uid : 1000 pid : 2259 tag : ActivityManager
W/ActivityManager( 2259): mDVFSLock.acquire()
D/Launcher.HomeFragment( 6417): onPause
D/Launcher( 6417): onPause, Launcher: 1103527480
D/widget ( 6417): [MSC_HERO_Accu_JB]>>> WC:1028 [0:0] onPause
I/SurfaceFlinger( 1917): id=18593(5203) createSurf 0x42bc3f4c (1x1),1 flag=400, nyfiles
I/SurfaceFlinger( 1917): SurfaceFlinger : eMagnificationFactorChanged. magnificationFactor=1.0
I/SurfaceFlinger( 1917): SurfaceFlinger : eZoomPositionChanged. zoomX=0.0 zoomY=0.0
D/KeyguardViewMediator( 2259): setHidden false
V/WindowManager( 2259): rotationForOrientationLw(orient=-1, last=0); user=0 mLidState=-1 mDockMode=0 mHdmiPlugged=false mAccelerometerDefault=false sensorRotation=-1
D/Launcher( 6417): onTrimMemory. Level: 20
D/WindowManager( 2259): PhoneWindowManager: focusChangedLw
D/KeyguardViewMediator( 2259): setHidden false
D/WindowManager( 2259): mInputFocus is not null.
D/WindowManager( 2259): mInputFocus is not null.
D/KeyguardViewMediator( 2259): setHidden false
D/WindowManager( 2259): mInputFocus is not null.
D/KeyguardViewMediator( 2259): setHidden false
D/KeyguardViewMediator( 2259): setHidden false
D/WindowManager( 2259): mInputFocus is not null.
D/WindowManager( 2259): mInputFocus is not null.
D/WindowManager( 2259): mInputFocus is not null.
D/WindowManager( 2259): mInputFocus is not null.
D/dalvikvm( 1731): WAIT_FOR_CONCURRENT_GC blocked 0ms
D/KeyguardViewMediator( 2259): setHidden false
D/WindowManager( 2259): mInputFocus is not null.
D/KeyguardViewMediator( 2259): setHidden false
D/WindowManager( 2259): mInputFocus is not null.
D/WindowManager( 2259): mInputFocus is not null.
D/MyFiles ( 1731): isMountedStateCheck start
D/[MyFiles]( 1731): StateCheck = false ::: UsbDriveA
D/[MyFiles]( 1731): StateCheck = false ::: UsbDriveB
D/[MyFiles]( 1731): StateCheck = false ::: UsbDriveC
D/[MyFiles]( 1731): StateCheck = false ::: UsbDriveD
D/[MyFiles]( 1731): StateCheck = false ::: UsbDriveE
D/[MyFiles]( 1731): StateCheck = false ::: UsbDriveF
D/MyFiles ( 1731): isMountedStateCheck end
D/dalvikvm( 1731): GC_CONCURRENT freed 125K, 6% free 12484K/13191K, paused 3ms+2ms, total 34ms
D/[MyFiles]( 1731): MainActivity changeViewMode view :3
D/[MyFiles]( 1731): MainActivity showCategory
D/[MyFiles]( 1731): Registering the receiver for com.samsung.vmmhux.ACTION_FILE_LIST_UPDATED
V/Debug ( 1731): CategoryActivity:onCreateView
D/AbsListView( 1731): Get MotionRecognitionManager
D/MotionRecognitionService( 2259): ssp status : false
D/SensorManager( 2091): unregisterListener:: Listener= com.hamsterbeat.wallpapers.base.w@41bdbc78
I/iNemoSensor( 2259): enable(): handle(5), en(0), what(1)
D/iNemoSensor( 2259): enableDev() : path(/sys/class/input/event4/device/enable), val(0)
D/iNemoSensor( 2259): enable(): MASK_ACC (1) MASK_MAG (0) MASK_GYR (0)
D/iNemoSensor( 2259): enable(): mEnAcc(1) mEnMag(0) mEnGyr(0)
I/iNemoSensor( 2259): skip update_delay wanted_accel = 200000000 current delay = 200000000
D/SensorService( 2259): SensorDevice::activate (enable 1, disable 0) = 0
D/SensorService( 2259): activating sensor disable handle=5
D/SensorService( 2259): activating sensor disable, Done!
D/SensorService( 2259): SensorDevice::activating sensor handle=5 ns=20000000
D/iNemoSensor( 2259): setDelay(): handle(5), en(20000000)
I/iNemoSensor( 2259): skip update_delay wanted_accel = 200000000 current delay = 200000000
D/wpfx.pan.jni( 2091): RendererBase(57139100)::pause
D/KeyguardViewMediator( 2259): setHidden false
I/SurfaceFlinger( 1917): id=18590 Removed Mauncher idx=1 MapSz=3
I/SurfaceFlinger( 1917): id=18590 Removed Mauncher idx=-2 MapSz=3
D/KeyguardViewMediator( 2259): setHidden false
D/WindowManager( 2259): mInputFocus is not null.
D/WindowManager( 2259): mInputFocus is not null.
D/dalvikvm( 1731): GC_CONCURRENT freed 67K, 6% free 12896K/13575K, paused 20ms+2ms, total 42ms
D/dalvikvm( 1731): WAIT_FOR_CONCURRENT_GC blocked 16ms
I/[MyFiles]( 1731): CategoryActivity refresh
D/[MyFiles]( 1731): onOptionsItemSelected mCurrentView :3
D/WindowManager( 2259): mInputFocus is not null.
I/SurfaceFlinger( 1917): id=18594(1) createSurf 0x4289655c (1x1),1 flag=400, NainActivit
I/SurfaceFlinger( 1917): SurfaceFlinger : eMagnificationFactorChanged. magnificationFactor=1.0
I/SurfaceFlinger( 1917): SurfaceFlinger : eZoomPositionChanged. zoomX=0.0 zoomY=0.0
D/WindowManager( 2259): PhoneWindowManager: focusChangedLw
D/KeyguardViewMediator( 2259): setHidden false
D/STATUSBAR-StatusBarManagerService( 2259): setSystemUiVisibility(0x0)
D/STATUSBAR-StatusBarManagerService( 2259): manageDisableList what=0x0 pkg=WindowManager.LayoutParams
D/dalvikvm( 421): GC_CONCURRENT freed 418K, 8% free 12343K/13383K, paused 1ms+2ms, total 22ms
D/libEGL ( 1731): loaded /system/lib/egl/libEGL_mali.so
D/libEGL ( 1731): loaded /system/lib/egl/libGLESv1_CM_mali.so
D/libEGL ( 1731): loaded /system/lib/egl/libGLESv2_mali.so
D/ ( 1731): Device driver API match
D/ ( 1731): Device driver API version: 10
D/ ( 1731): User space API version: 10
D/ ( 1731): mali: REVISION=Linux-r2p4-02rel0 BUILD_DATE=Tue Oct 16 15:37:13 KST 2012
I/power ( 2259): *** acquire_dvfs_lock : lockType : 1 freq : 1000000
D/PowerManagerService( 2259): releaseDVFSLockLocked : remain DVFS_MIN_LIMIT : next : 1000000
D/OpenGLRenderer( 1731): Enabling debug mode 0
D/dalvikvm( 1731): GC_FOR_ALLOC freed 22K, 5% free 13306K/13959K, paused 16ms, total 16ms
D/dalvikvm( 1731): GC_FOR_ALLOC freed 6K, 5% free 13615K/14279K, paused 14ms, total 14ms
I/power ( 2259): *** release_dvfs_lock : lockType : 1
D/PowerManagerService( 2259): releaseDVFSLockLocked : all DVFS_MIN_LIMIT are released
W/ActivityManager( 2259): mDVFSLock.release()
D/dalvikvm( 1731): GC_FOR_ALLOC freed 0K, 5% free 13930K/14599K, paused 14ms, total 15ms
D/dalvikvm( 1731): GC_FOR_ALLOC freed 0K, 5% free 14245K/14919K, paused 14ms, total 14ms
D/dalvikvm( 1731): GC_CONCURRENT freed 0K, 5% free 14876K/15559K, paused 2ms+2ms, total 19ms
D/KeyguardViewMediator( 2259): setHidden false
I/ClipboardServiceEx( 2259): Send intent for dismiss clipboard dialog inside hideCurrentInputLocked() !
D/KeyguardViewMediator( 2259): setHidden false
D/KeyguardViewMediator( 2259): setHidden false
D/Launcher.HomeFragment( 6417): onStop
D/Launcher( 6417): onStop, Launcher: 1103527480
D/Launcher( 6417): onTrimMemory. Level: 80
D/Launcher( 6417): releaseShadows called
W/ManagedEGLContext( 6417): doTerminate failed: EGL count is 2 but managed count is 1
D/KeyguardViewMediator( 2259): setHidden false
W/PowerManagerService( 2259): Timer 0x3->0x3|0x0
I/SurfaceFlinger( 1917): id=18593 Removed nyfiles idx=3 MapSz=3
