V/StagefrightPlayer( 1920): setDataSource(38, 21242672, 20394)
V/AwesomePlayer( 1920): setDataSource (80, 21242672, 20394)
I/AwesomePlayer( 1920): cancel player events
V/AwesomePlayer( 1920): mAudioTrackVector clear
V/AwesomePlayer( 1920): track of type 'audio/vorbis' does not publish bitrate
V/AwesomePlayer( 1920): mBitrate = -1 bits/sec
W/AwesomePlayer( 1920): couldn't get userdata - Weather
W/AwesomePlayer( 1920): couldn't get userdata - Authorization
W/AwesomePlayer( 1920): couldn't get userdata - SnapShot
V/AwesomePlayer( 1920): current audio track (0)
V/AwesomePlayer( 1920): current audio track (0) is added to vector[0]
V/AwesomePlayer( 1920): setDataSource_l: Audio(1), Video(0)
I/AwesomePlayer( 1920): AwesomePlayer::setDataSource_l():: This is not a DRM content
V/MediaPlayerService( 1920): prepare
V/AwesomePlayer( 1920): prepareAsync
V/MediaPlayerService( 1920): wait for prepare
V/AwesomePlayer( 1920): onPrepareAsyncEvent
V/AwesomePlayer( 1920): notifyListner_l() msg (5-MEDIA_SET_VIDEO_SIZE), ext1 (0), ext2 (0)
V/AudioCache( 1920): notify(0x41d81600, 5, 0, 0)
V/AudioCache( 1920): ignored
V/AwesomePlayer( 1920): notifyListner_l() msg (1-MEDIA_PREPARED), ext1 (0), ext2 (0)
V/AudioCache( 1920): notify(0x41d81600, 1, 0, 0)
V/AudioCache( 1920): prepared
V/AudioCache( 1920): wait - success
V/MediaPlayerService( 1920): start
V/StagefrightPlayer( 1920): start
V/AwesomePlayer( 1920): play
V/AwesomePlayer( 1920): AwesomePlayer::play_l():: This is not a DRM content
I/AudioPlayer( 1920): Audioplayer kKeyAudioPCMFormat:1, 1, 0
I/AudioPlayer( 1920): Audioplayer1 (1, 1)
V/AudioCache( 1920): open(48000, 1, 0x0, 1, 4)
V/MediaPlayerService( 1920): wait for playback complete
V/AudioCache( 1920): write(0x41bddb10, 2048)
V/AudioCache( 1920): memcpy(0x44d49000, 0x41bddb10, 2048)
V/AudioCache( 1920): write(0x41bddb10, 2048)
V/AudioCache( 1920): memcpy(0x44d49800, 0x41bddb10, 2048)
V/AudioCache( 1920): write(0x41bddb10, 2048)
V/AudioCache( 1920): memcpy(0x44d4a000, 0x41bddb10, 2048)
V/AudioCache( 1920): write(0x41bddb10, 2048)
V/AudioCache( 1920): memcpy(0x44d4a800, 0x41bddb10, 2048)
V/AudioCache( 1920): write(0x41bddb10, 2048)
V/AudioCache( 1920): memcpy(0x44d4b000, 0x41bddb10, 2048)
V/AudioCache( 1920): write(0x41bddb10, 2048)
V/AudioCache( 1920): memcpy(0x44d4b800, 0x41bddb10, 2048)
V/AudioCache( 1920): write(0x41bddb10, 2048)
V/AudioCache( 1920): memcpy(0x44d4c000, 0x41bddb10, 2048)
V/AudioCache( 1920): write(0x41bddb10, 2048)
V/AudioCache( 1920): memcpy(0x44d4c800, 0x41bddb10, 2048)
V/AudioCache( 1920): write(0x41bddb10, 2048)
V/AudioCache( 1920): memcpy(0x44d4d000, 0x41bddb10, 2048)
V/AudioCache( 1920): write(0x41bddb10, 2048)
V/AudioCache( 1920): memcpy(0x44d4d800, 0x41bddb10, 2048)
V/AudioCache( 1920): write(0x41bddb10, 2048)
V/AudioCache( 1920): memcpy(0x44d4e000, 0x41bddb10, 2048)
V/AudioCache( 1920): write(0x41bddb10, 2048)
V/AudioCache( 1920): memcpy(0x44d4e800, 0x41bddb10, 2048)
V/AudioCache( 1920): write(0x41bddb10, 2048)
V/AudioCache( 1920): memcpy(0x44d4f000, 0x41bddb10, 2048)
V/AudioCache( 1920): write(0x41bddb10, 2048)
V/AudioCache( 1920): memcpy(0x44d4f800, 0x41bddb10, 2048)
V/AudioCache( 1920): write(0x41bddb10, 2048)
V/AudioCache( 1920): memcpy(0x44d50000, 0x41bddb10, 2048)
V/AudioCache( 1920): write(0x41bddb10, 2048)
V/AudioCache( 1920): memcpy(0x44d50800, 0x41bddb10, 2048)
V/AudioCache( 1920): write(0x41bddb10, 2048)
V/AudioCache( 1920): memcpy(0x44d51000, 0x41bddb10, 2048)
V/AudioCache( 1920): write(0x41bddb10, 2048)
V/AudioCache( 1920): memcpy(0x44d51800, 0x41bddb10, 2048)
V/AudioCache( 1920): write(0x41bddb10, 2048)
V/AudioCache( 1920): memcpy(0x44d52000, 0x41bddb10, 2048)
V/AudioCache( 1920): write(0x41bddb10, 2048)
V/AudioCache( 1920): memcpy(0x44d52800, 0x41bddb10, 2048)
V/AudioCache( 1920): write(0x41bddb10, 2048)
V/AudioCache( 1920): memcpy(0x44d53000, 0x41bddb10, 2048)
V/AudioCache( 1920): write(0x41bddb10, 2048)
V/AudioCache( 1920): memcpy(0x44d53800, 0x41bddb10, 2048)
V/AudioCache( 1920): write(0x41bddb10, 2048)
V/AudioCache( 1920): memcpy(0x44d54000, 0x41bddb10, 2048)
V/AudioCache( 1920): write(0x41bddb10, 2048)
V/AudioCache( 1920): memcpy(0x44d54800, 0x41bddb10, 2048)
V/AudioCache( 1920): write(0x41bddb10, 2048)
V/AudioCache( 1920): memcpy(0x44d55000, 0x41bddb10, 2048)
V/AudioCache( 1920): write(0x41bddb10, 2048)
V/AudioCache( 1920): memcpy(0x44d55800, 0x41bddb10, 2048)
V/AudioCache( 1920): write(0x41bddb10, 2048)
V/AudioCache( 1920): memcpy(0x44d56000, 0x41bddb10, 2048)
V/AudioCache( 1920): write(0x41bddb10, 2048)
V/AudioCache( 1920): memcpy(0x44d56800, 0x41bddb10, 2048)
V/AudioCache( 1920): write(0x41bddb10, 2048)
V/AudioCache( 1920): memcpy(0x44d57000, 0x41bddb10, 2048)
V/AudioCache( 1920): write(0x41bddb10, 2048)
V/AudioCache( 1920): memcpy(0x44d57800, 0x41bddb10, 2048)
V/AudioCache( 1920): write(0x41bddb10, 2048)
V/AudioCache( 1920): memcpy(0x44d58000, 0x41bddb10, 2048)
V/AudioCache( 1920): write(0x41bddb10, 2048)
V/AudioCache( 1920): memcpy(0x44d58800, 0x41bddb10, 2048)
V/AudioCache( 1920): write(0x41bddb10, 2048)
V/AudioCache( 1920): memcpy(0x44d59000, 0x41bddb10, 2048)
I/ActivityThread( 3351): Pub com.sec.badge: com.sec.android.provider.badge.BadgeProvider
V/AudioCache( 1920): write(0x41bddb10, 2048)
V/AudioCache( 1920): memcpy(0x44d59800, 0x41bddb10, 2048)
V/AudioCache( 1920): write(0x41bddb10, 2048)
V/AudioCache( 1920): memcpy(0x44d5a000, 0x41bddb10, 2048)
V/AudioCache( 1920): write(0x41bddb10, 2048)
V/AudioCache( 1920): memcpy(0x44d5a800, 0x41bddb10, 2048)
V/AudioCache( 1920): write(0x41bddb10, 2048)
V/AudioCache( 1920): memcpy(0x44d5b000, 0x41bddb10, 2048)
V/AudioCache( 1920): write(0x41bddb10, 2048)
V/AudioCache( 1920): memcpy(0x44d5b800, 0x41bddb10, 2048)
V/AudioCache( 1920): write(0x41bddb10, 2048)
V/AudioCache( 1920): memcpy(0x44d5c000, 0x41bddb10, 2048)
V/AudioCache( 1920): write(0x41bddb10, 2048)
V/AudioCache( 1920): memcpy(0x44d5c800, 0x41bddb10, 2048)
V/AudioCache( 1920): write(0x41bddb10, 2048)
V/AudioCache( 1920): memcpy(0x44d5d000, 0x41bddb10, 2048)
V/AudioCache( 1920): write(0x41bddb10, 2048)
V/AudioCache( 1920): memcpy(0x44d5d800, 0x41bddb10, 2048)
V/AudioCache( 1920): write(0x41bddb10, 2048)
V/AudioCache( 1920): memcpy(0x44d5e000, 0x41bddb10, 2048)
E/OMXCodec( 1920): [OMX.google.vorbis.decoder] err = -1011
V/AudioCache( 1920): write(0x41bddb10, 2048)
V/AudioCache( 1920): memcpy(0x44d5e800, 0x41bddb10, 2048)
V/AudioCache( 1920): write(0x41bddb10, 2048)
V/AudioCache( 1920): memcpy(0x44d5f000, 0x41bddb10, 2048)
V/AudioCache( 1920): write(0x41bddb10, 2048)
V/AudioCache( 1920): memcpy(0x44d5f800, 0x41bddb10, 2048)
V/AudioCache( 1920): write(0x41bddb10, 2048)
V/AudioCache( 1920): memcpy(0x44d60000, 0x41bddb10, 2048)
V/AudioCache( 1920): write(0x41bddb10, 824)
V/AudioCache( 1920): memcpy(0x44d60800, 0x41bddb10, 824)
V/AwesomePlayer( 1920): MEDIA_PLAYBACK_COMPLETE
V/AwesomePlayer( 1920): notifyListner_l() msg (2-MEDIA_PLAYBACK_COMPLETE), ext1 (0), ext2 (0)
V/AudioCache( 1920): notify(0x41d81600, 2, 0, 0)
V/AudioCache( 1920): playback complete - thread will wake up later
V/AudioCache( 1920): wait - success
V/StagefrightPlayer( 1920): reset
I/AwesomePlayer( 1920): reset
I/AwesomePlayer( 1920): cancel player events
V/AwesomePlayer( 1920): mAudioTrackVector clear
I/OMXCodec( 1920): [OMX.google.vorbis.decoder] stop() sendCommand(0x1d06, OMX_CommandStateSet, OMX_StateIdle)
I/OMXCodec( 1920): [OMX.google.vorbis.decoder] stopped in state 1
V/StagefrightPlayer( 1920): ~StagefrightPlayer
V/StagefrightPlayer( 1920): reset
I/AwesomePlayer( 1920): reset
I/AwesomePlayer( 1920): cancel player events
V/AwesomePlayer( 1920): mAudioTrackVector clear
I/AwesomePlayer( 1920): reset
I/AwesomePlayer( 1920): cancel player events
V/AwesomePlayer( 1920): mAudioTrackVector clear
V/AwesomePlayer( 1920): ~AwesomePlayer()
D/CircleShortcutWidget( 2259): BitmapDrawable
E/CircleShortcutWidget( 2259): pkg name =com.sec.chaton, activityName=com.sec.chaton.HomeActivity
D/CircleShortcutWidget( 2259): mIconWidth =96
D/CircleShortcutWidget( 2259): BitmapDrawable
E/CircleShortcutWidget( 2259): pkg name =com.android.browser, activityName=com.android.browser.BrowserActivity
D/CircleShortcutWidget( 2259): mIconWidth =96
D/CircleShortcutWidget( 2259): BitmapDrawable
E/CircleShortcutWidget( 2259): pkg name =com.sec.android.app.camera, activityName=com.sec.android.app.camera.Camera
D/CircleShortcutWidget( 2259): mIconWidth =96
D/CircleShortcutWidget( 2259): BitmapDrawable
I/ActivityThread( 3369): Pub com.samsung.helphub.provider: com.samsung.helphub.provider.HelpHubContentProvider
D/CircleLockScreen( 2259): cursor.getInt(0) = 0
D/CircleLockScreen( 2259): cursor.getInt(0) = 0
D/CircleLockScreen( 2259): cursor.getInt(0) = 0
D/CircleLockScreen( 2259): mChecked = 111
D/CircleLockScreen( 2259): onRefreshBatteryInfo() showPatteryInfo: true pluggedIn: true batteryLevel: 67
D/ClockWidget( 2259): refreshTime()
D/ClockWidget( 2259): TTS Message = Es ist 21:51., Freitag, Januar 3
D/ClockWidget( 2259): refreshTime()
D/ClockWidget( 2259): TTS Message = Es ist 21:51., Freitag, Januar 3
W/LockPatternKeyguardView( 2259): Couldn't find transport control widget
D/LockPatternUtils( 2259): isPcwEnable = 10
I/System.out( 2259): Not a DRM File, opening notmally
I/System.out( 2259): buffer returned
D/dalvikvm( 2259): GC_FOR_ALLOC freed 357K, 27% free 38212K/51655K, paused 123ms, total 129ms
D/Launcher( 6417): onTrimMemory. Level: 80
D/Launcher( 6417): releaseShadows called
W/ManagedEGLContext( 6417): doTerminate failed: EGL count is 2 but managed count is 1
D/LockPatternKeyguardView( 2259): max failed attempt for device disable :0
D/LockPatternUtils( 2259): isPcwEnable = 10
D/LockPatternUtils( 2259): isPcwEnable = 10
D/ClockWidget( 2259): refreshTime()
D/ClockWidget( 2259): TTS Message = Es ist 21:51., Freitag, Januar 3
D/ClockWidget( 2259): isServiceEnable = false cityId = cityId:169582
D/ClockWidget( 2259): Weather Demon is not running, Set visibility to GONE
D/CircleLockScreen( 2259): onResume()
D/CircleUnlockRippleRenderer( 2259): onResume isUnlocked = false
D/ClockWidget( 2259): isServiceEnable = false cityId = cityId:169582
D/ClockWidget( 2259): Weather Demon is not running, Set visibility to GONE
D/CircleShortcutWidget( 2259): onResume()
D/CircleLockScreen( 2259): mCallback.isShowingAndNotHidden()=false
D/CircleLockScreenMotion( 2259): register motion listener
D/MotionRecognitionService( 2259): .registerCallback : 1, motion_sensors=3, client=com.android.internal.policy.impl.sec.CircleLockScreenMotion$2@428cf750
D/MotionEngine( 2259): [@@@ Motion Engine @@@] InitializeMotionManager ALLLLLLLLLLLLLLLLLLLLLLLLL
V/MotionRecognitionManager( 2259): .registerListenerEvent : success. listener count = 0->1, motion_sensors=3, motion event = 128, listener=com.android.internal.policy.impl.sec.CircleLockScreenMotion$2@428cf750
D/MotionRecognitionManager( 2259): .registerListenerEvent : fail. already registered / listener count = 1, listener=com.android.internal.policy.impl.sec.CircleLockScreenMotion$2@428cf750
D/CircleLockScreenMotion( 2259): reset motion engine
D/MotionEngine( 2259): [@@@ MotionEngine @@@] ResetMotionEngine............................ CALLED...............
V/KeyguardViewManager( 2259): KGVM: Set visibility on com.android.internal.policy.impl.KeyguardViewManager$KeyguardViewHost@4233b6c8 to 6291456
D/KeyguardViewMediator( 2259): adjustUserActivityLocked mShowing: true mHidden: false
D/MotionRecognitionService( 2259): .checkSettingEngineEnabled : true
D/MotionRecognitionService( 2259): .resetMotionEngine
D/PowerManagerService( 2259): enableUserActivity false
D/LockPatternUtils( 2259): isPcwEnable = 10
D/LockPatternUtils( 2259): isPcwEnable = 10
D/LockPatternUtils( 2259): isPcwEnable = 10
D/KeyguardViewMediator( 2259): adjustStatusBarLocked: mShowing=true mHidden=false isSecure=false --> flags=0x1000000
D/STATUSBAR-StatusBarManagerService( 2259): manageDisableList what=0x1000000 pkg=android
V/AlarmManager( 2259): waitForAlarm result :1
E/KeyguardViewMediator( 2259): 2. Lockscreen lock
E/KeyguardViewMediator( 2259): Phone is boot completed. so can broadcast
D/PhoneStatusBar( 2707): disable: < expand icons alerts ticker system_info back home RECENT* clock > V/AlarmManager( 2259): trigger ELAPSED_REALTIME_WAKEUP or RTC_WAKEUP
I/Choreographer( 2259): Skipped 53 frames! The application may be doing too much work on its main thread.
I/SurfaceFlinger( 1917): id=18603(5207) createSurf 0x40e71ad4 (720x1230),1 flag=0, Leyguard
I/SurfaceFlinger( 1917): SurfaceFlinger : eMagnificationFactorChanged. magnificationFactor=1.0
I/SurfaceFlinger( 1917): SurfaceFlinger : eZoomPositionChanged. zoomX=0.0 zoomY=0.0
D/WindowManager( 2259): PhoneWindowManager: focusChangedLw
D/KeyguardViewMediator( 2259): setHidden false
V/WindowManager( 2259): rotationForOrientationLw(orient=5, last=0); user=0 mLidState=-1 mDockMode=0 mHdmiPlugged=false mAccelerometerDefault=false sensorRotation=-1
I/SurfaceFlinger( 1917): id=18604(5208) createSurf 0x41010f9c (720x1230),3 flag=400, TurfaceView
I/SurfaceFlinger( 1917): SurfaceFlinger : eMagnificationFactorChanged. magnificationFactor=1.0
I/SurfaceFlinger( 1917): SurfaceFlinger : eZoomPositionChanged. zoomX=0.0 zoomY=0.0
D/KeyguardViewMediator( 2259): setHidden false
D/SurfaceView( 2259): SurfaceView.MyWindow.resized() is call in system process.
D/dalvikvm( 3393): WAIT_FOR_CONCURRENT_GC blocked 0ms
D/CircleUnlockRippleRenderer( 2259): onSurfaceCreated
D/CircleUnlockRippleRenderer( 2259): mWallpaperPath =/data/data/com.sec.android.gallery3d/lockscreen_wallpaper_ripple.jpg
D/CircleUnlockRippleRenderer( 2259): wallpaperFile exist
D/dalvikvm( 3393): GC_CONCURRENT freed 162K, 6% free 12461K/13191K, paused 15ms+8ms, total 60ms
D/dalvikvm( 3393): WAIT_FOR_CONCURRENT_GC blocked 36ms
D/dalvikvm( 3393): GC_CONCURRENT freed 152K, 6% free 12842K/13575K, paused 19ms+2ms, total 64ms
D/dalvikvm( 3393): WAIT_FOR_CONCURRENT_GC blocked 20ms
D/dalvikvm( 2259): GC_FOR_ALLOC freed 118K, 25% free 39138K/51655K, paused 290ms, total 292ms
I/ActivityThread( 3393): Pub com.google.android.apps.plus.content.ApiProvider: com.google.android.apps.plus.content.EsApiProvider
D/dalvikvm( 3302): GC_CONCURRENT freed 451K, 8% free 14039K/15111K, paused 13ms+98ms, total 955ms
I/ActivityThread( 3393): Pub com.google.android.apps.plus.content.EsGooglePhotoProvider: com.google.android.picasasync.PicasaContentProvider
W/LockPatternKeyguardView( 2259): no unlock screen when trying to enable fallback
D/CircleUnlockRippleRenderer( 2259): pBitmap, getWidth = 653, pBitmap.getHeight() = 653
I/ActivityThread( 3393): Pub com.google.android.apps.plus.iu.EsGoogleIuProvider: com.google.android.apps.plus.iu.InstantUploadProvider
D/dalvikvm( 3393): GC_CONCURRENT freed 503K, 8% free 12883K/13959K, paused 22ms+11ms, total 79ms
D/dalvikvm( 3393): WAIT_FOR_CONCURRENT_GC blocked 31ms
I/ActivityThread( 3393): Pub com.google.android.apps.plus.content.EsPicasaStoreProvider: com.google.android.picasastore.PicasaPhotoContentProvider
D/dalvikvm( 2259): GC_FOR_ALLOC freed 49K, 22% free 40764K/51655K, paused 194ms, total 194ms
D/CircleUnlockRippleRenderer( 2259): onSurfaceChanged
D/CircleUnlockRippleRenderer( 2259): windowWidth = 720, windowHeight = 1280, width = 720, height = 1230
D/CircleUnlockRippleRenderer( 2259): ondrawfrmae drawCount = 0
I/ActivityThread( 3393): Pub com.google.plus.platform: com.google.android.apps.plus.content.AdsProvider
I/ActivityThread( 3393): Pub com.google.android.apps.plus.content.EsProvider: com.google.android.apps.plus.content.EsProvider
D/dalvikvm( 2259): WAIT_FOR_CONCURRENT_GC blocked 0ms
D/CircleUnlockRippleRenderer( 2259): mCntSurfaceChanged in drawframe = 0
E/LockPatternKeyguardView( 2259): !!! callback setLockScreenReady
E/CircleUnlockRippleRenderer( 2259): CircleUnlockRippleRenderer setLockScreenReady
D/KeyguardViewMediator( 2259): setHidden false
D/CircleLockScreen( 2259): onRefreshBatteryInfo() showPatteryInfo: true pluggedIn: true batteryLevel: 68
D/LockPatternUtils( 2259): isPcwEnable = 10
D/LockPatternUtils( 2259): isPcwEnable = 10
D/LockPatternUtils( 2259): isPcwEnable = 10
D/KeyguardViewMediator( 2259): adjustStatusBarLocked: mShowing=true mHidden=false isSecure=false --> flags=0x1000000
V/LockPatternKeyguardView( 2259): Set visibility on com.android.internal.policy.impl.LockPatternKeyguardView$4@42b28330 to 8388608
D/STATUSBAR-StatusBarManagerService( 2259): manageDisableList what=0x1000000 pkg=android
D/STATUSBAR-StatusBarManagerService( 2259): setSystemUiVisibility(0x600008)
D/STATUSBAR-StatusBarManagerService( 2259): manageDisableList what=0x600000 pkg=WindowManager.LayoutParams
W/IInputConnectionWrapper( 2259): showStatusIcon on inactive InputConnection
D/LockPatternKeyguardView( 2259): focused
D/CircleLockScreen( 2259): focused
D/PhoneStatusBar( 2707): disable: < expand icons alerts ticker system_info BACK* HOME* RECENT clock > D/KeyguardViewMediator( 2259): setHidden false
D/KeyguardViewMediator( 2259): setHidden false
V/LockPatternKeyguardView( 2259): *** dispatchDraw() time: 1717162613
D/KeyguardViewMediator( 2259): setHidden false
D/STATUSBAR-StatusBarManagerService( 2259): setSystemUiVisibility(0xe00008)
D/STATUSBAR-StatusBarManagerService( 2259): manageDisableList what=0xe00000 pkg=WindowManager.LayoutParams
D/PhoneStatusBar( 2707): disable: < expand icons alerts ticker system_info BACK HOME RECENT CLOCK* > D/KeyguardViewMediator( 2259): setHidden false
D/dalvikvm( 2259): GC_EXPLICIT freed 17K, 19% free 42016K/51655K, paused 5ms+22ms, total 293ms
W/InputMethodManagerService( 2259): Starting input on non-focused client com.android.internal.view.IInputMethodClient$Stub$Proxy@42c99918 (uid=10063 pid=2355)
D/dalvikvm( 3393): GC_FOR_ALLOC freed 269K, 8% free 12970K/14023K, paused 18ms, total 18ms
D/gp.PicasaPhotoCP( 3393): set fsid first time:-1
D/dalvikvm( 3393): GC_FOR_ALLOC freed 61K, 8% free 13069K/14087K, paused 30ms, total 31ms
D/vwengine( 1021): vid = 0, img = 0, aud = 1, drm = 0
E/vwengine( 1021): failed to open
D/vwengine( 1021): -> ~moviefilestream( 0 )
D/videowall-TranscodeService( 1021): transcode fail!!
D/Finsky ( 3302): [1] 5.onFinished: Installation state replication succeeded.
E/videowall-TranscodeService( 1021): End Transcoding for chapter!! :: 0 :: 0
E/vwengine( 1021): === Create 1th Live Thumbnail ===
W/AlarmManager( 2259): FACTORY_ON= 0
I/ActivityManager( 2259): Process com.android.contacts (pid 3226) (adj 10) has died.
I/ActivityManager( 2259): Process com.google.android.gms (pid 3241) (adj 10) has died.
D/KeyguardViewMediator( 2259): setHidden false
I/ActivityManager( 2259): Process com.sec.android.app.myfiles (pid 1731) (adj 10) has died.
D/dalvikvm( 3393): Trying to load lib /data/data/com.google.android.apps.plus/lib/libwebp_android.so 0x41b99238
D/dalvikvm( 3393): Added shared lib /data/data/com.google.android.apps.plus/lib/libwebp_android.so 0x41b99238
D/dalvikvm( 3393): No JNI_OnLoad found in /data/data/com.google.android.apps.plus/lib/libwebp_android.so 0x41b99238, skipping init
D/dalvikvm( 3393): Trying to load lib /data/data/com.google.android.apps.plus/lib/libplus_jni_v8.so 0x41b99238
D/dalvikvm( 3393): Added shared lib /data/data/com.google.android.apps.plus/lib/libplus_jni_v8.so 0x41b99238
D/dalvikvm( 3393): No JNI_OnLoad found in /data/data/com.google.android.apps.plus/lib/libplus_jni_v8.so 0x41b99238, skipping init
I/NativeLibrarySupport( 3393): Native WEBP decoder, version=0.3.1
I/NativeLibrarySupport( 3393): Native networking disabled
D/vwengine( 1021): vid = 0, img = 0, aud = 1, drm = 0
E/vwengine( 1021): failed to open
D/vwengine( 1021): -> ~moviefilestream( 0 )
D/videowall-TranscodeService( 1021): transcode fail!!
E/videowall-TranscodeService( 1021): End Transcoding for chapter!! :: 1 :: 0
E/vwengine( 1021): === Create 2th Live Thumbnail ===
I/ActivityThread( 3426): Pub com.android.voicemail: com.android.providers.contacts.VoicemailContentProvider
I/ActivityThread( 3426): Pub applications: com.android.providers.applications.ApplicationsProvider
I/ActivityThread( 3426): Pub call_log: com.android.providers.contacts.CallLogProvider
I/ActivityThread( 3426): Pub user_dictionary: com.android.providers.userdictionary.UserDictionaryProvider
I/ActivityThread( 3426): Pub contacts;com.android.contacts: com.android.providers.contacts.ContactsProvider2
D/dalvikvm( 3426): GC_CONCURRENT freed 222K, 6% free 12401K/13191K, paused 16ms+3ms, total 39ms
D/dalvikvm( 3426): WAIT_FOR_CONCURRENT_GC blocked 14ms
D/vwengine( 1021): vid = 0, img = 0, aud = 1, drm = 0
E/vwengine( 1021): failed to open
D/vwengine( 1021): -> ~moviefilestream( 0 )
D/videowall-TranscodeService( 1021): transcode fail!!
E/videowall-TranscodeService( 1021): End Transcoding for chapter!! :: 2 :: 0
E/vwengine( 1021): === Create 3th Live Thumbnail ===
D/dalvikvm( 421): null clazz in OP_INSTANCE_OF, single-stepping
D/dalvikvm( 2259): WAIT_FOR_CONCURRENT_GC blocked 0ms
D/dalvikvm( 2259): GC_EXPLICIT freed 430K, 19% free 42030K/51655K, paused 4ms+15ms, total 167ms
D/vwengine( 1021): vid = 0, img = 0, aud = 1, drm = 0
E/vwengine( 1021): failed to open
D/vwengine( 1021): -> ~moviefilestream( 0 )
D/videowall-TranscodeService( 1021): transcode fail!!
E/videowall-TranscodeService( 1021): End Transcoding for chapter!! :: 3 :: 0
E/vwengine( 1021): === Create 4th Live Thumbnail ===
D/vwengine( 1021): vid = 0, img = 0, aud = 1, drm = 0
E/vwengine( 1021): failed to open
D/vwengine( 1021): -> ~moviefilestream( 0 )
D/videowall-TranscodeService( 1021): transcode fail!!
E/videowall-TranscodeService( 1021): End Transcoding for chapter!! :: 4 :: 0
E/vwengine( 1021): === Create 5th Live Thumbnail ===
D/dalvikvm( 421): GC_CONCURRENT freed 211K, 8% free 12565K/13511K, paused 11ms+4ms, total 35ms
D/vwengine( 1021): vid = 0, img = 0, aud = 1, drm = 0
E/vwengine( 1021): failed to open
D/vwengine( 1021): -> ~moviefilestream( 0 )
D/videowall-TranscodeService( 1021): transcode fail!!
E/videowall-TranscodeService( 1021): End Transcoding for chapter!! :: 5 :: 0
E/vwengine( 1021): === Create 6th Live Thumbnail ===
D/dalvikvm( 421): WAIT_FOR_CONCURRENT_GC blocked 0ms
D/dalvikvm( 421): GC_EXPLICIT freed 207K, 9% free 12399K/13511K, paused 2ms+3ms, total 29ms
D/vwengine( 1021): vid = 0, img = 0, aud = 1, drm = 0
E/vwengine( 1021): failed to open
D/vwengine( 1021): -> ~moviefilestream( 0 )
D/videowall-TranscodeService( 1021): transcode fail!!
E/videowall-TranscodeService( 1021): End Transcoding for chapter!! :: 6 :: 0
E/vwengine( 1021): === Create 7th Live Thumbnail ===
D/dalvikvm( 3426): GC_CONCURRENT freed 147K, 6% free 12671K/13447K, paused 12ms+2ms, total 28ms
D/vwengine( 1021): vid = 0, img = 0, aud = 1, drm = 0
E/vwengine( 1021): failed to open
D/vwengine( 1021): -> ~moviefilestream( 0 )
D/videowall-TranscodeService( 1021): transcode fail!!
E/videowall-TranscodeService( 1021): End Transcoding for chapter!! :: 7 :: 0
E/vwengine( 1021): === Create 8th Live Thumbnail ===
D/dalvikvm( 2259): WAIT_FOR_CONCURRENT_GC blocked 0ms
D/dalvikvm( 2259): GC_EXPLICIT freed 967K, 21% free 41226K/51655K, paused 6ms+13ms, total 167ms
D/vwengine( 1021): vid = 0, img = 0, aud = 1, drm = 0
E/vwengine( 1021): failed to open
D/vwengine( 1021): -> ~moviefilestream( 0 )
D/videowall-TranscodeService( 1021): transcode fail!!
E/videowall-TranscodeService( 1021): End Transcoding for chapter!! :: 8 :: 0
E/vwengine( 1021): === Create 9th Live Thumbnail ===
D/vwengine( 1021): vid = 0, img = 0, aud = 1, drm = 0
E/vwengine( 1021): failed to open
D/vwengine( 1021): -> ~moviefilestream( 0 )
D/videowall-TranscodeService( 1021): transcode fail!!
D/dalvikvm( 1021): GC_CONCURRENT freed 408K, 9% free 12423K/13639K, paused 32ms+2ms, total 56ms
E/videowall-TranscodeService( 1021): End Transcoding for chapter!! :: 9 :: 0
E/vwengine( 1021): === Create 10th Live Thumbnail ===
D/vwengine( 1021): vid = 0, img = 0, aud = 1, drm = 0
E/vwengine( 1021): failed to open
D/vwengine( 1021): -> ~moviefilestream( 0 )
D/videowall-TranscodeService( 1021): transcode fail!!
E/videowall-TranscodeService( 1021): End Transcoding for chapter!! :: 10 :: 0
E/vwengine( 1021): === Create 11th Live Thumbnail ===
D/vwengine( 1021): vid = 0, img = 0, aud = 1, drm = 0
E/vwengine( 1021): failed to open
D/vwengine( 1021): -> ~moviefilestream( 0 )
D/videowall-TranscodeService( 1021): transcode fail!!
E/videowall-TranscodeService( 1021): End Transcoding for chapter!! :: 11 :: 0
D/dalvikvm( 2259): WAIT_FOR_CONCURRENT_GC blocked 0ms
D/videowall-TranscodeService( 1021): VIDEO_NON_DRM
D/dalvikvm( 2259): GC_EXPLICIT freed 85K, 21% free 41228K/51655K, paused 5ms+14ms, total 173ms
D/videowall-TranscodeService( 1021): VIDEO_NON_DRM
D/videowall-TranscodeService( 1021): VIDEO_NON_DRM
D/videowall-TranscodeService( 1021): VIDEO_NON_DRM
D/vwengine( 1021): -> ~moviefilestream( 0 )
D/videowall-TranscodeService( 1021): duration time : 29
E/videowall-TranscodeService( 1021): duration time is 29 ==> not Live but Static thumbnail
D/videowall-TranscodeService( 1021): VIDEO_NON_DRM
D/videowall-TranscodeService( 1021): VIDEO_NON_DRM
D/videowall-TranscodeService( 1021): VIDEO_NON_DRM
D/videowall-TranscodeService( 1021): VIDEO_NON_DRM
D/videowall-TranscodeService( 1021): VIDEO_NON_DRM
D/vwengine( 1021): -> ~moviefilestream( 0 )
D/videowall-TranscodeService( 1021): duration time : 4
E/videowall-TranscodeService( 1021): duration time is 4 ==> not Live but Static thumbnail
D/videowall-TranscodeService( 1021): VIDEO_NON_DRM
D/videowall-TranscodeService( 1021): VIDEO_NON_DRM
D/videowall-TranscodeService( 1021): VIDEO_NON_DRM
D/videowall-TranscodeService( 1021): VIDEO_NON_DRM
D/vwengine( 1021): -> ~moviefilestream( 0 )
D/videowall-TranscodeService( 1021): duration time : 3
E/videowall-TranscodeService( 1021): duration time is 3 ==> not Live but Static thumbnail
D/videowall-TranscodeService( 1021): VIDEO_NON_DRM
D/vwengine( 1021): -> ~moviefilestream( 0 )
D/videowall-TranscodeService( 1021): duration time : 32
E/videowall-TranscodeService( 1021): duration time is 32 ==> not Live but Static thumbnail
D/videowall-TranscodeService( 1021): VIDEO_NON_DRM
D/videowall-TranscodeService( 1021): VIDEO_NON_DRM
D/videowall-TranscodeService( 1021): VIDEO_NON_DRM
D/vwengine( 1021): -> ~moviefilestream( 0 )
D/videowall-TranscodeService( 1021): duration time : 13
E/videowall-TranscodeService( 1021): duration time is 13 ==> not Live but Static thumbnail
D/videowall-TranscodeService( 1021): VIDEO_NON_DRM
D/vwengine( 1021): -> ~moviefilestream( 0 )
D/videowall-TranscodeService( 1021): duration time : 4
E/videowall-TranscodeService( 1021): duration time is 4 ==> not Live but Static thumbnail
D/videowall-TranscodeService( 1021): VIDEO_NON_DRM
D/videowall-TranscodeService( 1021): VIDEO_NON_DRM
D/dalvikvm( 1021): GC_CONCURRENT freed 421K, 9% free 12450K/13639K, paused 15ms+8ms, total 60ms
D/videowall-TranscodeService( 1021): VIDEO_NON_DRM
D/vwengine( 1021): -> ~moviefilestream( 0 )
D/videowall-TranscodeService( 1021): duration time : 9
E/videowall-TranscodeService( 1021): duration time is 9 ==> not Live but Static thumbnail
D/videowall-TranscodeService( 1021): VIDEO_NON_DRM
D/dalvikvm( 421): GC_CONCURRENT freed 214K, 7% free 12569K/13511K, paused 12ms+14ms, total 57ms
D/videowall-TranscodeService( 1021): VIDEO_NON_DRM
D/videowall-TranscodeService( 1021): VIDEO_NON_DRM
D/vwengine( 1021): -> ~moviefilestream( 0 )
D/videowall-TranscodeService( 1021): duration time : 1
E/videowall-TranscodeService( 1021): duration time is 1 ==> not Live but Static thumbnail
D/videowall-TranscodeService( 1021): VIDEO_NON_DRM
D/vwengine( 1021): -> ~moviefilestream( 0 )
D/videowall-TranscodeService( 1021): duration time : 37
E/videowall-TranscodeService( 1021): duration time is 37 ==> not Live but Static thumbnail
D/videowall-TranscodeService( 1021): VIDEO_NON_DRM
D/vwengine( 1021): -> ~moviefilestream( 0 )
D/videowall-TranscodeService( 1021): duration time : 2
E/videowall-TranscodeService( 1021): duration time is 2 ==> not Live but Static thumbnail
D/videowall-TranscodeService( 1021): VIDEO_NON_DRM
D/videowall-TranscodeService( 1021): VIDEO_NON_DRM
D/videowall-TranscodeService( 1021): VIDEO_NON_DRM
D/videowall-TranscodeService( 1021): VIDEO_NON_DRM
D/videowall-TranscodeService( 1021): VIDEO_NON_DRM
D/videowall-TranscodeService( 1021): VIDEO_NON_DRM
D/videowall-TranscodeService( 1021): VIDEO_NON_DRM
D/vwengine( 1021): -> ~moviefilestream( 0 )
D/videowall-TranscodeService( 1021): duration time : 17
E/videowall-TranscodeService( 1021): duration time is 17 ==> not Live but Static thumbnail
D/videowall-TranscodeService( 1021): VIDEO_NON_DRM
D/vwengine( 1021): -> ~moviefilestream( 0 )
D/videowall-TranscodeService( 1021): duration time : 9
E/videowall-TranscodeService( 1021): duration time is 9 ==> not Live but Static thumbnail
D/videowall-TranscodeService( 1021): VIDEO_NON_DRM
D/videowall-TranscodeService( 1021): VIDEO_NON_DRM
D/vwengine( 1021): -> ~moviefilestream( 0 )
D/videowall-TranscodeService( 1021): duration time : 26
E/videowall-TranscodeService( 1021): duration time is 26 ==> not Live but Static thumbnail
D/videowall-TranscodeService( 1021): VIDEO_NON_DRM
D/vwengine( 1021): -> ~moviefilestream( 0 )
D/videowall-TranscodeService( 1021): duration time : 6
E/videowall-TranscodeService( 1021): duration time is 6 ==> not Live but Static thumbnail
D/videowall-TranscodeService( 1021): VIDEO_NON_DRM
D/dalvikvm( 1021): GC_CONCURRENT freed 421K, 9% free 12429K/13639K, paused 16ms+4ms, total 48ms
D/vwengine( 1021): -> ~moviefilestream( 0 )
D/videowall-TranscodeService( 1021): duration time : 18
E/videowall-TranscodeService( 1021): duration time is 18 ==> not Live but Static thumbnail
D/videowall-TranscodeService( 1021): VIDEO_NON_DRM
D/vwengine( 1021): -> ~moviefilestream( 0 )
D/videowall-TranscodeService( 1021): duration time : 35
E/videowall-TranscodeService( 1021): duration time is 35 ==> not Live but Static thumbnail
D/videowall-TranscodeService( 1021): VIDEO_NON_DRM
D/videowall-TranscodeService( 1021): VIDEO_NON_DRM
D/videowall-TranscodeService( 1021): VIDEO_NON_DRM
D/vwengine( 1021): -> ~moviefilestream( 0 )
D/videowall-TranscodeService( 1021): duration time : 31
E/videowall-TranscodeService( 1021): duration time is 31 ==> not Live but Static thumbnail
D/videowall-TranscodeService( 1021): VIDEO_NON_DRM
D/dalvikvm( 3426): GC_CONCURRENT freed 129K, 6% free 12946K/13703K, paused 13ms+14ms, total 44ms
D/vwengine( 1021): -> ~moviefilestream( 0 )
D/videowall-TranscodeService( 1021): duration time : 5
E/videowall-TranscodeService( 1021): duration time is 5 ==> not Live but Static thumbnail
D/videowall-TranscodeService( 1021): VIDEO_NON_DRM
D/vwengine( 1021): -> ~moviefilestream( 0 )
D/videowall-TranscodeService( 1021): duration time : 3
E/videowall-TranscodeService( 1021): duration time is 3 ==> not Live but Static thumbnail
D/videowall-TranscodeService( 1021): VIDEO_NON_DRM
D/videowall-TranscodeService( 1021): VIDEO_NON_DRM
D/vwengine( 1021): -> ~moviefilestream( 0 )
D/videowall-TranscodeService( 1021): duration time : 1
E/videowall-TranscodeService( 1021): duration time is 1 ==> not Live but Static thumbnail
D/videowall-TranscodeService( 1021): VIDEO_NON_DRM
D/vwengine( 1021): -> ~moviefilestream( 0 )
D/videowall-TranscodeService( 1021): duration time : 25
E/videowall-TranscodeService( 1021): duration time is 25 ==> not Live but Static thumbnail
D/videowall-TranscodeService( 1021): VIDEO_NON_DRM
D/vwengine( 1021): -> ~moviefilestream( 0 )
D/videowall-TranscodeService( 1021): duration time : 15
E/videowall-TranscodeService( 1021): duration time is 15 ==> not Live but Static thumbnail
D/videowall-TranscodeService( 1021): VIDEO_NON_DRM
D/videowall-TranscodeService( 1021): VIDEO_NON_DRM
D/vwengine( 1021): -> ~moviefilestream( 0 )
D/videowall-TranscodeService( 1021): duration time : 30
E/videowall-TranscodeService( 1021): duration time is 30 ==> not Live but Static thumbnail
D/videowall-TranscodeService( 1021): VIDEO_NON_DRM
D/dalvikvm( 421): WAIT_FOR_CONCURRENT_GC blocked 0ms
D/vwengine( 1021): -> ~moviefilestream( 0 )
D/videowall-TranscodeService( 1021): duration time : 18
E/videowall-TranscodeService( 1021): duration time is 18 ==> not Live but Static thumbnail
D/videowall-TranscodeService( 1021): VIDEO_NON_DRM
D/videowall-TranscodeService( 1021): VIDEO_NON_DRM
D/vwengine( 1021): -> ~moviefilestream( 0 )
D/videowall-TranscodeService( 1021): duration time : 8
E/videowall-TranscodeService( 1021): duration time is 8 ==> not Live but Static thumbnail
D/videowall-TranscodeService( 1021): VIDEO_NON_DRM
D/dalvikvm( 421): GC_EXPLICIT freed 252K, 8% free 12434K/13511K, paused 3ms+7ms, total 83ms
D/vwengine( 1021): -> ~moviefilestream( 0 )
D/videowall-TranscodeService( 1021): duration time : 32
E/videowall-TranscodeService( 1021): duration time is 32 ==> not Live but Static thumbnail
D/videowall-TranscodeService( 1021): VIDEO_NON_DRM
D/videowall-TranscodeService( 1021): VIDEO_NON_DRM
D/videowall-TranscodeService( 1021): VIDEO_NON_DRM
D/videowall-TranscodeService( 1021): VIDEO_NON_DRM
D/videowall-TranscodeService( 1021): VIDEO_NON_DRM
D/dalvikvm( 1021): GC_CONCURRENT freed 429K, 9% free 12449K/13639K, paused 15ms+10ms, total 55ms
D/videowall-TranscodeService( 1021): VIDEO_NON_DRM
D/videowall-TranscodeService( 1021): VIDEO_NON_DRM
D/videowall-TranscodeService( 1021): VIDEO_NON_DRM
D/videowall-TranscodeService( 1021): VIDEO_NON_DRM
D/videowall-TranscodeService( 1021): VIDEO_NON_DRM
D/videowall-TranscodeService( 1021): VIDEO_NON_DRM
D/videowall-TranscodeService( 1021): VIDEO_NON_DRM
D/videowall-TranscodeService( 1021): VIDEO_NON_DRM
D/videowall-TranscodeService( 1021): VIDEO_NON_DRM
D/videowall-TranscodeService( 1021): VIDEO_NON_DRM
D/vwengine( 1021): -> ~moviefilestream( 0 )
D/videowall-TranscodeService( 1021): duration time : 13
E/videowall-TranscodeService( 1021): duration time is 13 ==> not Live but Static thumbnail
D/videowall-TranscodeService( 1021): VIDEO_NON_DRM
D/MediaScanner( 421): Skipping:
D/MediaScanner( 421): 7klwibgf7kdcbid(75lpnvaubrtk7
D/vwengine( 1021): -> ~moviefilestream( 0 )
D/videowall-TranscodeService( 1021): duration time : 17
E/videowall-TranscodeService( 1021): duration time is 17 ==> not Live but Static thumbnail
D/videowall-TranscodeService( 1021): VIDEO_NON_DRM
D/vwengine( 1021): -> ~moviefilestream( 0 )
D/videowall-TranscodeService( 1021): duration time : 20
E/videowall-TranscodeService( 1021): duration time is 20 ==> not Live but Static thumbnail
D/videowall-TranscodeService( 1021): VIDEO_NON_DRM
D/vwengine( 1021): -> ~moviefilestream( 0 )
D/videowall-TranscodeService( 1021): duration time : 6
E/videowall-TranscodeService( 1021): duration time is 6 ==> not Live but Static thumbnail
D/videowall-TranscodeService( 1021): VIDEO_NON_DRM
D/videowall-TranscodeService( 1021): VIDEO_NON_DRM
D/vwengine( 1021): -> ~moviefilestream( 0 )
D/videowall-TranscodeService( 1021): duration time : 21
E/videowall-TranscodeService( 1021): duration time is 21 ==> not Live but Static thumbnail
D/videowall-TranscodeService( 1021): VIDEO_NON_DRM
D/vwengine( 1021): -> ~moviefilestream( 0 )
D/videowall-TranscodeService( 1021): duration time : 20
E/videowall-TranscodeService( 1021): duration time is 20 ==> not Live but Static thumbnail
D/videowall-TranscodeService( 1021): VIDEO_NON_DRM
D/vwengine( 1021): -> ~moviefilestream( 0 )
D/videowall-TranscodeService( 1021): duration time : 13
E/videowall-TranscodeService( 1021): duration time is 13 ==> not Live but Static thumbnail
D/videowall-TranscodeService( 1021): VIDEO_NON_DRM
D/videowall-TranscodeService( 1021): Thread end
D/videowall-TranscodeService( 1021): wl.release();
D/dalvikvm( 1021): GC_CONCURRENT freed 415K, 9% free 12426K/13639K, paused 16ms+2ms, total 40ms
D/dalvikvm( 2259): WAIT_FOR_CONCURRENT_GC blocked 0ms
D/dalvikvm( 2259): GC_EXPLICIT freed 80K, 21% free 41227K/51655K, paused 5ms+14ms, total 163ms
W/PowerManagerService( 2259): Timer 0x0->0x0|0x0
D/dalvikvm(24641): WAIT_FOR_CONCURRENT_GC blocked 0ms
D/dalvikvm(24641): GC_EXPLICIT freed 288K, 9% free 12218K/13319K, paused 2ms+2ms, total 29ms
D/dalvikvm( 2259): WAIT_FOR_CONCURRENT_GC blocked 0ms
D/dalvikvm( 2259): GC_EXPLICIT freed 74K, 21% free 41226K/51655K, paused 8ms+14ms, total 158ms
D/dalvikvm( 421): GC_CONCURRENT freed 271K, 7% free 12610K/13511K, paused 12ms+15ms, total 45ms
D/dalvikvm( 421): WAIT_FOR_CONCURRENT_GC blocked 0ms
D/dalvikvm( 421): GC_EXPLICIT freed 248K, 9% free 12396K/13511K, paused 2ms+2ms, total 25ms
D/dalvikvm( 2259): WAIT_FOR_CONCURRENT_GC blocked 0ms
D/dalvikvm( 2259): GC_EXPLICIT freed 78K, 21% free 41222K/51655K, paused 5ms+13ms, total 159ms
D/dalvikvm( 2259): WAIT_FOR_CONCURRENT_GC blocked 0ms
D/dalvikvm( 2259): GC_EXPLICIT freed 74K, 21% free 41221K/51655K, paused 5ms+14ms, total 160ms
D/dalvikvm( 421): GC_CONCURRENT freed 198K, 7% free 12582K/13511K, paused 12ms+3ms, total 33ms
D/dalvikvm( 421): WAIT_FOR_CONCURRENT_GC blocked 0ms
D/dalvikvm( 421): GC_EXPLICIT freed 245K, 9% free 12421K/13511K, paused 2ms+3ms, total 25ms
D/dalvikvm( 2259): WAIT_FOR_CONCURRENT_GC blocked 0ms
D/dalvikvm( 2259): GC_EXPLICIT freed 73K, 21% free 41222K/51655K, paused 5ms+13ms, total 158ms
D/dalvikvm( 2259): WAIT_FOR_CONCURRENT_GC blocked 0ms
D/dalvikvm( 2259): GC_EXPLICIT freed 74K, 21% free 41221K/51655K, paused 6ms+13ms, total 161ms
D/dalvikvm( 421): GC_CONCURRENT freed 223K, 7% free 12582K/13511K, paused 12ms+3ms, total 33ms
D/dalvikvm( 421): WAIT_FOR_CONCURRENT_GC blocked 0ms
D/dalvikvm( 421): GC_EXPLICIT freed 245K, 9% free 12421K/13511K, paused 1ms+2ms, total 25ms
D/dalvikvm( 2259): WAIT_FOR_CONCURRENT_GC blocked 0ms
D/dalvikvm( 2259): GC_EXPLICIT freed 73K, 21% free 41222K/51655K, paused 4ms+13ms, total 166ms
D/dalvikvm( 2259): WAIT_FOR_CONCURRENT_GC blocked 0ms
D/dalvikvm( 2259): GC_EXPLICIT freed 74K, 21% free 41221K/51655K, paused 4ms+14ms, total 161ms
D/dalvikvm( 421): GC_CONCURRENT freed 224K, 7% free 12582K/13511K, paused 11ms+3ms, total 32ms
D/dalvikvm( 421): WAIT_FOR_CONCURRENT_GC blocked 0ms
D/dalvikvm( 421): GC_EXPLICIT freed 246K, 9% free 12421K/13511K, paused 1ms+2ms, total 25ms
D/dalvikvm( 2259): WAIT_FOR_CONCURRENT_GC blocked 0ms
D/dalvikvm( 2259): GC_EXPLICIT freed 77K, 21% free 41221K/51655K, paused 5ms+13ms, total 159ms
D/dalvikvm( 2259): WAIT_FOR_CONCURRENT_GC blocked 0ms
D/dalvikvm(26059): WAIT_FOR_CONCURRENT_GC blocked 0ms
D/dalvikvm( 2259): GC_EXPLICIT freed 74K, 21% free 41221K/51655K, paused 5ms+29ms, total 192ms
D/dalvikvm(26059): GC_EXPLICIT freed 127K, 9% free 12553K/13703K, paused 1ms+2ms, total 59ms
D/dalvikvm( 421): GC_CONCURRENT freed 222K, 7% free 12583K/13511K, paused 12ms+4ms, total 33ms
D/dalvikvm( 421): WAIT_FOR_CONCURRENT_GC blocked 0ms
D/dalvikvm( 421): GC_EXPLICIT freed 245K, 9% free 12419K/13511K, paused 2ms+2ms, total 25ms
D/dalvikvm( 2259): WAIT_FOR_CONCURRENT_GC blocked 0ms
D/dalvikvm( 2259): GC_EXPLICIT freed 73K, 21% free 41221K/51655K, paused 5ms+13ms, total 157ms
D/dalvikvm( 2259): WAIT_FOR_CONCURRENT_GC blocked 0ms
D/dalvikvm( 2259): GC_EXPLICIT freed 74K, 21% free 41221K/51655K, paused 5ms+14ms, total 159ms
D/dalvikvm( 421): GC_CONCURRENT freed 224K, 7% free 12581K/13511K, paused 12ms+3ms, total 33ms
D/dalvikvm( 421): WAIT_FOR_CONCURRENT_GC blocked 0ms
D/dalvikvm( 421): GC_EXPLICIT freed 246K, 9% free 12422K/13511K, paused 1ms+3ms, total 25ms
D/dalvikvm( 2259): WAIT_FOR_CONCURRENT_GC blocked 0ms
D/dalvikvm( 2259): GC_EXPLICIT freed 73K, 21% free 41221K/51655K, paused 4ms+13ms, total 157ms
D/dalvikvm( 2259): WAIT_FOR_CONCURRENT_GC blocked 0ms
D/dalvikvm( 2259): GC_EXPLICIT freed 74K, 21% free 41221K/51655K, paused 5ms+13ms, total 159ms
D/dalvikvm( 421): GC_CONCURRENT freed 227K, 7% free 12581K/13511K, paused 12ms+3ms, total 33ms
D/dalvikvm( 421): WAIT_FOR_CONCURRENT_GC blocked 0ms
D/dalvikvm( 421): GC_EXPLICIT freed 246K, 9% free 12422K/13511K, paused 1ms+3ms, total 25ms
D/dalvikvm( 2259): WAIT_FOR_CONCURRENT_GC blocked 0ms
D/dalvikvm( 2259): GC_EXPLICIT freed 73K, 21% free 41221K/51655K, paused 5ms+13ms, total 156ms
D/dalvikvm( 2259): WAIT_FOR_CONCURRENT_GC blocked 0ms
D/dalvikvm( 2259): GC_EXPLICIT freed 74K, 21% free 41221K/51655K, paused 5ms+14ms, total 160ms
D/dalvikvm( 421): GC_CONCURRENT freed 227K, 7% free 12580K/13511K, paused 12ms+4ms, total 38ms
D/dalvikvm( 421): WAIT_FOR_CONCURRENT_GC blocked 0ms
D/dalvikvm( 421): GC_EXPLICIT freed 247K, 9% free 12424K/13511K, paused 1ms+2ms, total 25ms
D/dalvikvm( 2259): WAIT_FOR_CONCURRENT_GC blocked 0ms
D/dalvikvm( 2259): GC_EXPLICIT freed 74K, 21% free 41221K/51655K, paused 5ms+13ms, total 157ms
I/ActivityManager( 2259): Process com.sec.android.provider.badge (pid 3351) (adj 10) has died.
D/dalvikvm(26179): WAIT_FOR_CONCURRENT_GC blocked 0ms
I/ActivityManager( 2259): Process com.sec.android.app.clockpackage (pid 3276) (adj 10) has died.
D/Launcher( 6417): onTrimMemory. Level: 80
D/Launcher( 6417): releaseShadows called
W/ManagedEGLContext( 6417): doTerminate failed: EGL count is 2 but managed count is 1
I/ActivityManager( 2259): Process com.android.vending (pid 3302) (adj 10) has died.
D/dalvikvm(26179): GC_EXPLICIT freed 256K, 7% free 12203K/13063K, paused 82ms+12ms, total 149ms
D/dalvikvm( 3393): GC_FOR_ALLOC freed 130K, 7% free 13249K/14151K, paused 31ms, total 32ms
I/dalvikvm-heap( 3393): Grow heap (frag case) to 13.742MB for 262160-byte allocation
D/dalvikvm( 3393): GC_FOR_ALLOC freed <1K, 7% free 13505K/14471K, paused 25ms, total 25ms
D/dalvikvm( 3393): GC_FOR_ALLOC freed 20K, 7% free 13484K/14471K, paused 20ms, total 20ms
I/dalvikvm-heap( 3393): Grow heap (frag case) to 14.922MB for 1259536-byte allocation
D/dalvikvm( 3393): GC_CONCURRENT freed 0K, 7% free 14714K/15751K, paused 12ms+2ms, total 31ms
D/dalvikvm( 3393): WAIT_FOR_CONCURRENT_GC blocked 19ms
D/dalvikvm( 3393): GC_FOR_ALLOC freed 0K, 7% free 14714K/15751K, paused 16ms, total 16ms
I/dalvikvm-heap( 3393): Grow heap (frag case) to 16.954MB for 2129936-byte allocation
D/dalvikvm( 3393): GC_CONCURRENT freed 0K, 6% free 16794K/17863K, paused 11ms+2ms, total 31ms
D/dalvikvm( 3393): WAIT_FOR_CONCURRENT_GC blocked 20ms
D/dalvikvm( 3393): GC_FOR_ALLOC freed 0K, 6% free 17819K/18823K, paused 19ms, total 19ms
D/dalvikvm( 2259): WAIT_FOR_CONCURRENT_GC blocked 0ms
D/dalvikvm( 2259): GC_EXPLICIT freed 208K, 21% free 41224K/51655K, paused 5ms+13ms, total 157ms
D/dalvikvm( 421): GC_CONCURRENT freed 231K, 7% free 12577K/13511K, paused 12ms+3ms, total 34ms
D/dalvikvm( 421): WAIT_FOR_CONCURRENT_GC blocked 0ms
D/dalvikvm( 421): GC_EXPLICIT freed 247K, 9% free 12425K/13511K, paused 2ms+3ms, total 26ms
I/ActivityManager( 2259): Process com.google.android.gsf.login (pid 3382) (adj 10) has died.
D/dalvikvm( 2930): GC_CONCURRENT freed 389K, 9% free 12155K/13319K, paused 2ms+1ms, total 19ms
I/ActivityManager( 2259): Process com.google.android.apps.plus (pid 3393) (adj 9) has died.
E/JavaBinder( 2259): !!! FAILED BINDER TRANSACTION !!!
I/ActivityManager( 2259): Process android.process.acore (pid 3426) (adj 9) has died.
D/dalvikvm( 2259): WAIT_FOR_CONCURRENT_GC blocked 0ms
D/dalvikvm( 2259): GC_EXPLICIT freed 227K, 21% free 41204K/51655K, paused 5ms+12ms, total 159ms
D/dalvikvm( 2259): WAIT_FOR_CONCURRENT_GC blocked 0ms
D/dalvikvm( 2259): GC_EXPLICIT freed 91K, 21% free 41186K/51655K, paused 5ms+13ms, total 158ms
D/dalvikvm( 421): GC_CONCURRENT freed 233K, 7% free 12577K/13511K, paused 11ms+3ms, total 32ms
D/dalvikvm( 421): WAIT_FOR_CONCURRENT_GC blocked 0ms
D/dalvikvm( 421): GC_EXPLICIT freed 246K, 9% free 12423K/13511K, paused 1ms+3ms, total 26ms
D/dalvikvm( 2259): WAIT_FOR_CONCURRENT_GC blocked 0ms
D/dalvikvm( 2259): GC_EXPLICIT freed 73K, 21% free 41186K/51655K, paused 5ms+13ms, total 158ms
D/dalvikvm( 2259): WAIT_FOR_CONCURRENT_GC blocked 0ms
D/dalvikvm( 2259): GC_EXPLICIT freed 74K, 21% free 41186K/51655K, paused 5ms+12ms, total 155ms
D/dalvikvm( 421): GC_CONCURRENT freed 230K, 7% free 12578K/13511K, paused 11ms+3ms, total 34ms
I/ActivityManager( 2259): Process com.google.process.location (pid 25738) (adj 8) has died.
D/GpsLocationProvider( 2259): GPS status listener died
I/LocationManagerService( 2259): remove passive (pid 2259), next minTime = 0
I/LocationManagerService( 2259): remove passive (pid 2259), next minTime = 0
I/ActivityManager( 2259): Process com.vlingo.midas (pid 27080) (adj 8) has died.
I/ActivityManager( 2259): Process com.samsung.helphub (pid 3369) (adj 9) has died.
D/dalvikvm( 421): WAIT_FOR_CONCURRENT_GC blocked 0ms
D/dalvikvm( 421): GC_EXPLICIT freed 248K, 9% free 12423K/13511K, paused 1ms+3ms, total 25ms
D/dalvikvm( 2259): WAIT_FOR_CONCURRENT_GC blocked 0ms
D/dalvikvm( 2259): GC_EXPLICIT freed 207K, 21% free 41180K/51655K, paused 5ms+13ms, total 160ms
D/dalvikvm( 2259): WAIT_FOR_CONCURRENT_GC blocked 0ms
D/dalvikvm( 2259): GC_EXPLICIT freed 93K, 21% free 41160K/51655K, paused 5ms+14ms, total 158ms
D/dalvikvm( 421): GC_CONCURRENT freed 230K, 7% free 12577K/13511K, paused 12ms+3ms, total 34ms
D/dalvikvm( 421): WAIT_FOR_CONCURRENT_GC blocked 0ms
D/dalvikvm( 421): GC_EXPLICIT freed 246K, 9% free 12423K/13511K, paused 2ms+2ms, total 25ms
D/dalvikvm( 2259): WAIT_FOR_CONCURRENT_GC blocked 0ms
D/dalvikvm( 2259): GC_EXPLICIT freed 74K, 21% free 41160K/51655K, paused 5ms+13ms, total 158ms
D/dalvikvm( 2259): WAIT_FOR_CONCURRENT_GC blocked 0ms
D/dalvikvm( 2259): GC_EXPLICIT freed 74K, 21% free 41160K/51655K, paused 5ms+14ms, total 156ms
D/dalvikvm( 421): GC_CONCURRENT freed 230K, 7% free 12578K/13511K, paused 12ms+4ms, total 33ms
D/dalvikvm( 421): WAIT_FOR_CONCURRENT_GC blocked 0ms
D/dalvikvm( 421): GC_EXPLICIT freed 245K, 9% free 12422K/13511K, paused 1ms+3ms, total 25ms
D/dalvikvm( 2259): WAIT_FOR_CONCURRENT_GC blocked 0ms
D/dalvikvm( 2259): GC_EXPLICIT freed 73K, 21% free 41160K/51655K, paused 5ms+13ms, total 156ms
D/dalvikvm( 2259): WAIT_FOR_CONCURRENT_GC blocked 0ms
D/dalvikvm( 2259): GC_EXPLICIT freed 74K, 21% free 41160K/51655K, paused 5ms+13ms, total 161ms
D/dalvikvm( 421): GC_CONCURRENT freed 225K, 7% free 12582K/13511K, paused 11ms+3ms, total 32ms
D/dalvikvm( 421): WAIT_FOR_CONCURRENT_GC blocked 0ms
D/dalvikvm( 421): GC_EXPLICIT freed 244K, 9% free 12418K/13511K, paused 1ms+3ms, total 25ms
D/dalvikvm( 2259): WAIT_FOR_CONCURRENT_GC blocked 0ms
D/dalvikvm( 2259): GC_EXPLICIT freed 73K, 21% free 41160K/51655K, paused 5ms+13ms, total 158ms
D/dalvikvm( 2259): WAIT_FOR_CONCURRENT_GC blocked 0ms
D/dalvikvm( 2259): GC_EXPLICIT freed 74K, 21% free 41160K/51655K, paused 5ms+14ms, total 157ms
V/AlarmManager( 2259): waitForAlarm result :4
V/AlarmManager( 2259): trigger ELAPSED_REALTIME_WAKEUP or RTC_WAKEUP
D/dalvikvm( 421): GC_CONCURRENT freed 227K, 7% free 12576K/13511K, paused 11ms+4ms, total 43ms
V/AlarmManager( 2259): waitForAlarm result :4
D/dalvikvm( 421): WAIT_FOR_CONCURRENT_GC blocked 0ms
D/dalvikvm( 421): GC_EXPLICIT freed 245K, 9% free 12424K/13511K, paused 2ms+3ms, total 25ms
D/dalvikvm( 2259): WAIT_FOR_CONCURRENT_GC blocked 0ms
D/dalvikvm( 2259): GC_EXPLICIT freed 88K, 21% free 41162K/51655K, paused 5ms+11ms, total 157ms
I/ActivityThread( 3456): Pub com.google.android.location.reporting: com.google.android.location.reporting.service.ReportingContentProvider
I/ActivityThread( 3456): Pub com.google.android.location.internal: com.google.android.location.internal.LocationContentProvider
I/ActivityThread( 3468): Pub com.google.android.gms.plus;com.google.android.gms.plus.action: com.google.android.gms.plus.provider.PlusProvider
I/ActivityThread( 3468): Pub com.google.android.gms.games.background: com.google.android.gms.games.provider.GamesContentProvider
I/ActivityThread( 3468): Pub com.google.android.gms.people: com.google.android.gms.people.service.PeopleContentProvider
I/ActivityThread( 3468): Pub com.google.android.gms.appstate: com.google.android.gms.appstate.provider.AppStateContentProvider
I/ActivityThread( 3468): Pub com.google.android.gms.games: com.google.android.gms.games.provider.NotificationStubContentProvider
I/ActivityThread( 3468): Pub com.google.android.gms.people.export: com.google.android.gms.people.debug.PeopleExportProvider
D/dalvikvm( 3468): GC_CONCURRENT freed 199K, 6% free 12411K/13191K, paused 15ms+2ms, total 39ms
D/GCM (24524): GcmService start Intent { act=com.google.android.gms.INITIALIZE flg=0x10 pkg=com.google.android.gms cmp=com.google.android.gms/.gcm.GcmService } com.google.android.gms.INITIALIZE
I/dalvikvm( 3468): Could not find method android.app.admin.DevicePolicyManager.isDeviceOwnerApp, referenced from method com.google.android.gms.init.InitializeIntentService.onHandleIntent
W/dalvikvm( 3468): VFY: unable to resolve virtual method 2062: Landroid/app/admin/DevicePolicyManager;.isDeviceOwnerApp (Ljava/lang/String;)Z
D/dalvikvm( 3468): VFY: replacing opcode 0x6e at 0x00f4
E/dalvikvm( 3468): Could not find class 'android.app.AppOpsManager', referenced from method axp.a
W/dalvikvm( 3468): VFY: unable to resolve check-cast 386 (Landroid/app/AppOpsManager;) in Laxp;
D/dalvikvm( 3468): VFY: replacing opcode 0x1f at 0x000e
D/GCM (24524): GcmService start Intent { act=com.google.android.gms.INITIALIZE flg=0x10 pkg=com.google.android.gms cmp=com.google.android.gms/.gcm.GcmService } com.google.android.gms.INITIALIZE
D/dalvikvm( 2259): WAIT_FOR_CONCURRENT_GC blocked 0ms
D/dalvikvm( 2259): GC_EXPLICIT freed 212K, 21% free 41176K/51655K, paused 5ms+11ms, total 156ms
I/ActivityManager( 2259): Process com.google.android.gms (pid 3468) (adj 9) has died.
D/dalvikvm( 421): GC_CONCURRENT freed 229K, 7% free 12581K/13511K, paused 11ms+3ms, total 32ms
D/dalvikvm( 421): WAIT_FOR_CONCURRENT_GC blocked 0ms
D/dalvikvm( 421): GC_EXPLICIT freed 247K, 9% free 12421K/13511K, paused 2ms+2ms, total 26ms
D/dalvikvm( 2259): WAIT_FOR_CONCURRENT_GC blocked 0ms
D/dalvikvm( 2259): GC_EXPLICIT freed 121K, 21% free 41171K/51655K, paused 5ms+13ms, total 162ms
D/dalvikvm( 2259): WAIT_FOR_CONCURRENT_GC blocked 0ms
D/dalvikvm( 2259): GC_EXPLICIT freed 80K, 21% free 41164K/51655K, paused 5ms+13ms, total 156ms
D/dalvikvm( 421): GC_CONCURRENT freed 225K, 7% free 12579K/13511K, paused 12ms+3ms, total 33ms
D/dalvikvm( 421): WAIT_FOR_CONCURRENT_GC blocked 0ms
D/dalvikvm( 421): GC_EXPLICIT freed 246K, 9% free 12423K/13511K, paused 2ms+2ms, total 25ms
D/dalvikvm( 2259): WAIT_FOR_CONCURRENT_GC blocked 0ms
