D/WVMDrmPlugIn( 1919): WVMDrmPlugin::onTerminate : 8126
I/DxDrmPluginEngine( 1919): DxDrmFrameworkPlugin::onTerminate(uniqueId = 8126)
V/AwesomePlayer( 1920): track of type 'audio/mp4a-latm' does not publish bitrate
V/AwesomePlayer( 1920): mBitrate = -1 bits/sec
V/AwesomePlayer( 1920): current audio track (0)
V/AwesomePlayer( 1920): current audio track (0) is added to vector[0]
V/AwesomePlayer( 1920): setDataSource_l: Audio(1), Video(0)
I/AwesomePlayer( 1920): AwesomePlayer::setDataSource_l():: This is not a DRM content
V/MediaPlayerService( 1920): setDataSource
V/MediaPlayer-JNI(26559): setLooping: 0
V/MediaPlayer(26559): MediaPlayer::setLooping
V/MediaPlayerService( 1920): [1912] setLooping(0)
V/StagefrightPlayer( 1920): setLooping
V/AwesomePlayer( 1920): setLooping (0)
V/MediaPlayer(26559): setVideoSurfaceTexture
V/MediaPlayerService( 1920): [1912] setVideoSurfaceTexture(0x0)
V/MediaPlayer(26559): prepare
V/MediaPlayerService( 1920): [1912] setAudioStreamType(5)
V/MediaPlayerService( 1920): [1912] prepareAsync
V/AwesomePlayer( 1920): prepareAsync
V/AwesomePlayer( 1920): onPrepareAsyncEvent
D/AudioSystem( 1920): AudioSystem::getOutputChannelCount+++
E/AudioPolicyService( 1920): getOutput() tid 29340 ++
E/AudioPolicyService( 1920): getOutput() tid 29340 --
V/AudioPolicyManagerBase( 1920): getOutput() stream 3, samplingRate 0, format 0, channelMask 3, flags 0
V/AudioPolicyManagerBase( 1920): getOutputsForDevice device 0002 -> 0002
V/AudioPolicyManagerBase( 1920): getOutput() returns output 2
D/AudioSystem( 1920): getOutputChannel() streamType 3, output 2, channel 2
I/OMXCodec( 1920): OMXCodec::configureCodec OutCh 2 + 0 ++
W/MetaData( 1920): MetaData::findData() - return false
V/AwesomePlayer( 1920): notifyListner_l() msg (5-MEDIA_SET_VIDEO_SIZE), ext1 (0), ext2 (0)
V/MediaPlayerService( 1920): [1912] notify (0x41f11f20, 5, 0, 0)
V/AwesomePlayer( 1920): notifyListner_l() msg (1-MEDIA_PREPARED), ext1 (0), ext2 (0)
V/MediaPlayerService( 1920): [1912] notify (0x41f11f20, 1, 0, 0)
V/MediaPlayer(26559): message received msg=5, ext1=0, ext2=0
V/MediaPlayer(26559): New video size 0 x 0
V/MediaPlayer(26559): callback application
V/MediaPlayer(26559): back from callback
I/MediaPlayer(26559): Don't send intent. msg.arg1 = 0, msg.arg2 = 0
V/MediaPlayer(26559): message received msg=1, ext1=0, ext2=0
V/MediaPlayer(26559): prepared
V/MediaPlayer(26559): signal application thread
V/MediaPlayer(26559): callback application
V/MediaPlayer(26559): back from callback
V/MediaPlayer(26559): prepare complete - status=0
V/MediaPlayer-JNI(26559): start
V/MediaPlayer(26559): start
V/MediaPlayerService( 1920): [1912] setLooping(0)
V/StagefrightPlayer( 1920): setLooping
V/AwesomePlayer( 1920): setLooping (0)
V/MediaPlayerService( 1920): [1912] setVolume(1.000000, 1.000000)
V/AudioSink( 1920): setVolume(1.000000, 1.000000)
V/MediaPlayerService( 1920): [1912] setAuxEffectSendLevel(0.000000)
V/AudioSink( 1920): setAuxEffectSendLevel(0.000000)
V/MediaPlayerService( 1920): [1912] start
V/StagefrightPlayer( 1920): setLooping
V/AwesomePlayer( 1920): setLooping (0)
V/StagefrightPlayer( 1920): start
V/AwesomePlayer( 1920): play
V/AwesomePlayer( 1920): AwesomePlayer::play_l():: This is not a DRM content
E/OMXCodec( 1920): [OMX.SEC.aac.dec] err = -1011
I/AudioPlayer( 1920): Audioplayer kKeyAudioPCMFormat:1, 2, 0
I/AudioPlayer( 1920): Audioplayer1 (2, 1)
V/AudioSink( 1920): open(44100, 2, 0x0, 1, 4, 6338)
E/AudioPolicyService( 1920): getOutput() tid 2219 ++
E/AudioPolicyService( 1920): getOutput() tid 2219 --
V/AudioPolicyManagerBase( 1920): getOutput() stream 5, samplingRate 0, format 0, channelMask 3, flags 0
V/AudioPolicyManagerBase( 1920): getOutputsForDevice device 0002 -> 0002
V/AudioPolicyManagerBase( 1920): getOutput() returns output 2
E/AudioPolicyService( 1920): getOutput() tid 2219 ++
E/AudioPolicyService( 1920): getOutput() tid 2219 --
V/AudioPolicyManagerBase( 1920): getOutput() stream 5, samplingRate 0, format 0, channelMask 3, flags 0
V/AudioPolicyManagerBase( 1920): getOutputsForDevice device 0002 -> 0002
V/AudioPolicyManagerBase( 1920): getOutput() returns output 2
E/AudioPolicyService( 1920): getOutput() tid 2219 ++
E/AudioPolicyService( 1920): getOutput() tid 2219 --
V/AudioPolicyManagerBase( 1920): getOutput() stream 5, samplingRate 44100, format 1, channelMask 3, flags 0
V/AudioPolicyManagerBase( 1920): getOutputsForDevice device 0002 -> 0002
V/AudioPolicyManagerBase( 1920): getOutput() returns output 2
V/AudioSink( 1920): setVolume
E/AudioPolicyService( 1920): getOutput() tid 2219 ++
E/AudioPolicyService( 1920): getOutput() tid 2219 --
V/AudioPolicyManagerBase( 1920): getOutput() stream 5, samplingRate 0, format 0, channelMask 3, flags 0
V/AudioPolicyManagerBase( 1920): getOutputsForDevice device 0002 -> 0002
V/AudioPolicyManagerBase( 1920): getOutput() returns output 2
V/AudioSink( 1920): start
V/LvOutput( 1920): initCheck: 0
V/LvOutput( 1920): attachEffects: attach processing to output 2, stream 5, session 6338, mode 0
V/LvOutput( 1920): attachEffects: no output processing needs to be attached to this stream
V/LvOutput( 1920): LvOutput::setAllProcessorEnabled(false) mOutputs.size(118)
V/AudioPolicyManagerBase( 1920): startOutput() output 2, stream 5, session 6338
V/AudioPolicyManagerBase( 1920): changeRefCount() stream 5, count 1
V/AudioPolicyManagerBase( 1920): getNewDevice() selected device 2
V/AudioPolicyManagerBase( 1920): setOutputDevice() output 2 device 0002 force 0 delayMs 0
V/AudioPolicyManagerBase( 1920): setOutputDevice() prevDevice 0002
V/AudioPolicyManagerBase( 1920): setOutputDevice() setting same device 0002 or null device for output 2
I/AudioMixer( 1920): setParameter(TRACK, FORMAT, 0x1)
E/AudioMixer( 1920): MOON > checkSEC_PCM ++ 1
D/InputReader( 2259): Input event: value=1
D/lights ( 2259): button : 1 +
D/lights ( 2259): button : 1 -
I/InputDispatcher( 2259): Delivering key to current input target: action: 0x0
I/InputDispatcher( 2259): Delivering key to current input target: action: 0x0
I/InputDispatcher( 2259): Delivering key to current input target: action: 0x0
I/PowerManagerService( 2259): Ulight 0x3->0x7|0x0
D/InputReader( 2259): Input event: value=0
I/InputDispatcher( 2259): Delivering key to current input target: action: 0x1
I/InputDispatcher( 2259): Delivering key to current input target: action: 0x1
I/InputDispatcher( 2259): Delivering key to current input target: action: 0x1
I/ClipboardServiceEx( 2259): mCBPickerDialog enter case. MSG_DISMISS_DIALOG
I/ClipboardServiceEx( 2259): Send intent for dismiss clipboard dialog inside hideCurrentInputLocked() !
D/STATUSBAR-NotificationService( 2259): updateLightsLocked() : Turn off notification light
D/LightsService( 2259): [SvcLED] setSvcLedStateLocked:: id = 4, color = 0, mode = Off, set = Off
D/LightsService( 2259): [SvcLED] wl is acquired. It will be released after 350ms.
D/PowerManagerService( 2259): mIsSipVisible : false
D/StatusBar( 2707): expanding top notification at 0entry.userCollapsed() = false
D/PowerManagerService( 2259): mIsSipVisible : false
D/KeyguardViewMediator( 2259): setHidden false
D/STATUSBAR-NetworkController( 2707): refreshSignalCluster: data=0 bt=false
D/STATUSBAR-SignalClusterView( 2707): mSeparateMobileGroup=8
D/STATUSBAR-SignalClusterView( 2707): mSeparateMobileGroup=8
D/STATUSBAR-SignalClusterView( 2707): mSeparateMobileGroup=8
V/AwesomePlayer( 1920): MEDIA_PLAYBACK_COMPLETE
V/AwesomePlayer( 1920): notifyListner_l() msg (2-MEDIA_PLAYBACK_COMPLETE), ext1 (0), ext2 (0)
V/MediaPlayerService( 1920): [1912] notify (0x41f11f20, 2, 0, 0)
V/AudioSink( 1920): stop
V/MediaPlayer(26559): message received msg=2, ext1=0, ext2=0
V/MediaPlayer(26559): playback complete
V/MediaPlayer(26559): callback application
V/LvOutput( 1920): initCheck: 0
V/LvOutput( 1920): detachEffects: detach processing for output 2, stream 5, session 6338
V/LvOutput( 1920): detachEffects: no output processing was attached to this stream
V/AudioPolicyManagerBase( 1920): stopOutput() output 2, stream 5, session 6338
V/MediaPlayer(26559): back from callback
V/AudioPolicyManagerBase( 1920): changeRefCount() stream 5, count 0
V/AudioPolicyManagerBase( 1920): getNewDevice() selected device 0
V/AudioPolicyManagerBase( 1920): setOutputDevice() output 2 device 0000 force 0 delayMs 184
V/AudioPolicyManagerBase( 1920): setOutputDevice() prevDevice 0002
V/AudioPolicyManagerBase( 1920): setOutputDevice() setting same device 0000 or null device for output 2
D/KeyguardViewMediator( 2259): setHidden false
D/InputReader( 2259): Input event: value=1
I/InputDispatcher( 2259): Delivering key to current input target: action: 0x0
I/InputDispatcher( 2259): Delivering key to current input target: action: 0x0
I/InputDispatcher( 2259): Delivering key to current input target: action: 0x0
D/KeyguardViewMediator( 2259): setHidden false
I/SurfaceFlinger( 1917): id=18554 Removed JnputMethod idx=4 MapSz=3
I/SurfaceFlinger( 1917): id=18554 Removed JnputMethod idx=-2 MapSz=3
D/KeyguardViewMediator( 2259): setHidden false
D/InputReader( 2259): Input event: value=0
I/InputDispatcher( 2259): Delivering key to current input target: action: 0x1
I/InputDispatcher( 2259): Delivering key to current input target: action: 0x1
I/InputDispatcher( 2259): Delivering key to current input target: action: 0x1
I/ClipboardServiceEx( 2259): mCBPickerDialog enter case. MSG_DISMISS_DIALOG
W/AlarmManager( 2259): FACTORY_ON= 0
I/ClipboardServiceEx( 2259): Send intent for dismiss clipboard dialog inside hideCurrentInputLocked() !
I/power ( 2259): *** acquire_dvfs_lock : lockType : 1 freq : 1000000
D/PowerManagerService( 2259): acquireDVFSLockLocked : type : DVFS_MIN_LIMIT frequency : 1000000 uid : 1000 pid : 2259 tag : ActivityManager
W/ActivityManager( 2259): mDVFSLock.acquire()
D/KeyguardViewMediator( 2259): setHidden false
V/MediaPlayer-JNI(26559): stop
V/MediaPlayer(26559): stop
V/MediaPlayerService( 1920): [1912] stop
V/StagefrightPlayer( 1920): stop
V/StagefrightPlayer( 1920): pause
V/AwesomePlayer( 1920): pause
V/MediaPlayer-JNI(26559): release
V/MediaPlayer(26559): setListener
V/MediaPlayer(26559): disconnect
V/MediaPlayerService( 1920): disconnect(1912) from pid 26559
V/StagefrightPlayer( 1920): reset
I/AwesomePlayer( 1920): reset
I/AwesomePlayer( 1920): cancel player events
V/AwesomePlayer( 1920): mAudioTrackVector clear
V/AudioSink( 1920): stop
I/AudioSink( 1920): +++ close
V/AudioPolicyManagerBase( 1920): releaseOutput() 2
I/AudioSink( 1920): --- close
I/OMXCodec( 1920): [OMX.SEC.aac.dec] stop() sendCommand(0x1cf8, OMX_CommandStateSet, OMX_StateIdle)
I/OMXCodec( 1920): [OMX.SEC.aac.dec] stopped in state 1
I/OMXCodec( 1920): OMXCodec::AudioConfigDelete 0
D/AudioSystem( 1920): AudioSystem::setConfigCallback+++
V/StagefrightPlayer( 1920): ~StagefrightPlayer
V/StagefrightPlayer( 1920): reset
I/AwesomePlayer( 1920): reset
I/AwesomePlayer( 1920): cancel player events
V/AwesomePlayer( 1920): mAudioTrackVector clear
I/AwesomePlayer( 1920): reset
I/AwesomePlayer( 1920): cancel player events
V/AwesomePlayer( 1920): mAudioTrackVector clear
V/AwesomePlayer( 1920): ~AwesomePlayer()
V/MediaPlayer(26559): destructor
V/MediaPlayer(26559): disconnect
V/MediaPlayerService( 1920): Client(1912) destructor pid = 26559
I/AudioSink( 1920): +++ close
I/AudioSink( 1920): --- close
V/MediaPlayerService( 1920): disconnect(1912) from pid 26559
D/InputReader( 2259): Input event: value=1
I/InputDispatcher( 2259): Delivering key to current input target: action: 0x0
I/InputDispatcher( 2259): Delivering key to current input target: action: 0x0
I/InputDispatcher( 2259): Delivering key to current input target: action: 0x0
I/SurfaceFlinger( 1917): id=18557(5) createSurf 0x40e6d6dc (720x1280),1 flag=400, Donversatio
I/SurfaceFlinger( 1917): SurfaceFlinger : eMagnificationFactorChanged. magnificationFactor=1.0
I/SurfaceFlinger( 1917): SurfaceFlinger : eZoomPositionChanged. zoomX=0.0 zoomY=0.0
D/WindowManager( 2259): PhoneWindowManager: focusChangedLw
D/KeyguardViewMediator( 2259): setHidden false
D/STATUSBAR-StatusBarManagerService( 2259): setSystemUiVisibility(0x0)
D/STATUSBAR-StatusBarManagerService( 2259): manageDisableList what=0x0 pkg=WindowManager.LayoutParams
I/InputDispatcher( 2259): Delivering key to current input target: action: 0x1
D/InputReader( 2259): Input event: value=0
I/InputDispatcher( 2259): Delivering key to current input target: action: 0x1
I/InputDispatcher( 2259): Delivering key to current input target: action: 0x1
I/InputDispatcher( 2259): Delivering key to current input target: action: 0x1
I/ClipboardServiceEx( 2259): mCBPickerDialog enter case. MSG_DISMISS_DIALOG
I/ClipboardServiceEx( 2259): mCBPickerDialog enter case. MSG_DISMISS_DIALOG
I/ClipboardServiceEx( 2259): Send intent for dismiss clipboard dialog inside hideCurrentInputLocked() !
D/KeyguardViewMediator( 2259): setHidden false
D/KeyguardViewMediator( 2259): setHidden false
W/IInputConnectionWrapper(26559): getSelectedText on inactive InputConnection
D/KeyguardViewMediator( 2259): setHidden false
D/InputReader( 2259): Input event: value=1
I/InputDispatcher( 2259): Delivering key to current input target: action: 0x0
I/InputDispatcher( 2259): Delivering key to current input target: action: 0x0
I/InputDispatcher( 2259): Delivering key to current input target: action: 0x0
D/KeyguardViewMediator( 2259): setHidden false
W/IInputConnectionWrapper(26559): setComposingText on inactive InputConnection
W/IInputConnectionWrapper(26559): getExtractedText on inactive InputConnection
D/InputReader( 2259): Input event: value=0
D/KeyguardViewMediator( 2259): setHidden false
I/InputDispatcher( 2259): Delivering key to current input target: action: 0x1
I/InputDispatcher( 2259): Delivering key to current input target: action: 0x1
I/InputDispatcher( 2259): Delivering key to current input target: action: 0x1
I/ClipboardServiceEx( 2259): mCBPickerDialog enter case. MSG_DISMISS_DIALOG
D/WindowManager( 2259): PhoneWindowManager: focusChangedLw
D/KeyguardViewMediator( 2259): setHidden false
V/WindowManager( 2259): rotationForOrientationLw(orient=5, last=0); user=0 mLidState=-1 mDockMode=0 mHdmiPlugged=false mAccelerometerDefault=false sensorRotation=0
D/WindowManager( 2259): mInputFocus is not null.
D/WindowManager( 2259): mInputFocus is not null.
D/Launcher( 6417): onRestart, Launcher: 1103527480
D/Launcher( 6417): onStart, Launcher: 1103527480
D/Launcher.HomeFragment( 6417): onStart
D/Launcher( 6417): onResume, Launcher: 1103527480
D/KeyguardViewMediator( 2259): setHidden false
D/WindowManager( 2259): mInputFocus is not null.
D/WindowManager( 2259): mInputFocus is not null.
D/KeyguardViewMediator( 2259): setHidden false
W/WindowManager( 2259): Rebuild removed 5 windows but added 4
I/SurfaceFlinger( 1917): id=18553 Removed Donversatio idx=4 MapSz=3
I/SurfaceFlinger( 1917): id=18553 Removed Donversatio idx=-2 MapSz=3
D/KeyguardViewMediator( 2259): setHidden false
D/KeyguardViewMediator( 2259): setHidden false
W/WindowManager( 2259): Current app token list:
W/WindowManager( 2259): Final window list:
D/WindowManager( 2259): mInputFocus is not null.
D/WindowManager( 2259): mInputFocus is not null.
D/WindowManager( 2259): mInputFocus is not null.
D/WindowManager( 2259): mInputFocus is not null.
D/comsamsunglog( 6417): [MSC_HERO_Accu_JB]>>> ====================================================================================================================
D/comsamsunglog( 6417): [MSC_HERO_Accu_JB]>>> widgetappapheroaccuweatherwidget [Version : 12091801] [ 1 ]
D/comsamsunglog( 6417): [MSC_HERO_Accu_JB]>>> Header set to : ===> "widget" <===
D/comsamsunglog( 6417): [MSC_HERO_Accu_JB]>>> ====================================================================================================================
D/widget ( 6417): [MSC_HERO_Accu_JB]>>> WC:917 [0:0] onResume :: fU = true cEUi = true
D/widget ( 6417): [MSC_HERO_Accu_JB]>>> WC:2075 [0:0] AR_S_T : 0
D/widget ( 6417): [MSC_HERO_Accu_JB]>>> WC:953 [0:0] onResume :: mFAR = false, cC = false, cEUI = true
D/widget ( 6417): [MSC_HERO_Accu_JB]>>> WC:1265 [0:0] cUI : cnt = 1, mRC = true
D/InputReader( 2259): Input event: value=1
I/FlashBarService( 2808): mPkgManagerReceiver : onReceive
D/dalvikvm( 6417): WAIT_FOR_CONCURRENT_GC blocked 0ms
D/InputReader( 2259): Input event: value=0
D/dalvikvm( 6417): GC_EXPLICIT freed 1300K, 15% free 31543K/36743K, paused 3ms+6ms, total 49ms
E/Launcher( 6417): Error finding setting, default accessibility to not found: accessibility_enabled
D/Launcher.HomeFragment( 6417): onResume
D/widget ( 6417): [MSC_HERO_Accu_JB]>>> WC:1226 [0:0] fireOR
D/widget ( 6417): [MSC_HERO_Accu_JB]>>> SM:1288 [0:0] bTCC WCV = 200
D/widget ( 6417): [MSC_HERO_Accu_JB]>>> WC:1689 [0:0] drw 2nd Tm dt = 2133
D/widget ( 6417): [MSC_HERO_Accu_JB]>>> SM:446 [0:0] IR : false, IPR : false
D/MenuAppsGridFragment( 6417): onResume
I/SurfaceFlinger( 1917): id=18558(15) createSurf 0x40e7467c (720x1280),1 flag=0, Mauncher
I/SurfaceFlinger( 1917): SurfaceFlinger : eMagnificationFactorChanged. magnificationFactor=1.0
I/SurfaceFlinger( 1917): SurfaceFlinger : eZoomPositionChanged. zoomX=0.0 zoomY=0.0
D/WindowManager( 2259): PhoneWindowManager: focusChangedLw
D/KeyguardViewMediator( 2259): setHidden false
D/STATUSBAR-StatusBarManagerService( 2259): setSystemUiVisibility(0x0)
D/STATUSBAR-StatusBarManagerService( 2259): manageDisableList what=0x0 pkg=WindowManager.LayoutParams
I/InputDispatcher( 2259): Delivering key to current input target: action: 0x0
I/InputDispatcher( 2259): Delivering key to current input target: action: 0x0
I/InputDispatcher( 2259): Delivering key to current input target: action: 0x0
D/widget ( 6417): [MSC_HERO_Accu_JB]>>> WC:668 [0:0] mSUDH(): id = cityId:169582, tZ=GMT+1
D/widget ( 6417): [MSC_HERO_Accu_JB]>>> WC:679 [0:0] ===== mSetUIDataHandler(): day = 8:31 AM, night=3:59 PM
D/widget ( 6417): [MSC_HERO_Accu_JB]>>> SM:1256 [0:0] sta ani iPA = false, flkDir = 0, iFA = false
D/widget ( 6417): [MSC_HERO_Accu_JB]>>> WC:1713 [0:0] drw all Tm dt = 2133
D/STATUSBAR-NetworkController( 2707): refreshSignalCluster: data=0 bt=false
D/STATUSBAR-SignalClusterView( 2707): mSeparateMobileGroup=8
D/STATUSBAR-SignalClusterView( 2707): mSeparateMobileGroup=8
D/STATUSBAR-SignalClusterView( 2707): mSeparateMobileGroup=8
D/widget ( 6417): [MSC_HERO_Accu_JB]>>> SM:516 [0:0] IR : false, IPR : false
I/ClipboardServiceEx( 2259): Send intent for dismiss clipboard dialog inside hideCurrentInputLocked() !
I/InputDispatcher( 2259): Delivering key to current input target: action: 0x1
I/InputDispatcher( 2259): Delivering key to current input target: action: 0x1
I/InputDispatcher( 2259): Delivering key to current input target: action: 0x1
W/IInputConnectionWrapper(26559): showStatusIcon on inactive InputConnection
I/ClipboardServiceEx( 2259): mCBPickerDialog enter case. MSG_DISMISS_DIALOG
I/Launcher.StuckInEdit( 6417): exitWidgetResizeMode State NORMAL
D/InputReader( 2259): Input event: value=1
I/InputDispatcher( 2259): Delivering key to current input target: action: 0x0
I/InputDispatcher( 2259): Delivering key to current input target: action: 0x0
I/InputDispatcher( 2259): Delivering key to current input target: action: 0x0
D/KeyguardViewMediator( 2259): setHidden false
D/KeyguardViewMediator( 2259): setHidden false
D/wpfx.pan.jni( 2091): RendererBase(57139100)::resume
D/SensorService( 2259): info.rates.add, set DEFAULT_EVENTS_PERIOD
I/iNemoSensor( 2259): enable(): handle(5), en(1), what(1)
I/iNemoSensor( 2259): enable:373 gyro_dps = 0 .
D/iNemoSensor( 2259): enableDev() : path(/sys/class/input/event4/device/enable), val(1)
D/iNemoSensor( 2259): enable(): MASK_ACC (1) MASK_MAG (0) MASK_GYR (2)
D/iNemoSensor( 2259): enable(): mEnAcc(1) mEnMag(0) mEnGyr(1)
I/iNemoSensor( 2259): iNemoSensor::skip update_delay wanted_gyro = 20000000 current delay = 20000000
I/iNemoSensor( 2259): skip update_delay wanted_accel = 200000000 current delay = 200000000
D/SensorService( 2259): SensorDevice::activate (enable 1, disable 0) = 1
D/SensorService( 2259): activating sensor enable handle=5
D/SensorService( 2259): activating sensor enable, Done!
D/SensorService( 2259): SensorDevice::activating sensor handle=5 ns=200000000
D/iNemoSensor( 2259): setDelay(): handle(5), en(200000000)
I/iNemoSensor( 2259): iNemoSensor::update_delay wanted_gyro = 200000000
I/iNemoSensor( 2259): skip update_delay wanted_accel = 200000000 current delay = 200000000
I/SensorService( 2259): info.selectDelay() ns=20000000
D/iNemoSensor( 2259): setDelay(): handle(5), en(20000000)
I/iNemoSensor( 2259): iNemoSensor::update_delay wanted_gyro = 20000000
I/iNemoSensor( 2259): skip update_delay wanted_accel = 200000000 current delay = 200000000
D/SensorService( 2259): SensorDevice::setDelay, Return(true 1, false 0) = 1
D/SensorManager( 2091): registerListener :: handle = 5 name= LSM330DLC Gyroscope sensor delay= 20000 Listener= com.hamsterbeat.wallpapers.base.w@41bdbc78
D/KeyguardViewMediator( 2259): setHidden false
D/InputReader( 2259): Input event: value=0
I/InputDispatcher( 2259): Delivering key to current input target: action: 0x1
I/InputDispatcher( 2259): Delivering key to current input target: action: 0x1
I/InputDispatcher( 2259): Delivering key to current input target: action: 0x1
D/KeyguardViewMediator( 2259): setHidden false
I/ClipboardServiceEx( 2259): mCBPickerDialog enter case. MSG_DISMISS_DIALOG
I/Launcher.StuckInEdit( 6417): exitWidgetResizeMode State NORMAL
D/KeyguardViewMediator( 2259): setHidden false
I/power ( 2259): *** release_dvfs_lock : lockType : 1
D/PowerManagerService( 2259): releaseDVFSLockLocked : all DVFS_MIN_LIMIT are released
W/ActivityManager( 2259): mDVFSLock.release()
I/InputReader( 2259): Touch event's action is 0x0 (deviceType=0) [pCnt=1, s=0.58265 ]
I/InputDispatcher( 2259): Delivering touch to current input target: action: 0x0
I/InputDispatcher( 2259): Delivering touch to current input target: action: 0x0
I/InputDispatcher( 2259): Delivering touch to current input target: action: 0x0
D/KeyguardViewMediator( 2259): setHidden false
I/SurfaceFlinger( 1917): id=18557 Removed Donversatio idx=4 MapSz=3
I/SurfaceFlinger( 1917): id=18557 Removed Donversatio idx=-2 MapSz=3
D/KeyguardViewMediator( 2259): setHidden false
D/KeyguardViewMediator( 2259): setHidden false
V/MediaPlayer-JNI( 2707): stop
V/MediaPlayer( 2707): stop
V/MediaPlayerService( 1920): [1911] stop
V/StagefrightPlayer( 1920): stop
V/StagefrightPlayer( 1920): pause
V/AwesomePlayer( 1920): pause
V/MediaPlayer-JNI( 2707): release
V/MediaPlayer( 2707): setListener
V/MediaPlayer( 2707): disconnect
V/MediaPlayerService( 1920): disconnect(1911) from pid 2707
V/StagefrightPlayer( 1920): reset
I/AwesomePlayer( 1920): reset
I/AwesomePlayer( 1920): cancel player events
V/AwesomePlayer( 1920): mAudioTrackVector clear
V/AudioSink( 1920): stop
I/AudioSink( 1920): +++ close
V/AudioPolicyManagerBase( 1920): releaseOutput() 2
I/AudioSink( 1920): --- close
I/OMXCodec( 1920): [OMX.google.vorbis.decoder] stop() sendCommand(0x1cf7, OMX_CommandStateSet, OMX_StateIdle)
W/Vibrator( 2259): Vibrator.cancel()
I/OMXCodec( 1920): [OMX.google.vorbis.decoder] stopped in state 1
D/STATUSBAR-NotificationService( 2259): updateLightsLocked() : Turn off notification light
D/LightsService( 2259): [SvcLED] setSvcLedStateLocked:: id = 4, color = 0, mode = Off, set = Off
V/StagefrightPlayer( 1920): ~StagefrightPlayer
V/StagefrightPlayer( 1920): reset
I/AwesomePlayer( 1920): reset
I/AwesomePlayer( 1920): cancel player events
V/AwesomePlayer( 1920): mAudioTrackVector clear
I/AwesomePlayer( 1920): reset
I/AwesomePlayer( 1920): cancel player events
V/AwesomePlayer( 1920): mAudioTrackVector clear
V/AwesomePlayer( 1920): ~AwesomePlayer()
V/MediaPlayer( 2707): destructor
V/MediaPlayerService( 1920): Client(1911) destructor pid = 2707
I/AudioSink( 1920): +++ close
I/AudioSink( 1920): --- close
V/MediaPlayerService( 1920): disconnect(1911) from pid 2707
V/MediaPlayer( 2707): disconnect
I/AudioService( 2259): AudioFocus abandonAudioFocus() from 2707
D/LightsService( 2259): [SvcLED] wl is acquired. It will be released after 350ms.
D/KeyguardViewMediator( 2259): setHidden false
D/WindowManager( 2259): PhoneWindowManager: focusChangedLw
D/KeyguardViewMediator( 2259): setHidden false
D/STATUSBAR-StatusBarManagerService( 2259): setSystemUiVisibility(0x80000)
D/STATUSBAR-StatusBarManagerService( 2259): manageDisableList what=0x80000 pkg=WindowManager.LayoutParams
I/InputReader( 2259): Touch event's action is 0x1 (deviceType=0) [pCnt=1, s=]
I/InputDispatcher( 2259): Delivering touch to current input target: action: 0x1
I/InputDispatcher( 2259): Delivering touch to current input target: action: 0x1
I/InputDispatcher( 2259): Delivering touch to current input target: action: 0x1
D/PhoneStatusBar( 2707): disable: < expand icons alerts TICKER* system_info back home recent clock > D/STATUSBAR-PhoneStatusBar( 2707): Mini Controller text scroll : ON
D/STATUSBAR-PhoneStatusBar( 2707): performExpand()
I/InputReader( 2259): Touch event's action is 0x0 (deviceType=0) [pCnt=1, s=0.58266 ]
I/InputDispatcher( 2259): Delivering touch to current input target: action: 0x0
I/InputDispatcher( 2259): Delivering touch to current input target: action: 0x0
I/InputDispatcher( 2259): Delivering touch to current input target: action: 0x0
I/InputReader( 2259): Touch event's action is 0x1 (deviceType=0) [pCnt=1, s=]
I/InputDispatcher( 2259): Delivering touch to current input target: action: 0x1
I/InputDispatcher( 2259): Delivering touch to current input target: action: 0x1
I/InputDispatcher( 2259): Delivering touch to current input target: action: 0x1
I/power ( 2259): *** acquire_dvfs_lock : lockType : 1 freq : 1000000
D/PowerManagerService( 2259): acquireDVFSLockLocked : type : DVFS_MIN_LIMIT frequency : 1000000 uid : 1000 pid : 2259 tag : ActivityManager
W/ActivityManager( 2259): mDVFSLock.acquire()
D/Launcher.HomeFragment( 6417): onPause
D/KeyguardViewMediator( 2259): verifyUnlock
W/KeyguardViewMediator( 2259): verifyUnlock called when not externally disabled
D/widget ( 6417): [MSC_HERO_Accu_JB]>>> WC:1218 [0:0] fireOP
D/Launcher( 6417): onPause, Launcher: 1103527480
W/Vibrator( 2259): Vibrator.cancel()
D/widget ( 6417): [MSC_HERO_Accu_JB]>>> WC:1028 [0:0] onPause
D/STATUSBAR-NotificationService( 2259): updateLightsLocked() : Turn off notification light
D/LightsService( 2259): [SvcLED] setSvcLedStateLocked:: id = 4, color = 0, mode = Off, set = Off
D/STATUSBAR-NotificationService( 2259): updateLightsLocked() : Turn off notification light
D/LightsService( 2259): [SvcLED] setSvcLedStateLocked:: id = 4, color = 0, mode = Off, set = Off
D/LightsService( 2259): [SvcLED] wl is acquired. It will be released after 350ms.
V/WindowManager( 2259): rotationForOrientationLw(orient=1, last=0); user=0 mLidState=-1 mDockMode=0 mHdmiPlugged=false mAccelerometerDefault=false sensorRotation=0
I/SurfaceFlinger( 1917): id=18559(5192) createSurf 0x429b5f54 (1x1),1 flag=400, lleiderkrei
I/SurfaceFlinger( 1917): SurfaceFlinger : eMagnificationFactorChanged. magnificationFactor=1.0
I/SurfaceFlinger( 1917): SurfaceFlinger : eZoomPositionChanged. zoomX=0.0 zoomY=0.0
D/KeyguardViewMediator( 2259): setHidden false
D/KeyguardViewMediator( 2259): setHidden false
D/Launcher( 6417): onTrimMemory. Level: 20
D/KeyguardViewMediator( 2259): setHidden false
D/KeyguardViewMediator( 2259): setHidden false
D/KeyguardViewMediator( 2259): setHidden false
I/ActivityManager( 2259): Process com.sec.spp.push:RemoteDlcProcess (pid 27117) (adj 11) has died.
D/KeyguardViewMediator( 2259): setHidden false
I/ActivityManager( 2259): Process com.samsung.rcs (pid 27826) (adj 11) has died.
I/ActivityManager( 2259): Process android.process.acore (pid 28795) (adj 10) has died.
D/KeyguardViewMediator( 2259): setHidden false
E/ActivityThread(27854): Failed to find provider info for com.facebook.katana.provider.AttributionIdProvider
W/Crittercism(27854): Crittercism not initialized yet. Returning.
D/dalvikvm(27854): GC_FOR_ALLOC freed 284K, 14% free 16299K/18951K, paused 39ms, total 39ms
I/dalvikvm-heap(27854): Grow heap (frag case) to 16.921MB for 473104-byte allocation
D/dalvikvm(27854): GC_FOR_ALLOC freed 1K, 14% free 16760K/19463K, paused 33ms, total 33ms
D/AbsListView(27854): [unregisterDoubleTapMotionListener]
I/MotionRecognitionManager(27854): .unregisterListener : / listener count = 0->0, listener=android.widget.AbsListView$4@41d078e0
I/SurfaceFlinger( 1917): id=18560(2) createSurf 0x42bc3f4c (1x1),1 flag=400, NDActivity
I/SurfaceFlinger( 1917): SurfaceFlinger : eMagnificationFactorChanged. magnificationFactor=1.0
I/SurfaceFlinger( 1917): SurfaceFlinger : eZoomPositionChanged. zoomX=0.0 zoomY=0.0
D/KeyguardViewMediator( 2259): setHidden false
D/PointerInterceptView( 2259): Receive COLLAPSED
D/PointerInterceptView( 2259): sendCallbackFunc, mPreviousOpen = false , isOpen = false , isForce = false
D/STATUSBAR-PhoneStatusBar( 2707): Mini Controller text scroll : OFF
D/STATUSBAR-QuickSettingPanel( 2707): mDisplayButtonCnt : 10 mCurButtonNum : 5
W/STATUSBAR-QuickSettingPanel( 2707): prepareTranslationXfalse 357
D/STATUSBAR-PhoneStatusBar( 2707): performCollapse()
D/WindowManager( 2259): PhoneWindowManager: focusChangedLw
D/KeyguardViewMediator( 2259): setHidden false
D/STATUSBAR-StatusBarManagerService( 2259): setSystemUiVisibility(0x0)
D/STATUSBAR-StatusBarManagerService( 2259): manageDisableList what=0x0 pkg=WindowManager.LayoutParams
D/SensorManager( 2091): unregisterListener:: Listener= com.hamsterbeat.wallpapers.base.w@41bdbc78
I/iNemoSensor( 2259): enable(): handle(5), en(0), what(1)
D/iNemoSensor( 2259): enableDev() : path(/sys/class/input/event4/device/enable), val(0)
D/iNemoSensor( 2259): enable(): MASK_ACC (1) MASK_MAG (0) MASK_GYR (0)
D/iNemoSensor( 2259): enable(): mEnAcc(1) mEnMag(0) mEnGyr(0)
I/iNemoSensor( 2259): skip update_delay wanted_accel = 200000000 current delay = 200000000
D/SensorService( 2259): SensorDevice::activate (enable 1, disable 0) = 0
D/SensorService( 2259): activating sensor disable handle=5
D/KeyguardViewMediator( 2259): setHidden false
D/SensorService( 2259): activating sensor disable, Done!
D/SensorService( 2259): SensorDevice::activating sensor handle=5 ns=20000000
D/iNemoSensor( 2259): setDelay(): handle(5), en(20000000)
I/iNemoSensor( 2259): skip update_delay wanted_accel = 200000000 current delay = 200000000
I/SurfaceFlinger( 1917): id=18558 Removed Mauncher idx=1 MapSz=4
D/wpfx.pan.jni( 2091): RendererBase(57139100)::pause
D/KeyguardViewMediator( 2259): setHidden false
D/KeyguardViewMediator( 2259): setHidden false
I/ClipboardServiceEx( 2259): Send intent for dismiss clipboard dialog inside hideCurrentInputLocked() !
D/LockPatternUtils( 2259): isPcwEnable = 10
I/power ( 2259): *** release_dvfs_lock : lockType : 1
D/KeyguardViewMediator( 2259): setHidden false
D/PowerManagerService( 2259): releaseDVFSLockLocked : all DVFS_MIN_LIMIT are released
W/ActivityManager( 2259): mDVFSLock.release()
D/KeyguardViewMediator( 2259): setHidden false
I/SurfaceFlinger( 1917): id=18558 Removed Mauncher idx=-2 MapSz=4
D/PhoneStatusBar( 2707): disable: < expand icons alerts ticker* system_info back home recent clock > D/STATUSBAR-NetworkController( 2707): refreshSignalCluster: data=0 bt=false
D/STATUSBAR-SignalClusterView( 2707): mSeparateMobileGroup=8
D/STATUSBAR-SignalClusterView( 2707): mSeparateMobileGroup=8
D/STATUSBAR-SignalClusterView( 2707): mSeparateMobileGroup=8
D/KeyguardViewMediator( 2259): setHidden false
I/SurfaceFlinger( 1917): id=18559 Removed lleiderkrei idx=3 MapSz=3
I/SurfaceFlinger( 1917): id=18559 Removed lleiderkrei idx=-2 MapSz=3
D/KeyguardViewMediator( 2259): setHidden false
D/KeyguardViewMediator( 2259): setHidden false
D/AudioHardwareTinyALSA( 1920): Entering AudioStreamOutALSA standby mode
I/AudioHardwareTinyALSA( 1920): Close mHandle:41bb0570
W/Crittercism(27854): Crittercism not initialized yet. Returning.
W/Crittercism(27854): Crittercism not initialized yet. Returning.
I/ClipboardServiceEx( 2259): Send intent for dismiss clipboard dialog inside hideCurrentInputLocked() !
D/dalvikvm( 2259): WAIT_FOR_CONCURRENT_GC blocked 0ms
D/dalvikvm(27854): GC_CONCURRENT freed 1219K, 13% free 17090K/19463K, paused 13ms+11ms, total 55ms
D/dalvikvm(27854): WAIT_FOR_CONCURRENT_GC blocked 18ms
D/dalvikvm(27854): WAIT_FOR_CONCURRENT_GC blocked 20ms
D/AbsListView(27854): Get MotionRecognitionManager
D/MotionRecognitionService( 2259): ssp status : false
W/Crittercism(27854): Crittercism not initialized yet. Returning.
D/AbsListView(27854): Get MotionRecognitionManager
D/dalvikvm( 2259): GC_EXPLICIT freed 1454K, 28% free 37356K/51655K, paused 10ms+16ms, total 179ms
D/lights ( 2259): button : 2 +
D/lights ( 2259): button : 2 -
W/PowerManagerService( 2259): Timer 0x7->0x3|0x0
I/PowerManagerService( 2259): Ulight 0x7->0x3|0x0
I/InputReader( 2259): Touch event's action is 0x0 (deviceType=0) [pCnt=1, s=0.58267 ]
I/InputDispatcher( 2259): Delivering touch to current input target: action: 0x0
I/InputDispatcher( 2259): Delivering touch to current input target: action: 0x0
I/InputDispatcher( 2259): Delivering touch to current input target: action: 0x0
V/WindowOrientationListener( 2259): nearestRotation : 0 Angle: 5 tilt: 47
I/dalvikvm(27854): Jit: resizing JitTable from 4096 to 8192
D/dalvikvm(27854): GC_CONCURRENT freed 1339K, 12% free 17301K/19463K, paused 18ms+25ms, total 72ms
D/AbsListView(27854): [unregisterDoubleTapMotionListener]
I/MotionRecognitionManager(27854): .unregisterListener : / listener count = 0->0, listener=android.widget.AbsListView$4@41cded80
D/Launcher.HomeFragment( 6417): onStop
D/Launcher( 6417): onStop, Launcher: 1103527480
I/InputReader( 2259): Touch event's action is 0x1 (deviceType=0) [pCnt=1, s=]
I/InputDispatcher( 2259): Delivering touch to current input target: action: 0x1
I/InputDispatcher( 2259): Delivering touch to current input target: action: 0x1
I/InputDispatcher( 2259): Delivering touch to current input target: action: 0x1
I/InputReader( 2259): Touch event's action is 0x0 (deviceType=0) [pCnt=1, s=0.58268 ]
I/InputDispatcher( 2259): Delivering touch to current input target: action: 0x0
I/InputDispatcher( 2259): Delivering touch to current input target: action: 0x0
I/InputDispatcher( 2259): Delivering touch to current input target: action: 0x0
I/InputReader( 2259): Touch event's action is 0x1 (deviceType=0) [pCnt=1, s=]
I/InputDispatcher( 2259): Delivering touch to current input target: action: 0x1
I/InputDispatcher( 2259): Delivering touch to current input target: action: 0x1
I/InputDispatcher( 2259): Delivering touch to current input target: action: 0x1
I/InputReader( 2259): Touch event's action is 0x0 (deviceType=0) [pCnt=1, s=0.58269 ]
I/InputDispatcher( 2259): Delivering touch to current input target: action: 0x0
I/InputDispatcher( 2259): Delivering touch to current input target: action: 0x0
I/InputDispatcher( 2259): Delivering touch to current input target: action: 0x0
I/InputReader( 2259): Touch event's action is 0x1 (deviceType=0) [pCnt=1, s=]
I/InputDispatcher( 2259): Delivering touch to current input target: action: 0x1
I/InputDispatcher( 2259): Delivering touch to current input target: action: 0x1
I/InputDispatcher( 2259): Delivering touch to current input target: action: 0x1
W/AlarmManager( 2259): FACTORY_ON= 0
E/SpannableStringBuilder(27854): SPAN_EXCLUSIVE_EXCLUSIVE spans cannot have a zero length
D/KJH (30318): [KeyboardView-init] mGuestureTraceKeyboardGapForXt9_9 : 0
D/ApplicationPolicy( 2259): isStatusBarNotificationAllowed: packageName = android
D/STATUSBAR-NotificationService( 2259): Noti Alert - mSystemReady:true, AlertEnabled:true
D/PhoneStatusBar( 2707): addNotification score=0
D/PowerManagerService( 2259): mIsSipVisible : true
D/ApplicationPolicy( 2259): isStatusBarNotificationAllowed: packageName = android
D/STATUSBAR-NotificationService( 2259): Noti Alert - mSystemReady:true, AlertEnabled:true
D/dalvikvm(30318): GC_CONCURRENT freed 3320K, 37% free 17313K/27271K, paused 5ms+5ms, total 45ms
I/SurfaceFlinger( 1917): id=18561(745) createSurf 0x429b5f54 (720x531),1 flag=0, JnputMethod
I/SurfaceFlinger( 1917): SurfaceFlinger : eMagnificationFactorChanged. magnificationFactor=1.0
I/SurfaceFlinger( 1917): SurfaceFlinger : eZoomPositionChanged. zoomX=0.0 zoomY=0.0
D/KeyguardViewMediator( 2259): setHidden false
D/StatusBar( 2707): expanding top notification at 0entry.userCollapsed() = false
D/KeyguardViewMediator( 2259): setHidden false
D/StatusBar( 2707): expanding top notification at 0entry.userCollapsed() = false
D/KeyguardViewMediator( 2259): setHidden false
D/dalvikvm(30318): GC_CONCURRENT freed 527K, 33% free 18517K/27271K, paused 2ms+5ms, total 36ms
D/KeyguardViewMediator( 2259): setHidden false
D/KeyguardViewMediator( 2259): setHidden false
D/KeyguardViewMediator( 2259): setHidden false
I/InputReader( 2259): Touch event's action is 0x0 (deviceType=0) [pCnt=1, s=0.58270 ]
I/InputDispatcher( 2259): Delivering touch to current input target: action: 0x0
I/InputDispatcher( 2259): Delivering touch to current input target: action: 0x0
I/InputDispatcher( 2259): Delivering touch to current input target: action: 0x0
D/STATUSBAR-NetworkController( 2707): refreshSignalCluster: data=0 bt=false
D/STATUSBAR-SignalClusterView( 2707): mSeparateMobileGroup=8
D/STATUSBAR-SignalClusterView( 2707): mSeparateMobileGroup=8
D/STATUSBAR-SignalClusterView( 2707): mSeparateMobileGroup=8
I/InputReader( 2259): Touch event's action is 0x1 (deviceType=0) [pCnt=1, s=]
I/InputDispatcher( 2259): Delivering touch to current input target: action: 0x1
I/InputDispatcher( 2259): Delivering touch to current input target: action: 0x1
I/InputDispatcher( 2259): Delivering touch to current input target: action: 0x1
I/InputReader( 2259): Touch event's action is 0x0 (deviceType=0) [pCnt=1, s=0.58271 ]
I/InputDispatcher( 2259): Delivering touch to current input target: action: 0x0
I/InputDispatcher( 2259): Delivering touch to current input target: action: 0x0
I/InputDispatcher( 2259): Delivering touch to current input target: action: 0x0
I/InputReader( 2259): Touch event's action is 0x1 (deviceType=0) [pCnt=1, s=]
I/InputDispatcher( 2259): Delivering touch to current input target: action: 0x1
I/InputDispatcher( 2259): Delivering touch to current input target: action: 0x1
I/InputDispatcher( 2259): Delivering touch to current input target: action: 0x1
W/AlarmManager( 2259): FACTORY_ON= 0
I/InputReader( 2259): Touch event's action is 0x0 (deviceType=0) [pCnt=1, s=0.58272 ]
I/InputDispatcher( 2259): Delivering touch to current input target: action: 0x0
I/InputDispatcher( 2259): Delivering touch to current input target: action: 0x0
I/InputDispatcher( 2259): Delivering touch to current input target: action: 0x0
I/InputReader( 2259): Touch event's action is 0x1 (deviceType=0) [pCnt=1, s=]
I/InputDispatcher( 2259): Delivering touch to current input target: action: 0x1
I/InputDispatcher( 2259): Delivering touch to current input target: action: 0x1
I/InputDispatcher( 2259): Delivering touch to current input target: action: 0x1
I/InputReader( 2259): Touch event's action is 0x0 (deviceType=0) [pCnt=1, s=0.58273 ]
I/InputDispatcher( 2259): Delivering touch to current input target: action: 0x0
I/InputDispatcher( 2259): Delivering touch to current input target: action: 0x0
I/InputDispatcher( 2259): Delivering touch to current input target: action: 0x0
I/InputReader( 2259): Touch event's action is 0x1 (deviceType=0) [pCnt=1, s=]
I/InputDispatcher( 2259): Delivering touch to current input target: action: 0x1
I/InputDispatcher( 2259): Delivering touch to current input target: action: 0x1
I/InputDispatcher( 2259): Delivering touch to current input target: action: 0x1
I/InputReader( 2259): Touch event's action is 0x0 (deviceType=0) [pCnt=1, s=0.58274 ]
I/InputDispatcher( 2259): Delivering touch to current input target: action: 0x0
I/InputDispatcher( 2259): Delivering touch to current input target: action: 0x0
I/InputDispatcher( 2259): Delivering touch to current input target: action: 0x0
I/InputReader( 2259): Touch event's action is 0x1 (deviceType=0) [pCnt=1, s=]
I/InputDispatcher( 2259): Delivering touch to current input target: action: 0x1
I/InputDispatcher( 2259): Delivering touch to current input target: action: 0x1
I/InputDispatcher( 2259): Delivering touch to current input target: action: 0x1
D/STATUSBAR-NetworkController( 2707): refreshSignalCluster: data=0 bt=false
D/STATUSBAR-SignalClusterView( 2707): mSeparateMobileGroup=8
D/STATUSBAR-SignalClusterView( 2707): mSeparateMobileGroup=8
D/STATUSBAR-SignalClusterView( 2707): mSeparateMobileGroup=8
I/InputReader( 2259): Touch event's action is 0x0 (deviceType=0) [pCnt=1, s=0.58275 ]
I/InputDispatcher( 2259): Delivering touch to current input target: action: 0x0
I/InputDispatcher( 2259): Delivering touch to current input target: action: 0x0
I/InputDispatcher( 2259): Delivering touch to current input target: action: 0x0
I/InputReader( 2259): Touch event's action is 0x1 (deviceType=0) [pCnt=1, s=]
I/InputDispatcher( 2259): Delivering touch to current input target: action: 0x1
I/InputDispatcher( 2259): Delivering touch to current input target: action: 0x1
I/InputDispatcher( 2259): Delivering touch to current input target: action: 0x1
I/InputReader( 2259): Touch event's action is 0x0 (deviceType=0) [pCnt=1, s=0.58276 ]
I/InputDispatcher( 2259): Delivering touch to current input target: action: 0x0
I/InputDispatcher( 2259): Delivering touch to current input target: action: 0x0
I/InputDispatcher( 2259): Delivering touch to current input target: action: 0x0
I/InputReader( 2259): Touch event's action is 0x1 (deviceType=0) [pCnt=1, s=]
I/InputDispatcher( 2259): Delivering touch to current input target: action: 0x1
I/InputDispatcher( 2259): Delivering touch to current input target: action: 0x1
I/InputDispatcher( 2259): Delivering touch to current input target: action: 0x1
I/InputReader( 2259): Touch event's action is 0x0 (deviceType=0) [pCnt=1, s=0.58277 ]
I/InputDispatcher( 2259): Delivering touch to current input target: action: 0x0
I/InputDispatcher( 2259): Delivering touch to current input target: action: 0x0
I/InputDispatcher( 2259): Delivering touch to current input target: action: 0x0
I/InputReader( 2259): Touch event's action is 0x1 (deviceType=0) [pCnt=1, s=]
I/InputDispatcher( 2259): Delivering touch to current input target: action: 0x1
I/InputDispatcher( 2259): Delivering touch to current input target: action: 0x1
I/InputDispatcher( 2259): Delivering touch to current input target: action: 0x1
I/InputReader( 2259): Touch event's action is 0x0 (deviceType=0) [pCnt=1, s=0.58278 ]
I/InputDispatcher( 2259): Delivering touch to current input target: action: 0x0
I/InputDispatcher( 2259): Delivering touch to current input target: action: 0x0
I/InputDispatcher( 2259): Delivering touch to current input target: action: 0x0
I/InputReader( 2259): Touch event's action is 0x1 (deviceType=0) [pCnt=1, s=]
I/InputDispatcher( 2259): Delivering touch to current input target: action: 0x1
I/InputDispatcher( 2259): Delivering touch to current input target: action: 0x1
I/InputDispatcher( 2259): Delivering touch to current input target: action: 0x1
I/InputReader( 2259): Touch event's action is 0x0 (deviceType=0) [pCnt=1, s=0.58279 ]
I/InputDispatcher( 2259): Delivering touch to current input target: action: 0x0
I/InputDispatcher( 2259): Delivering touch to current input target: action: 0x0
I/InputDispatcher( 2259): Delivering touch to current input target: action: 0x0
I/InputReader( 2259): Touch event's action is 0x1 (deviceType=0) [pCnt=1, s=]
I/InputDispatcher( 2259): Delivering touch to current input target: action: 0x1
I/InputDispatcher( 2259): Delivering touch to current input target: action: 0x1
I/InputDispatcher( 2259): Delivering touch to current input target: action: 0x1
D/STATUSBAR-NetworkController( 2707): refreshSignalCluster: data=0 bt=false
D/STATUSBAR-SignalClusterView( 2707): mSeparateMobileGroup=8
D/STATUSBAR-SignalClusterView( 2707): mSeparateMobileGroup=8
D/STATUSBAR-SignalClusterView( 2707): mSeparateMobileGroup=8
I/InputReader( 2259): Touch event's action is 0x0 (deviceType=0) [pCnt=1, s=0.58280 ]
I/InputDispatcher( 2259): Delivering touch to current input target: action: 0x0
I/InputDispatcher( 2259): Delivering touch to current input target: action: 0x0
I/InputDispatcher( 2259): Delivering touch to current input target: action: 0x0
I/InputReader( 2259): Touch event's action is 0x1 (deviceType=0) [pCnt=1, s=]
I/InputDispatcher( 2259): Delivering touch to current input target: action: 0x1
I/InputDispatcher( 2259): Delivering touch to current input target: action: 0x1
I/InputDispatcher( 2259): Delivering touch to current input target: action: 0x1
I/InputReader( 2259): Touch event's action is 0x0 (deviceType=0) [pCnt=1, s=0.58281 ]
I/InputDispatcher( 2259): Delivering touch to current input target: action: 0x0
I/InputDispatcher( 2259): Delivering touch to current input target: action: 0x0
I/InputDispatcher( 2259): Delivering touch to current input target: action: 0x0
I/InputReader( 2259): Touch event's action is 0x1 (deviceType=0) [pCnt=1, s=]
I/InputDispatcher( 2259): Delivering touch to current input target: action: 0x1
I/InputDispatcher( 2259): Delivering touch to current input target: action: 0x1
I/InputDispatcher( 2259): Delivering touch to current input target: action: 0x1
I/InputReader( 2259): Touch event's action is 0x0 (deviceType=0) [pCnt=1, s=0.58282 ]
I/InputDispatcher( 2259): Delivering touch to current input target: action: 0x0
I/InputDispatcher( 2259): Delivering touch to current input target: action: 0x0
I/InputDispatcher( 2259): Delivering touch to current input target: action: 0x0
I/InputReader( 2259): Touch event's action is 0x1 (deviceType=0) [pCnt=1, s=]
I/InputDispatcher( 2259): Delivering touch to current input target: action: 0x1
I/InputDispatcher( 2259): Delivering touch to current input target: action: 0x1
I/InputDispatcher( 2259): Delivering touch to current input target: action: 0x1
I/InputReader( 2259): Touch event's action is 0x0 (deviceType=0) [pCnt=1, s=0.58283 ]
I/InputDispatcher( 2259): Delivering touch to current input target: action: 0x0
I/InputDispatcher( 2259): Delivering touch to current input target: action: 0x0
I/InputDispatcher( 2259): Delivering touch to current input target: action: 0x0
I/InputReader( 2259): Touch event's action is 0x1 (deviceType=0) [pCnt=1, s=]
I/InputDispatcher( 2259): Delivering touch to current input target: action: 0x1
I/InputDispatcher( 2259): Delivering touch to current input target: action: 0x1
I/InputDispatcher( 2259): Delivering touch to current input target: action: 0x1
I/InputReader( 2259): Touch event's action is 0x0 (deviceType=0) [pCnt=1, s=1.58284 ]
I/InputDispatcher( 2259): Delivering touch to current input target: action: 0x0
I/InputDispatcher( 2259): Delivering touch to current input target: action: 0x0
I/InputDispatcher( 2259): Delivering touch to current input target: action: 0x0
I/InputReader( 2259): Touch event's action is 0x1 (deviceType=0) [pCnt=1, s=]
I/InputDispatcher( 2259): Delivering touch to current input target: action: 0x1
I/InputDispatcher( 2259): Delivering touch to current input target: action: 0x1
I/InputDispatcher( 2259): Delivering touch to current input target: action: 0x1
I/InputReader( 2259): Touch event's action is 0x0 (deviceType=0) [pCnt=1, s=0.58285 ]
I/InputDispatcher( 2259): Delivering touch to current input target: action: 0x0
I/InputDispatcher( 2259): Delivering touch to current input target: action: 0x0
I/InputDispatcher( 2259): Delivering touch to current input target: action: 0x0
I/InputReader( 2259): Touch event's action is 0x1 (deviceType=0) [pCnt=1, s=]
I/InputDispatcher( 2259): Delivering touch to current input target: action: 0x1
I/InputDispatcher( 2259): Delivering touch to current input target: action: 0x1
I/InputDispatcher( 2259): Delivering touch to current input target: action: 0x1
I/InputReader( 2259): Touch event's action is 0x0 (deviceType=0) [pCnt=1, s=1.58286 ]
I/InputDispatcher( 2259): Delivering touch to current input target: action: 0x0
I/InputDispatcher( 2259): Delivering touch to current input target: action: 0x0
I/InputDispatcher( 2259): Delivering touch to current input target: action: 0x0
D/STATUSBAR-NetworkController( 2707): refreshSignalCluster: data=0 bt=false
D/STATUSBAR-SignalClusterView( 2707): mSeparateMobileGroup=8
D/STATUSBAR-SignalClusterView( 2707): mSeparateMobileGroup=8
D/STATUSBAR-SignalClusterView( 2707): mSeparateMobileGroup=8
I/InputReader( 2259): Touch event's action is 0x1 (deviceType=0) [pCnt=1, s=]
I/InputDispatcher( 2259): Delivering touch to current input target: action: 0x1
I/InputDispatcher( 2259): Delivering touch to current input target: action: 0x1
I/InputDispatcher( 2259): Delivering touch to current input target: action: 0x1
I/InputReader( 2259): Touch event's action is 0x0 (deviceType=0) [pCnt=1, s=0.58287 ]
I/InputDispatcher( 2259): Delivering touch to current input target: action: 0x0
I/InputDispatcher( 2259): Delivering touch to current input target: action: 0x0
I/InputDispatcher( 2259): Delivering touch to current input target: action: 0x0
I/InputReader( 2259): Touch event's action is 0x1 (deviceType=0) [pCnt=1, s=]
I/InputDispatcher( 2259): Delivering touch to current input target: action: 0x1
I/InputDispatcher( 2259): Delivering touch to current input target: action: 0x1
I/InputDispatcher( 2259): Delivering touch to current input target: action: 0x1
I/InputReader( 2259): Touch event's action is 0x0 (deviceType=0) [pCnt=1, s=0.58288 ]
I/InputDispatcher( 2259): Delivering touch to current input target: action: 0x0
I/InputDispatcher( 2259): Delivering touch to current input target: action: 0x0
I/InputDispatcher( 2259): Delivering touch to current input target: action: 0x0
I/InputReader( 2259): Touch event's action is 0x1 (deviceType=0) [pCnt=1, s=]
I/InputDispatcher( 2259): Delivering touch to current input target: action: 0x1
I/InputDispatcher( 2259): Delivering touch to current input target: action: 0x1
