D/LightsService( 2259): [SvcLED] wl is acquired. It will be released after 350ms.
D/lights ( 2259): led_pattern : 0 -
D/PowerManagerService( 2259): mIsSipVisible : false
D/PowerManagerService( 2259): mIsSipVisible : false
D/KeyguardViewMediator( 2259): setHidden false
D/KeyguardViewMediator( 2259): setHidden false
D/InputReader( 2259): Input event: value=1
I/InputDispatcher( 2259): Delivering key to current input target: action: 0x0
I/InputDispatcher( 2259): Delivering key to current input target: action: 0x0
I/InputDispatcher( 2259): Delivering key to current input target: action: 0x0
D/KeyguardViewMediator( 2259): setHidden false
I/SurfaceFlinger( 1917): id=18579 Removed JnputMethod idx=4 MapSz=3
I/SurfaceFlinger( 1917): id=18579 Removed JnputMethod idx=-2 MapSz=3
D/KeyguardViewMediator( 2259): setHidden false
D/InputReader( 2259): Input event: value=0
I/InputDispatcher( 2259): Delivering key to current input target: action: 0x1
I/InputDispatcher( 2259): Delivering key to current input target: action: 0x1
I/InputDispatcher( 2259): Delivering key to current input target: action: 0x1
I/ClipboardServiceEx( 2259): mCBPickerDialog enter case. MSG_DISMISS_DIALOG
I/power ( 2259): *** acquire_dvfs_lock : lockType : 1 freq : 1000000
D/PowerManagerService( 2259): acquireDVFSLockLocked : type : DVFS_MIN_LIMIT frequency : 1000000 uid : 1000 pid : 2259 tag : ActivityManager
W/ActivityManager( 2259): mDVFSLock.acquire()
D/WindowManager( 2259): PhoneWindowManager: focusChangedLw
D/WindowManager( 2259): mInputFocus is not null.
W/AlarmManager( 2259): FACTORY_ON= 0
I/ClipboardServiceEx( 2259): Send intent for dismiss clipboard dialog inside hideCurrentInputLocked() !
D/KeyguardViewMediator( 2259): setHidden false
D/WindowManager( 2259): mInputFocus is not null.
D/WindowManager( 2259): mInputFocus is not null.
D/AbsListView(30688): Get MotionRecognitionManager
D/MotionRecognitionService( 2259): ssp status : false
D/InputReader( 2259): Input event: value=1
D/WindowManager( 2259): mInputFocus is not null.
I/SurfaceFlinger( 1917): id=18580(2) createSurf 0x410be72c (1x1),1 flag=400, Donversatio
I/SurfaceFlinger( 1917): SurfaceFlinger : eMagnificationFactorChanged. magnificationFactor=1.0
I/SurfaceFlinger( 1917): SurfaceFlinger : eZoomPositionChanged. zoomX=0.0 zoomY=0.0
D/WindowManager( 2259): PhoneWindowManager: focusChangedLw
D/KeyguardViewMediator( 2259): setHidden false
D/STATUSBAR-StatusBarManagerService( 2259): setSystemUiVisibility(0x0)
D/STATUSBAR-StatusBarManagerService( 2259): manageDisableList what=0x0 pkg=WindowManager.LayoutParams
D/InputReader( 2259): Input event: value=0
I/InputDispatcher( 2259): Delivering key to current input target: action: 0x0
I/InputDispatcher( 2259): Delivering key to current input target: action: 0x0
I/InputDispatcher( 2259): Delivering key to current input target: action: 0x0
D/dalvikvm(30688): GC_CONCURRENT freed 647K, 7% free 18735K/19975K, paused 5ms+6ms, total 34ms
D/dalvikvm(30688): WAIT_FOR_CONCURRENT_GC blocked 17ms
I/ActivityThread(32676): Pub com.android.voicemail: com.android.providers.contacts.VoicemailContentProvider
I/ActivityThread(32676): Pub applications: com.android.providers.applications.ApplicationsProvider
I/ActivityThread(32676): Pub call_log: com.android.providers.contacts.CallLogProvider
I/ActivityThread(32676): Pub user_dictionary: com.android.providers.userdictionary.UserDictionaryProvider
I/ActivityThread(32676): Pub contacts;com.android.contacts: com.android.providers.contacts.ContactsProvider2
I/InputDispatcher( 2259): Delivering key to current input target: action: 0x1
I/InputDispatcher( 2259): Delivering key to current input target: action: 0x1
I/InputDispatcher( 2259): Delivering key to current input target: action: 0x1
D/KeyguardViewMediator( 2259): setHidden false
I/ActivityManager( 2259): Process com.sec.android.widgetapp.ap.hero.accuweather (pid 31862) (adj 10) has died.
I/ActivityManager( 2259): Process com.google.android.gsf.login (pid 30233) (adj 10) has died.
D/KeyguardViewMediator( 2259): setHidden false
I/ActivityManager( 2259): Process com.android.MtpApplication (pid 30747) (adj 10) has died.
D/KeyguardViewMediator( 2259): setHidden false
D/dalvikvm(32676): GC_CONCURRENT freed 208K, 6% free 12405K/13191K, paused 6ms+14ms, total 49ms
D/InputReader( 2259): Input event: value=1
D/InputReader( 2259): Input event: value=0
D/KeyguardViewMediator( 2259): setHidden false
I/ClipboardServiceEx( 2259): Send intent for dismiss clipboard dialog inside hideCurrentInputLocked() !
D/KeyguardViewMediator( 2259): setHidden false
D/KeyguardViewMediator( 2259): setHidden false
V/WindowManager( 2259): rotationForOrientationLw(orient=1, last=0); user=0 mLidState=-1 mDockMode=0 mHdmiPlugged=false mAccelerometerDefault=false sensorRotation=-1
I/InputDispatcher( 2259): Delivering key to current input target: action: 0x0
I/InputDispatcher( 2259): Delivering key to current input target: action: 0x0
I/InputDispatcher( 2259): Delivering key to current input target: action: 0x0
D/KeyguardViewMediator( 2259): setHidden false
D/WindowManager( 2259): PhoneWindowManager: focusChangedLw
D/KeyguardViewMediator( 2259): setHidden false
D/WindowManager( 2259): mInputFocus is not null.
D/WindowManager( 2259): mInputFocus is not null.
D/InputReader( 2259): Input event: value=1
E/ActivityThread(30297): Failed to find provider info for com.facebook.katana.provider.AttributionIdProvider
I/SurfaceFlinger( 1917): id=18581(8) createSurf 0x4341ebf4 (720x1280),1 flag=400, NDActivity
I/SurfaceFlinger( 1917): SurfaceFlinger : eMagnificationFactorChanged. magnificationFactor=1.0
I/SurfaceFlinger( 1917): SurfaceFlinger : eZoomPositionChanged. zoomX=0.0 zoomY=0.0
D/WindowManager( 2259): PhoneWindowManager: focusChangedLw
D/KeyguardViewMediator( 2259): setHidden false
D/STATUSBAR-StatusBarManagerService( 2259): setSystemUiVisibility(0x0)
D/STATUSBAR-StatusBarManagerService( 2259): manageDisableList what=0x0 pkg=WindowManager.LayoutParams
I/InputDispatcher( 2259): Delivering key to current input target: action: 0x1
I/InputDispatcher( 2259): Delivering key to current input target: action: 0x1
I/InputDispatcher( 2259): Delivering key to current input target: action: 0x1
I/InputDispatcher( 2259): Delivering key to current input target: action: 0x1
D/InputReader( 2259): Input event: value=0
W/IInputConnectionWrapper(30688): getSelectedText on inactive InputConnection
I/ClipboardServiceEx( 2259): mCBPickerDialog enter case. MSG_DISMISS_DIALOG
I/ActivityManager( 2259): Process com.sec.android.provider.badge (pid 30214) (adj 10) has died.
D/KeyguardViewMediator( 2259): setHidden false
D/KeyguardViewMediator( 2259): setHidden false
W/IInputConnectionWrapper(30688): setComposingText on inactive InputConnection
W/IInputConnectionWrapper(30688): getExtractedText on inactive InputConnection
D/InputReader( 2259): Input event: value=1
D/Launcher( 6417): onTrimMemory. Level: 80
D/Launcher( 6417): releaseShadows called
W/ManagedEGLContext( 6417): doTerminate failed: EGL count is 2 but managed count is 1
I/ClipboardServiceEx( 2259): Send intent for dismiss clipboard dialog inside hideCurrentInputLocked() !
I/power ( 2259): *** release_dvfs_lock : lockType : 1
I/InputDispatcher( 2259): Delivering key to current input target: action: 0x0
I/InputDispatcher( 2259): Delivering key to current input target: action: 0x0
I/InputDispatcher( 2259): Delivering key to current input target: action: 0x0
D/PowerManagerService( 2259): releaseDVFSLockLocked : all DVFS_MIN_LIMIT are released
I/ActivityManager( 2259): Process com.sec.android.app.clockpackage (pid 32498) (adj 9) has died.
W/ActivityManager( 2259): mDVFSLock.release()
I/ActivityManager( 2259): Process com.android.vending (pid 30829) (adj 9) has died.
I/ActivityManager( 2259): Process com.samsung.helphub (pid 26975) (adj 9) has died.
I/ActivityManager( 2259): Process com.sec.android.widgetapp.favoriteswidget (pid 27374) (adj 10) has died.
I/ClipboardServiceEx( 2259): mCBPickerDialog enter case. MSG_DISMISS_DIALOG
D/InputReader( 2259): Input event: value=0
D/KeyguardViewMediator( 2259): setHidden false
I/InputDispatcher( 2259): Delivering key to current input target: action: 0x1
I/InputDispatcher( 2259): Delivering key to current input target: action: 0x1
I/InputDispatcher( 2259): Delivering key to current input target: action: 0x1
I/ClipboardServiceEx( 2259): mCBPickerDialog enter case. MSG_DISMISS_DIALOG
D/KeyguardViewMediator( 2259): setHidden false
D/AbsListView(30297): Get MotionRecognitionManager
I/SurfaceFlinger( 1917): id=18580 Removed Donversatio idx=4 MapSz=4
D/KeyguardViewMediator( 2259): setHidden false
I/SurfaceFlinger( 1917): id=18580 Removed Donversatio idx=-2 MapSz=4
D/InputReader( 2259): Input event: value=1
I/InputDispatcher( 2259): Delivering key to current input target: action: 0x0
I/InputDispatcher( 2259): Delivering key to current input target: action: 0x0
I/InputDispatcher( 2259): Delivering key to current input target: action: 0x0
D/KeyguardViewMediator( 2259): setHidden false
W/IInputConnectionWrapper(30688): showStatusIcon on inactive InputConnection
D/InputReader( 2259): Input event: value=0
D/STATUSBAR-NetworkController( 2707): refreshSignalCluster: data=0 bt=false
D/STATUSBAR-SignalClusterView( 2707): mSeparateMobileGroup=8
D/STATUSBAR-SignalClusterView( 2707): mSeparateMobileGroup=8
D/STATUSBAR-SignalClusterView( 2707): mSeparateMobileGroup=8
D/KeyguardViewMediator( 2259): setHidden false
D/KeyguardViewMediator( 2259): setHidden false
D/KeyguardViewMediator( 2259): setHidden false
I/SurfaceFlinger( 1917): id=18578 Removed Donversatio idx=2 MapSz=3
I/SurfaceFlinger( 1917): id=18578 Removed Donversatio idx=-2 MapSz=3
D/KeyguardViewMediator( 2259): setHidden false
D/KeyguardViewMediator( 2259): setHidden false
D/KeyguardViewMediator( 2259): setHidden false
D/dalvikvm(32676): GC_CONCURRENT freed 152K, 6% free 12680K/13447K, paused 12ms+2ms, total 28ms
I/InputDispatcher( 2259): Delivering key to current input target: action: 0x1
I/InputDispatcher( 2259): Delivering key to current input target: action: 0x1
I/InputDispatcher( 2259): Delivering key to current input target: action: 0x1
I/ClipboardServiceEx( 2259): mCBPickerDialog enter case. MSG_DISMISS_DIALOG
W/IInputConnectionWrapper(30297): getSelectedText on inactive InputConnection
W/IInputConnectionWrapper(30297): setComposingText on inactive InputConnection
W/IInputConnectionWrapper(30297): getExtractedText on inactive InputConnection
D/AbsListView(30297): Get MotionRecognitionManager
D/dalvikvm(30297): GC_FOR_ALLOC freed 1848K, 11% free 24334K/27207K, paused 44ms, total 44ms
W/Crittercism(30297): Crittercism not initialized yet. Returning.
I/InputDispatcher( 2259): Delivering key to current input target: action: 0x0
I/InputDispatcher( 2259): Delivering key to current input target: action: 0x0
I/InputDispatcher( 2259): Delivering key to current input target: action: 0x0
I/InputDispatcher( 2259): Delivering key to current input target: action: 0x1
I/InputDispatcher( 2259): Delivering key to current input target: action: 0x1
I/InputDispatcher( 2259): Delivering key to current input target: action: 0x1
I/ClipboardServiceEx( 2259): mCBPickerDialog enter case. MSG_DISMISS_DIALOG
D/dalvikvm( 2259): GC_FOR_ALLOC freed 2224K, 29% free 36973K/51655K, paused 147ms, total 147ms
D/WindowManager( 2259): PhoneWindowManager: focusChangedLw
D/KeyguardViewMediator( 2259): setHidden false
V/WindowManager( 2259): rotationForOrientationLw(orient=5, last=0); user=0 mLidState=-1 mDockMode=0 mHdmiPlugged=false mAccelerometerDefault=false sensorRotation=0
D/WindowManager( 2259): mInputFocus is not null.
D/WindowManager( 2259): mInputFocus is not null.
D/KeyguardViewMediator( 2259): setHidden false
D/Launcher( 6417): onRestart, Launcher: 1103527480
D/Launcher( 6417): onStart, Launcher: 1103527480
D/Launcher.HomeFragment( 6417): onStart
D/Launcher( 6417): onResume, Launcher: 1103527480
D/WindowManager( 2259): mInputFocus is not null.
D/WindowManager( 2259): mInputFocus is not null.
I/ActivityThread(32740): Pub com.sec.android.widgetapp.ap.hero.accuweather: com.sec.android.widgetapp.ap.hero.accuweather.provider.accuweather.AccuContentProvider
D/comsamsunglog( 6417): [MSC_HERO_Accu_JB]>>> ====================================================================================================================
D/comsamsunglog( 6417): [MSC_HERO_Accu_JB]>>> widgetappapheroaccuweatherwidget [Version : 12091801] [ 1 ]
D/comsamsunglog( 6417): [MSC_HERO_Accu_JB]>>> Header set to : ===> "widget" <===
D/comsamsunglog( 6417): [MSC_HERO_Accu_JB]>>> ====================================================================================================================
D/dalvikvm(32740): GC_CONCURRENT freed 152K, 6% free 12416K/13191K, paused 14ms+3ms, total 48ms
D/widget ( 6417): [MSC_HERO_Accu_JB]>>> WC:917 [0:0] onResume :: fU = true cEUi = true
D/widget ( 6417): [MSC_HERO_Accu_JB]>>> WC:2075 [0:0] AR_S_T : 0
D/widget ( 6417): [MSC_HERO_Accu_JB]>>> WC:953 [0:0] onResume :: mFAR = false, cC = false, cEUI = true
D/widget ( 6417): [MSC_HERO_Accu_JB]>>> WC:1265 [0:0] cUI : cnt = 1, mRC = true
I/FlashBarService( 2808): mPkgManagerReceiver : onReceive
I/SeniorFavoriteWidgetProviderSmall(32754): registerContentObserver() = com.sec.android.widgetapp.favoriteswidget.SeniorFavoriteWidgetProvider$SeniorFavoriteContentObserver@41b9e810
I/ActivityThread(32766): Pub com.samsung.helphub.provider: com.samsung.helphub.provider.HelpHubContentProvider
E/Launcher( 6417): Error finding setting, default accessibility to not found: accessibility_enabled
D/Launcher.HomeFragment( 6417): onResume
D/MenuAppsGridFragment( 6417): onResume
D/dalvikvm( 6417): GC_CONCURRENT freed 1872K, 14% free 31707K/36743K, paused 5ms+7ms, total 51ms
D/dalvikvm( 6417): WAIT_FOR_CONCURRENT_GC blocked 24ms
D/dalvikvm( 6417): WAIT_FOR_CONCURRENT_GC blocked 45ms
I/SurfaceFlinger( 1917): id=18582(18) createSurf 0x40d3d31c (720x1280),1 flag=0, Mauncher
I/SurfaceFlinger( 1917): SurfaceFlinger : eMagnificationFactorChanged. magnificationFactor=1.0
I/SurfaceFlinger( 1917): SurfaceFlinger : eZoomPositionChanged. zoomX=0.0 zoomY=0.0
D/WindowManager( 2259): PhoneWindowManager: focusChangedLw
D/KeyguardViewMediator( 2259): setHidden false
D/STATUSBAR-StatusBarManagerService( 2259): setSystemUiVisibility(0x0)
D/STATUSBAR-StatusBarManagerService( 2259): manageDisableList what=0x0 pkg=WindowManager.LayoutParams
D/widget ( 6417): [MSC_HERO_Accu_JB]>>> WC:668 [0:0] mSUDH(): id = cityId:169582, tZ=GMT+1
D/widget ( 6417): [MSC_HERO_Accu_JB]>>> WC:679 [0:0] ===== mSetUIDataHandler(): day = 8:31 AM, night=3:59 PM
D/widget ( 6417): [MSC_HERO_Accu_JB]>>> SM:1256 [0:0] sta ani iPA = false, flkDir = 0, iFA = false
D/widget ( 6417): [MSC_HERO_Accu_JB]>>> WC:1713 [0:0] drw all Tm dt = 2136
D/widget ( 6417): [MSC_HERO_Accu_JB]>>> SM:516 [0:0] IR : false, IPR : false
I/ClipboardServiceEx( 2259): Send intent for dismiss clipboard dialog inside hideCurrentInputLocked() !
D/lights ( 2259): button : 2 +
D/lights ( 2259): button : 2 -
W/PowerManagerService( 2259): Timer 0x7->0x3|0x0
I/PowerManagerService( 2259): Ulight 0x7->0x3|0x0
D/dalvikvm( 6417): GC_CONCURRENT freed 1139K, 12% free 32637K/36743K, paused 14ms+7ms, total 56ms
D/KeyguardViewMediator( 2259): setHidden false
D/wpfx.pan.jni( 2091): RendererBase(57139100)::resume
D/SensorService( 2259): info.rates.add, set DEFAULT_EVENTS_PERIOD
I/iNemoSensor( 2259): enable(): handle(5), en(1), what(1)
I/iNemoSensor( 2259): enable:373 gyro_dps = 0 .
D/iNemoSensor( 2259): enableDev() : path(/sys/class/input/event4/device/enable), val(1)
D/iNemoSensor( 2259): enable(): MASK_ACC (1) MASK_MAG (0) MASK_GYR (2)
D/iNemoSensor( 2259): enable(): mEnAcc(1) mEnMag(0) mEnGyr(1)
I/iNemoSensor( 2259): iNemoSensor::skip update_delay wanted_gyro = 20000000 current delay = 20000000
I/iNemoSensor( 2259): skip update_delay wanted_accel = 200000000 current delay = 200000000
D/SensorService( 2259): SensorDevice::activate (enable 1, disable 0) = 1
D/SensorService( 2259): activating sensor enable handle=5
D/SensorService( 2259): activating sensor enable, Done!
D/SensorService( 2259): SensorDevice::activating sensor handle=5 ns=200000000
D/iNemoSensor( 2259): setDelay(): handle(5), en(200000000)
I/iNemoSensor( 2259): iNemoSensor::update_delay wanted_gyro = 200000000
D/KeyguardViewMediator( 2259): setHidden false
I/iNemoSensor( 2259): skip update_delay wanted_accel = 200000000 current delay = 200000000
I/SensorService( 2259): info.selectDelay() ns=20000000
D/iNemoSensor( 2259): setDelay(): handle(5), en(20000000)
I/iNemoSensor( 2259): iNemoSensor::update_delay wanted_gyro = 20000000
I/iNemoSensor( 2259): skip update_delay wanted_accel = 200000000 current delay = 200000000
D/SensorService( 2259): SensorDevice::setDelay, Return(true 1, false 0) = 1
D/SensorManager( 2091): registerListener :: handle = 5 name= LSM330DLC Gyroscope sensor delay= 20000 Listener= com.hamsterbeat.wallpapers.base.w@41bdbc78
D/KeyguardViewMediator( 2259): setHidden false
D/KeyguardViewMediator( 2259): setHidden false
D/KeyguardViewMediator( 2259): setHidden false
D/KeyguardViewMediator( 2259): setHidden false
I/SurfaceFlinger( 1917): id=18581 Removed NDActivity idx=4 MapSz=3
I/SurfaceFlinger( 1917): id=18581 Removed NDActivity idx=-2 MapSz=3
D/KeyguardViewMediator( 2259): setHidden false
D/KeyguardViewMediator( 2259): setHidden false
D/KeyguardViewMediator( 2259): setHidden false
D/STATUSBAR-NetworkController( 2707): refreshSignalCluster: data=0 bt=false
D/STATUSBAR-SignalClusterView( 2707): mSeparateMobileGroup=8
D/STATUSBAR-SignalClusterView( 2707): mSeparateMobileGroup=8
D/STATUSBAR-SignalClusterView( 2707): mSeparateMobileGroup=8
D/dalvikvm(32676): GC_CONCURRENT freed 128K, 6% free 12948K/13703K, paused 22ms+24ms, total 109ms
D/InputReader( 2259): Input event: value=1
D/InputReader( 2259): Input event: value=0
D/lights ( 2259): button : 2 +
D/lights ( 2259): button : 2 -
E/lights ( 2259): write_int failed to open /sys/class/leds/keyboard-backlight/brightness
D/PowerManagerService( 2259): goToSleepWithReason : time : 346008120 reason : 2
D/PowerManagerService( 2259): Screen__Off : goToSleepLocked : uid : 1000 pid : 2259 reason : 2
D/PowerManagerService( 2259): setting mProxIgnoredBecauseScreenTurnedOff
I/PowerManagerService( 2259): Ulight 0x3->0x0|0x0
W/PowerManagerService( 2259): CurLockF mPS:3 mUS=0
W/PowerManagerService( 2259): mPokeLocks.size=0:
D/PowerManagerService( 2259): enableLightSensorLocked enable=false mLightSensorEnabled=false mAutoBrightessEnabled=false mWaitingForFirstLightSensor=false
D/PowerManagerService( 2259): sendNotificationLocked on=false
I/power ( 2259): *** acquire_dvfs_lock : lockType : 1 freq : 1400000
D/PowerManagerService( 2259): acquireDVFSLockLocked : type : DVFS_MIN_LIMIT frequency : 1400000 uid : 1000 pid : 2259 tag : AMOLED_Animation
D/SurfaceFlinger( 1917): About to give-up screen, flinger = 0x41037008
D/lights ( 2259): LCD : 111 +
D/lights ( 2259): LCD : 111 -
D/WindowManager( 2259): mSetIgnore
D/KeyguardViewMediator( 2259): onScreenTurnedOff(2)
D/PowerManagerService( 2259): mNotificationTask : off
D/SecTVOutService( 1917): virtual void android::SecTVOutService::setSuspendMode(uint32_t) TV suspend mode = 1
D/SecTVOutService( 1917): virtual void android::SecTVOutService::setHdmiStatus(uint32_t) HDMI cable status = 0
D/lights ( 2259): LCD : 103 +
D/KeyguardViewMediator( 2259): Not factory mode
D/LockPatternUtils( 2259): isPcwEnable = 10
D/KeyguardViewMediator( 2259): doKeyguard: showing the lock screen
D/KeyguardViewMediator( 2259): showLocked
D/KeyguardViewMediator( 2259): handleShow
D/SensorManager( 2259): unregisterListener:: Listener= android.view.WindowOrientationListener$SensorEventListenerImpl@424160b0
D/Sensors ( 2259): Remain listener = Sending .. normal delay 200ms
I/Sensors ( 2259): sendDelay --- 200000000
I/SensorService( 2259): info.selectDelay() ns=200000000
D/iNemoSensor( 2259): setDelay(): handle(0), en(200000000)
I/iNemoSensor( 2259): iNemoSensor::skip update_delay wanted_gyro = 20000000 current delay = 20000000
I/iNemoSensor( 2259): skip update_delay wanted_accel = 200000000 current delay = 200000000
D/SensorService( 2259): SensorDevice::setDelay, Return(true 1, false 0) = 1
D/SensorManager( 2259): JNI - sendDelay
I/SensorManager( 2259): Set normal delay = true
I/iNemoSensor( 2259): enable(): handle(0), en(0), what(0)
D/AkmSensor( 2259): akm_disable_sensor: Accel is disabled. (orien = 0)
I/AkmSensor( 2259): enable_accelerometer, mEnabled = 1, enable = 0
V/WindowOrientationListener( 2259): WindowOrientationListener disabled
I/iNemoSensor( 2259): enable:373 gyro_dps = 0 .
D/iNemoSensor( 2259): enable(): MASK_ACC (0) MASK_MAG (0) MASK_GYR (2)
D/iNemoSensor( 2259): enable(): mEnAcc(0) mEnMag(0) mEnGyr(1)
E/AudioPolicyService( 1920): getOutput() tid 12626 ++
E/AudioPolicyService( 1920): getOutput() tid 12626 --
V/AudioPolicyManagerBase( 1920): getOutput() stream 1, samplingRate 0, format 0, channelMask 3, flags 0
V/AudioPolicyManagerBase( 1920): getOutputsForDevice device 0002 -> 0002
V/AudioPolicyManagerBase( 1920): getOutput() returns output 2
I/iNemoSensor( 2259): iNemoSensor::skip update_delay wanted_gyro = 20000000 current delay = 20000000
I/iNemoSensor( 2259): update_delay wanted_accel = -1
D/SensorService( 2259): SensorDevice::activate (enable 1, disable 0) = 0
D/SensorService( 2259): activating sensor disable handle=0
E/AudioPolicyService( 1920): getOutput() tid 7839 ++
E/AudioPolicyService( 1920): getOutput() tid 7839 --
V/AudioPolicyManagerBase( 1920): getOutput() stream 1, samplingRate 0, format 0, channelMask 3, flags 0
V/AudioPolicyManagerBase( 1920): getOutputsForDevice device 0002 -> 0002
V/AudioPolicyManagerBase( 1920): getOutput() returns output 2
D/SensorService( 2259): activating sensor disable, Done!
D/SensorService( 2259): SensorDevice::activating sensor handle=0 ns=200000000
D/iNemoSensor( 2259): setDelay(): handle(0), en(200000000)
I/iNemoSensor( 2259): iNemoSensor::skip update_delay wanted_gyro = 20000000 current delay = 20000000
I/iNemoSensor( 2259): skip update_delay wanted_accel = -1 current delay = -1
E/AudioPolicyService( 1920): getOutput() tid 2219 ++
E/AudioPolicyService( 1920): getOutput() tid 2219 --
V/AudioPolicyManagerBase( 1920): getOutput() stream 1, samplingRate 44100, format 1, channelMask 1, flags 4
V/AudioPolicyManagerBase( 1920): getOutputsForDevice device 0002 -> 0002
V/AudioPolicyManagerBase( 1920): getOutput() returns output 2
D/Launcher.HomeFragment( 6417): onPause
D/lights ( 2259): LCD : 103 -
D/lights ( 2259): LCD : 48 +
D/lights ( 2259): LCD : 48 -
D/Launcher( 6417): onPause, Launcher: 1103527480
V/LvOutput( 1920): initCheck: 0
V/LvOutput( 1920): attachEffects: attach processing to output 2, stream 1, session 6348, mode 0
V/LvOutput( 1920): attachEffects: no output processing needs to be attached to this stream
V/LvOutput( 1920): LvOutput::setAllProcessorEnabled(false) mOutputs.size(118)
V/AudioPolicyManagerBase( 1920): startOutput() output 2, stream 1, session 6348
V/AudioPolicyManagerBase( 1920): changeRefCount() stream 1, count 1
V/AudioPolicyManagerBase( 1920): getNewDevice() selected device 2
V/AudioPolicyManagerBase( 1920): setOutputDevice() output 2 device 0002 force 0 delayMs 0
V/AudioPolicyManagerBase( 1920): setOutputDevice() prevDevice 0002
V/AudioPolicyManagerBase( 1920): setOutputDevice() setting same device 0002 or null device for output 2
V/AudioPolicyManagerBase( 1920): releaseOutput() 2
D/lights ( 2259): LCD : 47 +
D/lights ( 2259): LCD : 47 -
I/AudioMixer( 1920): setParameter(TRACK, FORMAT, 0x1)
E/AudioMixer( 1920): MOON > checkSEC_PCM ++ 1
I/AudioHardwareTinyALSA( 1920): AudioStreamOutALSA::write setDevice
D/AudioHardwareTinyALSA( 1920): OutALSA::setDevice: mode = 0, newDevice=0x2, currentDevice=0x2 ,force= 0
D/AudioHardwareTinyALSA( 1920): OutALSA::setDevice: mDevice 0x2, newDevice = 0x2
D/AudioHardwareTinyALSA( 1920): setOutputVolume
D/TinyUCM ( 1920): setModifier Normal, en=1
I/AudioHardwareTinyALSA( 1920): OutALSA::setDevice: mHandle NULL mode[0], Device[00000002]
I/AudioHardwareTinyALSA( 1920): Open: mDefaults->direction=0 device=0
D/AudioHardwareTinyALSA( 1920): Channel: 2, Samplerate: 44100, Format: 0, Peroid Size: 1024, Period Count: 4
I/AudioHardwareTinyALSA( 1920): before pcm_prepare
D/AudioHardwareTinyALSA( 1920): setPcmInterface: Stream=0x1, iSamplerate=8000++
D/AudioHardwareTinyALSA( 1920): setPcmInterface--
D/LockPatternKeyguardView( 2259): phone state: 0
D/lights ( 2259): LCD : 37 +
D/lights ( 2259): LCD : 37 -
V/LockPatternKeyguardView( 2259): Set visibility on com.android.internal.policy.impl.LockPatternKeyguardView$4@42433a38 to 0
E/LockPatternKeyguardView( 2259): mIsVoiceUnlockOn=false
D/LockPatternKeyguardView( 2259): mIsTalkbackDrvModeOn=false
D/LockPatternUtils( 2259): isPcwEnable = 10
D/lights ( 2259): LCD : 22 +
D/lights ( 2259): LCD : 22 -
D/CircleLockScreen( 2259): drv mode off
D/CircleLockScreen( 2259): mTalkbackEnabled =false
D/CircleLockScreen( 2259): explore by touch mode off
D/lights ( 2259): LCD : 12 +
D/lights ( 2259): LCD : 12 -
W/AlarmManager( 2259): FACTORY_ON= 0
D/lights ( 2259): LCD : 0 +
D/lights ( 2259): LCD : 0 -
I/power ( 2259): *** release_dvfs_lock : lockType : 1
I/PowerManagerService( 2259): Light Animator Finished currentValue=0
D/PowerManagerService( 2259): releaseDVFSLockLocked : all DVFS_MIN_LIMIT are released
D/widget ( 6417): [MSC_HERO_Accu_JB]>>> WC:1028 [0:0] onPause
D/CircleUnlockRippleRenderer( 2259): CircleUnlockRippleRenderer Constructor
D/CircleUnlockRippleRenderer( 2259): isRippleLightEnable = false
D/CircleUnlockRippleRenderer( 2259): isInkEnable = false
D/CircleUnlockRippleRenderer( 2259): isUseLCD = true
V/SoundPoolThread( 2259): beginThread
V/SoundPoolThread( 2259): run
D/CircleUnlockRippleRenderer( 2259): Def.MODE = RIPPLE_ONLY
D/Launcher.HomeFragment( 6417): onStop
D/Launcher( 6417): onStop, Launcher: 1103527480
V/SoundPoolThread( 2259): Got message m=2, mData=1
V/MediaPlayer( 2259): decode(369, 20758104, 11571)
V/MediaPlayerService( 1920): decode(81, 20758104, 11571)
V/MediaPlayerService( 1920): player type = 3
V/MediaPlayerService( 1920): create StagefrightPlayer
V/AwesomePlayer( 1920): setDefault
V/AwesomePlayer( 1920): constructor
V/AwesomePlayer( 1920): setDefault
I/AwesomePlayer( 1920): reset
I/AwesomePlayer( 1920): cancel player events
V/AwesomePlayer( 1920): mAudioTrackVector clear
V/StagefrightPlayer( 1920): StagefrightPlayer
V/AwesomePlayer( 1920): setListener
V/StagefrightPlayer( 1920): initCheck
V/StagefrightPlayer( 1920): setDataSource(81, 20758104, 11571)
V/AwesomePlayer( 1920): setDataSource (86, 20758104, 11571)
I/AwesomePlayer( 1920): cancel player events
V/AwesomePlayer( 1920): mAudioTrackVector clear
W/IInputConnectionWrapper( 6417): getSelectedText on inactive InputConnection
W/IInputConnectionWrapper( 6417): setComposingText on inactive InputConnection
V/AwesomePlayer( 1920): track of type 'audio/vorbis' does not publish bitrate
V/AwesomePlayer( 1920): mBitrate = -1 bits/sec
W/AwesomePlayer( 1920): couldn't get userdata - Weather
W/AwesomePlayer( 1920): couldn't get userdata - Authorization
W/AwesomePlayer( 1920): couldn't get userdata - SnapShot
V/AwesomePlayer( 1920): current audio track (0)
V/AwesomePlayer( 1920): current audio track (0) is added to vector[0]
V/AwesomePlayer( 1920): setDataSource_l: Audio(1), Video(0)
I/AwesomePlayer( 1920): AwesomePlayer::setDataSource_l():: This is not a DRM content
V/MediaPlayerService( 1920): prepare
V/AwesomePlayer( 1920): prepareAsync
V/MediaPlayerService( 1920): wait for prepare
V/AwesomePlayer( 1920): onPrepareAsyncEvent
V/AwesomePlayer( 1920): notifyListner_l() msg (5-MEDIA_SET_VIDEO_SIZE), ext1 (0), ext2 (0)
V/AudioCache( 1920): notify(0x41b7a1d0, 5, 0, 0)
V/AudioCache( 1920): ignored
V/AwesomePlayer( 1920): notifyListner_l() msg (1-MEDIA_PREPARED), ext1 (0), ext2 (0)
V/AudioCache( 1920): notify(0x41b7a1d0, 1, 0, 0)
V/AudioCache( 1920): prepared
V/AudioCache( 1920): wait - success
V/MediaPlayerService( 1920): start
V/StagefrightPlayer( 1920): start
V/AwesomePlayer( 1920): play
V/AwesomePlayer( 1920): AwesomePlayer::play_l():: This is not a DRM content
D/WfdService( 2259): intent recieved android.intent.action.SCREEN_OFF
I/AudioPlayer( 1920): Audioplayer kKeyAudioPCMFormat:1, 2, 0
I/AudioPlayer( 1920): Audioplayer1 (2, 1)
V/AudioCache( 1920): open(44100, 2, 0x0, 1, 4)
V/MediaPlayerService( 1920): wait for playback complete
W/IInputConnectionWrapper( 6417): getExtractedText on inactive InputConnection
V/AudioCache( 1920): write(0x41bb9520, 4096)
V/AudioCache( 1920): memcpy(0x45286000, 0x41bb9520, 4096)
V/AudioCache( 1920): write(0x41bb9520, 4096)
V/AudioCache( 1920): memcpy(0x45287000, 0x41bb9520, 4096)
V/AudioCache( 1920): write(0x41bb9520, 4096)
V/AudioCache( 1920): memcpy(0x45288000, 0x41bb9520, 4096)
V/AudioCache( 1920): write(0x41bb9520, 4096)
V/AudioCache( 1920): memcpy(0x45289000, 0x41bb9520, 4096)
V/AudioCache( 1920): write(0x41bb9520, 4096)
V/AudioCache( 1920): memcpy(0x4528a000, 0x41bb9520, 4096)
D/lights ( 2259): write pattern : g_led_info = 0
D/lights ( 2259): led_pattern : 0 +
D/STATUSBAR-NotificationService( 2259): ACTION_SCREEN_OFF
D/STATUSBAR-NotificationService( 2259): updateLightsLocked() : Turn off notification light
D/LightsService( 2259): [SvcLED] setSvcLedStateLocked:: id = 4, color = 0, mode = Off, set = Off
D/LightsService( 2259): [SvcLED] wl is acquired. It will be released after 350ms.
V/AudioCache( 1920): write(0x41bb9520, 4096)
V/AudioCache( 1920): memcpy(0x4528b000, 0x41bb9520, 4096)
V/AudioCache( 1920): write(0x41bb9520, 4096)
V/AudioCache( 1920): memcpy(0x4528c000, 0x41bb9520, 4096)
D/lights ( 2259): led_pattern : 0 -
V/AudioCache( 1920): write(0x41bb9520, 4096)
V/AudioCache( 1920): memcpy(0x4528d000, 0x41bb9520, 4096)
V/AudioCache( 1920): write(0x41bb9520, 4096)
V/AudioCache( 1920): memcpy(0x4528e000, 0x41bb9520, 4096)
V/AudioCache( 1920): write(0x41bb9520, 4096)
V/AudioCache( 1920): memcpy(0x4528f000, 0x41bb9520, 4096)
V/AudioCache( 1920): write(0x41bb9520, 4096)
V/AudioCache( 1920): memcpy(0x45290000, 0x41bb9520, 4096)
V/AudioCache( 1920): write(0x41bb9520, 4096)
V/AudioCache( 1920): memcpy(0x45291000, 0x41bb9520, 4096)
V/AudioCache( 1920): write(0x41bb9520, 4096)
V/AudioCache( 1920): memcpy(0x45292000, 0x41bb9520, 4096)
I/AudioHardwareTinyALSA( 1920): setParameters(screen_state=off)
V/AudioCache( 1920): write(0x41bb9520, 4096)
V/AudioCache( 1920): memcpy(0x45293000, 0x41bb9520, 4096)
I/audio_wfd_hw( 1920): adev_set_parameters() screen_state=off
D/tms_audio_hw/AudioTmsIpc( 1920): adev_set_parameters : Enter
D/tms_audio_hw/AudioTmsIpc( 1920): adev_set_parameters : Exit
V/AudioCache( 1920): write(0x41bb9520, 4096)
V/AudioCache( 1920): memcpy(0x45294000, 0x41bb9520, 4096)
V/AudioCache( 1920): write(0x41bb9520, 4096)
V/AudioCache( 1920): memcpy(0x45295000, 0x41bb9520, 4096)
V/AudioCache( 1920): write(0x41bb9520, 4096)
V/AudioCache( 1920): memcpy(0x45296000, 0x41bb9520, 4096)
V/AudioCache( 1920): write(0x41bb9520, 4096)
V/AudioCache( 1920): memcpy(0x45297000, 0x41bb9520, 4096)
V/AudioCache( 1920): write(0x41bb9520, 4096)
V/AudioCache( 1920): memcpy(0x45298000, 0x41bb9520, 4096)
V/AudioCache( 1920): write(0x41bb9520, 4096)
V/AudioCache( 1920): memcpy(0x45299000, 0x41bb9520, 4096)
V/AudioCache( 1920): write(0x41bb9520, 4096)
V/AudioCache( 1920): memcpy(0x4529a000, 0x41bb9520, 4096)
V/AudioCache( 1920): write(0x41bb9520, 4096)
V/AudioCache( 1920): memcpy(0x4529b000, 0x41bb9520, 4096)
D/StatusBar.FaceDetectionController( 2707): onReceive: action = android.intent.action.SCREEN_OFF mEnableDetect : false
V/AudioCache( 1920): write(0x41bb9520, 4096)
V/AudioCache( 1920): memcpy(0x4529c000, 0x41bb9520, 4096)
V/AudioCache( 1920): write(0x41bb9520, 4096)
V/AudioCache( 1920): memcpy(0x4529d000, 0x41bb9520, 4096)
D/PointerInterceptView( 2259): Receive COLLAPSED
D/PointerInterceptView( 2259): sendCallbackFunc, mPreviousOpen = false , isOpen = false , isForce = false
V/AudioCache( 1920): write(0x41bb9520, 4096)
V/AudioCache( 1920): memcpy(0x4529e000, 0x41bb9520, 4096)
E/OMXCodec( 1920): [OMX.google.vorbis.decoder] err = -1011
V/AudioCache( 1920): write(0x41bb9520, 4096)
V/AudioCache( 1920): memcpy(0x4529f000, 0x41bb9520, 4096)
V/AudioCache( 1920): write(0x41bb9520, 4096)
V/AudioCache( 1920): memcpy(0x452a0000, 0x41bb9520, 4096)
V/AudioCache( 1920): write(0x41bb9520, 4096)
V/AudioCache( 1920): memcpy(0x452a1000, 0x41bb9520, 4096)
V/AudioCache( 1920): write(0x41bb9520, 4096)
V/AudioCache( 1920): memcpy(0x452a2000, 0x41bb9520, 4096)
V/AudioCache( 1920): write(0x41bb9520, 1256)
V/AudioCache( 1920): memcpy(0x452a3000, 0x41bb9520, 1256)
V/AwesomePlayer( 1920): MEDIA_PLAYBACK_COMPLETE
V/AwesomePlayer( 1920): notifyListner_l() msg (2-MEDIA_PLAYBACK_COMPLETE), ext1 (0), ext2 (0)
V/AudioCache( 1920): notify(0x41b7a1d0, 2, 0, 0)
V/AudioCache( 1920): playback complete - thread will wake up later
V/AudioCache( 1920): wait - success
V/StagefrightPlayer( 1920): reset
I/AwesomePlayer( 1920): reset
I/AwesomePlayer( 1920): cancel player events
V/AwesomePlayer( 1920): mAudioTrackVector clear
I/OMXCodec( 1920): [OMX.google.vorbis.decoder] stop() sendCommand(0x1cfe, OMX_CommandStateSet, OMX_StateIdle)
I/OMXCodec( 1920): [OMX.google.vorbis.decoder] stopped in state 1
V/StagefrightPlayer( 1920): ~StagefrightPlayer
V/StagefrightPlayer( 1920): reset
I/AwesomePlayer( 1920): reset
I/AwesomePlayer( 1920): cancel player events
V/AwesomePlayer( 1920): mAudioTrackVector clear
I/AwesomePlayer( 1920): reset
I/AwesomePlayer( 1920): cancel player events
V/AwesomePlayer( 1920): mAudioTrackVector clear
V/AwesomePlayer( 1920): ~AwesomePlayer()
V/SoundPoolThread( 2259): Got message m=2, mData=2
V/MediaPlayer( 2259): decode(371, 21242672, 20394)
V/MediaPlayerService( 1920): decode(81, 21242672, 20394)
V/MediaPlayerService( 1920): player type = 3
V/MediaPlayerService( 1920): create StagefrightPlayer
V/AwesomePlayer( 1920): setDefault
V/AwesomePlayer( 1920): constructor
V/AwesomePlayer( 1920): setDefault
I/AwesomePlayer( 1920): reset
I/AwesomePlayer( 1920): cancel player events
V/AwesomePlayer( 1920): mAudioTrackVector clear
V/StagefrightPlayer( 1920): StagefrightPlayer
V/AwesomePlayer( 1920): setListener
V/StagefrightPlayer( 1920): initCheck
V/StagefrightPlayer( 1920): setDataSource(81, 21242672, 20394)
V/AwesomePlayer( 1920): setDataSource (87, 21242672, 20394)
I/AwesomePlayer( 1920): cancel player events
V/AwesomePlayer( 1920): mAudioTrackVector clear
V/AwesomePlayer( 1920): track of type 'audio/vorbis' does not publish bitrate
V/AwesomePlayer( 1920): mBitrate = -1 bits/sec
W/AwesomePlayer( 1920): couldn't get userdata - Weather
W/AwesomePlayer( 1920): couldn't get userdata - Authorization
W/AwesomePlayer( 1920): couldn't get userdata - SnapShot
V/AwesomePlayer( 1920): current audio track (0)
V/AwesomePlayer( 1920): current audio track (0) is added to vector[0]
V/AwesomePlayer( 1920): setDataSource_l: Audio(1), Video(0)
I/AwesomePlayer( 1920): AwesomePlayer::setDataSource_l():: This is not a DRM content
V/MediaPlayerService( 1920): prepare
V/AwesomePlayer( 1920): prepareAsync
V/MediaPlayerService( 1920): wait for prepare
D/SensorManager( 2091): unregisterListener:: Listener= com.hamsterbeat.wallpapers.base.w@41bdbc78
I/iNemoSensor( 2259): enable(): handle(5), en(0), what(1)
D/iNemoSensor( 2259): enableDev() : path(/sys/class/input/event4/device/enable), val(0)
D/iNemoSensor( 2259): enable(): MASK_ACC (0) MASK_MAG (0) MASK_GYR (0)
D/iNemoSensor( 2259): enable(): mEnAcc(0) mEnMag(0) mEnGyr(0)
D/SensorService( 2259): SensorDevice::activate (enable 1, disable 0) = 0
D/SensorService( 2259): activating sensor disable handle=5
D/SensorService( 2259): activating sensor disable, Done!
D/SensorService( 2259): SensorDevice::activating sensor handle=5 ns=20000000
D/iNemoSensor( 2259): setDelay(): handle(5), en(20000000)
D/wpfx.pan.jni( 2091): RendererBase(57139100)::pause
V/AwesomePlayer( 1920): onPrepareAsyncEvent
D/STATUSBAR-NetworkController( 2707): refreshSignalCluster: data=0 bt=false
D/STATUSBAR-SignalClusterView( 2707): mSeparateMobileGroup=8
D/STATUSBAR-SignalClusterView( 2707): mSeparateMobileGroup=8
D/STATUSBAR-SignalClusterView( 2707): mSeparateMobileGroup=8
V/AwesomePlayer( 1920): notifyListner_l() msg (5-MEDIA_SET_VIDEO_SIZE), ext1 (0), ext2 (0)
V/AudioCache( 1920): notify(0x41b7a1d0, 5, 0, 0)
V/AudioCache( 1920): ignored
V/AwesomePlayer( 1920): notifyListner_l() msg (1-MEDIA_PREPARED), ext1 (0), ext2 (0)
V/AudioCache( 1920): notify(0x41b7a1d0, 1, 0, 0)
V/AudioCache( 1920): prepared
V/AudioCache( 1920): wait - success
V/MediaPlayerService( 1920): start
V/StagefrightPlayer( 1920): start
V/AwesomePlayer( 1920): play
V/AwesomePlayer( 1920): AwesomePlayer::play_l():: This is not a DRM content
I/AudioPlayer( 1920): Audioplayer kKeyAudioPCMFormat:1, 1, 0
I/AudioPlayer( 1920): Audioplayer1 (1, 1)
V/AudioCache( 1920): open(48000, 1, 0x0, 1, 4)
V/MediaPlayerService( 1920): wait for playback complete
V/AudioCache( 1920): write(0x41edc008, 2048)
V/AudioCache( 1920): memcpy(0x45486000, 0x41edc008, 2048)
V/AudioCache( 1920): write(0x41edc008, 2048)
V/AudioCache( 1920): memcpy(0x45486800, 0x41edc008, 2048)
V/AudioCache( 1920): write(0x41edc008, 2048)
V/AudioCache( 1920): memcpy(0x45487000, 0x41edc008, 2048)
V/AudioCache( 1920): write(0x41edc008, 2048)
V/AudioCache( 1920): memcpy(0x45487800, 0x41edc008, 2048)
I/Launcher.StuckInEdit( 6417): exitWidgetResizeMode State NORMAL
D/CircleMissedEventWidget( 2259): explore by touch mode off
V/AudioCache( 1920): write(0x41edc008, 2048)
V/AudioCache( 1920): memcpy(0x45488000, 0x41edc008, 2048)
V/AudioCache( 1920): write(0x41edc008, 2048)
V/AudioCache( 1920): memcpy(0x45488800, 0x41edc008, 2048)
V/AudioCache( 1920): write(0x41edc008, 2048)
V/AudioCache( 1920): memcpy(0x45489000, 0x41edc008, 2048)
V/AudioCache( 1920): write(0x41edc008, 2048)
V/AudioCache( 1920): memcpy(0x45489800, 0x41edc008, 2048)
V/AudioCache( 1920): write(0x41edc008, 2048)
V/AudioCache( 1920): memcpy(0x4548a000, 0x41edc008, 2048)
V/AudioCache( 1920): write(0x41edc008, 2048)
V/AudioCache( 1920): memcpy(0x4548a800, 0x41edc008, 2048)
V/AudioCache( 1920): write(0x41edc008, 2048)
V/AudioCache( 1920): memcpy(0x4548b000, 0x41edc008, 2048)
V/AudioCache( 1920): write(0x41edc008, 2048)
V/AudioCache( 1920): memcpy(0x4548b800, 0x41edc008, 2048)
V/AudioCache( 1920): write(0x41edc008, 2048)
V/AudioCache( 1920): memcpy(0x4548c000, 0x41edc008, 2048)
V/AudioCache( 1920): write(0x41edc008, 2048)
V/AudioCache( 1920): memcpy(0x4548c800, 0x41edc008, 2048)
V/AudioCache( 1920): write(0x41edc008, 2048)
V/AudioCache( 1920): memcpy(0x4548d000, 0x41edc008, 2048)
V/AudioCache( 1920): write(0x41edc008, 2048)
V/AudioCache( 1920): memcpy(0x4548d800, 0x41edc008, 2048)
V/AudioCache( 1920): write(0x41edc008, 2048)
V/AudioCache( 1920): memcpy(0x4548e000, 0x41edc008, 2048)
V/AudioCache( 1920): write(0x41edc008, 2048)
V/AudioCache( 1920): memcpy(0x4548e800, 0x41edc008, 2048)
V/AudioCache( 1920): write(0x41edc008, 2048)
V/AudioCache( 1920): memcpy(0x4548f000, 0x41edc008, 2048)
V/AudioCache( 1920): write(0x41edc008, 2048)
V/AudioCache( 1920): memcpy(0x4548f800, 0x41edc008, 2048)
V/AudioCache( 1920): write(0x41edc008, 2048)
V/AudioCache( 1920): memcpy(0x45490000, 0x41edc008, 2048)
V/AudioCache( 1920): write(0x41edc008, 2048)
V/AudioCache( 1920): memcpy(0x45490800, 0x41edc008, 2048)
V/AudioCache( 1920): write(0x41edc008, 2048)
V/AudioCache( 1920): memcpy(0x45491000, 0x41edc008, 2048)
V/AudioCache( 1920): write(0x41edc008, 2048)
V/AudioCache( 1920): memcpy(0x45491800, 0x41edc008, 2048)
V/AudioCache( 1920): write(0x41edc008, 2048)
V/AudioCache( 1920): memcpy(0x45492000, 0x41edc008, 2048)
V/AudioCache( 1920): write(0x41edc008, 2048)
V/AudioCache( 1920): memcpy(0x45492800, 0x41edc008, 2048)
V/AudioCache( 1920): write(0x41edc008, 2048)
V/AudioCache( 1920): memcpy(0x45493000, 0x41edc008, 2048)
V/AudioCache( 1920): write(0x41edc008, 2048)
V/AudioCache( 1920): memcpy(0x45493800, 0x41edc008, 2048)
E/CircleShortcutWidget( 2259): density = 320
D/CircleShortcutWidget( 2259): explore by touch mode off
E/CircleShortcutWidget( 2259): pkg name =com.android.contacts, activityName=com.android.contacts.activities.DialtactsActivity
D/com.samsung.app(31251): [MSC_HERO_Accu_JB]>>> WCS:251 [0:0] BR act = androidintentactionSCREEN_OFF
D/CircleShortcutWidget( 2259): mIconWidth =96
V/AudioCache( 1920): write(0x41edc008, 2048)
V/AudioCache( 1920): memcpy(0x45494000, 0x41edc008, 2048)
V/AudioCache( 1920): write(0x41edc008, 2048)
V/AudioCache( 1920): memcpy(0x45494800, 0x41edc008, 2048)
V/AudioCache( 1920): write(0x41edc008, 2048)
V/AudioCache( 1920): memcpy(0x45495000, 0x41edc008, 2048)
V/AudioCache( 1920): write(0x41edc008, 2048)
V/AudioCache( 1920): memcpy(0x45495800, 0x41edc008, 2048)
V/AudioCache( 1920): write(0x41edc008, 2048)
V/AudioCache( 1920): memcpy(0x45496000, 0x41edc008, 2048)
V/AudioCache( 1920): write(0x41edc008, 2048)
V/AudioCache( 1920): memcpy(0x45496800, 0x41edc008, 2048)
V/AudioCache( 1920): write(0x41edc008, 2048)
V/AudioCache( 1920): memcpy(0x45497000, 0x41edc008, 2048)
V/AudioCache( 1920): write(0x41edc008, 2048)
V/AudioCache( 1920): memcpy(0x45497800, 0x41edc008, 2048)
V/AudioCache( 1920): write(0x41edc008, 2048)
V/AudioCache( 1920): memcpy(0x45498000, 0x41edc008, 2048)
V/AudioCache( 1920): write(0x41edc008, 2048)
V/AudioCache( 1920): memcpy(0x45498800, 0x41edc008, 2048)
V/AudioCache( 1920): write(0x41edc008, 2048)
V/AudioCache( 1920): memcpy(0x45499000, 0x41edc008, 2048)
V/AudioCache( 1920): write(0x41edc008, 2048)
V/AudioCache( 1920): memcpy(0x45499800, 0x41edc008, 2048)
V/AudioCache( 1920): write(0x41edc008, 2048)
V/AudioCache( 1920): memcpy(0x4549a000, 0x41edc008, 2048)
V/AudioCache( 1920): write(0x41edc008, 2048)
V/AudioCache( 1920): memcpy(0x4549a800, 0x41edc008, 2048)
W/AlarmManager( 2259): FACTORY_ON= 0
V/AudioCache( 1920): write(0x41edc008, 2048)
V/AudioCache( 1920): memcpy(0x4549b000, 0x41edc008, 2048)
E/OMXCodec( 1920): [OMX.google.vorbis.decoder] err = -1011
V/AudioCache( 1920): write(0x41edc008, 2048)
V/AudioCache( 1920): memcpy(0x4549b800, 0x41edc008, 2048)
V/AudioCache( 1920): write(0x41edc008, 2048)
V/AudioCache( 1920): memcpy(0x4549c000, 0x41edc008, 2048)
V/AudioCache( 1920): write(0x41edc008, 2048)
V/AudioCache( 1920): memcpy(0x4549c800, 0x41edc008, 2048)
V/AudioCache( 1920): write(0x41edc008, 2048)
V/AudioCache( 1920): memcpy(0x4549d000, 0x41edc008, 2048)
V/AudioCache( 1920): write(0x41edc008, 824)
V/AudioCache( 1920): memcpy(0x4549d800, 0x41edc008, 824)
V/AwesomePlayer( 1920): MEDIA_PLAYBACK_COMPLETE
V/AwesomePlayer( 1920): notifyListner_l() msg (2-MEDIA_PLAYBACK_COMPLETE), ext1 (0), ext2 (0)
V/AudioCache( 1920): notify(0x41b7a1d0, 2, 0, 0)
V/AudioCache( 1920): playback complete - thread will wake up later
V/AudioCache( 1920): wait - success
V/StagefrightPlayer( 1920): reset
I/AwesomePlayer( 1920): reset
I/AwesomePlayer( 1920): cancel player events
V/AwesomePlayer( 1920): mAudioTrackVector clear
I/OMXCodec( 1920): [OMX.google.vorbis.decoder] stop() sendCommand(0x1cff, OMX_CommandStateSet, OMX_StateIdle)
I/OMXCodec( 1920): [OMX.google.vorbis.decoder] stopped in state 1
V/StagefrightPlayer( 1920): ~StagefrightPlayer
V/StagefrightPlayer( 1920): reset
I/AwesomePlayer( 1920): reset
I/AwesomePlayer( 1920): cancel player events
V/AwesomePlayer( 1920): mAudioTrackVector clear
I/AwesomePlayer( 1920): reset
I/AwesomePlayer( 1920): cancel player events
V/AwesomePlayer( 1920): mAudioTrackVector clear
V/AwesomePlayer( 1920): ~AwesomePlayer()
D/comdaemonstockapp(24684): [Daemon_Stock]>>> DaemonService.java:51 [0:0] action : androidintentactionSCREEN_OFF
V/LvOutput( 1920): initCheck: 0
V/LvOutput( 1920): detachEffects: detach processing for output 2, stream 1, session 6348
V/LvOutput( 1920): detachEffects: no output processing was attached to this stream
V/AudioPolicyManagerBase( 1920): stopOutput() output 2, stream 1, session 6348
V/AudioPolicyManagerBase( 1920): changeRefCount() stream 1, count 0
V/AudioPolicyManagerBase( 1920): getNewDevice() selected device 0
V/AudioPolicyManagerBase( 1920): setOutputDevice() output 2 device 0000 force 0 delayMs 184
V/AudioPolicyManagerBase( 1920): setOutputDevice() prevDevice 0002
V/AudioPolicyManagerBase( 1920): setOutputDevice() setting same device 0000 or null device for output 2
W/AlarmManager( 2259): FACTORY_ON= 0
D/Launcher( 6417): onTrimMemory. Level: 5
I/ActivityThread( 374): Pub com.sec.badge: com.sec.android.provider.badge.BadgeProvider
D/CircleShortcutWidget( 2259): BitmapDrawable
E/CircleShortcutWidget( 2259): pkg name =com.sec.chaton, activityName=com.sec.chaton.HomeActivity
D/CircleShortcutWidget( 2259): mIconWidth =96
D/CircleShortcutWidget( 2259): BitmapDrawable
E/CircleShortcutWidget( 2259): pkg name =com.android.browser, activityName=com.android.browser.BrowserActivity
D/CircleShortcutWidget( 2259): mIconWidth =96
D/CircleShortcutWidget( 2259): BitmapDrawable
E/CircleShortcutWidget( 2259): pkg name =com.sec.android.app.camera, activityName=com.sec.android.app.camera.Camera
D/CircleShortcutWidget( 2259): mIconWidth =96
D/CircleShortcutWidget( 2259): BitmapDrawable
D/comdaemonstockapp(24684): [Daemon_Stock]>>> Stockclock_DaemonService.java:49 [0:0] onReceive: daemonappstockclockSCREEN_OFF
D/CircleLockScreen( 2259): cursor.getInt(0) = 0
D/comdaemonstockapp(24684): [Daemon_Stock]>>> Stockclock_DaemonService.java:56 [0:0] appServiceStatus: 9
D/comdaemonstockapp(24684): [Daemon_Stock]>>> Stockclock_DaemonService.java:57 [0:0] [AR]: 0
D/comdaemonstockapp(24684): [Daemon_Stock]>>> Stockclock_DaemonService.java:236 [0:0] screen off, stop scroll
D/CircleLockScreen( 2259): cursor.getInt(0) = 0
D/CircleLockScreen( 2259): cursor.getInt(0) = 0
D/CircleLockScreen( 2259): mChecked = 111
D/CircleLockScreen( 2259): onRefreshBatteryInfo() showPatteryInfo: false pluggedIn: false batteryLevel: 67
D/ClockWidget( 2259): refreshTime()
D/ClockWidget( 2259): TTS Message = Es ist 21:36., Freitag, Januar 3
D/ClockWidget( 2259): refreshTime()
D/ClockWidget( 2259): TTS Message = Es ist 21:36., Freitag, Januar 3
W/LockPatternKeyguardView( 2259): Couldn't find transport control widget
D/LockPatternUtils( 2259): isPcwEnable = 10
D/NfcService(20808): NFC-C OFF, disconnect
D/dalvikvm( 2259): GC_CONCURRENT freed 891K, 27% free 38129K/51655K, paused 17ms+16ms, total 234ms
D/dalvikvm( 2259): WAIT_FOR_CONCURRENT_GC blocked 132ms
I/System.out( 2259): Not a DRM File, opening notmally
I/System.out( 2259): buffer returned
D/LockPatternKeyguardView( 2259): max failed attempt for device disable :0
D/LockPatternUtils( 2259): isPcwEnable = 10
D/LockPatternUtils( 2259): isPcwEnable = 10
D/ClockWidget( 2259): refreshTime()
D/ClockWidget( 2259): TTS Message = Es ist 21:36., Freitag, Januar 3
D/ClockWidget( 2259): isServiceEnable = false cityId = cityId:169582
D/ClockWidget( 2259): Weather Demon is not running, Set visibility to GONE
D/CircleLockScreen( 2259): onResume()
D/CircleUnlockRippleRenderer( 2259): onResume isUnlocked = false
D/ClockWidget( 2259): isServiceEnable = false cityId = cityId:169582
D/ClockWidget( 2259): Weather Demon is not running, Set visibility to GONE
D/CircleShortcutWidget( 2259): onResume()
D/CircleLockScreen( 2259): mCallback.isShowingAndNotHidden()=false
D/CircleLockScreenMotion( 2259): register motion listener
D/MotionRecognitionService( 2259): .registerCallback : 1, motion_sensors=3, client=com.android.internal.policy.impl.sec.CircleLockScreenMotion$2@424be458
D/MotionEngine( 2259): [@@@ Motion Engine @@@] InitializeMotionManager ALLLLLLLLLLLLLLLLLLLLLLLLL
V/MotionRecognitionManager( 2259): .registerListenerEvent : success. listener count = 0->1, motion_sensors=3, motion event = 128, listener=com.android.internal.policy.impl.sec.CircleLockScreenMotion$2@424be458
D/MotionRecognitionManager( 2259): .registerListenerEvent : fail. already registered / listener count = 1, listener=com.android.internal.policy.impl.sec.CircleLockScreenMotion$2@424be458
D/CircleLockScreenMotion( 2259): reset motion engine
D/MotionEngine( 2259): [@@@ MotionEngine @@@] ResetMotionEngine............................ CALLED...............
V/KeyguardViewManager( 2259): KGVM: Set visibility on com.android.internal.policy.impl.KeyguardViewManager$KeyguardViewHost@4233b6c8 to 6291456
D/KeyguardViewMediator( 2259): adjustUserActivityLocked mShowing: true mHidden: false
D/MotionRecognitionService( 2259): .checkSettingEngineEnabled : true
D/MotionRecognitionService( 2259): .resetMotionEngine
D/PowerManagerService( 2259): enableUserActivity false
D/LockPatternUtils( 2259): isPcwEnable = 10
D/LockPatternUtils( 2259): isPcwEnable = 10
D/LockPatternUtils( 2259): isPcwEnable = 10
D/KeyguardViewMediator( 2259): adjustStatusBarLocked: mShowing=true mHidden=false isSecure=false --> flags=0x1000000
D/STATUSBAR-StatusBarManagerService( 2259): manageDisableList what=0x1000000 pkg=android
E/KeyguardViewMediator( 2259): 2. Lockscreen lock
E/KeyguardViewMediator( 2259): Phone is boot completed. so can broadcast
D/PhoneStatusBar( 2707): disable: < expand icons alerts ticker system_info back home RECENT* clock > I/Choreographer( 2259): Skipped 66 frames! The application may be doing too much work on its main thread.
I/SurfaceFlinger( 1917): id=18583(5198) createSurf 0x429b69fc (720x1230),1 flag=0, Leyguard
I/SurfaceFlinger( 1917): SurfaceFlinger : eMagnificationFactorChanged. magnificationFactor=1.0
I/SurfaceFlinger( 1917): SurfaceFlinger : eZoomPositionChanged. zoomX=0.0 zoomY=0.0
D/WindowManager( 2259): PhoneWindowManager: focusChangedLw
D/KeyguardViewMediator( 2259): setHidden false
I/SurfaceFlinger( 1917): id=18584(5199) createSurf 0x41010f9c (720x1230),3 flag=400, TurfaceView
I/SurfaceFlinger( 1917): SurfaceFlinger : eMagnificationFactorChanged. magnificationFactor=1.0
I/SurfaceFlinger( 1917): SurfaceFlinger : eZoomPositionChanged. zoomX=0.0 zoomY=0.0
D/KeyguardViewMediator( 2259): setHidden false
D/SurfaceView( 2259): SurfaceView.MyWindow.resized() is call in system process.
D/CircleUnlockRippleRenderer( 2259): onSurfaceCreated
