I/SurfaceFlinger( 1959): id=4469(27) createSurf 0x40e2acdc (720x1280),1 flag=400, Tettings
I/SurfaceFlinger( 1959): SurfaceFlinger : eMagnificationFactorChanged. magnificationFactor=1.0
I/SurfaceFlinger( 1959): SurfaceFlinger : eZoomPositionChanged. zoomX=0.0 zoomY=0.0
D/WindowManager( 2374): PhoneWindowManager: focusChangedLw
D/KeyguardViewMediator( 2374): setHidden false
D/InputReader( 2374): Input event: value=1
I/InputDispatcher( 2374): Delivering key to current input target: action: 0x0
I/InputDispatcher( 2374): Delivering key to current input target: action: 0x0
I/InputDispatcher( 2374): Delivering key to current input target: action: 0x0
W/System.err( 3199): Removed 2131428268
W/System.err( 3199): Removed 2131428281
D/KeyguardViewMediator( 2374): setHidden false
D/KeyguardViewMediator( 2374): setHidden false
I/ClipboardServiceEx( 2374): Send intent for dismiss clipboard dialog inside hideCurrentInputLocked() !
D/KeyguardViewMediator( 2374): setHidden false
D/InputReader( 2374): Input event: value=0
I/InputDispatcher( 2374): Delivering key to current input target: action: 0x1
I/InputDispatcher( 2374): Delivering key to current input target: action: 0x1
I/InputDispatcher( 2374): Delivering key to current input target: action: 0x1
D/KeyguardViewMediator( 2374): setHidden false
I/ClipboardServiceEx( 2374): mCBPickerDialog enter case. MSG_DISMISS_DIALOG
E/SpannableStringBuilder( 3199): SPAN_EXCLUSIVE_EXCLUSIVE spans cannot have a zero length
E/SpannableStringBuilder( 3199): SPAN_EXCLUSIVE_EXCLUSIVE spans cannot have a zero length
D/KeyguardViewMediator( 2374): setHidden false
D/InputReader( 2374): Input event: value=1
D/dalvikvm( 2374): GC_FOR_ALLOC freed 1537K, 47% free 32121K/59655K, paused 76ms, total 76ms
W/SignalStrength( 2374): getGsmLevel=1
W/SignalStrength( 2913): getGsmLevel=1
W/SignalStrength( 2913): getLevel=1 (SignalStrength: 2 0 -120 -160 -120 -1 -1 99 2147483647 2147483647 2147483647 2147483647 gsm|lte 0x1)
W/SignalStrength( 2913): getGsmLevel=1
W/SignalStrength( 2913): getLevel=1 (SignalStrength: 2 0 -120 -160 -120 -1 -1 99 2147483647 2147483647 2147483647 2147483647 gsm|lte 0x1)
W/SignalStrength( 2374): getLevel=1 (SignalStrength: 2 0 -120 -160 -120 -1 -1 99 2147483647 2147483647 2147483647 2147483647 gsm|lte 0x1)
W/SignalStrength( 2374): getDbm 1
W/SignalStrength( 2374): getGsmDbm=-109
W/SignalStrength( 2374): getDbm=-109
W/SignalStrength( 2374): getAsuLevel 1
W/SignalStrength( 2374): getGsmAsuLevel=2
W/SignalStrength( 2374): getAsuLevel=2
I/WifiEnabler( 3199): Pause : 1
I/BluetoothPolicyService( 2374): isBluetoothEnabled
D/InputReader( 2374): Input event: value=0
I/SurfaceFlinger( 1959): id=4470(1008) createSurf (720x1280),-1 flag=30004, GreezeSurfa
I/SurfaceFlinger( 1959): Orientation 1=>0
I/InputReader( 2374): Reconfiguring input devices. changes=0x00000004
I/InputReader( 2374): Device reconfigured: id=6, name='sec_touchscreen', surface size is now 720x1280, mode is 1
D/WindowManager( 2374): PhoneWindowManager: focusChangedLw
D/PhoneApp( 3067): updateProximitySensorMode: lock already released.
D/KeyguardViewMediator( 2374): setHidden false
I/SurfaceFlinger( 1959): id=4461 Removed TubSettings idx=4 MapSz=3
I/SurfaceFlinger( 1959): id=4461 Removed TubSettings idx=-2 MapSz=3
D/KeyguardViewMediator( 2374): setHidden false
D/Launcher( 3156): onRestart, Launcher: 1104468464
D/Launcher( 3156): onStart, Launcher: 1104468464
D/Launcher.HomeFragment( 3156): onStart
D/Launcher( 3156): onResume, Launcher: 1104468464
D/KeyguardViewMediator( 2374): setHidden false
I/power ( 2374): *** release_dvfs_lock : lockType : 1
D/KeyguardViewMediator( 2374): setHidden false
I/FlashBarService( 2991): mPkgManagerReceiver : onReceive
D/SharedManager( 5948): getPrefIDs() : length = 1
D/SharedManager( 5948): getPrefIDs() : Shared_DCIDs1 = 9
D/ClockAlarmWidgetService( 5528): [ClockAlarmWidgetService] onReceive: action = android.intent.action.CONFIGURATION_CHANGED
E/ClockAlarmWidget( 5528): [AlarmWidgetIdManager] getListItem() : itemIndex=0, widgetID:1
E/ClockAlarmWidget( 5528): [AlarmWidgetIdManager] getListItem() : ItemIndex exceed ListItemCount. itemIndex=1
D/KeyguardViewMediator( 2374): setHidden false
E/ClockAlarmWidget( 5528): [AlarmWidgetIdManager] getListItem() : itemIndex=1, widgetID:1
D/WfdService( 2374): intent recieved android.intent.action.CONFIGURATION_CHANGED
D/evanjs ( 5948): evanjs DualClockAppWidgetProvider display.getOrientation(): 0
D/InputReader( 2374): Input event: value=1
D/ClockAlarmDataProvider( 5528): getAlarm() - too many same ID alarm data. nCount: 0
D/KeyguardViewMediator( 2374): setHidden false
D/dalvikvm( 5948): GC_FOR_ALLOC freed 1843K, 23% free 12335K/15943K, paused 27ms, total 27ms
E/kickstart( 2666): 786432 bytes transferred in 1.041s (0.72 MBps)
I/kickstart( 2666): EVENT: num_debug_entries not >=0
E/kickstart( 2666): Successfully downloaded files from target
I/kickstart( 2666): EVENT: RECEIVED <-- SAHARA_RESET_RESP
E/kickstart( 2666): Sahara protocol completed
I/kickstart( 2666): EVENT: STATE <-- SAHARA_WAIT_HELLO
E/Launcher( 3156): Error finding setting, default accessibility to not found: accessibility_enabled
D/Launcher.HomeFragment( 3156): onResume
D/MenuAppsGridFragment( 3156): onResume
I/SurfaceFlinger( 1959): id=4471(145) createSurf 0x40ddbbc4 (720x1280),1 flag=0, Mauncher
I/SurfaceFlinger( 1959): SurfaceFlinger : eMagnificationFactorChanged. magnificationFactor=1.0
I/SurfaceFlinger( 1959): SurfaceFlinger : eZoomPositionChanged. zoomX=0.0 zoomY=0.0
D/WindowManager( 2374): PhoneWindowManager: focusChangedLw
D/KeyguardViewMediator( 2374): setHidden false
I/SurfaceFlinger( 1959): id=4469 Removed Tettings idx=3 MapSz=3
D/KeyguardViewMediator( 2374): setHidden false
D/dalvikvm( 5948): GC_FOR_ALLOC freed 3K, 21% free 12656K/15943K, paused 21ms, total 21ms
I/dalvikvm-heap( 5948): Grow heap (frag case) to 13.663MB for 662612-byte allocation
I/SurfaceFlinger( 1959): id=4469 Removed Tettings idx=-2 MapSz=3
D/InputReader( 2374): Input event: value=0
D/KeyguardViewMediator( 2374): setHidden false
D/dalvikvm( 5948): GC_CONCURRENT freed <1K, 17% free 13303K/15943K, paused 14ms+2ms, total 34ms
D/dalvikvm( 5948): WAIT_FOR_CONCURRENT_GC blocked 17ms
I/ClipboardServiceEx( 2374): Send intent for dismiss clipboard dialog inside hideCurrentInputLocked() !
D/KeyguardViewMediator( 2374): setHidden false
D/KeyguardViewMediator( 2374): setHidden false
D/KeyguardViewMediator( 2374): setHidden false
I/SurfaceFlinger( 1959): id=4472(1009) createSurf (2560x720),-1 flag=20000, ClackSurfac
I/SurfaceFlinger( 1959): id=4473(1010) createSurf (1280x1440),-1 flag=20000, ClackSurfac
I/SurfaceFlinger( 1959): id=4474(1011) createSurf (2560x720),-1 flag=20000, ClackSurfac
I/SurfaceFlinger( 1959): id=4475(1012) createSurf (1280x1440),-1 flag=20000, ClackSurfac
I/InputDispatcher( 2374): Delivering key to current input target: action: 0x0
I/InputDispatcher( 2374): Delivering key to current input target: action: 0x0
I/InputDispatcher( 2374): Delivering key to current input target: action: 0x0
D/KeyguardViewMediator( 2374): setHidden false
I/InputDispatcher( 2374): Delivering key to current input target: action: 0x1
I/InputDispatcher( 2374): Delivering key to current input target: action: 0x1
I/InputDispatcher( 2374): Delivering key to current input target: action: 0x1
I/ClipboardServiceEx( 2374): mCBPickerDialog enter case. MSG_DISMISS_DIALOG
W/IInputConnectionWrapper( 3199): showStatusIcon on inactive InputConnection
I/InputDispatcher( 2374): Delivering key to current input target: action: 0x0
I/InputDispatcher( 2374): Delivering key to current input target: action: 0x0
I/InputDispatcher( 2374): Delivering key to current input target: action: 0x0
I/InputDispatcher( 2374): Delivering key to current input target: action: 0x1
I/InputDispatcher( 2374): Delivering key to current input target: action: 0x1
I/InputDispatcher( 2374): Delivering key to current input target: action: 0x1
I/ClipboardServiceEx( 2374): mCBPickerDialog enter case. MSG_DISMISS_DIALOG
I/SurfaceFlinger( 1959): id=4470 Removed GreezeSurfa idx=5 MapSz=3
I/SurfaceFlinger( 1959): id=4470 Removed GreezeSurfa idx=-2 MapSz=3
I/SurfaceFlinger( 1959): id=4472 Removed ClackSurfac idx=5 MapSz=3
I/SurfaceFlinger( 1959): id=4473 Removed ClackSurfac idx=5 MapSz=3
I/SurfaceFlinger( 1959): id=4472 Removed ClackSurfac idx=-2 MapSz=3
I/SurfaceFlinger( 1959): id=4473 Removed ClackSurfac idx=-2 MapSz=3
I/SurfaceFlinger( 1959): id=4474 Removed ClackSurfac idx=5 MapSz=3
I/SurfaceFlinger( 1959): id=4474 Removed ClackSurfac idx=-2 MapSz=3
I/SurfaceFlinger( 1959): id=4475 Removed ClackSurfac idx=5 MapSz=3
I/SurfaceFlinger( 1959): id=4475 Removed ClackSurfac idx=-2 MapSz=3
D/KeyguardViewMediator( 2374): setHidden false
D/KeyguardViewMediator( 2374): setHidden false
D/lights ( 2374): button : 2 +
D/lights ( 2374): button : 2 -
D/dalvikvm( 2374): WAIT_FOR_CONCURRENT_GC blocked 0ms
D/dalvikvm( 2374): GC_EXPLICIT freed 1611K, 47% free 32085K/59655K, paused 3ms+8ms, total 90ms
D/videowall-TranscodeService(15584): releaseTransThread.
E/MtpService( 3286): In MTPAPP onReceive:android.intent.action.BATTERY_CHANGED
E/MtpService( 3286): battPlugged Type : 2
E/Watchdog( 2374): !@Sync 1427
W/SignalStrength( 2374): getGsmLevel=1
W/SignalStrength( 2374): getLevel=1 (SignalStrength: 3 0 -120 -160 -120 -1 -1 99 2147483647 2147483647 2147483647 2147483647 gsm|lte 0x1)
W/SignalStrength( 2913): getGsmLevel=1
W/SignalStrength( 2913): getLevel=1 (SignalStrength: 3 0 -120 -160 -120 -1 -1 99 2147483647 2147483647 2147483647 2147483647 gsm|lte 0x1)
W/SignalStrength( 2913): getGsmLevel=1
W/SignalStrength( 2913): getLevel=1 (SignalStrength: 3 0 -120 -160 -120 -1 -1 99 2147483647 2147483647 2147483647 2147483647 gsm|lte 0x1)
W/SignalStrength( 2374): getDbm 1
W/SignalStrength( 2374): getGsmDbm=-107
W/SignalStrength( 2374): getDbm=-107
W/SignalStrength( 2374): getAsuLevel 1
W/SignalStrength( 2374): getGsmAsuLevel=3
W/SignalStrength( 2374): getAsuLevel=3
W/SignalStrength( 2374): getGsmLevel=1
W/SignalStrength( 2374): getLevel=1 (SignalStrength: 4 0 -120 -160 -120 -1 -1 99 2147483647 2147483647 2147483647 2147483647 gsm|lte 0x1)
W/SignalStrength( 2913): getGsmLevel=1
W/SignalStrength( 2913): getLevel=1 (SignalStrength: 4 0 -120 -160 -120 -1 -1 99 2147483647 2147483647 2147483647 2147483647 gsm|lte 0x1)
W/SignalStrength( 2913): getGsmLevel=1
W/SignalStrength( 2913): getLevel=1 (SignalStrength: 4 0 -120 -160 -120 -1 -1 99 2147483647 2147483647 2147483647 2147483647 gsm|lte 0x1)
W/SignalStrength( 2374): getDbm 1
W/SignalStrength( 2374): getGsmDbm=-105
W/SignalStrength( 2374): getDbm=-105
W/SignalStrength( 2374): getAsuLevel 1
W/SignalStrength( 2374): getGsmAsuLevel=4
W/SignalStrength( 2374): getAsuLevel=4
W/SignalStrength( 2374): getGsmLevel=2
W/SignalStrength( 2374): getLevel=2 (SignalStrength: 5 0 -120 -160 -120 -1 -1 99 2147483647 2147483647 2147483647 2147483647 gsm|lte 0x2)
W/SignalStrength( 2913): getGsmLevel=2
W/SignalStrength( 2913): getLevel=2 (SignalStrength: 5 0 -120 -160 -120 -1 -1 99 2147483647 2147483647 2147483647 2147483647 gsm|lte 0x2)
W/SignalStrength( 2913): getGsmLevel=2
W/SignalStrength( 2913): getLevel=2 (SignalStrength: 5 0 -120 -160 -120 -1 -1 99 2147483647 2147483647 2147483647 2147483647 gsm|lte 0x2)
W/SignalStrength( 2374): getDbm 1
W/SignalStrength( 2374): getGsmDbm=-103
W/SignalStrength( 2374): getDbm=-103
W/SignalStrength( 2374): getAsuLevel 1
W/SignalStrength( 2374): getGsmAsuLevel=5
W/SignalStrength( 2374): getAsuLevel=5
D/dalvikvm( 2913): GC_CONCURRENT freed 1724K, 37% free 22804K/35783K, paused 2ms+4ms, total 24ms
V/MediaPlayer-JNI( 2913): native_finalize
V/MediaPlayer-JNI( 2913): release
W/SignalStrength( 2374): getGsmLevel=2
W/SignalStrength( 2374): getLevel=2 (SignalStrength: 7 0 -120 -160 -120 -1 -1 99 2147483647 2147483647 2147483647 2147483647 gsm|lte 0x2)
W/SignalStrength( 2913): getGsmLevel=2
W/SignalStrength( 2913): getLevel=2 (SignalStrength: 7 0 -120 -160 -120 -1 -1 99 2147483647 2147483647 2147483647 2147483647 gsm|lte 0x2)
W/SignalStrength( 2913): getGsmLevel=2
W/SignalStrength( 2913): getLevel=2 (SignalStrength: 7 0 -120 -160 -120 -1 -1 99 2147483647 2147483647 2147483647 2147483647 gsm|lte 0x2)
W/SignalStrength( 2374): getDbm 1
W/SignalStrength( 2374): getGsmDbm=-99
W/SignalStrength( 2374): getDbm=-99
W/SignalStrength( 2374): getAsuLevel 1
W/SignalStrength( 2374): getGsmAsuLevel=7
W/SignalStrength( 2374): getAsuLevel=7
W/SignalStrength( 2374): getGsmLevel=3
W/SignalStrength( 2374): getLevel=3 (SignalStrength: 8 0 -120 -160 -120 -1 -1 99 2147483647 2147483647 2147483647 2147483647 gsm|lte 0x3)
W/SignalStrength( 2913): getGsmLevel=3
W/SignalStrength( 2913): getLevel=3 (SignalStrength: 8 0 -120 -160 -120 -1 -1 99 2147483647 2147483647 2147483647 2147483647 gsm|lte 0x3)
W/SignalStrength( 2913): getGsmLevel=3
W/SignalStrength( 2913): getLevel=3 (SignalStrength: 8 0 -120 -160 -120 -1 -1 99 2147483647 2147483647 2147483647 2147483647 gsm|lte 0x3)
W/SignalStrength( 2374): getDbm 1
W/SignalStrength( 2374): getGsmDbm=-97
W/SignalStrength( 2374): getDbm=-97
W/SignalStrength( 2374): getAsuLevel 1
W/SignalStrength( 2374): getGsmAsuLevel=8
W/SignalStrength( 2374): getAsuLevel=8
E/Watchdog( 2374): !@Sync 1428
D/ClockAlarmWidgetService( 5528): [ClockAlarmWidgetService] onReceive: action = android.intent.action.TIME_TICK
E/ClockAlarmWidget( 5528): [AlarmWidgetIdManager] getListItem() : itemIndex=0, widgetID:1
E/ClockAlarmWidget( 5528): [AlarmWidgetIdManager] getListItem() : ItemIndex exceed ListItemCount. itemIndex=1
E/ClockAlarmWidget( 5528): [AlarmWidgetIdManager] getListItem() : itemIndex=1, widgetID:1
D/ClockAlarmDataProvider( 5528): getAlarm() - too many same ID alarm data. nCount: 0
D/SharedManager( 5948): getPrefIDs() : length = 1
D/SharedManager( 5948): getPrefIDs() : Shared_DCIDs1 = 9
D/dalvikvm( 5948): GC_CONCURRENT freed 1444K, 23% free 12371K/15943K, paused 1ms+2ms, total 12ms
D/dalvikvm( 5948): WAIT_FOR_CONCURRENT_GC blocked 5ms
D/evanjs ( 5948): evanjs DualClockAppWidgetProvider display.getOrientation(): 0
D/dalvikvm( 5948): GC_FOR_ALLOC freed 51K, 21% free 12657K/15943K, paused 9ms, total 9ms
I/dalvikvm-heap( 5948): Grow heap (frag case) to 13.664MB for 662612-byte allocation
D/dalvikvm( 5948): GC_CONCURRENT freed <1K, 17% free 13304K/15943K, paused 11ms+1ms, total 20ms
D/dalvikvm( 5948): WAIT_FOR_CONCURRENT_GC blocked 9ms
D/dalvikvm( 3156): GC_FOR_ALLOC freed 288K, 25% free 28588K/37831K, paused 18ms, total 18ms
E/SPPClientService( 4909): [PushClientService] onStartCommand. F:false, D:false, E:false, T:false, S:false, R:false
D/videowall-TranscodeService(15584): releaseTransThread.
E/MtpService( 3286): In MTPAPP onReceive:android.intent.action.BATTERY_CHANGED
E/MtpService( 3286): battPlugged Type : 2
W/SignalStrength( 2374): getGsmLevel=2
W/SignalStrength( 2913): getGsmLevel=2
W/SignalStrength( 2374): getLevel=2 (SignalStrength: 8 0 -120 -160 -120 -1 -1 99 2147483647 2147483647 2147483647 2147483647 gsm|lte 0x2)
W/SignalStrength( 2913): getLevel=2 (SignalStrength: 8 0 -120 -160 -120 -1 -1 99 2147483647 2147483647 2147483647 2147483647 gsm|lte 0x2)
W/SignalStrength( 2913): getGsmLevel=2
W/SignalStrength( 2913): getLevel=2 (SignalStrength: 8 0 -120 -160 -120 -1 -1 99 2147483647 2147483647 2147483647 2147483647 gsm|lte 0x2)
W/SignalStrength( 2374): getDbm 1
W/SignalStrength( 2374): getGsmDbm=-97
W/SignalStrength( 2374): getDbm=-97
W/SignalStrength( 2374): getAsuLevel 1
W/SignalStrength( 2374): getGsmAsuLevel=8
W/SignalStrength( 2374): getAsuLevel=8
E/Watchdog( 2374): !@Sync 1429
W/SignalStrength( 2374): getGsmLevel=2
W/SignalStrength( 2374): getLevel=2 (SignalStrength: 7 0 -120 -160 -120 -1 -1 99 2147483647 2147483647 2147483647 2147483647 gsm|lte 0x2)
W/SignalStrength( 2913): getGsmLevel=2
W/SignalStrength( 2913): getLevel=2 (SignalStrength: 7 0 -120 -160 -120 -1 -1 99 2147483647 2147483647 2147483647 2147483647 gsm|lte 0x2)
W/SignalStrength( 2913): getGsmLevel=2
W/SignalStrength( 2913): getLevel=2 (SignalStrength: 7 0 -120 -160 -120 -1 -1 99 2147483647 2147483647 2147483647 2147483647 gsm|lte 0x2)
W/SignalStrength( 2374): getDbm 1
W/SignalStrength( 2374): getGsmDbm=-99
W/SignalStrength( 2374): getDbm=-99
W/SignalStrength( 2374): getAsuLevel 1
W/SignalStrength( 2374): getGsmAsuLevel=7
W/SignalStrength( 2374): getAsuLevel=7
W/SignalStrength( 2374): getGsmLevel=3
W/SignalStrength( 2374): getLevel=3 (SignalStrength: 8 0 -120 -160 -120 -1 -1 99 2147483647 2147483647 2147483647 2147483647 gsm|lte 0x3)
W/SignalStrength( 2913): getGsmLevel=3
W/SignalStrength( 2913): getLevel=3 (SignalStrength: 8 0 -120 -160 -120 -1 -1 99 2147483647 2147483647 2147483647 2147483647 gsm|lte 0x3)
W/SignalStrength( 2913): getGsmLevel=3
W/SignalStrength( 2913): getLevel=3 (SignalStrength: 8 0 -120 -160 -120 -1 -1 99 2147483647 2147483647 2147483647 2147483647 gsm|lte 0x3)
W/SignalStrength( 2374): getDbm 1
W/SignalStrength( 2374): getGsmDbm=-97
W/SignalStrength( 2374): getDbm=-97
W/SignalStrength( 2374): getAsuLevel 1
W/SignalStrength( 2374): getGsmAsuLevel=8
W/SignalStrength( 2374): getAsuLevel=8
E/MtpService( 3286): In MTPAPP onReceive:android.intent.action.BATTERY_CHANGED
E/MtpService( 3286): battPlugged Type : 2
D/videowall-TranscodeService(15584): releaseTransThread.
W/SignalStrength( 2374): getGsmLevel=2
W/SignalStrength( 2374): getLevel=2 (SignalStrength: 8 0 -120 -160 -120 -1 -1 99 2147483647 2147483647 2147483647 2147483647 gsm|lte 0x2)
W/SignalStrength( 2913): getGsmLevel=2
W/SignalStrength( 2913): getLevel=2 (SignalStrength: 8 0 -120 -160 -120 -1 -1 99 2147483647 2147483647 2147483647 2147483647 gsm|lte 0x2)
W/SignalStrength( 2913): getGsmLevel=2
W/SignalStrength( 2913): getLevel=2 (SignalStrength: 8 0 -120 -160 -120 -1 -1 99 2147483647 2147483647 2147483647 2147483647 gsm|lte 0x2)
W/SignalStrength( 2374): getDbm 1
W/SignalStrength( 2374): getGsmDbm=-97
W/SignalStrength( 2374): getDbm=-97
W/SignalStrength( 2374): getAsuLevel 1
W/SignalStrength( 2374): getGsmAsuLevel=8
W/SignalStrength( 2374): getAsuLevel=8
E/Watchdog( 2374): !@Sync 1430
D/ClockAlarmWidgetService( 5528): [ClockAlarmWidgetService] onReceive: action = android.intent.action.TIME_TICK
E/ClockAlarmWidget( 5528): [AlarmWidgetIdManager] getListItem() : itemIndex=0, widgetID:1
E/ClockAlarmWidget( 5528): [AlarmWidgetIdManager] getListItem() : ItemIndex exceed ListItemCount. itemIndex=1
E/ClockAlarmWidget( 5528): [AlarmWidgetIdManager] getListItem() : itemIndex=1, widgetID:1
D/ClockAlarmDataProvider( 5528): getAlarm() - too many same ID alarm data. nCount: 0
D/SharedManager( 5948): getPrefIDs() : length = 1
D/SharedManager( 5948): getPrefIDs() : Shared_DCIDs1 = 9
D/evanjs ( 5948): evanjs DualClockAppWidgetProvider display.getOrientation(): 0
D/dalvikvm( 5948): GC_CONCURRENT freed 1420K, 23% free 12377K/15943K, paused 11ms+2ms, total 22ms
D/dalvikvm( 5948): GC_FOR_ALLOC freed 44K, 21% free 12658K/15943K, paused 10ms, total 10ms
I/dalvikvm-heap( 5948): Grow heap (frag case) to 13.664MB for 662612-byte allocation
D/dalvikvm( 5948): GC_CONCURRENT freed <1K, 17% free 13305K/15943K, paused 1ms+1ms, total 10ms
D/dalvikvm( 5948): WAIT_FOR_CONCURRENT_GC blocked 9ms
D/dalvikvm( 2374): GC_FOR_ALLOC freed 1400K, 46% free 32709K/59655K, paused 75ms, total 75ms
D/dalvikvm( 3156): GC_CONCURRENT freed 6152K, 36% free 24443K/37831K, paused 12ms+4ms, total 36ms
D/dalvikvm( 2374): GC_CONCURRENT freed 814K, 47% free 31991K/59655K, paused 3ms+9ms, total 91ms
D/videowall-TranscodeService(15584): releaseTransThread.
E/MtpService( 3286): In MTPAPP onReceive:android.intent.action.BATTERY_CHANGED
E/MtpService( 3286): battPlugged Type : 2
W/SignalStrength( 2374): getGsmLevel=2
W/SignalStrength( 2913): getGsmLevel=2
W/SignalStrength( 2374): getLevel=2 (SignalStrength: 7 0 -120 -160 -120 -1 -1 99 2147483647 2147483647 2147483647 2147483647 gsm|lte 0x2)
W/SignalStrength( 2913): getLevel=2 (SignalStrength: 7 0 -120 -160 -120 -1 -1 99 2147483647 2147483647 2147483647 2147483647 gsm|lte 0x2)
W/SignalStrength( 2913): getGsmLevel=2
W/SignalStrength( 2913): getLevel=2 (SignalStrength: 7 0 -120 -160 -120 -1 -1 99 2147483647 2147483647 2147483647 2147483647 gsm|lte 0x2)
W/SignalStrength( 2374): getDbm 1
W/SignalStrength( 2374): getGsmDbm=-99
W/SignalStrength( 2374): getDbm=-99
W/SignalStrength( 2374): getAsuLevel 1
W/SignalStrength( 2374): getGsmAsuLevel=7
W/SignalStrength( 2374): getAsuLevel=7
E/Watchdog( 2374): !@Sync 1431
E/MtpService( 3286): In MTPAPP onReceive:android.intent.action.BATTERY_CHANGED
E/MtpService( 3286): battPlugged Type : 2
D/videowall-TranscodeService(15584): releaseTransThread.
E/Watchdog( 2374): !@Sync 1432
W/SignalStrength( 2374): getGsmLevel=2
W/SignalStrength( 2374): getLevel=2 (SignalStrength: 6 0 -120 -160 -120 -1 -1 99 2147483647 2147483647 2147483647 2147483647 gsm|lte 0x2)
W/SignalStrength( 2913): getGsmLevel=2
W/SignalStrength( 2913): getLevel=2 (SignalStrength: 6 0 -120 -160 -120 -1 -1 99 2147483647 2147483647 2147483647 2147483647 gsm|lte 0x2)
W/SignalStrength( 2913): getGsmLevel=2
W/SignalStrength( 2913): getLevel=2 (SignalStrength: 6 0 -120 -160 -120 -1 -1 99 2147483647 2147483647 2147483647 2147483647 gsm|lte 0x2)
W/SignalStrength( 2374): getDbm 1
W/SignalStrength( 2374): getGsmDbm=-101
W/SignalStrength( 2374): getDbm=-101
W/SignalStrength( 2374): getAsuLevel 1
W/SignalStrength( 2374): getGsmAsuLevel=6
W/SignalStrength( 2374): getAsuLevel=6
D/ClockAlarmWidgetService( 5528): [ClockAlarmWidgetService] onReceive: action = android.intent.action.TIME_TICK
E/ClockAlarmWidget( 5528): [AlarmWidgetIdManager] getListItem() : itemIndex=0, widgetID:1
E/ClockAlarmWidget( 5528): [AlarmWidgetIdManager] getListItem() : ItemIndex exceed ListItemCount. itemIndex=1
E/ClockAlarmWidget( 5528): [AlarmWidgetIdManager] getListItem() : itemIndex=1, widgetID:1
D/ClockAlarmDataProvider( 5528): getAlarm() - too many same ID alarm data. nCount: 0
D/SharedManager( 5948): getPrefIDs() : length = 1
D/SharedManager( 5948): getPrefIDs() : Shared_DCIDs1 = 9
D/dalvikvm( 5528): GC_CONCURRENT freed 431K, 9% free 12270K/13447K, paused 1ms+15ms, total 33ms
D/evanjs ( 5948): evanjs DualClockAppWidgetProvider display.getOrientation(): 0
D/dalvikvm( 5948): GC_CONCURRENT freed 1388K, 23% free 12378K/15943K, paused 1ms+1ms, total 14ms
D/dalvikvm( 5948): WAIT_FOR_CONCURRENT_GC blocked 4ms
D/dalvikvm( 5948): GC_FOR_ALLOC freed 45K, 21% free 12657K/15943K, paused 9ms, total 9ms
I/dalvikvm-heap( 5948): Grow heap (frag case) to 13.664MB for 662612-byte allocation
D/dalvikvm( 5948): GC_CONCURRENT freed <1K, 17% free 13304K/15943K, paused 11ms+1ms, total 20ms
D/dalvikvm( 5948): WAIT_FOR_CONCURRENT_GC blocked 9ms
E/MtpService( 3286): In MTPAPP onReceive:android.intent.action.BATTERY_CHANGED
E/MtpService( 3286): battPlugged Type : 2
D/videowall-TranscodeService(15584): releaseTransThread.
W/SignalStrength( 2374): getGsmLevel=2
W/SignalStrength( 2913): getGsmLevel=2
W/SignalStrength( 2374): getLevel=2 (SignalStrength: 7 0 -120 -160 -120 -1 -1 99 2147483647 2147483647 2147483647 2147483647 gsm|lte 0x2)
W/SignalStrength( 2913): getLevel=2 (SignalStrength: 7 0 -120 -160 -120 -1 -1 99 2147483647 2147483647 2147483647 2147483647 gsm|lte 0x2)
W/SignalStrength( 2913): getGsmLevel=2
W/SignalStrength( 2913): getLevel=2 (SignalStrength: 7 0 -120 -160 -120 -1 -1 99 2147483647 2147483647 2147483647 2147483647 gsm|lte 0x2)
W/SignalStrength( 2374): getDbm 1
W/SignalStrength( 2374): getGsmDbm=-99
W/SignalStrength( 2374): getDbm=-99
W/SignalStrength( 2374): getAsuLevel 1
W/SignalStrength( 2374): getGsmAsuLevel=7
W/SignalStrength( 2374): getAsuLevel=7
W/SignalStrength( 2374): getGsmLevel=2
W/SignalStrength( 2374): getLevel=2 (SignalStrength: 6 0 -120 -160 -120 -1 -1 99 2147483647 2147483647 2147483647 2147483647 gsm|lte 0x2)
W/SignalStrength( 2913): getGsmLevel=2
W/SignalStrength( 2913): getLevel=2 (SignalStrength: 6 0 -120 -160 -120 -1 -1 99 2147483647 2147483647 2147483647 2147483647 gsm|lte 0x2)
W/SignalStrength( 2913): getGsmLevel=2
W/SignalStrength( 2913): getLevel=2 (SignalStrength: 6 0 -120 -160 -120 -1 -1 99 2147483647 2147483647 2147483647 2147483647 gsm|lte 0x2)
W/SignalStrength( 2374): getDbm 1
W/SignalStrength( 2374): getGsmDbm=-101
W/SignalStrength( 2374): getDbm=-101
W/SignalStrength( 2374): getAsuLevel 1
W/SignalStrength( 2374): getGsmAsuLevel=6
W/SignalStrength( 2374): getAsuLevel=6
E/DataRouter( 1953): After the usb select
E/DataRouter( 1953): read length is zero
E/DataRouter( 1953): dr_usb_deinit
E/DataRouter( 1953): dr_usb_init
E/DataRouter( 1953): USB Interface is open with 0xa
E/DataRouter( 1953): USB interface is now configured for usb_fd = 0xa
E/DataRouter( 1953): pcsyncreset
D/Kies ( 1954): [DR->KIES]Received data notification
D/Kies ( 1954): dr_process_kies_app(0)
E/DataRouter( 1953): read usb data[len:0]
E/DataRouter( 1953): read usb data message:
E/DataRouter( 1953): Before the usb select
E/DTT ( 1956): [DR->DTT]Received data notification
D/connfw ( 1957): [DR->CONNFW]Received data notification
D/Kies ( 1954): child pid = 19111.
D/Kies (19111): child pid = 0.
D/Kies (19111): execute sh.
D/AndroidRuntime(19112):
D/AndroidRuntime(19112): >>>>>> AndroidRuntime START com.android.internal.os.RuntimeInit <<<<<<
D/AndroidRuntime(19112): CheckJNI is OFF
D/AndroidRuntime(19112): setted country_code = Nordic
D/AndroidRuntime(19112): setted countryiso_code = SE
D/AndroidRuntime(19112): setted sales_code = NEE
D/AndroidRuntime(19112): readGMSProperty: start
D/AndroidRuntime(19112): readGMSProperty: already setted!!
D/AndroidRuntime(19112): readGMSProperty: end
D/AndroidRuntime(19112): addProductProperty: start
D/dalvikvm(19112): Trying to load lib libjavacore.so 0x0
D/dalvikvm(19112): Added shared lib libjavacore.so 0x0
D/dalvikvm(19112): Trying to load lib libnativehelper.so 0x0
D/dalvikvm(19112): Added shared lib libnativehelper.so 0x0
D/dalvikvm(19112): Note: class Landroid/app/ActivityManagerNative; has 153 unimplemented (abstract) methods
D/AndroidRuntime(19112): Calling main entry com.android.commands.am.Am
D/sml (15868): KIES_WSSERVICE_STOP
I/sml (15868): IsRemain_Asyncing nothing
D/AndroidRuntime(19112): Shutting down VM
D/dalvikvm(19112): GC_CONCURRENT freed 101K, 86% free 591K/4096K, paused 1ms+1ms, total 5ms
E/Watchdog( 2374): !@Sync 1433
E/MTPRx ( 3286): In MtpReceiverandroid.hardware.usb.action.USB_STATE
E/MTPRx ( 3286): check value of boot_completed is1
E/MTPRx ( 3286): check booting is completed_sys.boot_completed
E/MTPRx ( 3286): Sd-Card path/storage/extSdCard
E/MTPRx ( 3286): Status for mount/Unmount :mounted
E/MTPRx ( 3286): SDcard is available
E/MTPRx ( 3286): The value of first_boot is 1
E/MTPRx ( 3286): [ 662] The value of first_boot is 1NORMAL SEQUENCE
W/MTPRx ( 3286): value of connected istrue
W/MTPRx ( 3286): value of configured isfalse
W/MTPRx ( 3286): value of mtpEnabled istrue
W/MTPRx ( 3286): value of ptpEnabled isfalse
E/MTPRx ( 3286): Received USB_STATE with sdCardLaunch = 0
E/MTPRx ( 3286): configured is false
D/TMSERVER/TMNetworkReceiver(15684): TMNetworkReceiver.TMNetworkReceiver() Enter 1 main
D/TMSERVER/TMNetworkReceiver(15684): TMNetworkReceiver.StartTMHandler - enter
D/TMSERVER/TMNetworkReceiver(15684): TMNetworkReceiver.StartTMHandler - exit
D/TMSERVER/TMNetworkReceiver(15684): TMNetworkReceiver.onReceive() Enter
D/TMSERVER/TMNetworkReceiver(15684): TMNetworkReceiver.onReceive() Action android.hardware.usb.action.USB_STATE
D/TMSERVER/TMNetworkReceiver(15684): TMNetworkReceiver.onReceive() on USB
D/TMSERVER/TMNetworkReceiver(15684): usbEventReceiver:onReceive(): connected = true
D/TMSERVER/TMNetworkReceiver(15684): usbEventReceiver:onReceive(): configured = false
D/TMSERVER/TMNetworkReceiver(15684): usbEventReceiver:onReceive(): isUsbCableConnected = true
D/TMSERVER/TMNetworkReceiver(15684): TMNetworkReceiver.onReceive() Exit
D/TMSERVER/TMLogRemovalReceiver(15684): TMLogRemovalReceiver.onReceive() Enter isCalled =true
D/TMSERVER/TMLogRemovalReceiver(15684): TMLogRemovalReceiver.onReceive() Exit
D/Kies ( 1954): sending intent finished.
D/Kies ( 1954): KIES_WSSERVICE_STOP sending intent result = 1.
D/Kies ( 1954): child pid = 19124.
D/Kies (19124): child pid = 0.
D/Kies (19124): execute sh.
D/AndroidRuntime(19125):
D/AndroidRuntime(19125): >>>>>> AndroidRuntime START com.android.internal.os.RuntimeInit <<<<<<
D/AndroidRuntime(19125): CheckJNI is OFF
D/AndroidRuntime(19125): setted country_code = Nordic
D/AndroidRuntime(19125): setted countryiso_code = SE
D/AndroidRuntime(19125): setted sales_code = NEE
D/AndroidRuntime(19125): readGMSProperty: start
D/AndroidRuntime(19125): readGMSProperty: already setted!!
D/AndroidRuntime(19125): readGMSProperty: end
D/AndroidRuntime(19125): addProductProperty: start
D/dalvikvm(19125): Trying to load lib libjavacore.so 0x0
D/dalvikvm(19125): Added shared lib libjavacore.so 0x0
D/dalvikvm(19125): Trying to load lib libnativehelper.so 0x0
D/dalvikvm(19125): Added shared lib libnativehelper.so 0x0
D/dalvikvm(19125): Note: class Landroid/app/ActivityManagerNative; has 153 unimplemented (abstract) methods
D/AndroidRuntime(19125): Calling main entry com.android.commands.am.Am
D/AndroidRuntime(19125): Shutting down VM
I/AndroidRuntime(19125): NOTE: attach of thread 'Binder_3' failed
D/dalvikvm(19125): GC_CONCURRENT freed 101K, 86% free 591K/4096K, paused 1ms+0ms, total 5ms
D/Kies ( 1954): sending intent finished.
D/Kies ( 1954): KIES_APP_STOP sending intent result = 1.
E/MtpService( 3286): In MTPAPP onReceive:android.intent.action.BATTERY_CHANGED
E/MtpService( 3286): battPlugged Type : 2
D/videowall-TranscodeService(15584): releaseTransThread.
W/SignalStrength( 2374): getGsmLevel=2
W/SignalStrength( 2374): getLevel=2 (SignalStrength: 7 0 -120 -160 -120 -1 -1 99 2147483647 2147483647 2147483647 2147483647 gsm|lte 0x2)
W/SignalStrength( 2913): getGsmLevel=2
W/SignalStrength( 2913): getLevel=2 (SignalStrength: 7 0 -120 -160 -120 -1 -1 99 2147483647 2147483647 2147483647 2147483647 gsm|lte 0x2)
W/SignalStrength( 2913): getGsmLevel=2
W/SignalStrength( 2913): getLevel=2 (SignalStrength: 7 0 -120 -160 -120 -1 -1 99 2147483647 2147483647 2147483647 2147483647 gsm|lte 0x2)
W/SignalStrength( 2374): getDbm 1
W/SignalStrength( 2374): getGsmDbm=-99
W/SignalStrength( 2374): getDbm=-99
W/SignalStrength( 2374): getAsuLevel 1
W/SignalStrength( 2374): getGsmAsuLevel=7
W/SignalStrength( 2374): getAsuLevel=7
E/MTPRx ( 3286): In MtpReceiverandroid.hardware.usb.action.USB_STATE
E/MTPRx ( 3286): check value of boot_completed is1
E/MTPRx ( 3286): check booting is completed_sys.boot_completed
E/MTPRx ( 3286): Sd-Card path/storage/extSdCard
E/MTPRx ( 3286): Status for mount/Unmount :mounted
E/MTPRx ( 3286): SDcard is available
E/MTPRx ( 3286): The value of first_boot is 1
E/MTPRx ( 3286): [ 662] The value of first_boot is 1NORMAL SEQUENCE
W/MTPRx ( 3286): value of connected istrue
W/MTPRx ( 3286): value of configured istrue
W/MTPRx ( 3286): value of mtpEnabled istrue
W/MTPRx ( 3286): value of ptpEnabled isfalse
E/MTPRx ( 3286): Received USB_STATE with sdCardLaunch = 0
E/MTPRx ( 3286): mtpEnabled is coming again so return
D/MtpService( 3306): addStorageLocked 65537 /storage/sdcard0
D/MtpService( 3306): addStorageLocked 131073 /storage/extSdCard
D/TMSERVER/TMNetworkReceiver(15684): TMNetworkReceiver.TMNetworkReceiver() Enter 1 main
D/TMSERVER/TMNetworkReceiver(15684): TMNetworkReceiver.StartTMHandler - enter
D/TMSERVER/TMNetworkReceiver(15684): TMNetworkReceiver.StartTMHandler - exit
D/TMSERVER/TMNetworkReceiver(15684): TMNetworkReceiver.onReceive() Enter
D/TMSERVER/TMNetworkReceiver(15684): TMNetworkReceiver.onReceive() Action android.hardware.usb.action.USB_STATE
D/TMSERVER/TMNetworkReceiver(15684): TMNetworkReceiver.onReceive() on USB
D/TMSERVER/TMNetworkReceiver(15684): usbEventReceiver:onReceive(): connected = true
D/TMSERVER/TMNetworkReceiver(15684): usbEventReceiver:onReceive(): configured = true
D/TMSERVER/TMNetworkReceiver(15684): usbEventReceiver:onReceive(): isUsbCableConnected = true
D/TMSERVER/TMNetworkReceiver(15684): TMNetworkReceiver.onReceive() Exit
D/MtpService( 3306): starting MTP server in MTP mode
D/MediaScanner( 3306): Constructor set externalStorageSdPath : /storage/extSdCard
E/MtpServerJNI( 3306): could not open MTP driver, errno: 2
D/MtpService( 3306): addStorageLocked 131073 /storage/extSdCard
E/MtpServerJNI( 3306): server is null in add_storage
D/MtpService( 3306): addStorageLocked 65537 /storage/sdcard0
E/MtpServerJNI( 3306): server is null in add_storage
E/MtpServerJNI( 3306): server is null in run
E/MtpServerJNI( 3306): server is null in cleanup
D/TMSERVER/TMLogRemovalReceiver(15684): TMLogRemovalReceiver.onReceive() Enter isCalled =true
D/TMSERVER/TMLogRemovalReceiver(15684): TMLogRemovalReceiver.onReceive() Exit
D/FastDormancy( 3067): [FD] ON default: true
D/FastDormancy( 3067): getDormancyFlag() return mDormFlag = true
D/FastDormancy( 3067): Before mDormFlag: true in getCapaDormancy()
D/FastDormancy( 3067): After mDormFlag: true in getCapaDormancy()
W/FastDormancy( 3067): ======= ENTER DORMANCY =======
D/FastDormancy( 3067): ======= FAST DORMANCY Enter =======
E/Watchdog( 2374): !@Sync 1434
W/SignalStrength( 2374): getGsmLevel=2
W/SignalStrength( 2374): getLevel=2 (SignalStrength: 8 0 -120 -160 -120 -1 -1 99 2147483647 2147483647 2147483647 2147483647 gsm|lte 0x2)
W/SignalStrength( 2913): getGsmLevel=2
W/SignalStrength( 2913): getLevel=2 (SignalStrength: 8 0 -120 -160 -120 -1 -1 99 2147483647 2147483647 2147483647 2147483647 gsm|lte 0x2)
W/SignalStrength( 2913): getGsmLevel=2
W/SignalStrength( 2913): getLevel=2 (SignalStrength: 8 0 -120 -160 -120 -1 -1 99 2147483647 2147483647 2147483647 2147483647 gsm|lte 0x2)
W/SignalStrength( 2374): getDbm 1
W/SignalStrength( 2374): getGsmDbm=-97
W/SignalStrength( 2374): getDbm=-97
W/SignalStrength( 2374): getAsuLevel 1
W/SignalStrength( 2374): getGsmAsuLevel=8
W/SignalStrength( 2374): getAsuLevel=8
D/dalvikvm( 4909): GC_CONCURRENT freed 382K, 10% free 12815K/14087K, paused 1ms+1ms, total 13ms
D/ClockAlarmWidgetService( 5528): [ClockAlarmWidgetService] onReceive: action = android.intent.action.TIME_TICK
E/ClockAlarmWidget( 5528): [AlarmWidgetIdManager] getListItem() : itemIndex=0, widgetID:1
E/ClockAlarmWidget( 5528): [AlarmWidgetIdManager] getListItem() : ItemIndex exceed ListItemCount. itemIndex=1
E/ClockAlarmWidget( 5528): [AlarmWidgetIdManager] getListItem() : itemIndex=1, widgetID:1
D/ClockAlarmDataProvider( 5528): getAlarm() - too many same ID alarm data. nCount: 0
D/SharedManager( 5948): getPrefIDs() : length = 1
D/SharedManager( 5948): getPrefIDs() : Shared_DCIDs1 = 9
D/evanjs ( 5948): evanjs DualClockAppWidgetProvider display.getOrientation(): 0
D/dalvikvm( 5948): GC_CONCURRENT freed 1394K, 23% free 12337K/15943K, paused 1ms+1ms, total 12ms
D/dalvikvm( 5948): WAIT_FOR_CONCURRENT_GC blocked 7ms
D/dalvikvm( 5948): GC_FOR_ALLOC freed 4K, 21% free 12657K/15943K, paused 9ms, total 9ms
I/dalvikvm-heap( 5948): Grow heap (frag case) to 13.664MB for 662612-byte allocation
D/dalvikvm( 5948): GC_CONCURRENT freed <1K, 17% free 13304K/15943K, paused 1ms+1ms, total 10ms
D/dalvikvm( 5948): WAIT_FOR_CONCURRENT_GC blocked 9ms
D/dalvikvm( 2374): GC_FOR_ALLOC freed 1783K, 47% free 31985K/59655K, paused 79ms, total 80ms
D/dalvikvm( 3156): GC_CONCURRENT freed 2190K, 36% free 24241K/37831K, paused 12ms+3ms, total 30ms
D/dalvikvm( 3156): WAIT_FOR_CONCURRENT_GC blocked 14ms
E/MtpService( 3286): In MTPAPP onReceive:android.intent.action.BATTERY_CHANGED
D/videowall-TranscodeService(15584): releaseTransThread.
E/MtpService( 3286): battPlugged Type : 2
W/SignalStrength( 2374): getGsmLevel=2
W/SignalStrength( 2374): getLevel=2 (SignalStrength: 7 0 -120 -160 -120 -1 -1 99 2147483647 2147483647 2147483647 2147483647 gsm|lte 0x2)
W/SignalStrength( 2913): getGsmLevel=2
W/SignalStrength( 2913): getLevel=2 (SignalStrength: 7 0 -120 -160 -120 -1 -1 99 2147483647 2147483647 2147483647 2147483647 gsm|lte 0x2)
W/SignalStrength( 2913): getGsmLevel=2
W/SignalStrength( 2913): getLevel=2 (SignalStrength: 7 0 -120 -160 -120 -1 -1 99 2147483647 2147483647 2147483647 2147483647 gsm|lte 0x2)
W/SignalStrength( 2374): getDbm 1
W/SignalStrength( 2374): getGsmDbm=-99
W/SignalStrength( 2374): getDbm=-99
W/SignalStrength( 2374): getAsuLevel 1
W/SignalStrength( 2374): getGsmAsuLevel=7
W/SignalStrength( 2374): getAsuLevel=7
E/Watchdog( 2374): !@Sync 1435
E/MtpService( 3286): In MTPAPP onReceive:android.intent.action.BATTERY_CHANGED
E/MtpService( 3286): battPlugged Type : 2
D/videowall-TranscodeService(15584): releaseTransThread.
D/dalvikvm(15584): GC_CONCURRENT freed 203K, 7% free 12362K/13255K, paused 2ms+1ms, total 19ms
D/FastDormancy( 3067): [FD] ON default: true
D/FastDormancy( 3067): getDormancyFlag() return mDormFlag = true
D/FastDormancy( 3067): Before mDormFlag: true in getCapaDormancy()
D/FastDormancy( 3067): After mDormFlag: true in getCapaDormancy()
W/FastDormancy( 3067): ======= ENTER DORMANCY =======
D/FastDormancy( 3067): ======= FAST DORMANCY Enter =======
W/SignalStrength( 2374): getGsmLevel=3
W/SignalStrength( 2374): getLevel=3 (SignalStrength: 8 0 -120 -160 -120 -1 -1 99 2147483647 2147483647 2147483647 2147483647 gsm|lte 0x3)
W/SignalStrength( 2913): getGsmLevel=3
W/SignalStrength( 2913): getLevel=3 (SignalStrength: 8 0 -120 -160 -120 -1 -1 99 2147483647 2147483647 2147483647 2147483647 gsm|lte 0x3)
W/SignalStrength( 2913): getGsmLevel=3
W/SignalStrength( 2913): getLevel=3 (SignalStrength: 8 0 -120 -160 -120 -1 -1 99 2147483647 2147483647 2147483647 2147483647 gsm|lte 0x3)
W/SignalStrength( 2374): getDbm 1
W/SignalStrength( 2374): getGsmDbm=-97
W/SignalStrength( 2374): getDbm=-97
W/SignalStrength( 2374): getAsuLevel 1
W/SignalStrength( 2374): getGsmAsuLevel=8
W/SignalStrength( 2374): getAsuLevel=8
E/Watchdog( 2374): !@Sync 1436
D/ClockAlarmWidgetService( 5528): [ClockAlarmWidgetService] onReceive: action = android.intent.action.TIME_TICK
E/ClockAlarmWidget( 5528): [AlarmWidgetIdManager] getListItem() : itemIndex=0, widgetID:1
E/ClockAlarmWidget( 5528): [AlarmWidgetIdManager] getListItem() : ItemIndex exceed ListItemCount. itemIndex=1
E/ClockAlarmWidget( 5528): [AlarmWidgetIdManager] getListItem() : itemIndex=1, widgetID:1
D/ClockAlarmDataProvider( 5528): getAlarm() - too many same ID alarm data. nCount: 0
D/SharedManager( 5948): getPrefIDs() : length = 1
D/SharedManager( 5948): getPrefIDs() : Shared_DCIDs1 = 9
D/evanjs ( 5948): evanjs DualClockAppWidgetProvider display.getOrientation(): 0
D/dalvikvm( 5948): GC_CONCURRENT freed 1388K, 23% free 12378K/15943K, paused 1ms+1ms, total 13ms
D/dalvikvm( 5948): WAIT_FOR_CONCURRENT_GC blocked 7ms
D/dalvikvm( 5948): GC_FOR_ALLOC freed 45K, 21% free 12657K/15943K, paused 9ms, total 9ms
I/dalvikvm-heap( 5948): Grow heap (frag case) to 13.664MB for 662612-byte allocation
D/dalvikvm( 5948): GC_CONCURRENT freed <1K, 17% free 13304K/15943K, paused 1ms+1ms, total 10ms
D/dalvikvm( 5948): WAIT_FOR_CONCURRENT_GC blocked 9ms
W/SignalStrength( 2374): getGsmLevel=2
W/SignalStrength( 2374): getLevel=2 (SignalStrength: 8 0 -120 -160 -120 -1 -1 99 2147483647 2147483647 2147483647 2147483647 gsm|lte 0x2)
W/SignalStrength( 2913): getGsmLevel=2
W/SignalStrength( 2913): getLevel=2 (SignalStrength: 8 0 -120 -160 -120 -1 -1 99 2147483647 2147483647 2147483647 2147483647 gsm|lte 0x2)
W/SignalStrength( 2913): getGsmLevel=2
W/SignalStrength( 2913): getLevel=2 (SignalStrength: 8 0 -120 -160 -120 -1 -1 99 2147483647 2147483647 2147483647 2147483647 gsm|lte 0x2)
W/SignalStrength( 2374): getDbm 1
W/SignalStrength( 2374): getGsmDbm=-97
W/SignalStrength( 2374): getDbm=-97
W/SignalStrength( 2374): getAsuLevel 1
W/SignalStrength( 2374): getGsmAsuLevel=8
W/SignalStrength( 2374): getAsuLevel=8
E/MtpService( 3286): In MTPAPP onReceive:android.intent.action.BATTERY_CHANGED
E/MtpService( 3286): battPlugged Type : 2
D/videowall-TranscodeService(15584): releaseTransThread.
D/dalvikvm( 2374): GC_CONCURRENT freed 1987K, 47% free 32017K/59655K, paused 3ms+6ms, total 81ms
D/SensorManager( 2374): unregisterListener:: Listener= com.android.server.PowerManagerService$17@41e90d70
D/SurfaceFlinger( 1959): About to give-up screen, flinger = 0x410cf008
D/SensorService( 2374): SensorDevice::activate (enable 1, disable 0) = 0
D/SensorService( 2374): activating sensor disable handle=3
D/SensorService( 2374): activating sensor disable, Done!
D/SensorService( 2374): SensorDevice::activating sensor handle=3 ns=200000000
D/SensorManager( 2374): unregisterListener:: Listener= com.android.server.PowerManagerService$18@41de9228
I/SensorManager( 2374): Set min delay = 200000
I/SensorManager( 2374): Before sending... delay = 200000
D/Sensors ( 2374): Remain listener = android.view.WindowOrientationListener$SensorEventListenerImpl@423d0b28
I/Sensors ( 2374): sendDelay --- 200000000
I/SensorService( 2374): info.selectDelay() ns=200000000
D/iNemoSensor( 2374): setDelay(): handle(0), en(200000000)
I/iNemoSensor( 2374): skip update_delay wanted_accel = 200000000 current delay = 200000000
D/SensorService( 2374): SensorDevice::setDelay, Return(true 1, false 0) = 1
D/SensorManager( 2374): JNI - sendDelay
D/lights ( 2374): button : 2 +
D/lights ( 2374): button : 2 -
E/lights ( 2374): write_int failed to open /sys/class/leds/keyboard-backlight/brightness
I/power ( 2374): *** acquire_dvfs_lock : lockType : 1 freq : 1400000
D/WindowManager( 2374): mSetIgnore
D/KeyguardViewMediator( 2374): onScreenTurnedOff(3)
D/SecTVOutService( 1959): virtual void android::SecTVOutService::setSuspendMode(uint32_t) TV suspend mode = 1
D/SecTVOutService( 1959): virtual void android::SecTVOutService::setHdmiStatus(uint32_t) HDMI cable status = 0
D/KeyguardViewMediator( 2374): setting alarm to turn off keyguard, seq = 206
D/SensorManager( 2374): unregisterListener:: Listener= android.view.WindowOrientationListener$SensorEventListenerImpl@423d0b28
D/Sensors ( 2374): Remain listener = Sending .. normal delay 200ms
I/Sensors ( 2374): sendDelay --- 200000000
I/SensorService( 2374): info.selectDelay() ns=200000000
D/iNemoSensor( 2374): setDelay(): handle(0), en(200000000)
I/iNemoSensor( 2374): skip update_delay wanted_accel = 200000000 current delay = 200000000
D/SensorService( 2374): SensorDevice::setDelay, Return(true 1, false 0) = 1
D/SensorManager( 2374): JNI - sendDelay
I/SensorManager( 2374): Set normal delay = true
I/iNemoSensor( 2374): enable(): handle(0), en(0), what(0)
D/AkmSensor( 2374): akm_disable_sensor: Accel is disabled. (orien = 0)
I/AkmSensor( 2374): enable_accelerometer, mEnabled = 1, enable = 0
D/iNemoSensor( 2374): enable(): MASK_ACC (0) MASK_MAG (0) MASK_GYR (0)
D/iNemoSensor( 2374): enable(): mEnAcc(0) mEnMag(0) mEnGyr(0)
D/SensorService( 2374): SensorDevice::activate (enable 1, disable 0) = 0
D/SensorService( 2374): activating sensor disable handle=0
D/SensorService( 2374): activating sensor disable, Done!
D/SensorService( 2374): SensorDevice::activating sensor handle=0 ns=200000000
D/iNemoSensor( 2374): setDelay(): handle(0), en(200000000)
D/Launcher.HomeFragment( 3156): onPause
D/Launcher( 3156): onPause, Launcher: 1104468464
D/lights ( 2374): LCD : 19 +
D/lights ( 2374): LCD : 19 -
D/Launcher.HomeFragment( 3156): onStop
D/Launcher( 3156): onStop, Launcher: 1104468464
W/IInputConnectionWrapper( 3156): getSelectedText on inactive InputConnection
W/IInputConnectionWrapper( 3156): setComposingText on inactive InputConnection
W/IInputConnectionWrapper( 3156): getExtractedText on inactive InputConnection
D/lights ( 2374): LCD : 18 +
D/lights ( 2374): LCD : 18 -
D/SensorService( 2374): info.rates.add, set DEFAULT_EVENTS_PERIOD
D/SensorService( 2374): SensorDevice::activate (enable 1, disable 0) = 1
D/SensorService( 2374): activating sensor enable handle=3
D/SensorService( 2374): activating sensor enable, Done!
D/SensorService( 2374): SensorDevice::activating sensor handle=3 ns=200000000
I/SensorService( 2374): info.selectDelay() ns=200000000
D/SensorService( 2374): SensorDevice::setDelay, Return(true 1, false 0) = 1
D/SensorManager( 2374): registerListener :: handle = 3 name= CM36651 Light sensor delay= 200000 Listener= com.android.server.LightsService$4@423fd158
D/WfdService( 2374): intent recieved android.intent.action.SCREEN_OFF
D/lights ( 2374): LCD : 17 +
D/lights ( 2374): LCD : 17 -
I/AudioHardwareTinyALSA( 1962): setParameters(screen_state=off)
I/audio_wfd_hw( 1962): adev_set_parameters() screen_state=off
D/tms_audio_hw/AudioTmsIpc( 1962): adev_set_parameters : Enter
D/tms_audio_hw/AudioTmsIpc( 1962): adev_set_parameters : Exit
D/SensorManager( 2374): registerListener :: handle = 3 name= CM36651 Light sensor delay= 200000 Listener= com.android.server.LightsService$4@423fd158
D/lights ( 2374): LCD : 16 +
D/lights ( 2374): LCD : 16 -
D/PointerInterceptView( 2374): Receive COLLAPSED
D/PointerInterceptView( 2374): sendCallbackFunc, mPreviousOpen = false , isOpen = false , isForce = false
D/lights ( 2374): LCD : 15 +
D/lights ( 2374): LCD : 15 -
D/FastDormancy( 3067): [FD] INTENT ACTION android.intent.action.SCREEN_OFF
D/FastDormancy( 3067): [FD] mIsScreenOn: false
D/lights ( 2374): LCD : 14 +
D/lights ( 2374): LCD : 14 -
W/FastDormancy( 3067): Kernel Wakelock Time was changed to 6000
D/FastDormancy( 3067): [SCREEN_OFF] New FD Time: 5000
D/FastDormancy( 3067): [FD] ON default: true
D/FastDormancy( 3067): getDormancyFlag() return mDormFlag = true
D/FastDormancy( 3067): Before mDormFlag: true in getCapaDormancy()
D/FastDormancy( 3067): After mDormFlag: true in getCapaDormancy()
W/FastDormancy( 3067): ======= ENTER DORMANCY =======
I/Launcher.StuckInEdit( 3156): exitWidgetResizeMode State NORMAL
D/lights ( 2374): LCD : 13 +
D/lights ( 2374): LCD : 13 -
D/lights ( 2374): LCD : 12 +
D/lights ( 2374): LCD : 12 -
D/YouTube (10519): apps.youtube.app.prefetch.g.onReceive:366 Received: android.intent.action.SCREEN_OFF
D/YouTube MDX(10519): Recieved intent android.intent.action.SCREEN_OFF
E/videowall-TranscodeReceiver(15584): broadcastMSG : android.intent.action.SCREEN_OFF
D/videowall-TranscodeService(15584): Music is = false
D/videowall-TranscodeService(15584): power : true / screen off : true
I/TVOutUtil(15584): isWFDConnected() isConnected=false
D/videowall-TranscodeService(15584): runvideoplayer is false
D/videowall-TranscodeService(15584): releaseTransThread.
D/lights ( 2374): LCD : 11 +
D/lights ( 2374): LCD : 11 -
D/lights ( 2374): LCD : 10 +
D/lights ( 2374): LCD : 10 -
D/lights ( 2374): LCD : 9 +
D/lights ( 2374): LCD : 9 -
D/FastDormancy( 3067): ======= FAST DORMANCY Enter =======
D/lights ( 2374): LCD : 7 +
D/lights ( 2374): LCD : 7 -
D/lights ( 2374): LCD : 5 +
D/lights ( 2374): LCD : 5 -
D/lights ( 2374): LCD : 4 +
D/lights ( 2374): LCD : 4 -
D/lights ( 2374): LCD : 2 +
D/lights ( 2374): LCD : 2 -
D/lights ( 2374): LCD : 0 +
D/lights ( 2374): LCD : 0 -
I/power ( 2374): *** release_dvfs_lock : lockType : 1
D/SensorManager( 2374): unregisterListener:: Listener= com.android.server.LightsService$4@423fd158
D/SensorService( 2374): SensorDevice::activate (enable 1, disable 0) = 0
D/SensorService( 2374): activating sensor disable handle=3
D/SensorService( 2374): activating sensor disable, Done!
D/SensorService( 2374): SensorDevice::activating sensor handle=3 ns=200000000
D/lights ( 2374): write pattern : g_led_info = 8
D/lights ( 2374): led_pattern : 1 +
D/lights ( 2374): led_pattern : 1 -
D/WindowManager( 2374): mUnSetIgnore, show = false
D/KeyguardViewMediator( 2374): received DELAYED_KEYGUARD_ACTION with seq = 206, mDelayedShowingSequence = 206
D/KeyguardViewMediator( 2374): Not factory mode
D/LockPatternUtils( 2374): isPcwEnable = null
D/KeyguardViewMediator( 2374): doKeyguard: showing the lock screen
D/KeyguardViewMediator( 2374): showLocked
D/KeyguardViewMediator( 2374): handleShow
D/LockPatternKeyguardView( 2374): phone state: 0
V/LockPatternKeyguardView( 2374): Set visibility on com.android.internal.policy.impl.LockPatternKeyguardView$4@42600f70 to 0
E/LockPatternKeyguardView( 2374): mIsVoiceUnlockOn=false
D/LockPatternKeyguardView( 2374): mIsTalkbackDrvModeOn=false
D/LockPatternUtils( 2374): isPcwEnable = null
D/CircleLockScreen( 2374): drv mode off
D/CircleLockScreen( 2374): mTalkbackEnabled =false
D/CircleLockScreen( 2374): explore by touch mode off
D/CircleUnlockRippleRenderer( 2374): CircleUnlockRippleRenderer Constructor
D/CircleUnlockRippleRenderer( 2374): isRippleLightEnable = false
D/CircleUnlockRippleRenderer( 2374): isInkEnable = false
D/CircleUnlockRippleRenderer( 2374): isUseLCD = true
D/CircleUnlockRippleRenderer( 2374): Def.MODE = RIPPLE_ONLY
V/SoundPoolThread( 2374): beginThread
V/SoundPoolThread( 2374): run
V/SoundPoolThread( 2374): Got message m=2, mData=1
V/MediaPlayer( 2374): decode(295, 20758104, 11571)
V/MediaPlayerService( 1962): decode(70, 20758104, 11571)
V/MediaPlayerService( 1962): player type = 3
V/MediaPlayerService( 1962): create StagefrightPlayer
V/AwesomePlayer( 1962): setDefault
V/AwesomePlayer( 1962): constructor
V/AwesomePlayer( 1962): setDefault
I/AwesomePlayer( 1962): reset
I/AwesomePlayer( 1962): cancel player events
V/AwesomePlayer( 1962): mAudioTrackVector clear
V/StagefrightPlayer( 1962): StagefrightPlayer
V/AwesomePlayer( 1962): setListener
V/StagefrightPlayer( 1962): initCheck
V/StagefrightPlayer( 1962): setDataSource(70, 20758104, 11571)
V/AwesomePlayer( 1962): setDataSource (72, 20758104, 11571)
I/AwesomePlayer( 1962): cancel player events
V/AwesomePlayer( 1962): mAudioTrackVector clear
V/AwesomePlayer( 1962): track of type 'audio/vorbis' does not publish bitrate
V/AwesomePlayer( 1962): mBitrate = -1 bits/sec
W/AwesomePlayer( 1962): couldn't get userdata - Weather
W/AwesomePlayer( 1962): couldn't get userdata - Authorization
W/AwesomePlayer( 1962): couldn't get userdata - SnapShot
V/AwesomePlayer( 1962): current audio track (0)
V/AwesomePlayer( 1962): current audio track (0) is added to vector[0]
V/AwesomePlayer( 1962): setDataSource_l: Audio(1), Video(0)
I/AwesomePlayer( 1962): AwesomePlayer::setDataSource_l():: This is not a DRM content
V/MediaPlayerService( 1962): prepare
V/AwesomePlayer( 1962): prepareAsync
V/MediaPlayerService( 1962): wait for prepare
V/AwesomePlayer( 1962): onPrepareAsyncEvent
