D/AkmSensor( 2374): MeasureSNGLoop: interval.interval = 200000000, doze_max = 196000, prms->enabled = 2
I/SurfaceFlinger( 1959): id=4714(1072) createSurf (720x1280),-1 flag=30004, GreezeSurfa
I/InputReader( 2374): Reconfiguring input devices. changes=0x00000004
I/InputReader( 2374): Device reconfigured: id=6, name='sec_touchscreen', surface size is now 720x1280, mode is 1
I/SurfaceFlinger( 1959): Orientation 1=>0
D/WindowManager( 2374): mInputFocus is not null.
I/ActivityManager( 2374): Config changed: {1 0 1.0 244mcc21mnc fi_FI sw360dp w360dp h615dp nrml long port finger -keyb/v/h -nav/h s.213}
D/PhoneApp( 3067): updateProximitySensorMode: lock already released.
D/STATUSBAR-QuickSettingPanel( 2913): mDisplayButtonCnt : 10 mCurButtonNum : 5
W/STATUSBAR-QuickSettingPanel( 2913): prepareTranslationXfalse 357
D/WindowManager( 2374): mInputFocus is not null.
D/KeyguardViewMediator( 2374): setHidden false
D/WindowManager( 2374): mInputFocus is not null.
D/WindowManager( 2374): mInputFocus is not null.
D/KeyguardViewMediator( 2374): setHidden false
D/KeyguardViewMediator( 2374): setHidden false
V/SDL ( 5784): onWindowFocusChanged(): false
D/WindowManager( 2374): mInputFocus is not null.
D/WindowManager( 2374): mInputFocus is not null.
D/WindowManager( 2374): mInputFocus is not null.
D/WindowManager( 2374): mInputFocus is not null.
D/STATUSBAR-PhoneStatusBar( 2913): onConfigurationChanged
D/WindowManager( 2374): mInputFocus is not null.
D/WfdService( 2374): intent recieved android.intent.action.CONFIGURATION_CHANGED
D/ClockAlarmWidgetService(19224): [ClockAlarmWidgetService] onReceive: action = android.intent.action.CONFIGURATION_CHANGED
I/Launcher.StuckInEdit( 3156): exitWidgetResizeMode State NORMAL
D/Launcher( 3156): onRestart, Launcher: 1104468464
D/Launcher( 3156): onStart, Launcher: 1104468464
D/Launcher.HomeFragment( 3156): onStart
D/Launcher( 3156): onResume, Launcher: 1104468464
E/ClockAlarmWidget(19224): [AlarmWidgetIdManager] getListItem() : itemIndex=0, widgetID:1
E/ClockAlarmWidget(19224): [AlarmWidgetIdManager] getListItem() : ItemIndex exceed ListItemCount. itemIndex=1
E/ClockAlarmWidget(19224): [AlarmWidgetIdManager] getListItem() : itemIndex=1, widgetID:1
D/PowerManagerService( 2374): mIsLockZone = true mTiltAngle : 43.304813 value : 7
D/KeyguardViewMediator( 2374): setHidden false
D/SharedManager(23304): getPrefIDs() : length = 1
D/SharedManager(23304): getPrefIDs() : Shared_DCIDs1 = 9
D/KeyguardViewMediator( 2374): setHidden false
D/WindowManager( 2374): mInputFocus is not null.
D/WindowManager( 2374): mInputFocus is not null.
D/WindowManager( 2374): mInputFocus is not null.
D/WindowManager( 2374): mInputFocus is not null.
I/FlashBarService( 2991): mPkgManagerReceiver : onReceive
D/STATUSBAR-NetworkController( 2913): onReceive() - ACTION_CONFIGURATION_CHANGED
D/STATUSBAR-Clock( 2913): onReceive() - ACTION_CONFIGURATION_CHANGED
D/STATUSBAR-Clock( 2913): onReceive() - ACTION_CONFIGURATION_CHANGED
D/KeyguardViewMediator( 2374): setHidden false
V/SDL ( 5784): surfaceDestroyed()
D/WindowManager( 2374): mInputFocus is not null.
D/WindowManager( 2374): mInputFocus is not null.
D/ClockAlarmDataProvider(19224): getAlarm() - too many same ID alarm data. nCount: 0
D/KeyguardViewMediator( 2374): setHidden false
D/WindowManager( 2374): mInputFocus is not null.
D/WindowManager( 2374): mInputFocus is not null.
W/SurfaceView( 5784): CHECK surface infomation creating=false formatChanged=false sizeChanged=false visible=false visibleChanged=true surfaceChanged=true realSizeChanged=false redrawNeeded=true left=false top=false
I/SurfaceFlinger( 1959): id=4708 Removed TurfaceView idx=1 MapSz=3
D/evanjs (23304): evanjs DualClockAppWidgetProvider display.getOrientation(): 0
D/KeyguardViewMediator( 2374): setHidden false
D/WindowManager( 2374): mInputFocus is not null.
E/Launcher( 3156): Error finding setting, default accessibility to not found: accessibility_enabled
D/Launcher.HomeFragment( 3156): onResume
D/MenuAppsGridFragment( 3156): onResume
I/SurfaceFlinger( 1959): id=4715(178) createSurf 0x40f5c15c (720x1280),1 flag=0, Mauncher
I/SurfaceFlinger( 1959): SurfaceFlinger : eMagnificationFactorChanged. magnificationFactor=1.0
I/SurfaceFlinger( 1959): SurfaceFlinger : eZoomPositionChanged. zoomX=0.0 zoomY=0.0
D/WindowManager( 2374): PhoneWindowManager: focusChangedLw
D/KeyguardViewMediator( 2374): setHidden false
D/dalvikvm(23304): GC_FOR_ALLOC freed 1708K, 22% free 12345K/15751K, paused 16ms, total 16ms
D/KeyguardViewMediator( 2374): setHidden false
D/STATUSBAR-StatusBarManagerService( 2374): setSystemUiVisibility(0x0)
D/STATUSBAR-StatusBarManagerService( 2374): manageDisableList what=0x0 pkg=WindowManager.LayoutParams
D/KeyguardViewMediator( 2374): setHidden false
I/SurfaceFlinger( 1959): id=4709 Removed girstActivi idx=2 MapSz=3
D/KeyguardViewMediator( 2374): setHidden false
I/SurfaceFlinger( 1959): id=4709 Removed girstActivi idx=-2 MapSz=3
D/KeyguardViewMediator( 2374): setHidden false
W/SurfaceView( 5784): CHECK surface infomation creating=false formatChanged=false sizeChanged=true visible=false visibleChanged=false surfaceChanged=false realSizeChanged=true redrawNeeded=false left=false top=false
D/dalvikvm(23304): GC_FOR_ALLOC freed 2K, 20% free 12666K/15751K, paused 22ms, total 22ms
I/dalvikvm-heap(23304): Grow heap (frag case) to 13.659MB for 649652-byte allocation
I/ClipboardServiceEx( 2374): Send intent for dismiss clipboard dialog inside hideCurrentInputLocked() !
W/IInputConnectionWrapper( 5784): showStatusIcon on inactive InputConnection
D/dalvikvm(23304): GC_CONCURRENT freed <1K, 16% free 13301K/15751K, paused 1ms+2ms, total 17ms
D/dalvikvm(23304): WAIT_FOR_CONCURRENT_GC blocked 12ms
D/KeyguardViewMediator( 2374): setHidden false
D/KeyguardViewMediator( 2374): setHidden false
D/KeyguardViewMediator( 2374): setHidden false
D/KeyguardViewMediator( 2374): setHidden false
D/KeyguardViewMediator( 2374): setHidden false
I/SurfaceFlinger( 1959): id=4716(1073) createSurf (2560x720),-1 flag=20000, ClackSurfac
I/SurfaceFlinger( 1959): id=4717(1074) createSurf (1280x1440),-1 flag=20000, ClackSurfac
I/SurfaceFlinger( 1959): id=4718(1075) createSurf (2560x720),-1 flag=20000, ClackSurfac
I/SurfaceFlinger( 1959): id=4719(1076) createSurf (1280x1440),-1 flag=20000, ClackSurfac
D/dalvikvm( 3156): GC_FOR_ALLOC freed 64K, 29% free 26958K/37831K, paused 18ms, total 18ms
D/PowerManagerService( 2374): mIsLockZone = false mTiltAngle : 43.272636 value : 1
I/SurfaceFlinger( 1959): id=4714 Removed GreezeSurfa idx=5 MapSz=3
I/SurfaceFlinger( 1959): id=4714 Removed GreezeSurfa idx=-2 MapSz=3
I/SurfaceFlinger( 1959): id=4716 Removed ClackSurfac idx=5 MapSz=3
I/SurfaceFlinger( 1959): id=4716 Removed ClackSurfac idx=-2 MapSz=3
I/SurfaceFlinger( 1959): id=4717 Removed ClackSurfac idx=5 MapSz=3
I/SurfaceFlinger( 1959): id=4718 Removed ClackSurfac idx=5 MapSz=3
I/SurfaceFlinger( 1959): id=4717 Removed ClackSurfac idx=-2 MapSz=3
I/SurfaceFlinger( 1959): id=4719 Removed ClackSurfac idx=5 MapSz=3
I/SurfaceFlinger( 1959): id=4718 Removed ClackSurfac idx=-2 MapSz=3
I/SurfaceFlinger( 1959): id=4719 Removed ClackSurfac idx=-2 MapSz=3
D/KeyguardViewMediator( 2374): setHidden false
D/KeyguardViewMediator( 2374): setHidden false
V/WindowManager( 2374): rotationForOrientationLw(orient=5, last=0); user=0 mLidState=-1 mDockMode=0 mHdmiPlugged=false mAccelerometerDefault=false sensorRotation=1
W/PowerManagerService( 2374): Timer 0x3->0x3|0x0
D/InputReader( 2374): Input event: value=1
D/RestrictionPolicy( 2374): isHomeKeyEnabled :true
D/RestrictionPolicy( 2374): isHomeKeyEnabled :true
D/KeyguardViewMediator( 2374): setHidden false
D/dalvikvm( 2913): GC_CONCURRENT freed 151K, 18% free 29456K/35783K, paused 11ms+15ms, total 43ms
D/dalvikvm( 2913): WAIT_FOR_CONCURRENT_GC blocked 23ms
D/dalvikvm( 2913): GC_FOR_ALLOC freed 5638K, 29% free 25536K/35783K, paused 15ms, total 15ms
D/dalvikvm( 2913): GC_FOR_ALLOC freed 55K, 25% free 27173K/35783K, paused 15ms, total 15ms
D/RestrictionPolicy( 2374): isHomeKeyEnabled :true
D/WindowManager( 2374): Home long press behavior, keyguardOn = false
D/RestrictionPolicy( 2374): isHomeKeyEnabled :true
D/RestrictionPolicy( 2374): isHomeKeyEnabled :true
W/WindowManager( 2374): interceptKeyBeforeDispatching with IVoIPInterface
D/RestrictionPolicy( 2374): isHomeKeyEnabled :true
D/VoIPInterfaceManager( 2374): isVoIPRinging()...
D/VoIPInterfaceManager( 2374): Not exist call session
I/SurfaceFlinger( 1959): id=4720(39) createSurf 0x428f795c (720x1280),1 flag=0, SecentsPane
I/SurfaceFlinger( 1959): SurfaceFlinger : eMagnificationFactorChanged. magnificationFactor=1.0
I/SurfaceFlinger( 1959): SurfaceFlinger : eZoomPositionChanged. zoomX=0.0 zoomY=0.0
D/WindowManager( 2374): PhoneWindowManager: focusChangedLw
D/KeyguardViewMediator( 2374): setHidden false
D/STATUSBAR-StatusBarManagerService( 2374): setSystemUiVisibility(0x0)
D/STATUSBAR-StatusBarManagerService( 2374): manageDisableList what=0x0 pkg=WindowManager.LayoutParams
D/RestrictionPolicy( 2374): isHomeKeyEnabled :true
D/KeyguardViewMediator( 2374): setHidden false
D/RestrictionPolicy( 2374): isHomeKeyEnabled :true
D/RestrictionPolicy( 2374): isHomeKeyEnabled :true
D/RestrictionPolicy( 2374): isHomeKeyEnabled :true
D/KeyguardViewMediator( 2374): setHidden false
D/RestrictionPolicy( 2374): isHomeKeyEnabled :true
D/KeyguardViewMediator( 2374): setHidden false
D/RestrictionPolicy( 2374): isHomeKeyEnabled :true
D/RestrictionPolicy( 2374): isHomeKeyEnabled :true
D/RestrictionPolicy( 2374): isHomeKeyEnabled :true
D/InputReader( 2374): Input event: value=0
D/RestrictionPolicy( 2374): isHomeKeyEnabled :true
I/InputReader( 2374): Touch event's action is 0x0 (deviceType=0) [pCnt=1, s=0.13012 ]
I/InputDispatcher( 2374): Delivering touch to current input target: action: 0x0
I/InputDispatcher( 2374): Delivering touch to current input target: action: 0x0
I/InputDispatcher( 2374): Delivering touch to current input target: action: 0x0
D/dalvikvm( 2374): WAIT_FOR_CONCURRENT_GC blocked 0ms
I/InputReader( 2374): Touch event's action is 0x1 (deviceType=0) [pCnt=1, s=]
I/InputDispatcher( 2374): Delivering touch to current input target: action: 0x1
I/InputDispatcher( 2374): Delivering touch to current input target: action: 0x1
I/InputDispatcher( 2374): Delivering touch to current input target: action: 0x1
D/dalvikvm( 2374): GC_EXPLICIT freed 1596K, 46% free 32268K/59655K, paused 3ms+7ms, total 92ms
D/KeyguardViewMediator( 2374): setHidden false
D/Launcher.HomeFragment( 3156): onPause
D/Launcher( 3156): onPause, Launcher: 1104468464
I/power ( 2374): *** acquire_dvfs_lock : lockType : 1 freq : 1000000
D/PowerManagerService( 2374): acquireDVFSLockLocked : type : DVFS_MIN_LIMIT frequency : 1000000 uid : 1000 pid : 2374 tag : ActivityManager
W/ActivityManager( 2374): mDVFSLock.acquire()
V/WindowOrientationListener( 2374): nearestRotation : 1 Angle: 92 tilt: 39
I/SurfaceFlinger( 1959): id=4721(1077) createSurf (720x1280),-1 flag=30004, GreezeSurfa
I/SurfaceFlinger( 1959): Orientation 0=>1
I/InputReader( 2374): Reconfiguring input devices. changes=0x00000004
I/InputReader( 2374): Device reconfigured: id=6, name='sec_touchscreen', surface size is now 720x1280, mode is 1
V/WindowManager( 2374): rotationForOrientationLw(orient=-1, last=0); user=0 mLidState=-1 mDockMode=0 mHdmiPlugged=false mAccelerometerDefault=false sensorRotation=1
I/ActivityManager( 2374): Config changed: {1 0 1.0 244mcc21mnc fi_FI sw360dp w640dp h335dp nrml long land finger -keyb/v/h -nav/h s.214}
D/PhoneApp( 3067): updateProximitySensorMode: lock already released.
D/KeyguardViewMediator( 2374): setHidden false
D/STATUSBAR-QuickSettingPanel( 2913): mDisplayButtonCnt : 10 mCurButtonNum : 8
W/STATUSBAR-QuickSettingPanel( 2913): prepareTranslationXfalse 318
D/KeyguardViewMediator( 2374): setHidden false
D/KeyguardViewMediator( 2374): setHidden false
V/SDL ( 5784): onResume()
D/WfdService( 2374): intent recieved android.intent.action.CONFIGURATION_CHANGED
D/SharedManager(23304): getPrefIDs() : length = 1
D/SharedManager(23304): getPrefIDs() : Shared_DCIDs1 = 9
D/ClockAlarmWidgetService(19224): [ClockAlarmWidgetService] onReceive: action = android.intent.action.CONFIGURATION_CHANGED
E/ClockAlarmWidget(19224): [AlarmWidgetIdManager] getListItem() : itemIndex=0, widgetID:1
E/ClockAlarmWidget(19224): [AlarmWidgetIdManager] getListItem() : ItemIndex exceed ListItemCount. itemIndex=1
E/ClockAlarmWidget(19224): [AlarmWidgetIdManager] getListItem() : itemIndex=1, widgetID:1
I/SurfaceFlinger( 1959): id=4722(5) createSurf 0x40d9a624 (720x1280),4 flag=400, TurfaceView
I/SurfaceFlinger( 1959): SurfaceFlinger : eMagnificationFactorChanged. magnificationFactor=1.0
I/SurfaceFlinger( 1959): SurfaceFlinger : eZoomPositionChanged. zoomX=0.0 zoomY=0.0
D/KeyguardViewMediator( 2374): setHidden false
V/SDL ( 5784): surfaceCreated()
V/SDL ( 5784): surfaceChanged()
V/SDL ( 5784): pixel format RGB_565
V/SDL ( 5784): Window size:720x1280
I/SurfaceFlinger( 1959): id=4708 Removed TurfaceView idx=-2 MapSz=5
D/ClockAlarmDataProvider(19224): getAlarm() - too many same ID alarm data. nCount: 0
I/SurfaceFlinger( 1959): id=4723(6) createSurf 0x4296ef34 (1280x720),1 flag=0, girstActivi
I/SurfaceFlinger( 1959): SurfaceFlinger : eMagnificationFactorChanged. magnificationFactor=1.0
I/SurfaceFlinger( 1959): SurfaceFlinger : eZoomPositionChanged. zoomX=0.0 zoomY=0.0
D/KeyguardViewMediator( 2374): setHidden false
D/KeyguardViewMediator( 2374): setHidden false
I/SurfaceFlinger( 1959): id=4715 Removed Mauncher idx=1 MapSz=5
D/KeyguardViewMediator( 2374): setHidden false
I/SurfaceFlinger( 1959): id=4715 Removed Mauncher idx=-2 MapSz=5
D/Launcher( 3156): onTrimMemory. Level: 20
D/dalvikvm( 3156): WAIT_FOR_CONCURRENT_GC blocked 0ms
D/STATUSBAR-PhoneStatusBar( 2913): Landscape - marquee statusbar
D/KeyguardViewMediator( 2374): setHidden false
V/SDL ( 5784): surfaceChanged()
V/SDL ( 5784): pixel format RGB_565
V/SDL ( 5784): Window size:1280x720
D/evanjs (23304): evanjs DualClockAppWidgetProvider display.getOrientation(): 1
D/KeyguardViewMediator( 2374): setHidden false
D/dalvikvm( 3156): GC_EXPLICIT freed 1397K, 29% free 26950K/37831K, paused 4ms+6ms, total 48ms
D/dalvikvm(23304): GC_CONCURRENT freed 1374K, 22% free 12387K/15751K, paused 15ms+2ms, total 55ms
D/KeyguardViewMediator( 2374): setHidden false
D/KeyguardViewMediator( 2374): setHidden false
D/KeyguardViewMediator( 2374): setHidden false
D/dalvikvm( 2913): GC_FOR_ALLOC freed 68K, 20% free 28630K/35783K, paused 31ms, total 31ms
D/dalvikvm(23304): GC_FOR_ALLOC freed 46K, 20% free 12666K/15751K, paused 13ms, total 13ms
I/dalvikvm-heap(23304): Grow heap (frag case) to 13.659MB for 649652-byte allocation
D/KeyguardViewMediator( 2374): setHidden false
I/dalvikvm-heap( 2913): Grow heap (frag case) to 31.893MB for 3421456-byte allocation
D/Launcher.HomeFragment( 3156): onStop
D/Launcher( 3156): onStop, Launcher: 1104468464
I/power ( 2374): *** release_dvfs_lock : lockType : 1
D/KeyguardViewMediator( 2374): setHidden false
D/PowerManagerService( 2374): releaseDVFSLockLocked : all DVFS_MIN_LIMIT are released
W/ActivityManager( 2374): mDVFSLock.release()
D/dalvikvm(23304): GC_CONCURRENT freed <1K, 16% free 13301K/15751K, paused 8ms+1ms, total 17ms
D/dalvikvm(23304): WAIT_FOR_CONCURRENT_GC blocked 9ms
D/dalvikvm( 2913): GC_FOR_ALLOC freed 16K, 19% free 31955K/39175K, paused 23ms, total 23ms
D/dalvikvm(23304): GC_FOR_ALLOC freed 324K, 16% free 13301K/15751K, paused 14ms, total 14ms
D/dalvikvm( 2913): GC_CONCURRENT freed 6K, 19% free 31948K/39175K, paused 1ms+7ms, total 28ms
D/dalvikvm(23304): GC_CONCURRENT freed <1K, 14% free 13694K/15751K, paused 1ms+1ms, total 22ms
D/KeyguardViewMediator( 2374): setHidden false
D/KeyguardViewMediator( 2374): setHidden false
D/KeyguardViewMediator( 2374): setHidden false
D/STATUSBAR-NetworkController( 2913): onReceive() - ACTION_CONFIGURATION_CHANGED
D/STATUSBAR-Clock( 2913): onReceive() - ACTION_CONFIGURATION_CHANGED
D/STATUSBAR-Clock( 2913): onReceive() - ACTION_CONFIGURATION_CHANGED
I/SurfaceFlinger( 1959): id=4720 Removed SecentsPane idx=6 MapSz=4
I/SurfaceFlinger( 1959): id=4720 Removed SecentsPane idx=-2 MapSz=4
D/KeyguardViewMediator( 2374): setHidden false
D/WindowManager( 2374): PhoneWindowManager: focusChangedLw
V/SDL ( 5784): onWindowFocusChanged(): true
V/SDL ( 5784): nativeResume()
D/SensorService( 2374): info.rates.add, set DEFAULT_EVENTS_PERIOD
D/SensorService( 2374): SensorDevice::activating sensor handle=0 ns=200000000
D/iNemoSensor( 2374): setDelay(): handle(0), en(200000000)
I/iNemoSensor( 2374): skip update_delay wanted_accel = 200000000 current delay = 200000000
I/SensorService( 2374): info.selectDelay() ns=20000000
D/iNemoSensor( 2374): setDelay(): handle(0), en(20000000)
I/iNemoSensor( 2374): update_delay wanted_accel = 20000000
D/SensorService( 2374): SensorDevice::setDelay, Return(true 1, false 0) = 1
D/SensorManager( 5784): registerListener :: handle = 0 name= LSM330DLC 3-axis Accelerometer delay= 20000 Listener= org.libsdl.app.SDLSurface@41d5e3b8
I/ClipboardServiceEx( 2374): Send intent for dismiss clipboard dialog inside hideCurrentInputLocked() !
D/STATUSBAR-StatusBarManagerService( 2374): setSystemUiVisibility(0x0)
D/STATUSBAR-StatusBarManagerService( 2374): manageDisableList what=0x0 pkg=WindowManager.LayoutParams
D/KeyguardViewMediator( 2374): setHidden false
D/dalvikvm( 3156): GC_FOR_ALLOC freed 2751K, 34% free 25237K/37831K, paused 40ms, total 43ms
I/SurfaceFlinger( 1959): id=4724(1078) createSurf (1440x1280),-1 flag=20000, ClackSurfac
I/SurfaceFlinger( 1959): id=4725(1079) createSurf (720x2560),-1 flag=20000, ClackSurfac
I/SurfaceFlinger( 1959): id=4726(1080) createSurf (1440x1280),-1 flag=20000, ClackSurfac
I/SurfaceFlinger( 1959): id=4727(1081) createSurf (720x2560),-1 flag=20000, ClackSurfac
D/KeyguardViewMediator( 2374): setHidden false
D/AkmSensor( 2374): MeasureSNGLoop: interval.interval = 20000000, doze_max = 19600, prms->enabled = 2
D/KeyguardViewMediator( 2374): setHidden false
V/PhoneStatusBar( 2913): setLightsOn(true)
W/IInputConnectionWrapper( 3156): showStatusIcon on inactive InputConnection
I/SurfaceFlinger( 1959): id=4721 Removed GreezeSurfa idx=6 MapSz=4
I/SurfaceFlinger( 1959): id=4721 Removed GreezeSurfa idx=-2 MapSz=4
I/SurfaceFlinger( 1959): id=4724 Removed ClackSurfac idx=6 MapSz=4
I/SurfaceFlinger( 1959): id=4725 Removed ClackSurfac idx=6 MapSz=4
I/SurfaceFlinger( 1959): id=4724 Removed ClackSurfac idx=-2 MapSz=4
I/SurfaceFlinger( 1959): id=4725 Removed ClackSurfac idx=-2 MapSz=4
I/SurfaceFlinger( 1959): id=4726 Removed ClackSurfac idx=6 MapSz=4
I/SurfaceFlinger( 1959): id=4726 Removed ClackSurfac idx=-2 MapSz=4
I/SurfaceFlinger( 1959): id=4727 Removed ClackSurfac idx=6 MapSz=4
I/SurfaceFlinger( 1959): id=4727 Removed ClackSurfac idx=-2 MapSz=4
D/KeyguardViewMediator( 2374): setHidden false
D/KeyguardViewMediator( 2374): setHidden false
V/WindowManager( 2374): rotationForOrientationLw(orient=-1, last=1); user=0 mLidState=-1 mDockMode=0 mHdmiPlugged=false mAccelerometerDefault=false sensorRotation=1
W/PowerManagerService( 2374): Timer 0x3->0x3|0x0
D/InputReader( 2374): Input event: value=1
D/RestrictionPolicy( 2374): isHomeKeyEnabled :true
D/RestrictionPolicy( 2374): isHomeKeyEnabled :true
D/KeyguardViewMediator( 2374): setHidden false
D/InputReader( 2374): Input event: value=0
D/RestrictionPolicy( 2374): isHomeKeyEnabled :true
D/dalvikvm( 2913): GC_FOR_ALLOC freed 8840K, 37% free 24918K/39175K, paused 19ms, total 19ms
D/PowerManagerService( 2374): mIsLockZone = true mTiltAngle : 52.578236 value : 7
D/VoIPInterfaceManager( 2374): isVoIPRinging()...
D/VoIPInterfaceManager( 2374): Not exist call session
D/KeyguardViewMediator( 2374): setHidden false
D/dalvikvm( 2374): GC_CONCURRENT freed 1991K, 46% free 32219K/59655K, paused 13ms+10ms, total 111ms
D/dalvikvm( 2374): WAIT_FOR_CONCURRENT_GC blocked 61ms
V/SDL ( 5784): onPause()
V/SDL ( 5784): nativePause()
D/WindowManager( 2374): PhoneWindowManager: focusChangedLw
D/WindowManager( 2374): mInputFocus is not null.
D/PowerManagerService( 2374): mIsLockZone = false mTiltAngle : 71.722496 value : 7
D/SensorManager( 5784): unregisterListener:: Listener= org.libsdl.app.SDLSurface@41d5e3b8
D/Sensors ( 5784): Remain listener = Sending .. normal delay 200ms
I/Sensors ( 5784): sendDelay --- 200000000
I/SensorService( 2374): info.selectDelay() ns=200000000
D/iNemoSensor( 2374): setDelay(): handle(0), en(200000000)
I/iNemoSensor( 2374): update_delay wanted_accel = 200000000
D/SensorService( 2374): SensorDevice::setDelay, Return(true 1, false 0) = 1
D/SensorManager( 5784): JNI - sendDelay
I/SensorManager( 5784): Set normal delay = true
D/SensorService( 2374): SensorDevice::activating sensor handle=0 ns=200000000
D/iNemoSensor( 2374): setDelay(): handle(0), en(200000000)
I/iNemoSensor( 2374): skip update_delay wanted_accel = 200000000 current delay = 200000000
V/WindowManager( 2374): rotationForOrientationLw(orient=5, last=1); user=0 mLidState=-1 mDockMode=0 mHdmiPlugged=false mAccelerometerDefault=false sensorRotation=-1
D/AkmSensor( 2374): MeasureSNGLoop: interval.interval = 200000000, doze_max = 196000, prms->enabled = 2
I/SurfaceFlinger( 1959): id=4728(1082) createSurf (720x1280),-1 flag=30004, GreezeSurfa
I/InputReader( 2374): Reconfiguring input devices. changes=0x00000004
I/InputReader( 2374): Device reconfigured: id=6, name='sec_touchscreen', surface size is now 720x1280, mode is 1
I/SurfaceFlinger( 1959): Orientation 1=>0
D/WindowManager( 2374): mInputFocus is not null.
I/ActivityManager( 2374): Config changed: {1 0 1.0 244mcc21mnc fi_FI sw360dp w360dp h615dp nrml long port finger -keyb/v/h -nav/h s.215}
D/KeyguardViewMediator( 2374): setHidden false
D/STATUSBAR-QuickSettingPanel( 2913): mDisplayButtonCnt : 10 mCurButtonNum : 5
W/STATUSBAR-QuickSettingPanel( 2913): prepareTranslationXfalse 357
D/WindowManager( 2374): mInputFocus is not null.
D/KeyguardViewMediator( 2374): setHidden false
D/KeyguardViewMediator( 2374): setHidden false
D/WindowManager( 2374): mInputFocus is not null.
D/WindowManager( 2374): mInputFocus is not null.
D/WindowManager( 2374): mInputFocus is not null.
D/WindowManager( 2374): mInputFocus is not null.
D/WindowManager( 2374): mInputFocus is not null.
V/SDL ( 5784): onWindowFocusChanged(): false
D/WfdService( 2374): intent recieved android.intent.action.CONFIGURATION_CHANGED
D/PhoneApp( 3067): updateProximitySensorMode: lock already released.
D/WindowManager( 2374): mInputFocus is not null.
D/SharedManager(23304): getPrefIDs() : length = 1
D/SharedManager(23304): getPrefIDs() : Shared_DCIDs1 = 9
D/ClockAlarmWidgetService(19224): [ClockAlarmWidgetService] onReceive: action = android.intent.action.CONFIGURATION_CHANGED
E/ClockAlarmWidget(19224): [AlarmWidgetIdManager] getListItem() : itemIndex=0, widgetID:1
E/ClockAlarmWidget(19224): [AlarmWidgetIdManager] getListItem() : ItemIndex exceed ListItemCount. itemIndex=1
E/ClockAlarmWidget(19224): [AlarmWidgetIdManager] getListItem() : itemIndex=1, widgetID:1
D/KeyguardViewMediator( 2374): setHidden false
I/Launcher.StuckInEdit( 3156): exitWidgetResizeMode State NORMAL
D/Launcher( 3156): onRestart, Launcher: 1104468464
D/Launcher( 3156): onStart, Launcher: 1104468464
D/Launcher.HomeFragment( 3156): onStart
D/Launcher( 3156): onResume, Launcher: 1104468464
D/WindowManager( 2374): mInputFocus is not null.
I/FlashBarService( 2991): mPkgManagerReceiver : onReceive
D/KeyguardViewMediator( 2374): setHidden false
D/WindowManager( 2374): mInputFocus is not null.
D/STATUSBAR-PhoneStatusBar( 2913): onConfigurationChanged
D/WindowManager( 2374): mInputFocus is not null.
D/WindowManager( 2374): mInputFocus is not null.
D/KeyguardViewMediator( 2374): setHidden false
D/evanjs (23304): evanjs DualClockAppWidgetProvider display.getOrientation(): 0
D/WindowManager( 2374): mInputFocus is not null.
D/WindowManager( 2374): mInputFocus is not null.
D/ClockAlarmDataProvider(19224): getAlarm() - too many same ID alarm data. nCount: 0
D/KeyguardViewMediator( 2374): setHidden false
V/SDL ( 5784): surfaceDestroyed()
D/WindowManager( 2374): mInputFocus is not null.
D/WindowManager( 2374): mInputFocus is not null.
D/STATUSBAR-NetworkController( 2913): onReceive() - ACTION_CONFIGURATION_CHANGED
D/STATUSBAR-Clock( 2913): onReceive() - ACTION_CONFIGURATION_CHANGED
D/STATUSBAR-Clock( 2913): onReceive() - ACTION_CONFIGURATION_CHANGED
D/KeyguardViewMediator( 2374): setHidden false
D/WindowManager( 2374): mInputFocus is not null.
D/WindowManager( 2374): mInputFocus is not null.
W/SurfaceView( 5784): CHECK surface infomation creating=false formatChanged=false sizeChanged=false visible=false visibleChanged=true surfaceChanged=true realSizeChanged=false redrawNeeded=true left=false top=false
I/SurfaceFlinger( 1959): id=4722 Removed TurfaceView idx=1 MapSz=3
D/dalvikvm(23304): GC_FOR_ALLOC freed 1708K, 22% free 12345K/15751K, paused 32ms, total 32ms
E/Launcher( 3156): Error finding setting, default accessibility to not found: accessibility_enabled
D/Launcher.HomeFragment( 3156): onResume
D/KeyguardViewMediator( 2374): setHidden false
D/MenuAppsGridFragment( 3156): onResume
I/SurfaceFlinger( 1959): id=4729(179) createSurf 0x40e7982c (720x1280),1 flag=0, Mauncher
D/WindowManager( 2374): mInputFocus is not null.
I/SurfaceFlinger( 1959): SurfaceFlinger : eMagnificationFactorChanged. magnificationFactor=1.0
I/SurfaceFlinger( 1959): SurfaceFlinger : eZoomPositionChanged. zoomX=0.0 zoomY=0.0
D/WindowManager( 2374): PhoneWindowManager: focusChangedLw
D/dalvikvm(23304): GC_FOR_ALLOC freed 2K, 20% free 12666K/15751K, paused 13ms, total 13ms
I/dalvikvm-heap(23304): Grow heap (frag case) to 13.659MB for 649652-byte allocation
D/KeyguardViewMediator( 2374): setHidden false
D/KeyguardViewMediator( 2374): setHidden false
D/STATUSBAR-StatusBarManagerService( 2374): setSystemUiVisibility(0x0)
D/STATUSBAR-StatusBarManagerService( 2374): manageDisableList what=0x0 pkg=WindowManager.LayoutParams
D/KeyguardViewMediator( 2374): setHidden false
I/SurfaceFlinger( 1959): id=4723 Removed girstActivi idx=2 MapSz=3
D/KeyguardViewMediator( 2374): setHidden false
I/SurfaceFlinger( 1959): id=4723 Removed girstActivi idx=-2 MapSz=3
D/KeyguardViewMediator( 2374): setHidden false
D/dalvikvm(23304): GC_CONCURRENT freed <1K, 16% free 13300K/15751K, paused 11ms+3ms, total 28ms
D/dalvikvm(23304): WAIT_FOR_CONCURRENT_GC blocked 17ms
W/SurfaceView( 5784): CHECK surface infomation creating=false formatChanged=false sizeChanged=true visible=false visibleChanged=false surfaceChanged=false realSizeChanged=true redrawNeeded=false left=false top=false
I/ClipboardServiceEx( 2374): Send intent for dismiss clipboard dialog inside hideCurrentInputLocked() !
W/IInputConnectionWrapper( 5784): showStatusIcon on inactive InputConnection
D/dalvikvm( 3156): GC_FOR_ALLOC freed 39K, 29% free 26960K/37831K, paused 27ms, total 27ms
D/KeyguardViewMediator( 2374): setHidden false
D/KeyguardViewMediator( 2374): setHidden false
D/KeyguardViewMediator( 2374): setHidden false
D/KeyguardViewMediator( 2374): setHidden false
D/KeyguardViewMediator( 2374): setHidden false
I/SurfaceFlinger( 1959): id=4730(1083) createSurf (2560x720),-1 flag=20000, ClackSurfac
I/SurfaceFlinger( 1959): id=4731(1084) createSurf (1280x1440),-1 flag=20000, ClackSurfac
I/SurfaceFlinger( 1959): id=4732(1085) createSurf (2560x720),-1 flag=20000, ClackSurfac
I/SurfaceFlinger( 1959): id=4733(1086) createSurf (1280x1440),-1 flag=20000, ClackSurfac
I/InputReader( 2374): Touch event's action is 0x0 (deviceType=0) [pCnt=1, s=0.13013 ]
I/InputDispatcher( 2374): Delivering touch to current input target: action: 0x0
I/InputDispatcher( 2374): Delivering touch to current input target: action: 0x0
I/InputDispatcher( 2374): Delivering touch to current input target: action: 0x0
I/InputDispatcher( 2374): Delivering touch to current input target: action: 0x0
I/TwDVFSBroadcastReceiver( 3107): onLauncherIntent
D/PowerManager( 3107): DVFSLock : acquire : timeout : 1000
I/power ( 2374): *** acquire_dvfs_lock : lockType : 1 freq : 1400000
D/PowerManagerService( 2374): acquireDVFSLockLocked : type : DVFS_MIN_LIMIT frequency : 1400000 uid : 1000 pid : 3107 tag : TwDVFSBroadcastReceiver
I/SurfaceFlinger( 1959): id=4728 Removed GreezeSurfa idx=5 MapSz=3
I/SurfaceFlinger( 1959): id=4728 Removed GreezeSurfa idx=-2 MapSz=3
I/SurfaceFlinger( 1959): id=4730 Removed ClackSurfac idx=5 MapSz=3
I/SurfaceFlinger( 1959): id=4730 Removed ClackSurfac idx=-2 MapSz=3
I/SurfaceFlinger( 1959): id=4731 Removed ClackSurfac idx=5 MapSz=3
I/SurfaceFlinger( 1959): id=4731 Removed ClackSurfac idx=-2 MapSz=3
I/SurfaceFlinger( 1959): id=4732 Removed ClackSurfac idx=5 MapSz=3
I/SurfaceFlinger( 1959): id=4732 Removed ClackSurfac idx=-2 MapSz=3
I/SurfaceFlinger( 1959): id=4733 Removed ClackSurfac idx=5 MapSz=3
I/SurfaceFlinger( 1959): id=4733 Removed ClackSurfac idx=-2 MapSz=3
D/KeyguardViewMediator( 2374): setHidden false
D/KeyguardViewMediator( 2374): setHidden false
V/WindowManager( 2374): rotationForOrientationLw(orient=5, last=0); user=0 mLidState=-1 mDockMode=0 mHdmiPlugged=false mAccelerometerDefault=false sensorRotation=0
I/InputReader( 2374): Touch event's action is 0x1 (deviceType=0) [pCnt=1, s=]
I/InputDispatcher( 2374): Delivering touch to current input target: action: 0x1
I/InputDispatcher( 2374): Delivering touch to current input target: action: 0x1
I/InputDispatcher( 2374): Delivering touch to current input target: action: 0x1
I/InputDispatcher( 2374): Delivering touch to current input target: action: 0x1
D/InputReader( 2374): Input event: value=1
D/RestrictionPolicy( 2374): isHomeKeyEnabled :true
D/RestrictionPolicy( 2374): isHomeKeyEnabled :true
D/KeyguardViewMediator( 2374): setHidden false
D/PowerManagerService( 2374): mIsLockZone = true mTiltAngle : 54.826366 value : 5
D/dalvikvm( 2913): GC_FOR_ALLOC freed 2391K, 38% free 24399K/39175K, paused 18ms, total 18ms
D/dalvikvm( 2913): GC_FOR_ALLOC freed 622K, 35% free 25533K/39175K, paused 18ms, total 18ms
D/dalvikvm( 2913): GC_FOR_ALLOC freed 54K, 31% free 27173K/39175K, paused 17ms, total 17ms
I/power ( 2374): *** release_dvfs_lock : lockType : 1
D/PowerManagerService( 2374): releaseDVFSLockLocked : all DVFS_MIN_LIMIT are released
D/RestrictionPolicy( 2374): isHomeKeyEnabled :true
D/WindowManager( 2374): Home long press behavior, keyguardOn = false
D/RestrictionPolicy( 2374): isHomeKeyEnabled :true
D/RestrictionPolicy( 2374): isHomeKeyEnabled :true
D/RestrictionPolicy( 2374): isHomeKeyEnabled :true
W/WindowManager( 2374): interceptKeyBeforeDispatching with IVoIPInterface
D/VoIPInterfaceManager( 2374): isVoIPRinging()...
D/VoIPInterfaceManager( 2374): Not exist call session
I/SurfaceFlinger( 1959): id=4734(40) createSurf 0x40e2acdc (720x1280),1 flag=0, SecentsPane
I/SurfaceFlinger( 1959): SurfaceFlinger : eMagnificationFactorChanged. magnificationFactor=1.0
I/SurfaceFlinger( 1959): SurfaceFlinger : eZoomPositionChanged. zoomX=0.0 zoomY=0.0
D/WindowManager( 2374): PhoneWindowManager: focusChangedLw
D/KeyguardViewMediator( 2374): setHidden false
D/STATUSBAR-StatusBarManagerService( 2374): setSystemUiVisibility(0x0)
D/STATUSBAR-StatusBarManagerService( 2374): manageDisableList what=0x0 pkg=WindowManager.LayoutParams
D/RestrictionPolicy( 2374): isHomeKeyEnabled :true
D/KeyguardViewMediator( 2374): setHidden false
D/RestrictionPolicy( 2374): isHomeKeyEnabled :true
D/RestrictionPolicy( 2374): isHomeKeyEnabled :true
D/RestrictionPolicy( 2374): isHomeKeyEnabled :true
D/RestrictionPolicy( 2374): isHomeKeyEnabled :true
D/KeyguardViewMediator( 2374): setHidden false
D/KeyguardViewMediator( 2374): setHidden false
D/RestrictionPolicy( 2374): isHomeKeyEnabled :true
D/RestrictionPolicy( 2374): isHomeKeyEnabled :true
D/InputReader( 2374): Input event: value=0
D/RestrictionPolicy( 2374): isHomeKeyEnabled :true
D/dalvikvm( 2374): WAIT_FOR_CONCURRENT_GC blocked 0ms
D/dalvikvm( 2374): GC_EXPLICIT freed 1573K, 46% free 32264K/59655K, paused 3ms+8ms, total 93ms
I/InputReader( 2374): Touch event's action is 0x0 (deviceType=0) [pCnt=1, s=0.13014 ]
I/InputDispatcher( 2374): Delivering touch to current input target: action: 0x0
I/InputDispatcher( 2374): Delivering touch to current input target: action: 0x0
I/InputDispatcher( 2374): Delivering touch to current input target: action: 0x0
I/InputReader( 2374): Touch event's action is 0x1 (deviceType=0) [pCnt=1, s=]
I/InputDispatcher( 2374): Delivering touch to current input target: action: 0x1
I/InputDispatcher( 2374): Delivering touch to current input target: action: 0x1
I/InputDispatcher( 2374): Delivering touch to current input target: action: 0x1
D/KeyguardViewMediator( 2374): setHidden false
D/Launcher.HomeFragment( 3156): onPause
D/Launcher( 3156): onPause, Launcher: 1104468464
I/power ( 2374): *** acquire_dvfs_lock : lockType : 1 freq : 1000000
D/PowerManagerService( 2374): acquireDVFSLockLocked : type : DVFS_MIN_LIMIT frequency : 1000000 uid : 1000 pid : 2374 tag : ActivityManager
W/ActivityManager( 2374): mDVFSLock.acquire()
D/KeyguardViewMediator( 2374): setHidden false
V/WindowManager( 2374): rotationForOrientationLw(orient=-1, last=0); user=0 mLidState=-1 mDockMode=0 mHdmiPlugged=false mAccelerometerDefault=false sensorRotation=0
V/SDL ( 5784): onResume()
D/KeyguardViewMediator( 2374): setHidden false
I/SurfaceFlinger( 1959): id=4735(7) createSurf 0x40e79a24 (720x1280),4 flag=400, TurfaceView
I/SurfaceFlinger( 1959): SurfaceFlinger : eMagnificationFactorChanged. magnificationFactor=1.0
I/SurfaceFlinger( 1959): SurfaceFlinger : eZoomPositionChanged. zoomX=0.0 zoomY=0.0
D/KeyguardViewMediator( 2374): setHidden false
V/SDL ( 5784): surfaceCreated()
V/SDL ( 5784): surfaceChanged()
V/SDL ( 5784): pixel format RGB_565
V/SDL ( 5784): Window size:720x1280
I/SurfaceFlinger( 1959): id=4722 Removed TurfaceView idx=-2 MapSz=5
D/Launcher( 3156): onTrimMemory. Level: 20
I/SurfaceFlinger( 1959): id=4736(8) createSurf 0x40ddbf94 (720x1280),1 flag=0, girstActivi
I/SurfaceFlinger( 1959): SurfaceFlinger : eMagnificationFactorChanged. magnificationFactor=1.0
I/SurfaceFlinger( 1959): SurfaceFlinger : eZoomPositionChanged. zoomX=0.0 zoomY=0.0
D/KeyguardViewMediator( 2374): setHidden false
D/KeyguardViewMediator( 2374): setHidden false
D/KeyguardViewMediator( 2374): setHidden false
D/KeyguardViewMediator( 2374): setHidden false
D/KeyguardViewMediator( 2374): setHidden false
D/KeyguardViewMediator( 2374): setHidden false
I/SurfaceFlinger( 1959): id=4737(1087) createSurf 0x40d91ae4 (328x290),1 flag=4, uhumbnail a
D/KeyguardViewMediator( 2374): setHidden false
D/KeyguardViewMediator( 2374): setHidden false
D/KeyguardViewMediator( 2374): setHidden false
D/KeyguardViewMediator( 2374): setHidden false
D/KeyguardViewMediator( 2374): setHidden false
D/Launcher.HomeFragment( 3156): onStop
D/Launcher( 3156): onStop, Launcher: 1104468464
D/KeyguardViewMediator( 2374): setHidden false
I/SurfaceFlinger( 1959): id=4729 Removed Mauncher idx=2 MapSz=6
I/SurfaceFlinger( 1959): id=4729 Removed Mauncher idx=-2 MapSz=6
D/WindowManager( 2374): PhoneWindowManager: focusChangedLw
D/KeyguardViewMediator( 2374): setHidden false
V/SDL ( 5784): onWindowFocusChanged(): true
V/SDL ( 5784): nativeResume()
D/SensorService( 2374): info.rates.add, set DEFAULT_EVENTS_PERIOD
D/SensorService( 2374): SensorDevice::activating sensor handle=0 ns=200000000
D/iNemoSensor( 2374): setDelay(): handle(0), en(200000000)
I/iNemoSensor( 2374): skip update_delay wanted_accel = 200000000 current delay = 200000000
I/SensorService( 2374): info.selectDelay() ns=20000000
D/iNemoSensor( 2374): setDelay(): handle(0), en(20000000)
I/iNemoSensor( 2374): update_delay wanted_accel = 20000000
D/SensorService( 2374): SensorDevice::setDelay, Return(true 1, false 0) = 1
D/STATUSBAR-StatusBarManagerService( 2374): setSystemUiVisibility(0x0)
D/STATUSBAR-StatusBarManagerService( 2374): manageDisableList what=0x0 pkg=WindowManager.LayoutParams
D/SensorManager( 5784): registerListener :: handle = 0 name= LSM330DLC 3-axis Accelerometer delay= 20000 Listener= org.libsdl.app.SDLSurface@41d5e3b8
V/PhoneStatusBar( 2913): setLightsOn(true)
I/ClipboardServiceEx( 2374): Send intent for dismiss clipboard dialog inside hideCurrentInputLocked() !
D/AkmSensor( 2374): MeasureSNGLoop: interval.interval = 20000000, doze_max = 19600, prms->enabled = 2
D/KeyguardViewMediator( 2374): setHidden false
I/SurfaceFlinger( 1959): id=4734 Removed SecentsPane idx=7 MapSz=5
I/SurfaceFlinger( 1959): id=4734 Removed SecentsPane idx=-2 MapSz=5
D/KeyguardViewMediator( 2374): setHidden false
I/SurfaceFlinger( 1959): id=4737 Removed uhumbnail a idx=4 MapSz=4
I/SurfaceFlinger( 1959): id=4737 Removed uhumbnail a idx=-2 MapSz=4
I/power ( 2374): *** release_dvfs_lock : lockType : 1
D/PowerManagerService( 2374): releaseDVFSLockLocked : all DVFS_MIN_LIMIT are released
D/KeyguardViewMediator( 2374): setHidden false
D/KeyguardViewMediator( 2374): setHidden false
W/ActivityManager( 2374): mDVFSLock.release()
D/PowerManagerService( 2374): lightSensorChangedLocked value=5 immediate=false
D/PowerManagerService( 2374): getAutoBrightnessValue : in bound ( 0 < 5 <= 19 )
D/PowerManagerService( 2374): getAutoBrightnessValue : in bound ( 0 < 5 <= 19 )
D/PowerManagerService( 2374): lcdValue 21
D/PowerManagerService( 2374): buttonValue 21
D/PowerManagerService( 2374): keyboardValue 0
D/PowerManagerService( 2374): lightSensorChangedLocked : mKeyboardLight : 0
W/PowerManagerService( 2374): Timer 0x3->0x3|0x0
D/PowerManagerService( 2374): mIsLockZone = false mTiltAngle : 42.131527 value : 1
V/WindowOrientationListener( 2374): Proposed rotation changed! proposedRotation=1, oldProposedRotation=-1currentRotation = 0
V/WindowManager( 2374): rotationForOrientationLw(orient=-1, last=0); user=0 mLidState=-1 mDockMode=0 mHdmiPlugged=false mAccelerometerDefault=false sensorRotation=1
I/SurfaceFlinger( 1959): id=4738(1088) createSurf (720x1280),-1 flag=30004, GreezeSurfa
I/SurfaceFlinger( 1959): Orientation 0=>1
I/InputReader( 2374): Reconfiguring input devices. changes=0x00000004
I/InputReader( 2374): Device reconfigured: id=6, name='sec_touchscreen', surface size is now 720x1280, mode is 1
D/PowerManagerService( 2374): mIsLockZone = true mTiltAngle : 33.57091 value : 5
I/ActivityManager( 2374): Config changed: {1 0 1.0 244mcc21mnc fi_FI sw360dp w640dp h335dp nrml long land finger -keyb/v/h -nav/h s.216}
D/PhoneApp( 3067): updateProximitySensorMode: lock already released.
D/STATUSBAR-QuickSettingPanel( 2913): mDisplayButtonCnt : 10 mCurButtonNum : 8
W/STATUSBAR-QuickSettingPanel( 2913): prepareTranslationXfalse 318
D/KeyguardViewMediator( 2374): setHidden false
D/KeyguardViewMediator( 2374): setHidden false
D/KeyguardViewMediator( 2374): setHidden false
D/WfdService( 2374): intent recieved android.intent.action.CONFIGURATION_CHANGED
D/SharedManager(23304): getPrefIDs() : length = 1
D/KeyguardViewMediator( 2374): setHidden false
D/ClockAlarmWidgetService(19224): [ClockAlarmWidgetService] onReceive: action = android.intent.action.CONFIGURATION_CHANGED
D/SharedManager(23304): getPrefIDs() : Shared_DCIDs1 = 9
D/KeyguardViewMediator( 2374): setHidden false
E/ClockAlarmWidget(19224): [AlarmWidgetIdManager] getListItem() : itemIndex=0, widgetID:1
E/ClockAlarmWidget(19224): [AlarmWidgetIdManager] getListItem() : ItemIndex exceed ListItemCount. itemIndex=1
E/ClockAlarmWidget(19224): [AlarmWidgetIdManager] getListItem() : itemIndex=1, widgetID:1
D/KeyguardViewMediator( 2374): setHidden false
V/SDL ( 5784): surfaceChanged()
V/SDL ( 5784): pixel format RGB_565
V/SDL ( 5784): Window size:1280x720
D/ClockAlarmDataProvider(19224): getAlarm() - too many same ID alarm data. nCount: 0
D/KeyguardViewMediator( 2374): setHidden false
D/KeyguardViewMediator( 2374): setHidden false
D/STATUSBAR-PhoneStatusBar( 2913): Landscape - marquee statusbar
D/KeyguardViewMediator( 2374): setHidden false
D/KeyguardViewMediator( 2374): setHidden false
D/evanjs (23304): evanjs DualClockAppWidgetProvider display.getOrientation(): 1
D/STATUSBAR-NetworkController( 2913): onReceive() - ACTION_CONFIGURATION_CHANGED
D/STATUSBAR-Clock( 2913): onReceive() - ACTION_CONFIGURATION_CHANGED
D/STATUSBAR-Clock( 2913): onReceive() - ACTION_CONFIGURATION_CHANGED
D/KeyguardViewMediator( 2374): setHidden false
D/KeyguardViewMediator( 2374): setHidden false
D/dalvikvm(23304): GC_CONCURRENT freed 1376K, 22% free 12387K/15751K, paused 14ms+2ms, total 56ms
D/dalvikvm(23304): WAIT_FOR_CONCURRENT_GC blocked 15ms
D/KeyguardViewMediator( 2374): setHidden false
D/dalvikvm(23304): GC_FOR_ALLOC freed 43K, 20% free 12668K/15751K, paused 16ms, total 20ms
I/dalvikvm-heap(23304): Grow heap (frag case) to 13.661MB for 649652-byte allocation
I/SurfaceFlinger( 1959): id=4739(1089) createSurf (1440x1280),-1 flag=20000, ClackSurfac
D/dalvikvm(23304): GC_FOR_ALLOC freed 1K, 16% free 13301K/15751K, paused 26ms, total 26ms
D/dalvikvm(23304): GC_CONCURRENT freed <1K, 14% free 13626K/15751K, paused 12ms+2ms, total 29ms
D/dalvikvm(23304): WAIT_FOR_CONCURRENT_GC blocked 6ms
I/SurfaceFlinger( 1959): id=4740(1090) createSurf (720x2560),-1 flag=20000, ClackSurfac
D/dalvikvm(23304): GC_CONCURRENT freed 324K, 14% free 13695K/15751K, paused 1ms+2ms, total 15ms
I/SurfaceFlinger( 1959): id=4741(1091) createSurf (1440x1280),-1 flag=20000, ClackSurfac
D/dalvikvm( 3156): GC_FOR_ALLOC freed 1424K, 29% free 26955K/37831K, paused 18ms, total 18ms
I/SurfaceFlinger( 1959): id=4742(1092) createSurf (720x2560),-1 flag=20000, ClackSurfac
D/KeyguardViewMediator( 2374): setHidden false
D/dalvikvm( 3156): GC_FOR_ALLOC freed 2749K, 34% free 25239K/37831K, paused 25ms, total 25ms
D/dalvikvm( 2374): GC_CONCURRENT freed 2076K, 46% free 32228K/59655K, paused 5ms+9ms, total 122ms
D/PowerManagerService( 2374): mIsLockZone = false mTiltAngle : 45.092533 value : 0
I/SurfaceFlinger( 1959): id=4738 Removed GreezeSurfa idx=6 MapSz=4
I/SurfaceFlinger( 1959): id=4739 Removed ClackSurfac idx=6 MapSz=4
I/SurfaceFlinger( 1959): id=4738 Removed GreezeSurfa idx=-2 MapSz=4
I/SurfaceFlinger( 1959): id=4739 Removed ClackSurfac idx=-2 MapSz=4
I/SurfaceFlinger( 1959): id=4740 Removed ClackSurfac idx=6 MapSz=4
I/SurfaceFlinger( 1959): id=4741 Removed ClackSurfac idx=6 MapSz=4
I/SurfaceFlinger( 1959): id=4740 Removed ClackSurfac idx=-2 MapSz=4
I/SurfaceFlinger( 1959): id=4741 Removed ClackSurfac idx=-2 MapSz=4
I/SurfaceFlinger( 1959): id=4742 Removed ClackSurfac idx=6 MapSz=4
I/SurfaceFlinger( 1959): id=4742 Removed ClackSurfac idx=-2 MapSz=4
D/KeyguardViewMediator( 2374): setHidden false
D/KeyguardViewMediator( 2374): setHidden false
V/WindowManager( 2374): rotationForOrientationLw(orient=-1, last=1); user=0 mLidState=-1 mDockMode=0 mHdmiPlugged=false mAccelerometerDefault=false sensorRotation=1
V/WindowOrientationListener( 2374): nearestRotation : 1 Angle: 104 tilt: 44
D/PowerManagerService( 2374): mIsLockZone = true mTiltAngle : 42.397938 value : 5
W/SignalStrength( 2374): getGsmLevel=0
W/SignalStrength( 2913): getGsmLevel=0
W/SignalStrength( 2374): getLevel=0 (SignalStrength: 2 0 -120 -160 -120 -1 -1 99 2147483647 2147483647 2147483647 2147483647 gsm|lte 0x0)
W/SignalStrength( 2913): getLevel=0 (SignalStrength: 2 0 -120 -160 -120 -1 -1 99 2147483647 2147483647 2147483647 2147483647 gsm|lte 0x0)
W/SignalStrength( 2913): getGsmLevel=0
W/SignalStrength( 2913): getLevel=0 (SignalStrength: 2 0 -120 -160 -120 -1 -1 99 2147483647 2147483647 2147483647 2147483647 gsm|lte 0x0)
W/SignalStrength( 2374): getDbm 1
W/SignalStrength( 2374): getGsmDbm=-109
W/SignalStrength( 2374): getDbm=-109
W/SignalStrength( 2374): getAsuLevel 1
W/SignalStrength( 2374): getGsmAsuLevel=2
W/SignalStrength( 2374): getAsuLevel=2
D/STATUSBAR-NetworkController( 2913): onSignalStrengthsChanged signalStrength=SignalStrength: 2 0 -120 -160 -120 -1 -1 99 2147483647 2147483647 2147483647 2147483647 gsm|lte 0x0 level=0
D/PowerManagerService( 2374): mIsLockZone = false mTiltAngle : 47.353558 value : 0
D/InputReader( 2374): Input event: value=1
D/RestrictionPolicy( 2374): isHomeKeyEnabled :true
D/RestrictionPolicy( 2374): isHomeKeyEnabled :true
D/dalvikvm( 2374): WAIT_FOR_CONCURRENT_GC blocked 0ms
D/dalvikvm( 2913): GC_CONCURRENT freed 5519K, 40% free 23690K/39175K, paused 12ms+5ms, total 39ms
D/dalvikvm( 2374): GC_EXPLICIT freed 226K, 47% free 32188K/59655K, paused 5ms+10ms, total 123ms
D/KeyguardViewMediator( 2374): setHidden false
D/PowerManagerService( 2374): mIsLockZone = true mTiltAngle : 42.506157 value : 5
D/dalvikvm( 2913): GC_FOR_ALLOC freed 706K, 37% free 24736K/39175K, paused 19ms, total 19ms
D/dalvikvm( 2913): GC_CONCURRENT freed 17K, 32% free 26746K/39175K, paused 2ms+3ms, total 21ms
D/dalvikvm( 2913): WAIT_FOR_CONCURRENT_GC blocked 17ms
D/RestrictionPolicy( 2374): isHomeKeyEnabled :true
D/WindowManager( 2374): Home long press behavior, keyguardOn = false
D/RestrictionPolicy( 2374): isHomeKeyEnabled :true
D/RestrictionPolicy( 2374): isHomeKeyEnabled :true
D/RestrictionPolicy( 2374): isHomeKeyEnabled :true
D/RestrictionPolicy( 2374): isHomeKeyEnabled :true
D/RestrictionPolicy( 2374): isHomeKeyEnabled :true
W/WindowManager( 2374): interceptKeyBeforeDispatching with IVoIPInterface
D/VoIPInterfaceManager( 2374): isVoIPRinging()...
D/VoIPInterfaceManager( 2374): Not exist call session
I/SurfaceFlinger( 1959): id=4743(41) createSurf 0x40f5c15c (1280x720),1 flag=0, SecentsPane
I/SurfaceFlinger( 1959): SurfaceFlinger : eMagnificationFactorChanged. magnificationFactor=1.0
I/SurfaceFlinger( 1959): SurfaceFlinger : eZoomPositionChanged. zoomX=0.0 zoomY=0.0
D/WindowManager( 2374): PhoneWindowManager: focusChangedLw
D/KeyguardViewMediator( 2374): setHidden false
D/STATUSBAR-StatusBarManagerService( 2374): setSystemUiVisibility(0x0)
D/STATUSBAR-StatusBarManagerService( 2374): manageDisableList what=0x0 pkg=WindowManager.LayoutParams
D/RestrictionPolicy( 2374): isHomeKeyEnabled :true
D/KeyguardViewMediator( 2374): setHidden false
V/SDL ( 5784): onWindowFocusChanged(): false
D/RestrictionPolicy( 2374): isHomeKeyEnabled :true
D/PowerManagerService( 2374): mIsLockZone = false mTiltAngle : 43.08133 value : 0
D/RestrictionPolicy( 2374): isHomeKeyEnabled :true
D/RestrictionPolicy( 2374): isHomeKeyEnabled :true
D/RestrictionPolicy( 2374): isHomeKeyEnabled :true
D/KeyguardViewMediator( 2374): setHidden false
D/KeyguardViewMediator( 2374): setHidden false
D/RestrictionPolicy( 2374): isHomeKeyEnabled :true
D/PowerManagerService( 2374): mIsLockZone = true mTiltAngle : 43.02977 value : 5
D/RestrictionPolicy( 2374): isHomeKeyEnabled :true
D/InputReader( 2374): Input event: value=0
D/RestrictionPolicy( 2374): isHomeKeyEnabled :true
E/MtpService(27139): In MTPAPP onReceive:android.intent.action.BATTERY_CHANGED
D/BatteryService( 2374): update start
D/BatteryService( 2374): level:4 scale:100 status:2 health:2 present:true voltage: 3675 temperature: 317 technology: Li-ion AC powered:false USB powered:true icon:17303231 invalid charger:0
D/STATUSBAR-BatteryController( 2913): onReceive() - ACTION_BATTERY_CHANGED
D/STATUSBAR-BatteryController( 2913): onReceive() - level:4
D/STATUSBAR-BatteryController( 2913): onReceive() - plugged:2
D/STATUSBAR-BatteryController( 2913): onReceive() - BATTERY_STATUS_CHARGING:
D/STATUSBAR-PhoneStatusBar( 2913): ACTION_BATTERY_CHANGED
E/MtpService(27139): battPlugged Type : 2
D/videowall-TranscodeService(15584): releaseTransThread.
D/PowerManagerService( 2374): mIsLockZone = false mTiltAngle : 43.822453 value : 0
D/PowerManagerService( 2374): mIsLockZone = true mTiltAngle : 41.621414 value : 7
D/PowerManagerService( 2374): mIsLockZone = false mTiltAngle : 43.753704 value : 1
W/PowerManagerService( 2374): Timer 0x3->0x3|0x0
D/dalvikvm( 2374): WAIT_FOR_CONCURRENT_GC blocked 0ms
D/dalvikvm( 2374): GC_EXPLICIT freed 342K, 47% free 32199K/59655K, paused 3ms+9ms, total 107ms
I/InputReader( 2374): Touch event's action is 0x0 (deviceType=0) [pCnt=1, s=0.13015 ]
I/InputDispatcher( 2374): Delivering touch to current input target: action: 0x0
I/InputDispatcher( 2374): Delivering touch to current input target: action: 0x0
I/InputDispatcher( 2374): Delivering touch to current input target: action: 0x0
I/InputReader( 2374): Touch event's action is 0x1 (deviceType=0) [pCnt=1, s=]
I/InputDispatcher( 2374): Delivering touch to current input target: action: 0x1
I/InputDispatcher( 2374): Delivering touch to current input target: action: 0x1
I/InputDispatcher( 2374): Delivering touch to current input target: action: 0x1
D/InputReader( 2374): Input event: value=1
D/lights ( 2374): button : 1 +
D/lights ( 2374): button : 1 -
I/InputDispatcher( 2374): Delivering key to current input target: action: 0x0
I/InputDispatcher( 2374): Delivering key to current input target: action: 0x0
I/InputDispatcher( 2374): Delivering key to current input target: action: 0x0
I/PowerManagerService( 2374): Ulight 0x3->0x7|0x0
D/LightsService( 2374): setLightLocked is called
D/PowerManagerService( 2374): lightSensorChangedLocked value=1 immediate=false
D/PowerManagerService( 2374): getAutoBrightnessValue : in bound ( 0 < 1 <= 19 )
D/PowerManagerService( 2374): getAutoBrightnessValue : in bound ( 0 < 1 <= 19 )
D/PowerManagerService( 2374): lcdValue 21
D/PowerManagerService( 2374): buttonValue 21
D/PowerManagerService( 2374): keyboardValue 0
D/PowerManagerService( 2374): lightSensorChangedLocked : mKeyboardLight : 0
D/InputReader( 2374): Input event: value=0
I/InputDispatcher( 2374): Delivering key to current input target: action: 0x1
I/InputDispatcher( 2374): Delivering key to current input target: action: 0x1
I/InputDispatcher( 2374): Delivering key to current input target: action: 0x1
D/WindowManager( 2374): PhoneWindowManager: focusChangedLw
D/KeyguardViewMediator( 2374): setHidden false
D/STATUSBAR-StatusBarManagerService( 2374): setSystemUiVisibility(0x0)
D/STATUSBAR-StatusBarManagerService( 2374): manageDisableList what=0x0 pkg=WindowManager.LayoutParams
V/SDL ( 5784): onWindowFocusChanged(): true
V/PhoneStatusBar( 2913): setLightsOn(true)
W/InputMethodManagerService( 2374): Window already focused, ignoring focus gain of: com.android.internal.view.IInputMethodClient$Stub$Proxy@42552bc0 attribute=null
