D/CellLayout( 3156): setGridSize(4, 5)
W/SignalStrength( 2374): getGsmLevel=1
W/SignalStrength( 2913): getGsmLevel=1
W/SignalStrength( 2374): getLevel=1 (SignalStrength: 2 0 -120 -160 -120 -1 -1 99 2147483647 2147483647 2147483647 2147483647 gsm|lte 0x1)
W/SignalStrength( 2913): getLevel=1 (SignalStrength: 2 0 -120 -160 -120 -1 -1 99 2147483647 2147483647 2147483647 2147483647 gsm|lte 0x1)
W/SignalStrength( 2913): getGsmLevel=1
W/SignalStrength( 2913): getLevel=1 (SignalStrength: 2 0 -120 -160 -120 -1 -1 99 2147483647 2147483647 2147483647 2147483647 gsm|lte 0x1)
W/SignalStrength( 2374): getDbm 1
W/SignalStrength( 2374): getGsmDbm=-109
W/SignalStrength( 2374): getDbm=-109
W/SignalStrength( 2374): getAsuLevel 1
W/SignalStrength( 2374): getGsmAsuLevel=2
W/SignalStrength( 2374): getAsuLevel=2
I/TwDVFSBroadcastReceiver( 3107): onLauncherIntent
D/PowerManager( 3107): DVFSLock : acquire : timeout : 1000
I/power ( 2374): *** acquire_dvfs_lock : lockType : 1 freq : 1400000
E/SpannableStringBuilder( 3156): SPAN_EXCLUSIVE_EXCLUSIVE spans cannot have a zero length
E/SpannableStringBuilder( 3156): SPAN_EXCLUSIVE_EXCLUSIVE spans cannot have a zero length
D/InputReader( 2374): Input event: value=1
I/InputDispatcher( 2374): Delivering key to current input target: action: 0x0
I/InputDispatcher( 2374): Delivering key to current input target: action: 0x0
I/InputDispatcher( 2374): Delivering key to current input target: action: 0x0
D/InputReader( 2374): Input event: value=0
I/InputDispatcher( 2374): Delivering key to current input target: action: 0x1
I/InputDispatcher( 2374): Delivering key to current input target: action: 0x1
I/InputDispatcher( 2374): Delivering key to current input target: action: 0x1
I/ClipboardServiceEx( 2374): mCBPickerDialog enter case. MSG_DISMISS_DIALOG
I/power ( 2374): *** release_dvfs_lock : lockType : 1
D/InputReader( 2374): Input event: value=1
D/RestrictionPolicy( 2374): isHomeKeyEnabled :true
D/RestrictionPolicy( 2374): isHomeKeyEnabled :true
D/KeyguardViewMediator( 2374): setHidden false
D/dalvikvm( 2913): GC_CONCURRENT freed 5972K, 31% free 25014K/35783K, paused 14ms+7ms, total 50ms
D/dalvikvm( 2913): WAIT_FOR_CONCURRENT_GC blocked 25ms
D/dalvikvm( 2913): GC_FOR_ALLOC freed 829K, 28% free 25914K/35783K, paused 15ms, total 15ms
D/dalvikvm( 2913): GC_FOR_ALLOC freed 100K, 24% free 27524K/35783K, paused 15ms, total 15ms
D/RestrictionPolicy( 2374): isHomeKeyEnabled :true
D/WindowManager( 2374): Home long press behavior, keyguardOn = false
D/RestrictionPolicy( 2374): isHomeKeyEnabled :true
D/RestrictionPolicy( 2374): isHomeKeyEnabled :true
D/RestrictionPolicy( 2374): isHomeKeyEnabled :true
W/WindowManager( 2374): interceptKeyBeforeDispatching with IVoIPInterface
I/SurfaceFlinger( 1959): id=4617(29) createSurf 0x4296eb9c (720x1280),1 flag=0, SecentsPane
I/SurfaceFlinger( 1959): SurfaceFlinger : eMagnificationFactorChanged. magnificationFactor=1.0
I/SurfaceFlinger( 1959): SurfaceFlinger : eZoomPositionChanged. zoomX=0.0 zoomY=0.0
D/WindowManager( 2374): PhoneWindowManager: focusChangedLw
D/KeyguardViewMediator( 2374): setHidden false
D/RestrictionPolicy( 2374): isHomeKeyEnabled :true
D/RestrictionPolicy( 2374): isHomeKeyEnabled :true
D/KeyguardViewMediator( 2374): setHidden false
D/RestrictionPolicy( 2374): isHomeKeyEnabled :true
D/RestrictionPolicy( 2374): isHomeKeyEnabled :true
D/RestrictionPolicy( 2374): isHomeKeyEnabled :true
D/KeyguardViewMediator( 2374): setHidden false
D/KeyguardViewMediator( 2374): setHidden false
D/RestrictionPolicy( 2374): isHomeKeyEnabled :true
D/RestrictionPolicy( 2374): isHomeKeyEnabled :true
D/RestrictionPolicy( 2374): isHomeKeyEnabled :true
D/InputReader( 2374): Input event: value=0
D/RestrictionPolicy( 2374): isHomeKeyEnabled :true
W/SignalStrength( 2374): getGsmLevel=1
W/SignalStrength( 2913): getGsmLevel=1
W/SignalStrength( 2374): getLevel=1 (SignalStrength: 3 0 -120 -160 -120 -1 -1 99 2147483647 2147483647 2147483647 2147483647 gsm|lte 0x1)
W/SignalStrength( 2913): getLevel=1 (SignalStrength: 3 0 -120 -160 -120 -1 -1 99 2147483647 2147483647 2147483647 2147483647 gsm|lte 0x1)
W/SignalStrength( 2913): getGsmLevel=1
W/SignalStrength( 2913): getLevel=1 (SignalStrength: 3 0 -120 -160 -120 -1 -1 99 2147483647 2147483647 2147483647 2147483647 gsm|lte 0x1)
W/SignalStrength( 2374): getDbm 1
W/SignalStrength( 2374): getGsmDbm=-107
W/SignalStrength( 2374): getDbm=-107
W/SignalStrength( 2374): getAsuLevel 1
W/SignalStrength( 2374): getGsmAsuLevel=3
W/SignalStrength( 2374): getAsuLevel=3
I/InputReader( 2374): Touch event's action is 0x0 (deviceType=0) [pCnt=1, s=0.12949 ]
I/InputDispatcher( 2374): Delivering touch to current input target: action: 0x0
I/InputDispatcher( 2374): Delivering touch to current input target: action: 0x0
I/InputDispatcher( 2374): Delivering touch to current input target: action: 0x0
I/InputReader( 2374): Touch event's action is 0x1 (deviceType=0) [pCnt=1, s=]
I/InputDispatcher( 2374): Delivering touch to current input target: action: 0x1
I/InputDispatcher( 2374): Delivering touch to current input target: action: 0x1
I/InputDispatcher( 2374): Delivering touch to current input target: action: 0x1
I/power ( 2374): *** acquire_dvfs_lock : lockType : 1 freq : 1000000
D/Launcher.HomeFragment( 3156): onPause
D/Launcher( 3156): onPause, Launcher: 1104468464
I/SurfaceFlinger( 1959): id=4618(424) createSurf 0x4296d814 (1x1),1 flag=400, tecond
D/dalvikvm(31322): Late-enabling CheckJNI
I/SurfaceFlinger( 1959): SurfaceFlinger : eMagnificationFactorChanged. magnificationFactor=1.0
I/SurfaceFlinger( 1959): SurfaceFlinger : eZoomPositionChanged. zoomX=0.0 zoomY=0.0
D/KeyguardViewMediator( 2374): setHidden false
I/dalvikvm(31322): Turning on JNI app bug workarounds for target SDK version 12...
D/KeyguardViewMediator( 2374): setHidden false
D/Launcher( 3156): onTrimMemory. Level: 20
D/KeyguardViewMediator( 2374): setHidden false
D/dalvikvm(31322): Trying to load lib /data/data/blobby.test.second/lib/libSDL2.so 0x41d51948
D/dalvikvm(31322): Added shared lib /data/data/blobby.test.second/lib/libSDL2.so 0x41d51948
D/dalvikvm(31322): Trying to load lib /data/data/blobby.test.second/lib/libmain.so 0x41d51948
I/SurfaceFlinger( 1959): id=4619(1042) createSurf 0x40e8a90c (328x290),1 flag=4, uhumbnail a
D/dalvikvm(31322): Added shared lib /data/data/blobby.test.second/lib/libmain.so 0x41d51948
D/dalvikvm(31322): No JNI_OnLoad found in /data/data/blobby.test.second/lib/libmain.so 0x41d51948, skipping init
D/KeyguardViewMediator( 2374): setHidden false
D/KeyguardViewMediator( 2374): setHidden false
D/KeyguardViewMediator( 2374): setHidden false
V/SDL (31322): onResume()
D/KeyguardViewMediator( 2374): setHidden false
I/SurfaceFlinger( 1959): id=4620(1) createSurf 0x40f5fbf4 (1x1),1 flag=0, tecondActiv
I/SurfaceFlinger( 1959): SurfaceFlinger : eMagnificationFactorChanged. magnificationFactor=1.0
I/SurfaceFlinger( 1959): SurfaceFlinger : eZoomPositionChanged. zoomX=0.0 zoomY=0.0
D/KeyguardViewMediator( 2374): setHidden false
D/libEGL (31322): loaded /system/lib/egl/libEGL_mali.so
D/libEGL (31322): loaded /system/lib/egl/libGLESv1_CM_mali.so
D/libEGL (31322): loaded /system/lib/egl/libGLESv2_mali.so
D/ (31322): Device driver API match
D/ (31322): Device driver API version: 10
D/ (31322): User space API version: 10
D/ (31322): mali: REVISION=Linux-r2p4-02rel0 BUILD_DATE=Tue Oct 16 15:37:13 KST 2012
D/OpenGLRenderer(31322): Enabling debug mode 0
I/SurfaceFlinger( 1959): id=4621(2) createSurf 0x40e798e4 (720x1280),4 flag=400, TurfaceView
I/SurfaceFlinger( 1959): SurfaceFlinger : eMagnificationFactorChanged. magnificationFactor=1.0
I/SurfaceFlinger( 1959): SurfaceFlinger : eZoomPositionChanged. zoomX=0.0 zoomY=0.0
D/KeyguardViewMediator( 2374): setHidden false
V/SDL (31322): surfaceCreated()
V/SDL (31322): surfaceChanged()
V/SDL (31322): pixel format RGB_565
V/SDL (31322): Window size:720x1280
E/SensorManager(31322): thread start
D/SensorService( 2374): info.rates.add, set DEFAULT_EVENTS_PERIOD
D/SensorService( 2374): SensorDevice::activating sensor handle=0 ns=200000000
D/iNemoSensor( 2374): setDelay(): handle(0), en(200000000)
I/iNemoSensor( 2374): skip update_delay wanted_accel = 200000000 current delay = 200000000
I/SensorService( 2374): info.selectDelay() ns=20000000
D/iNemoSensor( 2374): setDelay(): handle(0), en(20000000)
I/iNemoSensor( 2374): update_delay wanted_accel = 20000000
D/SensorService( 2374): SensorDevice::setDelay, Return(true 1, false 0) = 1
D/SensorManager(31322): registerListener :: handle = 0 name= LSM330DLC 3-axis Accelerometer delay= 20000 Listener= org.libsdl.app.SDLSurface@41d58ca0
I/SDL (31322): SDL_Android_Init()
I/SDL (31322): SDL_Android_Init() finished!
D/KeyguardViewMediator( 2374): setHidden false
D/KeyguardViewMediator( 2374): setHidden false
D/KeyguardViewMediator( 2374): setHidden false
D/AkmSensor( 2374): MeasureSNGLoop: interval.interval = 20000000, doze_max = 19600, prms->enabled = 2
D/KeyguardViewMediator( 2374): setHidden false
I/SurfaceFlinger( 1959): id=4612 Removed Mauncher idx=2 MapSz=7
I/SurfaceFlinger( 1959): id=4612 Removed Mauncher idx=-2 MapSz=7
D/WindowManager( 2374): PhoneWindowManager: focusChangedLw
D/KeyguardViewMediator( 2374): setHidden false
V/PhoneStatusBar( 2913): setLightsOn(true)
D/KeyguardViewMediator( 2374): setHidden false
V/SDL (31322): onWindowFocusChanged(): true
D/KeyguardViewMediator( 2374): setHidden false
D/KeyguardViewMediator( 2374): setHidden false
I/ClipboardServiceEx( 2374): Send intent for dismiss clipboard dialog inside hideCurrentInputLocked() !
D/Launcher.HomeFragment( 3156): onStop
D/Launcher( 3156): onStop, Launcher: 1104468464
D/KeyguardViewMediator( 2374): setHidden false
I/SurfaceFlinger( 1959): id=4617 Removed SecentsPane idx=8 MapSz=6
I/SurfaceFlinger( 1959): id=4617 Removed SecentsPane idx=-2 MapSz=6
D/KeyguardViewMediator( 2374): setHidden false
I/SurfaceFlinger( 1959): id=4618 Removed tecond idx=4 MapSz=5
I/SurfaceFlinger( 1959): id=4618 Removed tecond idx=-2 MapSz=5
D/KeyguardViewMediator( 2374): setHidden false
I/SurfaceFlinger( 1959): id=4619 Removed uhumbnail a idx=4 MapSz=4
I/SurfaceFlinger( 1959): id=4619 Removed uhumbnail a idx=-2 MapSz=4
I/power ( 2374): *** release_dvfs_lock : lockType : 1
D/KeyguardViewMediator( 2374): setHidden false
D/KeyguardViewMediator( 2374): setHidden false
D/InputReader( 2374): Input event: value=1
D/RestrictionPolicy( 2374): isHomeKeyEnabled :true
D/RestrictionPolicy( 2374): isHomeKeyEnabled :true
D/KeyguardViewMediator( 2374): setHidden false
D/InputReader( 2374): Input event: value=0
D/RestrictionPolicy( 2374): isHomeKeyEnabled :true
D/KeyguardViewMediator( 2374): setHidden false
D/dalvikvm( 3067): GC_CONCURRENT freed 2263K, 31% free 24401K/35079K, paused 7ms+14ms, total 111ms
V/SDL (31322): onPause()
V/SDL (31322): nativePause()
D/WindowManager( 2374): PhoneWindowManager: focusChangedLw
D/SensorManager(31322): unregisterListener:: Listener= org.libsdl.app.SDLSurface@41d58ca0
D/Sensors (31322): Remain listener = Sending .. normal delay 200ms
I/Sensors (31322): sendDelay --- 200000000
I/SensorService( 2374): info.selectDelay() ns=200000000
D/iNemoSensor( 2374): setDelay(): handle(0), en(200000000)
I/iNemoSensor( 2374): update_delay wanted_accel = 200000000
D/AkmSensor( 2374): MeasureSNGLoop: interval.interval = 200000000, doze_max = 196000, prms->enabled = 2
D/SensorService( 2374): SensorDevice::setDelay, Return(true 1, false 0) = 1
D/SensorManager(31322): JNI - sendDelay
I/SensorManager(31322): Set normal delay = true
D/SensorService( 2374): SensorDevice::activating sensor handle=0 ns=200000000
D/iNemoSensor( 2374): setDelay(): handle(0), en(200000000)
I/iNemoSensor( 2374): skip update_delay wanted_accel = 200000000 current delay = 200000000
D/KeyguardViewMediator( 2374): setHidden false
D/KeyguardViewMediator( 2374): setHidden false
V/SDL (31322): onWindowFocusChanged(): false
I/Launcher.StuckInEdit( 3156): exitWidgetResizeMode State NORMAL
D/Launcher( 3156): onRestart, Launcher: 1104468464
D/Launcher( 3156): onStart, Launcher: 1104468464
D/Launcher.HomeFragment( 3156): onStart
D/Launcher( 3156): onResume, Launcher: 1104468464
I/FlashBarService( 2991): mPkgManagerReceiver : onReceive
E/Launcher( 3156): Error finding setting, default accessibility to not found: accessibility_enabled
D/Launcher.HomeFragment( 3156): onResume
D/MenuAppsGridFragment( 3156): onResume
I/SurfaceFlinger( 1959): id=4622(167) createSurf 0x40f5e474 (720x1280),1 flag=0, Mauncher
I/SurfaceFlinger( 1959): SurfaceFlinger : eMagnificationFactorChanged. magnificationFactor=1.0
I/SurfaceFlinger( 1959): SurfaceFlinger : eZoomPositionChanged. zoomX=0.0 zoomY=0.0
D/WindowManager( 2374): PhoneWindowManager: focusChangedLw
D/KeyguardViewMediator( 2374): setHidden false
I/ClipboardServiceEx( 2374): Send intent for dismiss clipboard dialog inside hideCurrentInputLocked() !
D/KeyguardViewMediator( 2374): setHidden false
D/KeyguardViewMediator( 2374): setHidden false
D/KeyguardViewMediator( 2374): setHidden false
D/KeyguardViewMediator( 2374): setHidden false
D/KeyguardViewMediator( 2374): setHidden false
V/SDL (31322): surfaceDestroyed()
W/SurfaceView(31322): CHECK surface infomation creating=false formatChanged=false sizeChanged=false visible=false visibleChanged=true surfaceChanged=true realSizeChanged=false redrawNeeded=false left=false top=false
D/KeyguardViewMediator( 2374): setHidden false
D/KeyguardViewMediator( 2374): setHidden false
D/KeyguardViewMediator( 2374): setHidden false
I/SurfaceFlinger( 1959): id=4620 Removed tecondActiv idx=5 MapSz=4
I/SurfaceFlinger( 1959): id=4620 Removed tecondActiv idx=-2 MapSz=4
I/SurfaceFlinger( 1959): id=4621 Removed TurfaceView idx=4 MapSz=3
D/KeyguardViewMediator( 2374): setHidden false
D/KeyguardViewMediator( 2374): setHidden false
D/InputReader( 2374): Input event: value=1
D/RestrictionPolicy( 2374): isHomeKeyEnabled :true
D/RestrictionPolicy( 2374): isHomeKeyEnabled :true
D/dalvikvm( 2913): GC_CONCURRENT freed 5991K, 35% free 23564K/35783K, paused 5ms+16ms, total 63ms
D/dalvikvm( 2913): WAIT_FOR_CONCURRENT_GC blocked 29ms
D/dalvikvm( 2913): WAIT_FOR_CONCURRENT_GC blocked 47ms
D/dalvikvm( 2913): GC_FOR_ALLOC freed 374K, 31% free 25045K/35783K, paused 27ms, total 27ms
D/dalvikvm( 2913): GC_FOR_ALLOC freed 179K, 26% free 26676K/35783K, paused 16ms, total 16ms
D/dalvikvm( 2913): GC_FOR_ALLOC freed 19K, 21% free 28373K/35783K, paused 15ms, total 15ms
D/RestrictionPolicy( 2374): isHomeKeyEnabled :true
D/WindowManager( 2374): Home long press behavior, keyguardOn = false
D/RestrictionPolicy( 2374): isHomeKeyEnabled :true
D/RestrictionPolicy( 2374): isHomeKeyEnabled :true
D/dalvikvm( 2374): GC_CONCURRENT freed 1462K, 45% free 32853K/59655K, paused 3ms+10ms, total 97ms
D/RestrictionPolicy( 2374): isHomeKeyEnabled :true
W/WindowManager( 2374): interceptKeyBeforeDispatching with IVoIPInterface
I/SurfaceFlinger( 1959): id=4623(30) createSurf 0x40d56a84 (720x1280),1 flag=0, SecentsPane
I/SurfaceFlinger( 1959): SurfaceFlinger : eMagnificationFactorChanged. magnificationFactor=1.0
I/SurfaceFlinger( 1959): SurfaceFlinger : eZoomPositionChanged. zoomX=0.0 zoomY=0.0
D/WindowManager( 2374): PhoneWindowManager: focusChangedLw
D/KeyguardViewMediator( 2374): setHidden false
D/RestrictionPolicy( 2374): isHomeKeyEnabled :true
D/RestrictionPolicy( 2374): isHomeKeyEnabled :true
D/KeyguardViewMediator( 2374): setHidden false
D/RestrictionPolicy( 2374): isHomeKeyEnabled :true
D/RestrictionPolicy( 2374): isHomeKeyEnabled :true
D/RestrictionPolicy( 2374): isHomeKeyEnabled :true
D/KeyguardViewMediator( 2374): setHidden false
D/KeyguardViewMediator( 2374): setHidden false
D/RestrictionPolicy( 2374): isHomeKeyEnabled :true
D/RestrictionPolicy( 2374): isHomeKeyEnabled :true
D/RestrictionPolicy( 2374): isHomeKeyEnabled :true
D/InputReader( 2374): Input event: value=0
D/RestrictionPolicy( 2374): isHomeKeyEnabled :true
I/InputReader( 2374): Touch event's action is 0x0 (deviceType=0) [pCnt=1, s=0.12950 ]
I/InputDispatcher( 2374): Delivering touch to current input target: action: 0x0
I/InputDispatcher( 2374): Delivering touch to current input target: action: 0x0
I/InputDispatcher( 2374): Delivering touch to current input target: action: 0x0
I/InputReader( 2374): Touch event's action is 0x1 (deviceType=0) [pCnt=1, s=]
I/InputDispatcher( 2374): Delivering touch to current input target: action: 0x1
I/InputDispatcher( 2374): Delivering touch to current input target: action: 0x1
I/InputDispatcher( 2374): Delivering touch to current input target: action: 0x1
D/KeyguardViewMediator( 2374): setHidden false
D/Launcher.HomeFragment( 3156): onPause
D/Launcher( 3156): onPause, Launcher: 1104468464
I/power ( 2374): *** acquire_dvfs_lock : lockType : 1 freq : 1000000
D/KeyguardViewMediator( 2374): setHidden false
V/SDL (31322): onResume()
D/KeyguardViewMediator( 2374): setHidden false
D/Launcher( 3156): onTrimMemory. Level: 20
I/SurfaceFlinger( 1959): id=4624(3) createSurf 0x428f69a4 (720x1280),4 flag=400, TurfaceView
I/SurfaceFlinger( 1959): SurfaceFlinger : eMagnificationFactorChanged. magnificationFactor=1.0
I/SurfaceFlinger( 1959): SurfaceFlinger : eZoomPositionChanged. zoomX=0.0 zoomY=0.0
D/KeyguardViewMediator( 2374): setHidden false
V/SDL (31322): surfaceCreated()
V/SDL (31322): surfaceChanged()
V/SDL (31322): pixel format RGB_565
V/SDL (31322): Window size:720x1280
I/SurfaceFlinger( 1959): id=4621 Removed TurfaceView idx=-2 MapSz=5
I/SurfaceFlinger( 1959): id=4625(4) createSurf 0x40ddbbc4 (720x1280),1 flag=0, tecondActiv
I/SurfaceFlinger( 1959): SurfaceFlinger : eMagnificationFactorChanged. magnificationFactor=1.0
I/SurfaceFlinger( 1959): SurfaceFlinger : eZoomPositionChanged. zoomX=0.0 zoomY=0.0
D/KeyguardViewMediator( 2374): setHidden false
D/KeyguardViewMediator( 2374): setHidden false
D/KeyguardViewMediator( 2374): setHidden false
D/KeyguardViewMediator( 2374): setHidden false
D/KeyguardViewMediator( 2374): setHidden false
D/KeyguardViewMediator( 2374): setHidden false
I/SurfaceFlinger( 1959): id=4626(1043) createSurf 0x4296d77c (328x290),1 flag=4, uhumbnail a
E/Watchdog( 2374): !@Sync 1452
D/KeyguardViewMediator( 2374): setHidden false
D/KeyguardViewMediator( 2374): setHidden false
D/KeyguardViewMediator( 2374): setHidden false
D/KeyguardViewMediator( 2374): setHidden false
D/Launcher.HomeFragment( 3156): onStop
D/Launcher( 3156): onStop, Launcher: 1104468464
D/KeyguardViewMediator( 2374): setHidden false
D/WindowManager( 2374): PhoneWindowManager: focusChangedLw
D/KeyguardViewMediator( 2374): setHidden false
V/SDL (31322): onWindowFocusChanged(): true
V/SDL (31322): nativeResume()
V/PhoneStatusBar( 2913): setLightsOn(true)
E/SensorManager(31322): thread start
D/SensorService( 2374): info.rates.add, set DEFAULT_EVENTS_PERIOD
D/SensorService( 2374): SensorDevice::activating sensor handle=0 ns=200000000
D/iNemoSensor( 2374): setDelay(): handle(0), en(200000000)
I/iNemoSensor( 2374): skip update_delay wanted_accel = 200000000 current delay = 200000000
I/SensorService( 2374): info.selectDelay() ns=20000000
D/iNemoSensor( 2374): setDelay(): handle(0), en(20000000)
I/iNemoSensor( 2374): update_delay wanted_accel = 20000000
D/SensorService( 2374): SensorDevice::setDelay, Return(true 1, false 0) = 1
D/SensorManager(31322): registerListener :: handle = 0 name= LSM330DLC 3-axis Accelerometer delay= 20000 Listener= org.libsdl.app.SDLSurface@41d58ca0
I/ClipboardServiceEx( 2374): Send intent for dismiss clipboard dialog inside hideCurrentInputLocked() !
D/KeyguardViewMediator( 2374): setHidden false
I/SurfaceFlinger( 1959): id=4622 Removed Mauncher idx=2 MapSz=6
I/SurfaceFlinger( 1959): id=4622 Removed Mauncher idx=-2 MapSz=6
D/AkmSensor( 2374): MeasureSNGLoop: interval.interval = 20000000, doze_max = 19600, prms->enabled = 2
D/KeyguardViewMediator( 2374): setHidden false
I/SurfaceFlinger( 1959): id=4623 Removed SecentsPane idx=7 MapSz=5
I/SurfaceFlinger( 1959): id=4623 Removed SecentsPane idx=-2 MapSz=5
D/KeyguardViewMediator( 2374): setHidden false
I/SurfaceFlinger( 1959): id=4626 Removed uhumbnail a idx=4 MapSz=4
I/SurfaceFlinger( 1959): id=4626 Removed uhumbnail a idx=-2 MapSz=4
I/power ( 2374): *** release_dvfs_lock : lockType : 1
D/KeyguardViewMediator( 2374): setHidden false
D/KeyguardViewMediator( 2374): setHidden false
D/InputReader( 2374): Input event: value=1
D/RestrictionPolicy( 2374): isHomeKeyEnabled :true
D/RestrictionPolicy( 2374): isHomeKeyEnabled :true
D/KeyguardViewMediator( 2374): setHidden false
D/InputReader( 2374): Input event: value=0
D/RestrictionPolicy( 2374): isHomeKeyEnabled :true
D/KeyguardViewMediator( 2374): setHidden false
V/SDL (31322): onPause()
V/SDL (31322): nativePause()
D/WindowManager( 2374): PhoneWindowManager: focusChangedLw
D/SensorManager(31322): unregisterListener:: Listener= org.libsdl.app.SDLSurface@41d58ca0
D/Sensors (31322): Remain listener = Sending .. normal delay 200ms
I/Sensors (31322): sendDelay --- 200000000
I/SensorService( 2374): info.selectDelay() ns=200000000
D/iNemoSensor( 2374): setDelay(): handle(0), en(200000000)
I/iNemoSensor( 2374): update_delay wanted_accel = 200000000
D/SensorService( 2374): SensorDevice::setDelay, Return(true 1, false 0) = 1
D/SensorManager(31322): JNI - sendDelay
I/SensorManager(31322): Set normal delay = true
D/SensorService( 2374): SensorDevice::activating sensor handle=0 ns=200000000
D/iNemoSensor( 2374): setDelay(): handle(0), en(200000000)
I/iNemoSensor( 2374): skip update_delay wanted_accel = 200000000 current delay = 200000000
D/KeyguardViewMediator( 2374): setHidden false
D/AkmSensor( 2374): MeasureSNGLoop: interval.interval = 200000000, doze_max = 196000, prms->enabled = 2
D/KeyguardViewMediator( 2374): setHidden false
V/SDL (31322): onWindowFocusChanged(): false
I/Launcher.StuckInEdit( 3156): exitWidgetResizeMode State NORMAL
D/Launcher( 3156): onRestart, Launcher: 1104468464
D/Launcher( 3156): onStart, Launcher: 1104468464
D/Launcher.HomeFragment( 3156): onStart
D/Launcher( 3156): onResume, Launcher: 1104468464
I/FlashBarService( 2991): mPkgManagerReceiver : onReceive
E/Launcher( 3156): Error finding setting, default accessibility to not found: accessibility_enabled
D/Launcher.HomeFragment( 3156): onResume
D/MenuAppsGridFragment( 3156): onResume
I/SurfaceFlinger( 1959): id=4627(168) createSurf 0x40d96fb4 (720x1280),1 flag=0, Mauncher
I/SurfaceFlinger( 1959): SurfaceFlinger : eMagnificationFactorChanged. magnificationFactor=1.0
I/SurfaceFlinger( 1959): SurfaceFlinger : eZoomPositionChanged. zoomX=0.0 zoomY=0.0
D/WindowManager( 2374): PhoneWindowManager: focusChangedLw
D/KeyguardViewMediator( 2374): setHidden false
I/ClipboardServiceEx( 2374): Send intent for dismiss clipboard dialog inside hideCurrentInputLocked() !
D/KeyguardViewMediator( 2374): setHidden false
D/KeyguardViewMediator( 2374): setHidden false
D/KeyguardViewMediator( 2374): setHidden false
D/KeyguardViewMediator( 2374): setHidden false
V/SDL (31322): surfaceDestroyed()
D/KeyguardViewMediator( 2374): setHidden false
W/SurfaceView(31322): CHECK surface infomation creating=false formatChanged=false sizeChanged=false visible=false visibleChanged=true surfaceChanged=true realSizeChanged=false redrawNeeded=false left=false top=false
D/KeyguardViewMediator( 2374): setHidden false
D/KeyguardViewMediator( 2374): setHidden false
D/KeyguardViewMediator( 2374): setHidden false
I/SurfaceFlinger( 1959): id=4625 Removed tecondActiv idx=5 MapSz=4
I/SurfaceFlinger( 1959): id=4625 Removed tecondActiv idx=-2 MapSz=4
I/SurfaceFlinger( 1959): id=4624 Removed TurfaceView idx=4 MapSz=3
D/KeyguardViewMediator( 2374): setHidden false
D/KeyguardViewMediator( 2374): setHidden false
D/InputReader( 2374): Input event: value=1
D/RestrictionPolicy( 2374): isHomeKeyEnabled :true
D/RestrictionPolicy( 2374): isHomeKeyEnabled :true
D/dalvikvm( 2913): GC_FOR_ALLOC freed 5526K, 31% free 24744K/35783K, paused 41ms, total 41ms
D/dalvikvm( 2913): GC_FOR_ALLOC freed 594K, 28% free 25853K/35783K, paused 16ms, total 16ms
D/dalvikvm( 2913): GC_FOR_ALLOC freed 57K, 24% free 27490K/35783K, paused 16ms, total 16ms
D/RestrictionPolicy( 2374): isHomeKeyEnabled :true
D/WindowManager( 2374): Home long press behavior, keyguardOn = false
D/RestrictionPolicy( 2374): isHomeKeyEnabled :true
D/RestrictionPolicy( 2374): isHomeKeyEnabled :true
D/RestrictionPolicy( 2374): isHomeKeyEnabled :true
W/WindowManager( 2374): interceptKeyBeforeDispatching with IVoIPInterface
I/SurfaceFlinger( 1959): id=4628(31) createSurf 0x40d9af8c (720x1280),1 flag=0, SecentsPane
I/SurfaceFlinger( 1959): SurfaceFlinger : eMagnificationFactorChanged. magnificationFactor=1.0
I/SurfaceFlinger( 1959): SurfaceFlinger : eZoomPositionChanged. zoomX=0.0 zoomY=0.0
D/WindowManager( 2374): PhoneWindowManager: focusChangedLw
D/KeyguardViewMediator( 2374): setHidden false
D/RestrictionPolicy( 2374): isHomeKeyEnabled :true
D/RestrictionPolicy( 2374): isHomeKeyEnabled :true
D/KeyguardViewMediator( 2374): setHidden false
D/RestrictionPolicy( 2374): isHomeKeyEnabled :true
D/RestrictionPolicy( 2374): isHomeKeyEnabled :true
D/RestrictionPolicy( 2374): isHomeKeyEnabled :true
D/KeyguardViewMediator( 2374): setHidden false
D/KeyguardViewMediator( 2374): setHidden false
D/RestrictionPolicy( 2374): isHomeKeyEnabled :true
D/RestrictionPolicy( 2374): isHomeKeyEnabled :true
D/RestrictionPolicy( 2374): isHomeKeyEnabled :true
D/InputReader( 2374): Input event: value=0
D/RestrictionPolicy( 2374): isHomeKeyEnabled :true
D/ClockAlarmWidgetService(19224): [ClockAlarmWidgetService] onReceive: action = android.intent.action.TIME_TICK
E/ClockAlarmWidget(19224): [AlarmWidgetIdManager] getListItem() : itemIndex=0, widgetID:1
E/ClockAlarmWidget(19224): [AlarmWidgetIdManager] getListItem() : ItemIndex exceed ListItemCount. itemIndex=1
E/ClockAlarmWidget(19224): [AlarmWidgetIdManager] getListItem() : itemIndex=1, widgetID:1
D/ClockAlarmDataProvider(19224): getAlarm() - too many same ID alarm data. nCount: 0
D/SharedManager(23304): getPrefIDs() : length = 1
D/SharedManager(23304): getPrefIDs() : Shared_DCIDs1 = 9
D/dalvikvm( 3156): GC_CONCURRENT freed 1720K, 27% free 27656K/37831K, paused 4ms+8ms, total 44ms
D/dalvikvm( 3156): WAIT_FOR_CONCURRENT_GC blocked 39ms
D/dalvikvm(23304): GC_CONCURRENT freed 1375K, 21% free 12445K/15751K, paused 12ms+7ms, total 40ms
D/dalvikvm(23304): WAIT_FOR_CONCURRENT_GC blocked 4ms
D/evanjs (23304): evanjs DualClockAppWidgetProvider display.getOrientation(): 0
D/dalvikvm(23304): GC_CONCURRENT freed 176K, 20% free 12667K/15751K, paused 12ms+1ms, total 30ms
D/dalvikvm(23304): WAIT_FOR_CONCURRENT_GC blocked 10ms
D/dalvikvm(23304): GC_FOR_ALLOC freed <1K, 20% free 12667K/15751K, paused 11ms, total 11ms
I/dalvikvm-heap(23304): Grow heap (frag case) to 13.668MB for 659360-byte allocation
D/dalvikvm( 2374): GC_CONCURRENT freed 2351K, 46% free 32472K/59655K, paused 11ms+11ms, total 156ms
D/dalvikvm(23304): GC_CONCURRENT freed <1K, 16% free 13311K/15751K, paused 12ms+1ms, total 21ms
D/dalvikvm(23304): WAIT_FOR_CONCURRENT_GC blocked 9ms
I/InputReader( 2374): Touch event's action is 0x0 (deviceType=0) [pCnt=1, s=0.12951 ]
I/InputDispatcher( 2374): Delivering touch to current input target: action: 0x0
I/InputDispatcher( 2374): Delivering touch to current input target: action: 0x0
I/InputDispatcher( 2374): Delivering touch to current input target: action: 0x0
I/InputReader( 2374): Touch event's action is 0x1 (deviceType=0) [pCnt=1, s=]
I/InputDispatcher( 2374): Delivering touch to current input target: action: 0x1
I/InputDispatcher( 2374): Delivering touch to current input target: action: 0x1
I/InputDispatcher( 2374): Delivering touch to current input target: action: 0x1
D/KeyguardViewMediator( 2374): setHidden false
D/Launcher.HomeFragment( 3156): onPause
D/Launcher( 3156): onPause, Launcher: 1104468464
I/power ( 2374): *** acquire_dvfs_lock : lockType : 1 freq : 1000000
D/KeyguardViewMediator( 2374): setHidden false
V/SDL (31322): onResume()
I/SurfaceFlinger( 1959): id=4629(5) createSurf 0x410b0e14 (720x1280),4 flag=400, TurfaceView
I/SurfaceFlinger( 1959): SurfaceFlinger : eMagnificationFactorChanged. magnificationFactor=1.0
I/SurfaceFlinger( 1959): SurfaceFlinger : eZoomPositionChanged. zoomX=0.0 zoomY=0.0
D/KeyguardViewMediator( 2374): setHidden false
D/KeyguardViewMediator( 2374): setHidden false
V/SDL (31322): surfaceCreated()
V/SDL (31322): surfaceChanged()
V/SDL (31322): pixel format RGB_565
V/SDL (31322): Window size:720x1280
I/SurfaceFlinger( 1959): id=4624 Removed TurfaceView idx=-2 MapSz=5
D/dalvikvm( 3139): GC_CONCURRENT freed 432K, 10% free 12292K/13511K, paused 2ms+3ms, total 35ms
I/SurfaceFlinger( 1959): id=4630(6) createSurf 0x40d9acec (720x1280),1 flag=0, tecondActiv
I/SurfaceFlinger( 1959): SurfaceFlinger : eMagnificationFactorChanged. magnificationFactor=1.0
I/SurfaceFlinger( 1959): SurfaceFlinger : eZoomPositionChanged. zoomX=0.0 zoomY=0.0
D/KeyguardViewMediator( 2374): setHidden false
D/Launcher( 3156): onTrimMemory. Level: 20
D/KeyguardViewMediator( 2374): setHidden false
D/KeyguardViewMediator( 2374): setHidden false
D/KeyguardViewMediator( 2374): setHidden false
D/KeyguardViewMediator( 2374): setHidden false
D/KeyguardViewMediator( 2374): setHidden false
I/SurfaceFlinger( 1959): id=4631(1044) createSurf 0x410abe8c (328x290),1 flag=4, uhumbnail a
D/KeyguardViewMediator( 2374): setHidden false
D/KeyguardViewMediator( 2374): setHidden false
D/KeyguardViewMediator( 2374): setHidden false
D/KeyguardViewMediator( 2374): setHidden false
D/Launcher.HomeFragment( 3156): onStop
D/Launcher( 3156): onStop, Launcher: 1104468464
D/KeyguardViewMediator( 2374): setHidden false
D/WindowManager( 2374): PhoneWindowManager: focusChangedLw
D/KeyguardViewMediator( 2374): setHidden false
V/SDL (31322): onWindowFocusChanged(): true
V/SDL (31322): nativeResume()
D/SensorService( 2374): info.rates.add, set DEFAULT_EVENTS_PERIOD
D/SensorService( 2374): SensorDevice::activating sensor handle=0 ns=200000000
D/iNemoSensor( 2374): setDelay(): handle(0), en(200000000)
I/iNemoSensor( 2374): skip update_delay wanted_accel = 200000000 current delay = 200000000
I/SensorService( 2374): info.selectDelay() ns=20000000
D/iNemoSensor( 2374): setDelay(): handle(0), en(20000000)
I/iNemoSensor( 2374): update_delay wanted_accel = 20000000
D/SensorService( 2374): SensorDevice::setDelay, Return(true 1, false 0) = 1
D/SensorManager(31322): registerListener :: handle = 0 name= LSM330DLC 3-axis Accelerometer delay= 20000 Listener= org.libsdl.app.SDLSurface@41d58ca0
V/PhoneStatusBar( 2913): setLightsOn(true)
I/ClipboardServiceEx( 2374): Send intent for dismiss clipboard dialog inside hideCurrentInputLocked() !
D/KeyguardViewMediator( 2374): setHidden false
I/SurfaceFlinger( 1959): id=4627 Removed Mauncher idx=2 MapSz=6
I/SurfaceFlinger( 1959): id=4627 Removed Mauncher idx=-2 MapSz=6
D/AkmSensor( 2374): MeasureSNGLoop: interval.interval = 20000000, doze_max = 19600, prms->enabled = 2
D/KeyguardViewMediator( 2374): setHidden false
I/SurfaceFlinger( 1959): id=4628 Removed SecentsPane idx=7 MapSz=5
I/SurfaceFlinger( 1959): id=4628 Removed SecentsPane idx=-2 MapSz=5
D/KeyguardViewMediator( 2374): setHidden false
I/SurfaceFlinger( 1959): id=4631 Removed uhumbnail a idx=4 MapSz=4
I/SurfaceFlinger( 1959): id=4631 Removed uhumbnail a idx=-2 MapSz=4
I/power ( 2374): *** release_dvfs_lock : lockType : 1
D/KeyguardViewMediator( 2374): setHidden false
D/KeyguardViewMediator( 2374): setHidden false
D/InputReader( 2374): Input event: value=1
D/RestrictionPolicy( 2374): isHomeKeyEnabled :true
D/InputReader( 2374): Input event: value=0
D/RestrictionPolicy( 2374): isHomeKeyEnabled :true
D/RestrictionPolicy( 2374): isHomeKeyEnabled :true
D/KeyguardViewMediator( 2374): setHidden false
D/KeyguardViewMediator( 2374): setHidden false
D/dalvikvm( 2374): GC_FOR_ALLOC freed 2121K, 47% free 32031K/59655K, paused 152ms, total 152ms
V/SDL (31322): onPause()
V/SDL (31322): nativePause()
D/WindowManager( 2374): PhoneWindowManager: focusChangedLw
D/SensorManager(31322): unregisterListener:: Listener= org.libsdl.app.SDLSurface@41d58ca0
D/Sensors (31322): Remain listener = Sending .. normal delay 200ms
I/Sensors (31322): sendDelay --- 200000000
I/SensorService( 2374): info.selectDelay() ns=200000000
D/iNemoSensor( 2374): setDelay(): handle(0), en(200000000)
I/iNemoSensor( 2374): update_delay wanted_accel = 200000000
D/SensorService( 2374): SensorDevice::setDelay, Return(true 1, false 0) = 1
D/SensorManager(31322): JNI - sendDelay
I/SensorManager(31322): Set normal delay = true
D/SensorService( 2374): SensorDevice::activating sensor handle=0 ns=200000000
D/iNemoSensor( 2374): setDelay(): handle(0), en(200000000)
I/iNemoSensor( 2374): skip update_delay wanted_accel = 200000000 current delay = 200000000
D/KeyguardViewMediator( 2374): setHidden false
D/InputReader( 2374): Input event: value=1
D/RestrictionPolicy( 2374): isHomeKeyEnabled :true
D/KeyguardViewMediator( 2374): setHidden false
D/AkmSensor( 2374): MeasureSNGLoop: interval.interval = 200000000, doze_max = 196000, prms->enabled = 2
V/SDL (31322): onWindowFocusChanged(): false
I/Launcher.StuckInEdit( 3156): exitWidgetResizeMode State NORMAL
D/Launcher( 3156): onRestart, Launcher: 1104468464
D/Launcher( 3156): onStart, Launcher: 1104468464
D/Launcher.HomeFragment( 3156): onStart
D/Launcher( 3156): onResume, Launcher: 1104468464
I/FlashBarService( 2991): mPkgManagerReceiver : onReceive
E/Launcher( 3156): Error finding setting, default accessibility to not found: accessibility_enabled
D/Launcher.HomeFragment( 3156): onResume
D/MenuAppsGridFragment( 3156): onResume
I/SurfaceFlinger( 1959): id=4632(169) createSurf 0x40d56364 (720x1280),1 flag=0, Mauncher
I/SurfaceFlinger( 1959): SurfaceFlinger : eMagnificationFactorChanged. magnificationFactor=1.0
I/SurfaceFlinger( 1959): SurfaceFlinger : eZoomPositionChanged. zoomX=0.0 zoomY=0.0
D/WindowManager( 2374): PhoneWindowManager: focusChangedLw
D/KeyguardViewMediator( 2374): setHidden false
I/ClipboardServiceEx( 2374): Send intent for dismiss clipboard dialog inside hideCurrentInputLocked() !
D/KeyguardViewMediator( 2374): setHidden false
D/KeyguardViewMediator( 2374): setHidden false
D/KeyguardViewMediator( 2374): setHidden false
D/KeyguardViewMediator( 2374): setHidden false
D/KeyguardViewMediator( 2374): setHidden false
V/SDL (31322): surfaceDestroyed()
W/SurfaceView(31322): CHECK surface infomation creating=false formatChanged=false sizeChanged=false visible=false visibleChanged=true surfaceChanged=true realSizeChanged=false redrawNeeded=false left=false top=false
D/KeyguardViewMediator( 2374): setHidden false
D/RestrictionPolicy( 2374): isHomeKeyEnabled :true
D/dalvikvm( 2913): GC_CONCURRENT freed 5544K, 34% free 23972K/35783K, paused 13ms+7ms, total 46ms
D/dalvikvm( 2913): WAIT_FOR_CONCURRENT_GC blocked 21ms
D/dalvikvm( 2913): WAIT_FOR_CONCURRENT_GC blocked 21ms
D/dalvikvm( 2913): GC_FOR_ALLOC freed 636K, 31% free 25034K/35783K, paused 25ms, total 25ms
D/dalvikvm( 2913): GC_FOR_ALLOC freed 56K, 26% free 26667K/35783K, paused 27ms, total 27ms
D/KeyguardViewMediator( 2374): setHidden false
D/dalvikvm( 2913): GC_FOR_ALLOC freed 59K, 21% free 28305K/35783K, paused 16ms, total 16ms
D/RestrictionPolicy( 2374): isHomeKeyEnabled :true
D/WindowManager( 2374): Home long press behavior, keyguardOn = false
D/KeyguardViewMediator( 2374): setHidden false
I/SurfaceFlinger( 1959): id=4630 Removed tecondActiv idx=5 MapSz=4
I/SurfaceFlinger( 1959): id=4629 Removed TurfaceView idx=4 MapSz=3
I/SurfaceFlinger( 1959): id=4630 Removed tecondActiv idx=-2 MapSz=3
D/KeyguardViewMediator( 2374): setHidden false
D/KeyguardViewMediator( 2374): setHidden false
D/RestrictionPolicy( 2374): isHomeKeyEnabled :true
D/InputReader( 2374): Input event: value=0
D/RestrictionPolicy( 2374): isHomeKeyEnabled :true
I/InputReader( 2374): Touch event's action is 0x0 (deviceType=0) [pCnt=1, s=0.12952 ]
I/InputDispatcher( 2374): Delivering touch to current input target: action: 0x0
I/InputDispatcher( 2374): Delivering touch to current input target: action: 0x0
I/InputDispatcher( 2374): Delivering touch to current input target: action: 0x0
I/InputDispatcher( 2374): Delivering touch to current input target: action: 0x0
I/InputReader( 2374): Touch event's action is 0x1 (deviceType=0) [pCnt=1, s=]
I/InputDispatcher( 2374): Delivering touch to current input target: action: 0x1
I/InputDispatcher( 2374): Delivering touch to current input target: action: 0x1
I/InputDispatcher( 2374): Delivering touch to current input target: action: 0x1
I/InputDispatcher( 2374): Delivering touch to current input target: action: 0x1
I/Launcher.StuckInEdit( 3156): exitWidgetResizeMode State NORMAL
D/dalvikvm( 2931): WAIT_FOR_CONCURRENT_GC blocked 0ms
D/dalvikvm( 2931): GC_EXPLICIT freed 211K, 7% free 12279K/13191K, paused 2ms+3ms, total 25ms
D/dalvikvm( 3156): WAIT_FOR_CONCURRENT_GC blocked 0ms
D/dalvikvm( 3156): GC_EXPLICIT freed 4456K, 36% free 24342K/37831K, paused 3ms+6ms, total 41ms
I/TwDVFSBroadcastReceiver( 3107): onLauncherIntent
D/PowerManager( 3107): DVFSLock : acquire : timeout : 1000
I/power ( 2374): *** acquire_dvfs_lock : lockType : 1 freq : 1400000
D/Launcher.MenuAppsGrid( 3156): StateObj::getAppsList() item count = 60
D/CellLayoutChildren( 3156): setCellDimensions. width: 164, height: 188, gapX: 8, gapY: 4
D/CellLayout( 3156): setGridSize(4, 5)
D/CellLayoutChildren( 3156): setCellDimensions. width: 164, height: 188, gapX: 8, gapY: 4
D/CellLayout( 3156): setGridSize(4, 5)
D/CellLayoutChildren( 3156): setCellDimensions. width: 164, height: 188, gapX: 8, gapY: 4
D/CellLayout( 3156): setGridSize(4, 5)
E/SpannableStringBuilder( 3156): SPAN_EXCLUSIVE_EXCLUSIVE spans cannot have a zero length
E/SpannableStringBuilder( 3156): SPAN_EXCLUSIVE_EXCLUSIVE spans cannot have a zero length
E/SPPClientService( 4909): [PushClientService] onStartCommand. F:false, D:false, E:false, T:false, S:false, R:false
I/power ( 2374): *** release_dvfs_lock : lockType : 1
I/InputReader( 2374): Touch event's action is 0x0 (deviceType=0) [pCnt=1, s=0.12953 ]
I/InputDispatcher( 2374): Delivering touch to current input target: action: 0x0
I/InputDispatcher( 2374): Delivering touch to current input target: action: 0x0
I/InputDispatcher( 2374): Delivering touch to current input target: action: 0x0
I/InputDispatcher( 2374): Delivering touch to current input target: action: 0x0
I/TwDVFSBroadcastReceiver( 3107): onLauncherIntent
D/PowerManager( 3107): DVFSLock : acquire : timeout : 1000
I/power ( 2374): *** acquire_dvfs_lock : lockType : 1 freq : 1400000
I/InputReader( 2374): Touch event's action is 0x1 (deviceType=0) [pCnt=1, s=]
I/InputDispatcher( 2374): Delivering touch to current input target: action: 0x1
I/InputDispatcher( 2374): Delivering touch to current input target: action: 0x1
I/InputDispatcher( 2374): Delivering touch to current input target: action: 0x1
I/InputDispatcher( 2374): Delivering touch to current input target: action: 0x1
I/InputReader( 2374): Touch event's action is 0x0 (deviceType=0) [pCnt=1, s=0.12954 ]
I/InputDispatcher( 2374): Delivering touch to current input target: action: 0x0
I/InputDispatcher( 2374): Delivering touch to current input target: action: 0x0
I/InputDispatcher( 2374): Delivering touch to current input target: action: 0x0
I/InputDispatcher( 2374): Delivering touch to current input target: action: 0x0
I/TwDVFSBroadcastReceiver( 3107): onLauncherIntent
D/PowerManager( 3107): DVFSLock : acquire : timeout : 1000
I/InputReader( 2374): Touch event's action is 0x1 (deviceType=0) [pCnt=1, s=]
I/InputDispatcher( 2374): Delivering touch to current input target: action: 0x1
I/InputDispatcher( 2374): Delivering touch to current input target: action: 0x1
I/InputDispatcher( 2374): Delivering touch to current input target: action: 0x1
I/InputDispatcher( 2374): Delivering touch to current input target: action: 0x1
I/power ( 2374): *** acquire_dvfs_lock : lockType : 1 freq : 1400000
I/InputReader( 2374): Touch event's action is 0x0 (deviceType=0) [pCnt=1, s=0.12955 ]
I/InputDispatcher( 2374): Delivering touch to current input target: action: 0x0
I/InputDispatcher( 2374): Delivering touch to current input target: action: 0x0
I/InputDispatcher( 2374): Delivering touch to current input target: action: 0x0
I/InputDispatcher( 2374): Delivering touch to current input target: action: 0x0
I/TwDVFSBroadcastReceiver( 3107): onLauncherIntent
D/PowerManager( 3107): DVFSLock : acquire : timeout : 1000
I/InputReader( 2374): Touch event's action is 0x1 (deviceType=0) [pCnt=1, s=]
I/InputDispatcher( 2374): Delivering touch to current input target: action: 0x1
I/InputDispatcher( 2374): Delivering touch to current input target: action: 0x1
I/InputDispatcher( 2374): Delivering touch to current input target: action: 0x1
I/InputDispatcher( 2374): Delivering touch to current input target: action: 0x1
I/power ( 2374): *** acquire_dvfs_lock : lockType : 1 freq : 1400000
I/power ( 2374): *** release_dvfs_lock : lockType : 1
I/InputReader( 2374): Touch event's action is 0x0 (deviceType=0) [pCnt=1, s=0.12956 ]
I/InputDispatcher( 2374): Delivering touch to current input target: action: 0x0
I/InputDispatcher( 2374): Delivering touch to current input target: action: 0x0
I/InputDispatcher( 2374): Delivering touch to current input target: action: 0x0
I/InputDispatcher( 2374): Delivering touch to current input target: action: 0x0
I/TwDVFSBroadcastReceiver( 3107): onLauncherIntent
D/PowerManager( 3107): DVFSLock : acquire : timeout : 1000
I/power ( 2374): *** acquire_dvfs_lock : lockType : 1 freq : 1400000
D/dalvikvm( 3107): GC_CONCURRENT freed 464K, 10% free 12170K/13383K, paused 2ms+1ms, total 13ms
I/InputReader( 2374): Touch event's action is 0x1 (deviceType=0) [pCnt=1, s=]
I/InputDispatcher( 2374): Delivering touch to current input target: action: 0x1
I/InputDispatcher( 2374): Delivering touch to current input target: action: 0x1
I/InputDispatcher( 2374): Delivering touch to current input target: action: 0x1
I/InputDispatcher( 2374): Delivering touch to current input target: action: 0x1
D/Launcher.HomeFragment( 3156): onPause
D/Launcher( 3156): onPause, Launcher: 1104468464
D/WindowManager( 2374): PhoneWindowManager: focusChangedLw
D/KeyguardViewMediator( 2374): setHidden false
D/Launcher( 3156): onTrimMemory. Level: 20
I/SurfaceFlinger( 1959): id=4633(425) createSurf 0x40f5c15c (1x1),1 flag=400, tettings
I/SurfaceFlinger( 1959): SurfaceFlinger : eMagnificationFactorChanged. magnificationFactor=1.0
I/SurfaceFlinger( 1959): SurfaceFlinger : eZoomPositionChanged. zoomX=0.0 zoomY=0.0
D/KeyguardViewMediator( 2374): setHidden false
D/AbsListView( 3199): Get MotionRecognitionManager
W/System.err( 3199): Removed 2131428268
W/System.err( 3199): Removed 2131428281
I/WifiEnabler( 3199): Resume : 1
D/dalvikvm( 3199): WAIT_FOR_CONCURRENT_GC blocked 0ms
D/KeyguardViewMediator( 2374): setHidden false
D/KeyguardViewMediator( 2374): setHidden false
D/KeyguardViewMediator( 2374): setHidden false
D/KeyguardViewMediator( 2374): setHidden false
D/dalvikvm( 3199): GC_EXPLICIT freed 575K, 7% free 36252K/38919K, paused 3ms+10ms, total 49ms
D/AbsListView( 3199): [unregisterDoubleTapMotionListener]
I/MotionRecognitionManager( 3199): .unregisterListener : / listener count = 0->0, listener=android.widget.AbsListView$4@41fa7d70
I/BluetoothPolicyService( 2374): isBluetoothEnabled
D/AbsListView( 3199): [unregisterDoubleTapMotionListener]
I/MotionRecognitionManager( 3199): .unregisterListener : / listener count = 0->0, listener=android.widget.AbsListView$4@41d5d730
D/KeyguardViewMediator( 2374): setHidden false
D/AbsListView( 3199): [unregisterDoubleTapMotionListener]
I/MotionRecognitionManager( 3199): .unregisterListener : / listener count = 0->0, listener=android.widget.AbsListView$4@41f0c200
W/System.err( 3199): Removed 2131428268
W/System.err( 3199): Removed 2131428281
I/SurfaceFlinger( 1959): id=4634(37) createSurf 0x428f795c (1x1),1 flag=400, Tettings
I/SurfaceFlinger( 1959): SurfaceFlinger : eMagnificationFactorChanged. magnificationFactor=1.0
I/SurfaceFlinger( 1959): SurfaceFlinger : eZoomPositionChanged. zoomX=0.0 zoomY=0.0
D/WindowManager( 2374): PhoneWindowManager: focusChangedLw
D/KeyguardViewMediator( 2374): setHidden false
I/BluetoothPolicyService( 2374): isBluetoothEnabled
D/KeyguardViewMediator( 2374): setHidden false
D/KeyguardViewMediator( 2374): setHidden false
I/ClipboardServiceEx( 2374): Send intent for dismiss clipboard dialog inside hideCurrentInputLocked() !
D/KeyguardViewMediator( 2374): setHidden false
D/Launcher.HomeFragment( 3156): onStop
D/Launcher( 3156): onStop, Launcher: 1104468464
D/KeyguardViewMediator( 2374): setHidden false
I/SurfaceFlinger( 1959): id=4632 Removed Mauncher idx=2 MapSz=4
I/SurfaceFlinger( 1959): id=4632 Removed Mauncher idx=-2 MapSz=4
D/KeyguardViewMediator( 2374): setHidden false
I/SurfaceFlinger( 1959): id=4633 Removed tettings idx=4 MapSz=3
I/SurfaceFlinger( 1959): id=4633 Removed tettings idx=-2 MapSz=3
D/KeyguardViewMediator( 2374): setHidden false
D/KeyguardViewMediator( 2374): setHidden false
I/power ( 2374): *** release_dvfs_lock : lockType : 1
I/InputReader( 2374): Touch event's action is 0x0 (deviceType=0) [pCnt=1, s=0.12957 ]
I/InputDispatcher( 2374): Delivering touch to current input target: action: 0x0
I/InputDispatcher( 2374): Delivering touch to current input target: action: 0x0
I/InputDispatcher( 2374): Delivering touch to current input target: action: 0x0
I/DVFSHelper( 3199): acquire::
I/DVFSHelper( 3199): prepareIntent:: BOOST_TYPE_TOUCH
I/TwDVFSBroadcastReceiver( 3107): onListViewScrollIntent
D/PowerManager( 3107): DVFSLock : acquire : timeout : 15000
I/power ( 2374): *** acquire_dvfs_lock : lockType : 1 freq : 800000
I/InputReader( 2374): Touch event's action is 0x1 (deviceType=0) [pCnt=1, s=]
I/InputDispatcher( 2374): Delivering touch to current input target: action: 0x1
I/InputDispatcher( 2374): Delivering touch to current input target: action: 0x1
I/InputDispatcher( 2374): Delivering touch to current input target: action: 0x1
I/DVFSHelper( 3199): release::
I/power ( 2374): *** release_dvfs_lock : lockType : 1
I/InputReader( 2374): Touch event's action is 0x0 (deviceType=0) [pCnt=1, s=0.12958 ]
I/InputDispatcher( 2374): Delivering touch to current input target: action: 0x0
I/InputDispatcher( 2374): Delivering touch to current input target: action: 0x0
I/InputDispatcher( 2374): Delivering touch to current input target: action: 0x0
D/dalvikvm( 2374): JIT code cache reset in 6 ms (1048500 bytes 54/3)
I/DVFSHelper( 3199): acquire::
I/DVFSHelper( 3199): prepareIntent:: BOOST_TYPE_TOUCH
D/dalvikvm( 2374): GC_CONCURRENT freed 1388K, 46% free 32621K/59655K, paused 6ms+18ms, total 159ms
I/InputReader( 2374): Touch event's action is 0x1 (deviceType=0) [pCnt=1, s=]
I/InputDispatcher( 2374): Delivering touch to current input target: action: 0x1
I/InputDispatcher( 2374): Delivering touch to current input target: action: 0x1
I/InputDispatcher( 2374): Delivering touch to current input target: action: 0x1
I/TwDVFSBroadcastReceiver( 3107): onListViewScrollIntent
D/PowerManager( 3107): DVFSLock : acquire : timeout : 15000
I/power ( 2374): *** acquire_dvfs_lock : lockType : 1 freq : 800000
I/BluetoothPolicyService( 2374): isBluetoothEnabled
I/DVFSHelper( 3199): release::
I/power ( 2374): *** release_dvfs_lock : lockType : 1
I/InputReader( 2374): Touch event's action is 0x0 (deviceType=0) [pCnt=1, s=0.12959 ]
I/InputDispatcher( 2374): Delivering touch to current input target: action: 0x0
I/InputDispatcher( 2374): Delivering touch to current input target: action: 0x0
I/InputDispatcher( 2374): Delivering touch to current input target: action: 0x0
I/DVFSHelper( 3199): acquire::
I/DVFSHelper( 3199): prepareIntent:: BOOST_TYPE_TOUCH
I/TwDVFSBroadcastReceiver( 3107): onListViewScrollIntent
D/PowerManager( 3107): DVFSLock : acquire : timeout : 15000
I/power ( 2374): *** acquire_dvfs_lock : lockType : 1 freq : 800000
I/InputReader( 2374): Touch event's action is 0x1 (deviceType=0) [pCnt=1, s=]
I/InputDispatcher( 2374): Delivering touch to current input target: action: 0x1
I/InputDispatcher( 2374): Delivering touch to current input target: action: 0x1
I/InputDispatcher( 2374): Delivering touch to current input target: action: 0x1
I/DVFSHelper( 3199): release::
I/power ( 2374): *** release_dvfs_lock : lockType : 1
I/InputReader( 2374): Touch event's action is 0x0 (deviceType=0) [pCnt=1, s=0.12960 ]
I/InputDispatcher( 2374): Delivering touch to current input target: action: 0x0
I/InputDispatcher( 2374): Delivering touch to current input target: action: 0x0
I/InputDispatcher( 2374): Delivering touch to current input target: action: 0x0
I/DVFSHelper( 3199): acquire::
I/DVFSHelper( 3199): prepareIntent:: BOOST_TYPE_TOUCH
I/TwDVFSBroadcastReceiver( 3107): onListViewScrollIntent
D/PowerManager( 3107): DVFSLock : acquire : timeout : 15000
I/power ( 2374): *** acquire_dvfs_lock : lockType : 1 freq : 800000
I/InputReader( 2374): Touch event's action is 0x1 (deviceType=0) [pCnt=1, s=]
I/InputDispatcher( 2374): Delivering touch to current input target: action: 0x1
I/InputDispatcher( 2374): Delivering touch to current input target: action: 0x1
I/InputDispatcher( 2374): Delivering touch to current input target: action: 0x1
I/DVFSHelper( 3199): release::
I/power ( 2374): *** release_dvfs_lock : lockType : 1
I/InputReader( 2374): Touch event's action is 0x0 (deviceType=0) [pCnt=1, s=0.12961 ]
I/InputDispatcher( 2374): Delivering touch to current input target: action: 0x0
I/InputDispatcher( 2374): Delivering touch to current input target: action: 0x0
I/InputDispatcher( 2374): Delivering touch to current input target: action: 0x0
I/InputReader( 2374): Touch event's action is 0x1 (deviceType=0) [pCnt=1, s=]
I/InputDispatcher( 2374): Delivering touch to current input target: action: 0x1
I/InputDispatcher( 2374): Delivering touch to current input target: action: 0x1
I/InputDispatcher( 2374): Delivering touch to current input target: action: 0x1
I/power ( 2374): *** acquire_dvfs_lock : lockType : 1 freq : 1000000
I/WifiEnabler( 3199): Pause : 1
I/BluetoothPolicyService( 2374): isBluetoothEnabled
