W/SignalStrength( 2913): getLevel=1 (SignalStrength: 5 0 -120 -160 -120 -1 -1 99 2147483647 2147483647 2147483647 2147483647 gsm|lte 0x1)
W/SignalStrength( 2374): getDbm 1
W/SignalStrength( 2374): getGsmDbm=-103
W/SignalStrength( 2374): getDbm=-103
W/SignalStrength( 2374): getAsuLevel 1
W/SignalStrength( 2374): getGsmAsuLevel=5
W/SignalStrength( 2374): getAsuLevel=5
W/SignalStrength( 2374): getGsmLevel=0
W/SignalStrength( 2374): getLevel=0 (SignalStrength: 4 0 -120 -160 -120 -1 -1 99 2147483647 2147483647 2147483647 2147483647 gsm|lte 0x0)
W/SignalStrength( 2913): getGsmLevel=0
W/SignalStrength( 2913): getLevel=0 (SignalStrength: 4 0 -120 -160 -120 -1 -1 99 2147483647 2147483647 2147483647 2147483647 gsm|lte 0x0)
W/SignalStrength( 2913): getGsmLevel=0
W/SignalStrength( 2913): getLevel=0 (SignalStrength: 4 0 -120 -160 -120 -1 -1 99 2147483647 2147483647 2147483647 2147483647 gsm|lte 0x0)
W/SignalStrength( 2374): getDbm 1
W/SignalStrength( 2374): getGsmDbm=-105
W/SignalStrength( 2374): getDbm=-105
W/SignalStrength( 2374): getAsuLevel 1
W/SignalStrength( 2374): getGsmAsuLevel=4
W/SignalStrength( 2374): getAsuLevel=4
D/dalvikvm( 1960): WAIT_FOR_CONCURRENT_GC blocked 0ms
D/dalvikvm( 1960): GC_EXPLICIT freed 37K, 8% free 12127K/13059K, paused 2ms+2ms, total 20ms
D/dalvikvm( 1960): WAIT_FOR_CONCURRENT_GC blocked 0ms
D/dalvikvm( 1960): GC_EXPLICIT freed <1K, 8% free 12127K/13059K, paused 2ms+3ms, total 21ms
D/dalvikvm( 1960): WAIT_FOR_CONCURRENT_GC blocked 0ms
I/ActivityThread(23304): Pub com.sec.android.widgetapp.dualclockanalog: com.sec.android.widgetapp.dualclockanalog.DataContentProvider
D/dalvikvm( 1960): GC_EXPLICIT freed <1K, 8% free 12127K/13059K, paused 2ms+2ms, total 19ms
D/dalvikvm( 2374): GC_CONCURRENT freed 1918K, 47% free 31878K/59655K, paused 5ms+10ms, total 97ms
D/InputReader( 2374): Input event: value=1
D/lights ( 2374): button : 1 +
D/lights ( 2374): button : 1 -
I/InputDispatcher( 2374): Delivering key to current input target: action: 0x0
I/InputDispatcher( 2374): Delivering key to current input target: action: 0x0
I/InputDispatcher( 2374): Delivering key to current input target: action: 0x0
D/InputReader( 2374): Input event: value=0
I/InputDispatcher( 2374): Delivering key to current input target: action: 0x1
I/InputDispatcher( 2374): Delivering key to current input target: action: 0x1
I/InputDispatcher( 2374): Delivering key to current input target: action: 0x1
I/ClipboardServiceEx( 2374): mCBPickerDialog enter case. MSG_DISMISS_DIALOG
W/SignalStrength( 2374): getGsmLevel=1
W/SignalStrength( 2374): getLevel=1 (SignalStrength: 4 0 -120 -160 -120 -1 -1 99 2147483647 2147483647 2147483647 2147483647 gsm|lte 0x1)
W/SignalStrength( 2913): getGsmLevel=1
W/SignalStrength( 2913): getLevel=1 (SignalStrength: 4 0 -120 -160 -120 -1 -1 99 2147483647 2147483647 2147483647 2147483647 gsm|lte 0x1)
W/SignalStrength( 2913): getGsmLevel=1
W/SignalStrength( 2913): getLevel=1 (SignalStrength: 4 0 -120 -160 -120 -1 -1 99 2147483647 2147483647 2147483647 2147483647 gsm|lte 0x1)
W/SignalStrength( 2374): getDbm 1
W/SignalStrength( 2374): getGsmDbm=-105
W/SignalStrength( 2374): getDbm=-105
W/SignalStrength( 2374): getAsuLevel 1
W/SignalStrength( 2374): getGsmAsuLevel=4
W/SignalStrength( 2374): getAsuLevel=4
D/InputReader( 2374): Input event: value=1
D/RestrictionPolicy( 2374): isHomeKeyEnabled :true
D/InputReader( 2374): Input event: value=0
D/RestrictionPolicy( 2374): isHomeKeyEnabled :true
D/RestrictionPolicy( 2374): isHomeKeyEnabled :true
D/KeyguardViewMediator( 2374): setHidden false
D/KeyguardViewMediator( 2374): setHidden false
V/SDL (19592): onPause()
V/SDL (19592): nativePause()
D/WindowManager( 2374): PhoneWindowManager: focusChangedLw
D/SensorManager(19592): unregisterListener:: Listener= org.libsdl.app.SDLSurface@41d5fcb0
D/Sensors (19592): Remain listener = Sending .. normal delay 200ms
I/Sensors (19592): sendDelay --- 200000000
I/SensorService( 2374): info.selectDelay() ns=200000000
D/iNemoSensor( 2374): setDelay(): handle(0), en(200000000)
I/iNemoSensor( 2374): update_delay wanted_accel = 200000000
D/SensorService( 2374): SensorDevice::setDelay, Return(true 1, false 0) = 1
D/SensorManager(19592): JNI - sendDelay
I/SensorManager(19592): Set normal delay = true
D/SensorService( 2374): SensorDevice::activating sensor handle=0 ns=200000000
D/iNemoSensor( 2374): setDelay(): handle(0), en(200000000)
I/iNemoSensor( 2374): skip update_delay wanted_accel = 200000000 current delay = 200000000
D/KeyguardViewMediator( 2374): setHidden false
V/SDL (19592): onWindowFocusChanged(): false
D/KeyguardViewMediator( 2374): setHidden false
I/Launcher.StuckInEdit( 3156): exitWidgetResizeMode State NORMAL
D/Launcher( 3156): onRestart, Launcher: 1104468464
D/Launcher( 3156): onStart, Launcher: 1104468464
D/Launcher.HomeFragment( 3156): onStart
D/Launcher( 3156): onResume, Launcher: 1104468464
D/AkmSensor( 2374): MeasureSNGLoop: interval.interval = 200000000, doze_max = 196000, prms->enabled = 2
I/FlashBarService( 2991): mPkgManagerReceiver : onReceive
D/dalvikvm( 2931): WAIT_FOR_CONCURRENT_GC blocked 0ms
D/dalvikvm( 2931): GC_EXPLICIT freed 208K, 7% free 12280K/13191K, paused 2ms+3ms, total 18ms
E/Launcher( 3156): Error finding setting, default accessibility to not found: accessibility_enabled
D/Launcher.HomeFragment( 3156): onResume
D/MenuAppsGridFragment( 3156): onResume
I/SurfaceFlinger( 1959): id=4497(149) createSurf 0x428f795c (720x1280),1 flag=0, Mauncher
I/SurfaceFlinger( 1959): SurfaceFlinger : eMagnificationFactorChanged. magnificationFactor=1.0
I/SurfaceFlinger( 1959): SurfaceFlinger : eZoomPositionChanged. zoomX=0.0 zoomY=0.0
D/WindowManager( 2374): PhoneWindowManager: focusChangedLw
D/KeyguardViewMediator( 2374): setHidden false
I/ClipboardServiceEx( 2374): Send intent for dismiss clipboard dialog inside hideCurrentInputLocked() !
D/KeyguardViewMediator( 2374): setHidden false
D/KeyguardViewMediator( 2374): setHidden false
D/KeyguardViewMediator( 2374): setHidden false
D/KeyguardViewMediator( 2374): setHidden false
D/KeyguardViewMediator( 2374): setHidden false
V/SDL (19592): surfaceDestroyed()
W/SurfaceView(19592): CHECK surface infomation creating=false formatChanged=false sizeChanged=false visible=false visibleChanged=true surfaceChanged=true realSizeChanged=false redrawNeeded=false left=false top=false
D/KeyguardViewMediator( 2374): setHidden false
D/KeyguardViewMediator( 2374): setHidden false
D/KeyguardViewMediator( 2374): setHidden false
I/SurfaceFlinger( 1959): id=4495 Removed girstActivi idx=5 MapSz=4
I/SurfaceFlinger( 1959): id=4495 Removed girstActivi idx=-2 MapSz=4
I/SurfaceFlinger( 1959): id=4494 Removed TurfaceView idx=4 MapSz=3
D/KeyguardViewMediator( 2374): setHidden false
D/KeyguardViewMediator( 2374): setHidden false
D/InputReader( 2374): Input event: value=1
D/RestrictionPolicy( 2374): isHomeKeyEnabled :true
D/RestrictionPolicy( 2374): isHomeKeyEnabled :true
D/dalvikvm( 2913): GC_CONCURRENT freed 6479K, 32% free 24374K/35783K, paused 2ms+4ms, total 20ms
D/dalvikvm( 2913): WAIT_FOR_CONCURRENT_GC blocked 11ms
D/dalvikvm( 2913): WAIT_FOR_CONCURRENT_GC blocked 14ms
D/dalvikvm( 2913): GC_FOR_ALLOC freed 689K, 29% free 25471K/35783K, paused 16ms, total 16ms
D/dalvikvm( 2913): GC_FOR_ALLOC freed 97K, 25% free 27104K/35783K, paused 15ms, total 15ms
D/dalvikvm( 2913): GC_FOR_ALLOC freed 61K, 20% free 28775K/35783K, paused 25ms, total 25ms
D/RestrictionPolicy( 2374): isHomeKeyEnabled :true
D/WindowManager( 2374): Home long press behavior, keyguardOn = false
D/RestrictionPolicy( 2374): isHomeKeyEnabled :true
D/RestrictionPolicy( 2374): isHomeKeyEnabled :true
D/RestrictionPolicy( 2374): isHomeKeyEnabled :true
W/WindowManager( 2374): interceptKeyBeforeDispatching with IVoIPInterface
I/SurfaceFlinger( 1959): id=4498(15) createSurf 0x40f5c15c (720x1280),1 flag=0, SecentsPane
I/SurfaceFlinger( 1959): SurfaceFlinger : eMagnificationFactorChanged. magnificationFactor=1.0
I/SurfaceFlinger( 1959): SurfaceFlinger : eZoomPositionChanged. zoomX=0.0 zoomY=0.0
D/WindowManager( 2374): PhoneWindowManager: focusChangedLw
D/KeyguardViewMediator( 2374): setHidden false
D/RestrictionPolicy( 2374): isHomeKeyEnabled :true
D/KeyguardViewMediator( 2374): setHidden false
D/RestrictionPolicy( 2374): isHomeKeyEnabled :true
D/RestrictionPolicy( 2374): isHomeKeyEnabled :true
D/RestrictionPolicy( 2374): isHomeKeyEnabled :true
D/RestrictionPolicy( 2374): isHomeKeyEnabled :true
D/KeyguardViewMediator( 2374): setHidden false
D/KeyguardViewMediator( 2374): setHidden false
D/RestrictionPolicy( 2374): isHomeKeyEnabled :true
D/RestrictionPolicy( 2374): isHomeKeyEnabled :true
D/RestrictionPolicy( 2374): isHomeKeyEnabled :true
D/RestrictionPolicy( 2374): isHomeKeyEnabled :true
D/InputReader( 2374): Input event: value=0
D/RestrictionPolicy( 2374): isHomeKeyEnabled :true
I/InputReader( 2374): Touch event's action is 0x0 (deviceType=0) [pCnt=1, s=0.12873 ]
I/InputDispatcher( 2374): Delivering touch to current input target: action: 0x0
I/InputDispatcher( 2374): Delivering touch to current input target: action: 0x0
I/InputDispatcher( 2374): Delivering touch to current input target: action: 0x0
I/InputReader( 2374): Touch event's action is 0x1 (deviceType=0) [pCnt=1, s=]
I/InputDispatcher( 2374): Delivering touch to current input target: action: 0x1
I/InputDispatcher( 2374): Delivering touch to current input target: action: 0x1
I/InputDispatcher( 2374): Delivering touch to current input target: action: 0x1
D/KeyguardViewMediator( 2374): setHidden false
D/Launcher.HomeFragment( 3156): onPause
D/Launcher( 3156): onPause, Launcher: 1104468464
I/power ( 2374): *** acquire_dvfs_lock : lockType : 1 freq : 1000000
D/KeyguardViewMediator( 2374): setHidden false
V/SDL (19592): onResume()
D/KeyguardViewMediator( 2374): setHidden false
D/Launcher( 3156): onTrimMemory. Level: 20
I/SurfaceFlinger( 1959): id=4499(9) createSurf 0x40d953fc (720x1280),4 flag=400, TurfaceView
I/SurfaceFlinger( 1959): SurfaceFlinger : eMagnificationFactorChanged. magnificationFactor=1.0
I/SurfaceFlinger( 1959): SurfaceFlinger : eZoomPositionChanged. zoomX=0.0 zoomY=0.0
D/KeyguardViewMediator( 2374): setHidden false
V/SDL (19592): surfaceCreated()
V/SDL (19592): surfaceChanged()
V/SDL (19592): pixel format RGB_565
V/SDL (19592): Window size:720x1280
I/SurfaceFlinger( 1959): id=4494 Removed TurfaceView idx=-2 MapSz=5
I/SurfaceFlinger( 1959): id=4500(10) createSurf 0x410aef34 (720x1280),1 flag=0, girstActivi
I/SurfaceFlinger( 1959): SurfaceFlinger : eMagnificationFactorChanged. magnificationFactor=1.0
I/SurfaceFlinger( 1959): SurfaceFlinger : eZoomPositionChanged. zoomX=0.0 zoomY=0.0
D/KeyguardViewMediator( 2374): setHidden false
D/KeyguardViewMediator( 2374): setHidden false
D/KeyguardViewMediator( 2374): setHidden false
D/KeyguardViewMediator( 2374): setHidden false
D/KeyguardViewMediator( 2374): setHidden false
D/KeyguardViewMediator( 2374): setHidden false
I/SurfaceFlinger( 1959): id=4501(1016) createSurf 0x40ddbbc4 (328x290),1 flag=4, uhumbnail a
D/KeyguardViewMediator( 2374): setHidden false
D/KeyguardViewMediator( 2374): setHidden false
D/KeyguardViewMediator( 2374): setHidden false
D/KeyguardViewMediator( 2374): setHidden false
D/KeyguardViewMediator( 2374): setHidden false
D/Launcher.HomeFragment( 3156): onStop
D/Launcher( 3156): onStop, Launcher: 1104468464
D/WindowManager( 2374): PhoneWindowManager: focusChangedLw
D/KeyguardViewMediator( 2374): setHidden false
V/SDL (19592): onWindowFocusChanged(): true
V/SDL (19592): nativeResume()
D/SensorService( 2374): info.rates.add, set DEFAULT_EVENTS_PERIOD
D/SensorService( 2374): SensorDevice::activating sensor handle=0 ns=200000000
D/iNemoSensor( 2374): setDelay(): handle(0), en(200000000)
I/iNemoSensor( 2374): skip update_delay wanted_accel = 200000000 current delay = 200000000
I/SensorService( 2374): info.selectDelay() ns=20000000
D/iNemoSensor( 2374): setDelay(): handle(0), en(20000000)
I/iNemoSensor( 2374): update_delay wanted_accel = 20000000
D/SensorService( 2374): SensorDevice::setDelay, Return(true 1, false 0) = 1
V/PhoneStatusBar( 2913): setLightsOn(true)
D/SensorManager(19592): registerListener :: handle = 0 name= LSM330DLC 3-axis Accelerometer delay= 20000 Listener= org.libsdl.app.SDLSurface@41d5fcb0
I/ClipboardServiceEx( 2374): Send intent for dismiss clipboard dialog inside hideCurrentInputLocked() !
D/KeyguardViewMediator( 2374): setHidden false
I/SurfaceFlinger( 1959): id=4497 Removed Mauncher idx=2 MapSz=6
I/SurfaceFlinger( 1959): id=4497 Removed Mauncher idx=-2 MapSz=6
D/AkmSensor( 2374): MeasureSNGLoop: interval.interval = 20000000, doze_max = 19600, prms->enabled = 2
D/KeyguardViewMediator( 2374): setHidden false
I/SurfaceFlinger( 1959): id=4498 Removed SecentsPane idx=7 MapSz=5
I/SurfaceFlinger( 1959): id=4498 Removed SecentsPane idx=-2 MapSz=5
D/KeyguardViewMediator( 2374): setHidden false
I/SurfaceFlinger( 1959): id=4501 Removed uhumbnail a idx=4 MapSz=4
I/SurfaceFlinger( 1959): id=4501 Removed uhumbnail a idx=-2 MapSz=4
I/power ( 2374): *** release_dvfs_lock : lockType : 1
D/KeyguardViewMediator( 2374): setHidden false
D/KeyguardViewMediator( 2374): setHidden false
D/lights ( 2374): button : 2 +
D/lights ( 2374): button : 2 -
D/InputReader( 2374): Input event: value=1
D/RestrictionPolicy( 2374): isHomeKeyEnabled :true
W/SignalStrength( 2374): getGsmLevel=1
W/SignalStrength( 2374): getLevel=1 (SignalStrength: 5 0 -120 -160 -120 -1 -1 99 2147483647 2147483647 2147483647 2147483647 gsm|lte 0x1)
W/SignalStrength( 2913): getGsmLevel=1
W/SignalStrength( 2913): getLevel=1 (SignalStrength: 5 0 -120 -160 -120 -1 -1 99 2147483647 2147483647 2147483647 2147483647 gsm|lte 0x1)
W/SignalStrength( 2913): getGsmLevel=1
W/SignalStrength( 2913): getLevel=1 (SignalStrength: 5 0 -120 -160 -120 -1 -1 99 2147483647 2147483647 2147483647 2147483647 gsm|lte 0x1)
W/SignalStrength( 2374): getDbm 1
W/SignalStrength( 2374): getGsmDbm=-103
W/SignalStrength( 2374): getDbm=-103
W/SignalStrength( 2374): getAsuLevel 1
W/SignalStrength( 2374): getGsmAsuLevel=5
W/SignalStrength( 2374): getAsuLevel=5
D/RestrictionPolicy( 2374): isHomeKeyEnabled :true
D/KeyguardViewMediator( 2374): setHidden false
D/InputReader( 2374): Input event: value=0
D/RestrictionPolicy( 2374): isHomeKeyEnabled :true
D/dalvikvm( 2374): GC_CONCURRENT freed 1971K, 47% free 31838K/59655K, paused 4ms+10ms, total 96ms
D/KeyguardViewMediator( 2374): setHidden false
V/SDL (19592): onPause()
V/SDL (19592): nativePause()
D/WindowManager( 2374): PhoneWindowManager: focusChangedLw
D/SensorManager(19592): unregisterListener:: Listener= org.libsdl.app.SDLSurface@41d5fcb0
D/Sensors (19592): Remain listener = Sending .. normal delay 200ms
I/Sensors (19592): sendDelay --- 200000000
I/SensorService( 2374): info.selectDelay() ns=200000000
D/iNemoSensor( 2374): setDelay(): handle(0), en(200000000)
I/iNemoSensor( 2374): update_delay wanted_accel = 200000000
D/SensorService( 2374): SensorDevice::setDelay, Return(true 1, false 0) = 1
D/SensorManager(19592): JNI - sendDelay
I/SensorManager(19592): Set normal delay = true
D/SensorService( 2374): SensorDevice::activating sensor handle=0 ns=200000000
D/iNemoSensor( 2374): setDelay(): handle(0), en(200000000)
I/iNemoSensor( 2374): skip update_delay wanted_accel = 200000000 current delay = 200000000
D/KeyguardViewMediator( 2374): setHidden false
V/SDL (19592): onWindowFocusChanged(): false
D/AkmSensor( 2374): MeasureSNGLoop: interval.interval = 200000000, doze_max = 196000, prms->enabled = 2
D/KeyguardViewMediator( 2374): setHidden false
I/Launcher.StuckInEdit( 3156): exitWidgetResizeMode State NORMAL
D/Launcher( 3156): onRestart, Launcher: 1104468464
D/Launcher( 3156): onStart, Launcher: 1104468464
D/Launcher.HomeFragment( 3156): onStart
D/Launcher( 3156): onResume, Launcher: 1104468464
I/FlashBarService( 2991): mPkgManagerReceiver : onReceive
E/Launcher( 3156): Error finding setting, default accessibility to not found: accessibility_enabled
D/Launcher.HomeFragment( 3156): onResume
D/MenuAppsGridFragment( 3156): onResume
I/SurfaceFlinger( 1959): id=4502(150) createSurf 0x40ddbbc4 (720x1280),1 flag=0, Mauncher
I/SurfaceFlinger( 1959): SurfaceFlinger : eMagnificationFactorChanged. magnificationFactor=1.0
I/SurfaceFlinger( 1959): SurfaceFlinger : eZoomPositionChanged. zoomX=0.0 zoomY=0.0
D/WindowManager( 2374): PhoneWindowManager: focusChangedLw
D/KeyguardViewMediator( 2374): setHidden false
I/ClipboardServiceEx( 2374): Send intent for dismiss clipboard dialog inside hideCurrentInputLocked() !
D/KeyguardViewMediator( 2374): setHidden false
D/KeyguardViewMediator( 2374): setHidden false
D/KeyguardViewMediator( 2374): setHidden false
D/KeyguardViewMediator( 2374): setHidden false
D/KeyguardViewMediator( 2374): setHidden false
V/SDL (19592): surfaceDestroyed()
W/SurfaceView(19592): CHECK surface infomation creating=false formatChanged=false sizeChanged=false visible=false visibleChanged=true surfaceChanged=true realSizeChanged=false redrawNeeded=false left=false top=false
D/KeyguardViewMediator( 2374): setHidden false
D/KeyguardViewMediator( 2374): setHidden false
D/KeyguardViewMediator( 2374): setHidden false
I/SurfaceFlinger( 1959): id=4500 Removed girstActivi idx=5 MapSz=4
I/SurfaceFlinger( 1959): id=4500 Removed girstActivi idx=-2 MapSz=4
I/SurfaceFlinger( 1959): id=4499 Removed TurfaceView idx=4 MapSz=3
D/KeyguardViewMediator( 2374): setHidden false
D/KeyguardViewMediator( 2374): setHidden false
D/InputReader( 2374): Input event: value=1
D/RestrictionPolicy( 2374): isHomeKeyEnabled :true
W/SignalStrength( 2374): getGsmLevel=2
W/SignalStrength( 2374): getLevel=2 (SignalStrength: 5 0 -120 -160 -120 -1 -1 99 2147483647 2147483647 2147483647 2147483647 gsm|lte 0x2)
W/SignalStrength( 2913): getGsmLevel=2
W/SignalStrength( 2913): getLevel=2 (SignalStrength: 5 0 -120 -160 -120 -1 -1 99 2147483647 2147483647 2147483647 2147483647 gsm|lte 0x2)
W/SignalStrength( 2913): getGsmLevel=2
W/SignalStrength( 2913): getLevel=2 (SignalStrength: 5 0 -120 -160 -120 -1 -1 99 2147483647 2147483647 2147483647 2147483647 gsm|lte 0x2)
W/SignalStrength( 2374): getDbm 1
W/SignalStrength( 2374): getGsmDbm=-103
W/SignalStrength( 2374): getDbm=-103
W/SignalStrength( 2374): getAsuLevel 1
W/SignalStrength( 2374): getGsmAsuLevel=5
W/SignalStrength( 2374): getAsuLevel=5
D/RestrictionPolicy( 2374): isHomeKeyEnabled :true
D/dalvikvm( 2913): GC_CONCURRENT freed 7190K, 34% free 23638K/35783K, paused 12ms+15ms, total 45ms
D/dalvikvm( 2913): WAIT_FOR_CONCURRENT_GC blocked 27ms
D/dalvikvm( 2913): GC_FOR_ALLOC freed 469K, 30% free 25069K/35783K, paused 16ms, total 16ms
D/dalvikvm( 2913): GC_FOR_ALLOC freed 138K, 26% free 26738K/35783K, paused 15ms, total 15ms
D/dalvikvm( 2913): GC_FOR_ALLOC freed 63K, 21% free 28435K/35783K, paused 25ms, total 25ms
D/RestrictionPolicy( 2374): isHomeKeyEnabled :true
D/WindowManager( 2374): Home long press behavior, keyguardOn = false
D/RestrictionPolicy( 2374): isHomeKeyEnabled :true
D/RestrictionPolicy( 2374): isHomeKeyEnabled :true
D/RestrictionPolicy( 2374): isHomeKeyEnabled :true
W/WindowManager( 2374): interceptKeyBeforeDispatching with IVoIPInterface
I/SurfaceFlinger( 1959): id=4503(16) createSurf 0x40ddbf94 (720x1280),1 flag=0, SecentsPane
I/SurfaceFlinger( 1959): SurfaceFlinger : eMagnificationFactorChanged. magnificationFactor=1.0
I/SurfaceFlinger( 1959): SurfaceFlinger : eZoomPositionChanged. zoomX=0.0 zoomY=0.0
D/WindowManager( 2374): PhoneWindowManager: focusChangedLw
D/KeyguardViewMediator( 2374): setHidden false
D/RestrictionPolicy( 2374): isHomeKeyEnabled :true
D/KeyguardViewMediator( 2374): setHidden false
D/RestrictionPolicy( 2374): isHomeKeyEnabled :true
D/RestrictionPolicy( 2374): isHomeKeyEnabled :true
D/RestrictionPolicy( 2374): isHomeKeyEnabled :true
D/KeyguardViewMediator( 2374): setHidden false
D/KeyguardViewMediator( 2374): setHidden false
D/RestrictionPolicy( 2374): isHomeKeyEnabled :true
D/RestrictionPolicy( 2374): isHomeKeyEnabled :true
D/RestrictionPolicy( 2374): isHomeKeyEnabled :true
D/RestrictionPolicy( 2374): isHomeKeyEnabled :true
D/InputReader( 2374): Input event: value=0
D/RestrictionPolicy( 2374): isHomeKeyEnabled :true
W/SignalStrength( 2374): getGsmLevel=2
W/SignalStrength( 2913): getGsmLevel=2
W/SignalStrength( 2913): getLevel=2 (SignalStrength: 6 0 -120 -160 -120 -1 -1 99 2147483647 2147483647 2147483647 2147483647 gsm|lte 0x2)
W/SignalStrength( 2913): getGsmLevel=2
W/SignalStrength( 2913): getLevel=2 (SignalStrength: 6 0 -120 -160 -120 -1 -1 99 2147483647 2147483647 2147483647 2147483647 gsm|lte 0x2)
W/SignalStrength( 2374): getLevel=2 (SignalStrength: 6 0 -120 -160 -120 -1 -1 99 2147483647 2147483647 2147483647 2147483647 gsm|lte 0x2)
W/SignalStrength( 2374): getDbm 1
W/SignalStrength( 2374): getGsmDbm=-101
W/SignalStrength( 2374): getDbm=-101
W/SignalStrength( 2374): getAsuLevel 1
W/SignalStrength( 2374): getGsmAsuLevel=6
W/SignalStrength( 2374): getAsuLevel=6
I/InputReader( 2374): Touch event's action is 0x0 (deviceType=0) [pCnt=1, s=0.12874 ]
I/InputDispatcher( 2374): Delivering touch to current input target: action: 0x0
I/InputDispatcher( 2374): Delivering touch to current input target: action: 0x0
I/InputDispatcher( 2374): Delivering touch to current input target: action: 0x0
I/InputReader( 2374): Touch event's action is 0x1 (deviceType=0) [pCnt=1, s=]
I/InputDispatcher( 2374): Delivering touch to current input target: action: 0x1
I/InputDispatcher( 2374): Delivering touch to current input target: action: 0x1
I/InputDispatcher( 2374): Delivering touch to current input target: action: 0x1
I/power ( 2374): *** acquire_dvfs_lock : lockType : 1 freq : 1000000
D/Launcher.HomeFragment( 3156): onPause
D/Launcher( 3156): onPause, Launcher: 1104468464
D/KeyguardViewMediator( 2374): setHidden false
I/SurfaceFlinger( 1959): id=4504(410) createSurf 0x40f5f4d4 (1x1),2 flag=400, dontrolpane
I/SurfaceFlinger( 1959): SurfaceFlinger : eMagnificationFactorChanged. magnificationFactor=1.0
I/SurfaceFlinger( 1959): SurfaceFlinger : eZoomPositionChanged. zoomX=0.0 zoomY=0.0
D/KeyguardViewMediator( 2374): setHidden false
D/Launcher( 3156): onTrimMemory. Level: 20
D/KeyguardViewMediator( 2374): setHidden false
D/KeyguardViewMediator( 2374): setHidden false
D/KeyguardViewMediator( 2374): setHidden false
D/KeyguardViewMediator( 2374): setHidden false
D/dalvikvm(11235): GC_CONCURRENT freed 106K, 7% free 12553K/13383K, paused 13ms+12ms, total 51ms
D/WindowManager( 2374): PhoneWindowManager: focusChangedLw
D/KeyguardViewMediator( 2374): setHidden false
D/KeyguardViewMediator( 2374): setHidden false
D/AbsListView(11235): Get MotionRecognitionManager
D/AbsListView(11235): Get MotionRecognitionManager
D/dalvikvm(11235): GC_CONCURRENT freed 165K, 7% free 12809K/13703K, paused 2ms+12ms, total 24ms
D/KeyguardViewMediator( 2374): setHidden false
I/SurfaceFlinger( 1959): id=4503 Removed SecentsPane idx=6 MapSz=4
I/SurfaceFlinger( 1959): id=4503 Removed SecentsPane idx=-2 MapSz=4
D/dalvikvm(11235): GC_CONCURRENT freed 83K, 6% free 13150K/13959K, paused 1ms+2ms, total 19ms
I/SurfaceFlinger( 1959): id=4505(1) createSurf 0x428f795c (1x1),2 flag=400, KobManagerA
I/SurfaceFlinger( 1959): SurfaceFlinger : eMagnificationFactorChanged. magnificationFactor=1.0
I/SurfaceFlinger( 1959): SurfaceFlinger : eZoomPositionChanged. zoomX=0.0 zoomY=0.0
D/WindowManager( 2374): PhoneWindowManager: focusChangedLw
D/KeyguardViewMediator( 2374): setHidden false
D/KeyguardViewMediator( 2374): setHidden false
I/SurfaceFlinger( 1959): id=4502 Removed Mauncher idx=2 MapSz=4
I/SurfaceFlinger( 1959): id=4502 Removed Mauncher idx=-2 MapSz=4
D/KeyguardViewMediator( 2374): setHidden false
D/KeyguardViewMediator( 2374): setHidden false
I/ClipboardServiceEx( 2374): Send intent for dismiss clipboard dialog inside hideCurrentInputLocked() !
I/power ( 2374): *** release_dvfs_lock : lockType : 1
D/KeyguardViewMediator( 2374): setHidden false
D/KeyguardViewMediator( 2374): setHidden false
D/Launcher.HomeFragment( 3156): onStop
D/Launcher( 3156): onStop, Launcher: 1104468464
D/KeyguardViewMediator( 2374): setHidden false
I/SurfaceFlinger( 1959): id=4504 Removed dontrolpane idx=4 MapSz=3
I/SurfaceFlinger( 1959): id=4504 Removed dontrolpane idx=-2 MapSz=3
D/KeyguardViewMediator( 2374): setHidden false
D/KeyguardViewMediator( 2374): setHidden false
D/InputReader( 2374): Input event: value=1
D/lights ( 2374): button : 1 +
D/lights ( 2374): button : 1 -
I/InputDispatcher( 2374): Delivering key to current input target: action: 0x0
I/InputDispatcher( 2374): Delivering key to current input target: action: 0x0
I/InputDispatcher( 2374): Delivering key to current input target: action: 0x0
I/InputReader( 2374): Touch event's action is 0x0 (deviceType=0) [pCnt=1, s=0.12875 ]
I/InputDispatcher( 2374): Delivering touch to current input target: action: 0x0
I/InputDispatcher( 2374): Delivering touch to current input target: action: 0x0
I/InputDispatcher( 2374): Delivering touch to current input target: action: 0x0
D/InputReader( 2374): Input event: value=0
I/InputDispatcher( 2374): Delivering key to current input target: action: 0x1
I/InputDispatcher( 2374): Delivering key to current input target: action: 0x1
I/InputDispatcher( 2374): Delivering key to current input target: action: 0x1
I/ClipboardServiceEx( 2374): mCBPickerDialog enter case. MSG_DISMISS_DIALOG
D/WindowManager( 2374): PhoneWindowManager: focusChangedLw
D/KeyguardViewMediator( 2374): setHidden false
I/InputReader( 2374): Touch event's action is 0x1 (deviceType=0) [pCnt=1, s=]
D/Launcher( 3156): onRestart, Launcher: 1104468464
D/Launcher( 3156): onStart, Launcher: 1104468464
D/Launcher.HomeFragment( 3156): onStart
D/Launcher( 3156): onResume, Launcher: 1104468464
D/KeyguardViewMediator( 2374): setHidden false
I/FlashBarService( 2991): mPkgManagerReceiver : onReceive
D/dalvikvm( 3156): WAIT_FOR_CONCURRENT_GC blocked 0ms
D/dalvikvm( 3156): GC_EXPLICIT freed 1243K, 36% free 24346K/37831K, paused 2ms+5ms, total 28ms
E/Launcher( 3156): Error finding setting, default accessibility to not found: accessibility_enabled
D/Launcher.HomeFragment( 3156): onResume
D/MenuAppsGridFragment( 3156): onResume
I/SurfaceFlinger( 1959): id=4506(151) createSurf 0x40f5c15c (720x1280),1 flag=0, Mauncher
I/SurfaceFlinger( 1959): SurfaceFlinger : eMagnificationFactorChanged. magnificationFactor=1.0
I/SurfaceFlinger( 1959): SurfaceFlinger : eZoomPositionChanged. zoomX=0.0 zoomY=0.0
D/WindowManager( 2374): PhoneWindowManager: focusChangedLw
D/KeyguardViewMediator( 2374): setHidden false
I/InputDispatcher( 2374): Delivering touch to current input target: action: 0x1
I/InputDispatcher( 2374): Delivering touch to current input target: action: 0x1
I/InputDispatcher( 2374): Delivering touch to current input target: action: 0x1
I/ClipboardServiceEx( 2374): Send intent for dismiss clipboard dialog inside hideCurrentInputLocked() !
D/KeyguardViewMediator( 2374): setHidden false
D/KeyguardViewMediator( 2374): setHidden false
D/KeyguardViewMediator( 2374): setHidden false
D/KeyguardViewMediator( 2374): setHidden false
D/KeyguardViewMediator( 2374): setHidden false
I/SurfaceFlinger( 1959): id=4505 Removed KobManagerA idx=4 MapSz=3
I/SurfaceFlinger( 1959): id=4505 Removed KobManagerA idx=-2 MapSz=3
D/KeyguardViewMediator( 2374): setHidden false
D/KeyguardViewMediator( 2374): setHidden false
D/KeyguardViewMediator( 2374): setHidden false
D/lights ( 2374): button : 2 +
D/lights ( 2374): button : 2 -
D/InputReader( 2374): Input event: value=1
D/RestrictionPolicy( 2374): isHomeKeyEnabled :true
D/RestrictionPolicy( 2374): isHomeKeyEnabled :true
D/KeyguardViewMediator( 2374): setHidden false
D/dalvikvm( 2913): GC_FOR_ALLOC freed 6288K, 33% free 23997K/35783K, paused 16ms, total 16ms
D/dalvikvm( 2913): GC_FOR_ALLOC freed 235K, 29% free 25503K/35783K, paused 15ms, total 15ms
D/dalvikvm( 2913): GC_CONCURRENT freed 21K, 24% free 27510K/35783K, paused 12ms+2ms, total 29ms
D/dalvikvm( 2913): WAIT_FOR_CONCURRENT_GC blocked 8ms
W/SignalStrength( 2374): getGsmLevel=2
W/SignalStrength( 2374): getLevel=2 (SignalStrength: 7 0 -120 -160 -120 -1 -1 99 2147483647 2147483647 2147483647 2147483647 gsm|lte 0x2)
W/SignalStrength( 2913): getGsmLevel=2
W/SignalStrength( 2913): getLevel=2 (SignalStrength: 7 0 -120 -160 -120 -1 -1 99 2147483647 2147483647 2147483647 2147483647 gsm|lte 0x2)
W/SignalStrength( 2913): getGsmLevel=2
W/SignalStrength( 2913): getLevel=2 (SignalStrength: 7 0 -120 -160 -120 -1 -1 99 2147483647 2147483647 2147483647 2147483647 gsm|lte 0x2)
W/SignalStrength( 2374): getDbm 1
W/SignalStrength( 2374): getGsmDbm=-99
W/SignalStrength( 2374): getDbm=-99
W/SignalStrength( 2374): getAsuLevel 1
W/SignalStrength( 2374): getGsmAsuLevel=7
W/SignalStrength( 2374): getAsuLevel=7
D/RestrictionPolicy( 2374): isHomeKeyEnabled :true
D/WindowManager( 2374): Home long press behavior, keyguardOn = false
D/RestrictionPolicy( 2374): isHomeKeyEnabled :true
D/RestrictionPolicy( 2374): isHomeKeyEnabled :true
D/RestrictionPolicy( 2374): isHomeKeyEnabled :true
W/WindowManager( 2374): interceptKeyBeforeDispatching with IVoIPInterface
I/SurfaceFlinger( 1959): id=4507(17) createSurf 0x40f5fbf4 (720x1280),1 flag=0, SecentsPane
I/SurfaceFlinger( 1959): SurfaceFlinger : eMagnificationFactorChanged. magnificationFactor=1.0
I/SurfaceFlinger( 1959): SurfaceFlinger : eZoomPositionChanged. zoomX=0.0 zoomY=0.0
D/WindowManager( 2374): PhoneWindowManager: focusChangedLw
D/KeyguardViewMediator( 2374): setHidden false
D/RestrictionPolicy( 2374): isHomeKeyEnabled :true
D/KeyguardViewMediator( 2374): setHidden false
D/RestrictionPolicy( 2374): isHomeKeyEnabled :true
D/RestrictionPolicy( 2374): isHomeKeyEnabled :true
D/RestrictionPolicy( 2374): isHomeKeyEnabled :true
D/KeyguardViewMediator( 2374): setHidden false
D/KeyguardViewMediator( 2374): setHidden false
D/RestrictionPolicy( 2374): isHomeKeyEnabled :true
D/RestrictionPolicy( 2374): isHomeKeyEnabled :true
D/RestrictionPolicy( 2374): isHomeKeyEnabled :true
D/InputReader( 2374): Input event: value=0
D/RestrictionPolicy( 2374): isHomeKeyEnabled :true
I/InputReader( 2374): Touch event's action is 0x0 (deviceType=0) [pCnt=1, s=0.12876 ]
I/InputDispatcher( 2374): Delivering touch to current input target: action: 0x0
I/InputDispatcher( 2374): Delivering touch to current input target: action: 0x0
I/InputDispatcher( 2374): Delivering touch to current input target: action: 0x0
I/InputReader( 2374): Touch event's action is 0x1 (deviceType=0) [pCnt=1, s=]
I/InputDispatcher( 2374): Delivering touch to current input target: action: 0x1
I/InputDispatcher( 2374): Delivering touch to current input target: action: 0x1
I/InputDispatcher( 2374): Delivering touch to current input target: action: 0x1
I/power ( 2374): *** acquire_dvfs_lock : lockType : 1 freq : 1000000
D/Launcher.HomeFragment( 3156): onPause
D/Launcher( 3156): onPause, Launcher: 1104468464
I/SurfaceFlinger( 1959): id=4508(411) createSurf 0x40e2acdc (1x1),2 flag=400, dontrolpane
I/SurfaceFlinger( 1959): SurfaceFlinger : eMagnificationFactorChanged. magnificationFactor=1.0
I/SurfaceFlinger( 1959): SurfaceFlinger : eZoomPositionChanged. zoomX=0.0 zoomY=0.0
D/KeyguardViewMediator( 2374): setHidden false
D/KeyguardViewMediator( 2374): setHidden false
D/Launcher( 3156): onTrimMemory. Level: 20
D/KeyguardViewMediator( 2374): setHidden false
D/dalvikvm( 2374): GC_CONCURRENT freed 1260K, 46% free 32625K/59655K, paused 3ms+9ms, total 111ms
D/dalvikvm( 2374): WAIT_FOR_CONCURRENT_GC blocked 43ms
D/dalvikvm( 2374): WAIT_FOR_CONCURRENT_GC blocked 35ms
D/dalvikvm( 2374): WAIT_FOR_CONCURRENT_GC blocked 46ms
D/dalvikvm( 2374): WAIT_FOR_CONCURRENT_GC blocked 47ms
D/AbsListView(11235): Get MotionRecognitionManager
D/KeyguardViewMediator( 2374): setHidden false
D/KeyguardViewMediator( 2374): setHidden false
D/KeyguardViewMediator( 2374): setHidden false
D/AbsListView(11235): Get MotionRecognitionManager
D/WindowManager( 2374): PhoneWindowManager: focusChangedLw
D/KeyguardViewMediator( 2374): setHidden false
D/KeyguardViewMediator( 2374): setHidden false
D/dalvikvm(11235): GC_CONCURRENT freed 289K, 7% free 13340K/14343K, paused 11ms+3ms, total 25ms
D/AbsListView(11235): [unregisterDoubleTapMotionListener]
I/MotionRecognitionManager(11235): .unregisterListener : / listener count = 0->0, listener=android.widget.AbsListView$4@41d7c268
D/AbsListView(11235): [unregisterDoubleTapMotionListener]
I/MotionRecognitionManager(11235): .unregisterListener : / listener count = 0->0, listener=android.widget.AbsListView$4@41de9aa0
D/KeyguardViewMediator( 2374): setHidden false
I/SurfaceFlinger( 1959): id=4507 Removed SecentsPane idx=6 MapSz=4
I/SurfaceFlinger( 1959): id=4507 Removed SecentsPane idx=-2 MapSz=4
D/dalvikvm(11235): GC_CONCURRENT freed 613K, 10% free 13223K/14599K, paused 11ms+1ms, total 24ms
D/dalvikvm(11235): WAIT_FOR_CONCURRENT_GC blocked 8ms
D/dalvikvm(11235): GC_FOR_ALLOC freed 372K, 10% free 13209K/14599K, paused 11ms, total 11ms
D/dalvikvm(11235): GC_FOR_ALLOC freed 372K, 10% free 13212K/14599K, paused 10ms, total 10ms
D/KeyguardViewMediator( 2374): setHidden false
I/SurfaceFlinger( 1959): id=4506 Removed Mauncher idx=2 MapSz=3
I/SurfaceFlinger( 1959): id=4506 Removed Mauncher idx=-2 MapSz=3
D/KeyguardViewMediator( 2374): setHidden false
D/dalvikvm(11235): GC_FOR_ALLOC freed 369K, 10% free 13214K/14599K, paused 13ms, total 13ms
D/dalvikvm(11235): GC_FOR_ALLOC freed 376K, 10% free 13217K/14599K, paused 10ms, total 10ms
D/dalvikvm(11235): GC_FOR_ALLOC freed 372K, 10% free 13219K/14599K, paused 10ms, total 10ms
D/dalvikvm(11235): GC_FOR_ALLOC freed 368K, 10% free 13222K/14599K, paused 10ms, total 10ms
D/dalvikvm(11235): GC_FOR_ALLOC freed 374K, 10% free 13224K/14599K, paused 10ms, total 10ms
D/dalvikvm(11235): GC_CONCURRENT freed 344K, 9% free 13384K/14599K, paused 11ms+11ms, total 35ms
I/Choreographer(11235): Skipped 34 frames! The application may be doing too much work on its main thread.
I/SurfaceFlinger( 1959): id=4509(2) createSurf 0x40ddbbc4 (720x1280),2 flag=400, KobManagerA
I/SurfaceFlinger( 1959): SurfaceFlinger : eMagnificationFactorChanged. magnificationFactor=1.0
I/SurfaceFlinger( 1959): SurfaceFlinger : eZoomPositionChanged. zoomX=0.0 zoomY=0.0
D/WindowManager( 2374): PhoneWindowManager: focusChangedLw
D/KeyguardViewMediator( 2374): setHidden false
D/dalvikvm(11235): GC_CONCURRENT freed 254K, 8% free 13539K/14599K, paused 1ms+1ms, total 13ms
D/dalvikvm(11235): WAIT_FOR_CONCURRENT_GC blocked 12ms
D/dalvikvm(11235): GC_FOR_ALLOC freed 419K, 9% free 13517K/14791K, paused 11ms, total 11ms
I/power ( 2374): *** release_dvfs_lock : lockType : 1
D/dalvikvm(11235): GC_CONCURRENT freed 400K, 9% free 13542K/14791K, paused 1ms+1ms, total 13ms
D/dalvikvm(11235): WAIT_FOR_CONCURRENT_GC blocked 9ms
D/dalvikvm(11235): GC_CONCURRENT freed 399K, 9% free 13541K/14791K, paused 2ms+2ms, total 13ms
D/dalvikvm(11235): WAIT_FOR_CONCURRENT_GC blocked 10ms
D/dalvikvm(11235): GC_CONCURRENT freed 403K, 9% free 13542K/14791K, paused 1ms+1ms, total 12ms
D/dalvikvm(11235): WAIT_FOR_CONCURRENT_GC blocked 9ms
D/dalvikvm(11235): GC_CONCURRENT freed 397K, 9% free 13542K/14791K, paused 2ms+1ms, total 13ms
D/dalvikvm(11235): WAIT_FOR_CONCURRENT_GC blocked 10ms
D/dalvikvm(11235): GC_CONCURRENT freed 397K, 9% free 13542K/14791K, paused 1ms+1ms, total 12ms
D/dalvikvm(11235): WAIT_FOR_CONCURRENT_GC blocked 10ms
I/ClipboardServiceEx( 2374): Send intent for dismiss clipboard dialog inside hideCurrentInputLocked() !
D/KeyguardViewMediator( 2374): setHidden false
D/KeyguardViewMediator( 2374): setHidden false
D/KeyguardViewMediator( 2374): setHidden false
D/Launcher.HomeFragment( 3156): onStop
D/Launcher( 3156): onStop, Launcher: 1104468464
D/KeyguardViewMediator( 2374): setHidden false
I/SurfaceFlinger( 1959): id=4508 Removed dontrolpane idx=4 MapSz=3
I/SurfaceFlinger( 1959): id=4508 Removed dontrolpane idx=-2 MapSz=3
D/KeyguardViewMediator( 2374): setHidden false
D/KeyguardViewMediator( 2374): setHidden false
D/dalvikvm(11235): GC_CONCURRENT freed 502K, 9% free 13536K/14791K, paused 11ms+2ms, total 25ms
D/dalvikvm(11235): WAIT_FOR_CONCURRENT_GC blocked 8ms
D/dalvikvm(11235): GC_FOR_ALLOC freed 364K, 9% free 13516K/14791K, paused 10ms, total 11ms
D/dalvikvm(11235): GC_FOR_ALLOC freed 371K, 9% free 13517K/14791K, paused 11ms, total 11ms
D/dalvikvm(11235): GC_FOR_ALLOC freed 371K, 9% free 13517K/14791K, paused 11ms, total 11ms
D/dalvikvm(11235): GC_FOR_ALLOC freed 371K, 9% free 13517K/14791K, paused 11ms, total 11ms
D/dalvikvm(11235): GC_FOR_ALLOC freed 371K, 9% free 13517K/14791K, paused 11ms, total 11ms
D/dalvikvm(11235): GC_FOR_ALLOC freed 370K, 9% free 13517K/14791K, paused 11ms, total 11ms
D/dalvikvm(11235): GC_CONCURRENT freed 453K, 9% free 13516K/14791K, paused 11ms+12ms, total 36ms
I/InputReader( 2374): Touch event's action is 0x0 (deviceType=0) [pCnt=1, s=0.12877 ]
I/InputDispatcher( 2374): Delivering touch to current input target: action: 0x0
I/InputDispatcher( 2374): Delivering touch to current input target: action: 0x0
I/InputDispatcher( 2374): Delivering touch to current input target: action: 0x0
I/InputReader( 2374): Touch event's action is 0x1 (deviceType=0) [pCnt=1, s=]
I/InputDispatcher( 2374): Delivering touch to current input target: action: 0x1
I/InputDispatcher( 2374): Delivering touch to current input target: action: 0x1
I/InputDispatcher( 2374): Delivering touch to current input target: action: 0x1
D/WindowManager( 2374): PhoneWindowManager: focusChangedLw
I/SurfaceFlinger( 1959): id=4510(3) createSurf 0x40e2acdc (1x1),1 flag=0, SunningApps
I/SurfaceFlinger( 1959): SurfaceFlinger : eMagnificationFactorChanged. magnificationFactor=1.0
I/SurfaceFlinger( 1959): SurfaceFlinger : eZoomPositionChanged. zoomX=0.0 zoomY=0.0
D/KeyguardViewMediator( 2374): setHidden false
D/libEGL (11235): loaded /system/lib/egl/libEGL_mali.so
D/libEGL (11235): loaded /system/lib/egl/libGLESv1_CM_mali.so
D/libEGL (11235): loaded /system/lib/egl/libGLESv2_mali.so
D/ (11235): Device driver API match
D/ (11235): Device driver API version: 10
D/ (11235): User space API version: 10
D/ (11235): mali: REVISION=Linux-r2p4-02rel0 BUILD_DATE=Tue Oct 16 15:37:13 KST 2012
D/OpenGLRenderer(11235): Enabling debug mode 0
D/KeyguardViewMediator( 2374): setHidden false
D/KeyguardViewMediator( 2374): setHidden false
D/KeyguardViewMediator( 2374): setHidden false
D/KeyguardViewMediator( 2374): setHidden false
I/InputReader( 2374): Touch event's action is 0x0 (deviceType=0) [pCnt=1, s=0.12878 ]
I/InputDispatcher( 2374): Delivering touch to current input target: action: 0x0
I/InputDispatcher( 2374): Delivering touch to current input target: action: 0x0
I/InputDispatcher( 2374): Delivering touch to current input target: action: 0x0
I/InputReader( 2374): Touch event's action is 0x1 (deviceType=0) [pCnt=1, s=]
I/InputDispatcher( 2374): Delivering touch to current input target: action: 0x1
I/InputDispatcher( 2374): Delivering touch to current input target: action: 0x1
I/InputDispatcher( 2374): Delivering touch to current input target: action: 0x1
D/WindowManager( 2374): PhoneWindowManager: focusChangedLw
D/KeyguardViewMediator( 2374): setHidden false
D/KeyguardViewMediator( 2374): setHidden false
I/SurfaceFlinger( 1959): id=4510 Removed SunningApps idx=4 MapSz=3
I/SurfaceFlinger( 1959): id=4510 Removed SunningApps idx=-2 MapSz=3
D/KeyguardViewMediator( 2374): setHidden false
D/KeyguardViewMediator( 2374): setHidden false
W/InputDispatcher( 2374): channel ~ Consumer closed input channel or an error occurred. events=0x9
I/SurfaceFlinger( 1959): id=4499 Removed TurfaceView idx=-2 MapSz=3
E/InputDispatcher( 2374): channel ~ Channel is unrecoverably broken and will be disposed!
D/KeyguardViewMediator( 2374): setHidden false
W/InputDispatcher( 2374): Attempted to unregister already unregistered input channel
D/KeyguardViewMediator( 2374): setHidden false
D/dalvikvm(11235): GC_CONCURRENT freed 347K, 8% free 13681K/14791K, paused 11ms+2ms, total 30ms
D/dalvikvm(11235): WAIT_FOR_CONCURRENT_GC blocked 6ms
D/dalvikvm(11235): GC_CONCURRENT freed 468K, 9% free 13645K/14919K, paused 12ms+2ms, total 23ms
D/dalvikvm(11235): WAIT_FOR_CONCURRENT_GC blocked 7ms
D/dalvikvm(11235): GC_CONCURRENT freed 426K, 9% free 13662K/14919K, paused 11ms+2ms, total 23ms
D/dalvikvm(11235): WAIT_FOR_CONCURRENT_GC blocked 6ms
D/dalvikvm(11235): GC_CONCURRENT freed 425K, 9% free 13661K/14919K, paused 1ms+2ms, total 13ms
D/dalvikvm(11235): WAIT_FOR_CONCURRENT_GC blocked 10ms
D/dalvikvm(11235): GC_CONCURRENT freed 424K, 9% free 13661K/14919K, paused 11ms+2ms, total 23ms
D/dalvikvm(11235): WAIT_FOR_CONCURRENT_GC blocked 10ms
W/SignalStrength( 2374): getGsmLevel=2
W/SignalStrength( 2374): getLevel=2 (SignalStrength: 6 0 -120 -160 -120 -1 -1 99 2147483647 2147483647 2147483647 2147483647 gsm|lte 0x2)
W/SignalStrength( 2913): getGsmLevel=2
W/SignalStrength( 2913): getLevel=2 (SignalStrength: 6 0 -120 -160 -120 -1 -1 99 2147483647 2147483647 2147483647 2147483647 gsm|lte 0x2)
W/SignalStrength( 2913): getGsmLevel=2
W/SignalStrength( 2913): getLevel=2 (SignalStrength: 6 0 -120 -160 -120 -1 -1 99 2147483647 2147483647 2147483647 2147483647 gsm|lte 0x2)
W/SignalStrength( 2374): getDbm 1
W/SignalStrength( 2374): getGsmDbm=-101
W/SignalStrength( 2374): getDbm=-101
W/SignalStrength( 2374): getAsuLevel 1
W/SignalStrength( 2374): getGsmAsuLevel=6
W/SignalStrength( 2374): getAsuLevel=6
D/dalvikvm(11235): GC_CONCURRENT freed 423K, 9% free 13661K/14919K, paused 11ms+2ms, total 23ms
D/dalvikvm(11235): WAIT_FOR_CONCURRENT_GC blocked 11ms
I/InputReader( 2374): Touch event's action is 0x0 (deviceType=0) [pCnt=1, s=0.12879 ]
I/InputDispatcher( 2374): Delivering touch to current input target: action: 0x0
I/InputDispatcher( 2374): Delivering touch to current input target: action: 0x0
I/InputDispatcher( 2374): Delivering touch to current input target: action: 0x0
D/dalvikvm(11235): GC_CONCURRENT freed 497K, 9% free 13627K/14919K, paused 2ms+12ms, total 30ms
I/InputReader( 2374): Touch event's action is 0x1 (deviceType=0) [pCnt=1, s=]
I/InputDispatcher( 2374): Delivering touch to current input target: action: 0x1
I/InputDispatcher( 2374): Delivering touch to current input target: action: 0x1
I/InputDispatcher( 2374): Delivering touch to current input target: action: 0x1
E/Watchdog( 2374): !@Sync 1446
D/dalvikvm(11235): GC_CONCURRENT freed 449K, 9% free 13678K/14919K, paused 12ms+2ms, total 24ms
D/dalvikvm(11235): WAIT_FOR_CONCURRENT_GC blocked 4ms
D/dalvikvm(11235): GC_CONCURRENT freed 450K, 9% free 13653K/14919K, paused 11ms+2ms, total 23ms
D/dalvikvm(11235): WAIT_FOR_CONCURRENT_GC blocked 11ms
D/dalvikvm(11235): GC_CONCURRENT freed 433K, 9% free 13663K/14919K, paused 1ms+1ms, total 13ms
D/dalvikvm(11235): WAIT_FOR_CONCURRENT_GC blocked 9ms
D/dalvikvm(11235): GC_CONCURRENT freed 426K, 9% free 13670K/14919K, paused 1ms+2ms, total 13ms
D/dalvikvm(11235): WAIT_FOR_CONCURRENT_GC blocked 10ms
D/dalvikvm(11235): GC_CONCURRENT freed 440K, 9% free 13654K/14919K, paused 11ms+1ms, total 23ms
D/dalvikvm(11235): WAIT_FOR_CONCURRENT_GC blocked 11ms
D/dalvikvm(11235): GC_CONCURRENT freed 407K, 9% free 13670K/14919K, paused 2ms+1ms, total 13ms
D/dalvikvm(11235): WAIT_FOR_CONCURRENT_GC blocked 8ms
I/InputReader( 2374): Touch event's action is 0x0 (deviceType=0) [pCnt=1, s=0.12880 ]
I/InputDispatcher( 2374): Delivering touch to current input target: action: 0x0
I/InputDispatcher( 2374): Delivering touch to current input target: action: 0x0
I/InputDispatcher( 2374): Delivering touch to current input target: action: 0x0
I/InputReader( 2374): Touch event's action is 0x1 (deviceType=0) [pCnt=1, s=]
I/InputDispatcher( 2374): Delivering touch to current input target: action: 0x1
I/InputDispatcher( 2374): Delivering touch to current input target: action: 0x1
I/InputDispatcher( 2374): Delivering touch to current input target: action: 0x1
D/WindowManager( 2374): PhoneWindowManager: focusChangedLw
I/SurfaceFlinger( 1959): id=4511(4) createSurf 0x40d95d4c (1x1),1 flag=0, SunningApps
I/SurfaceFlinger( 1959): SurfaceFlinger : eMagnificationFactorChanged. magnificationFactor=1.0
I/SurfaceFlinger( 1959): SurfaceFlinger : eZoomPositionChanged. zoomX=0.0 zoomY=0.0
D/KeyguardViewMediator( 2374): setHidden false
D/KeyguardViewMediator( 2374): setHidden false
D/KeyguardViewMediator( 2374): setHidden false
D/KeyguardViewMediator( 2374): setHidden false
D/KeyguardViewMediator( 2374): setHidden false
I/InputReader( 2374): Touch event's action is 0x0 (deviceType=0) [pCnt=1, s=0.12881 ]
I/InputDispatcher( 2374): Delivering touch to current input target: action: 0x0
I/InputDispatcher( 2374): Delivering touch to current input target: action: 0x0
I/InputDispatcher( 2374): Delivering touch to current input target: action: 0x0
I/InputReader( 2374): Touch event's action is 0x1 (deviceType=0) [pCnt=1, s=]
I/InputDispatcher( 2374): Delivering touch to current input target: action: 0x1
I/InputDispatcher( 2374): Delivering touch to current input target: action: 0x1
I/InputDispatcher( 2374): Delivering touch to current input target: action: 0x1
I/InputReader( 2374): Touch event's action is 0x0 (deviceType=0) [pCnt=1, s=0.12882 ]
I/InputDispatcher( 2374): Delivering touch to current input target: action: 0x0
I/InputDispatcher( 2374): Delivering touch to current input target: action: 0x0
I/InputDispatcher( 2374): Delivering touch to current input target: action: 0x0
D/dalvikvm(11235): GC_CONCURRENT freed 502K, 9% free 13672K/14919K, paused 12ms+2ms, total 27ms
D/dalvikvm(11235): WAIT_FOR_CONCURRENT_GC blocked 4ms
D/dalvikvm(11235): GC_CONCURRENT freed 416K, 9% free 13654K/14919K, paused 1ms+2ms, total 13ms
D/dalvikvm(11235): WAIT_FOR_CONCURRENT_GC blocked 12ms
I/InputReader( 2374): Touch event's action is 0x1 (deviceType=0) [pCnt=1, s=]
I/InputDispatcher( 2374): Delivering touch to current input target: action: 0x1
I/InputDispatcher( 2374): Delivering touch to current input target: action: 0x1
I/InputDispatcher( 2374): Delivering touch to current input target: action: 0x1
D/dalvikvm(11235): GC_CONCURRENT freed 401K, 9% free 13670K/14919K, paused 1ms+2ms, total 13ms
D/dalvikvm(11235): WAIT_FOR_CONCURRENT_GC blocked 9ms
D/dalvikvm(11235): GC_FOR_ALLOC freed 397K, 9% free 13651K/14919K, paused 11ms, total 11ms
D/dalvikvm(11235): GC_CONCURRENT freed 398K, 9% free 13670K/14919K, paused 1ms+2ms, total 13ms
D/dalvikvm(11235): WAIT_FOR_CONCURRENT_GC blocked 10ms
D/dalvikvm(11235): GC_CONCURRENT freed 398K, 9% free 13669K/14919K, paused 2ms+1ms, total 13ms
D/dalvikvm(11235): WAIT_FOR_CONCURRENT_GC blocked 10ms
D/dalvikvm(11235): GC_CONCURRENT freed 397K, 9% free 13669K/14919K, paused 1ms+2ms, total 13ms
D/dalvikvm(11235): WAIT_FOR_CONCURRENT_GC blocked 10ms
D/WindowManager( 2374): PhoneWindowManager: focusChangedLw
D/KeyguardViewMediator( 2374): setHidden false
D/KeyguardViewMediator( 2374): setHidden false
I/SurfaceFlinger( 1959): id=4511 Removed SunningApps idx=4 MapSz=3
I/SurfaceFlinger( 1959): id=4511 Removed SunningApps idx=-2 MapSz=3
D/KeyguardViewMediator( 2374): setHidden false
D/KeyguardViewMediator( 2374): setHidden false
D/InputReader( 2374): Input event: value=1
D/lights ( 2374): button : 1 +
D/lights ( 2374): button : 1 -
I/InputDispatcher( 2374): Delivering key to current input target: action: 0x0
I/InputDispatcher( 2374): Delivering key to current input target: action: 0x0
I/InputDispatcher( 2374): Delivering key to current input target: action: 0x0
D/InputReader( 2374): Input event: value=0
I/InputDispatcher( 2374): Delivering key to current input target: action: 0x1
I/InputDispatcher( 2374): Delivering key to current input target: action: 0x1
I/InputDispatcher( 2374): Delivering key to current input target: action: 0x1
I/ClipboardServiceEx( 2374): mCBPickerDialog enter case. MSG_DISMISS_DIALOG
D/KeyguardViewMediator( 2374): setHidden false
D/WindowManager( 2374): PhoneWindowManager: focusChangedLw
D/KeyguardViewMediator( 2374): setHidden false
D/Launcher( 3156): onRestart, Launcher: 1104468464
D/Launcher( 3156): onStart, Launcher: 1104468464
D/Launcher.HomeFragment( 3156): onStart
D/Launcher( 3156): onResume, Launcher: 1104468464
I/FlashBarService( 2991): mPkgManagerReceiver : onReceive
E/Launcher( 3156): Error finding setting, default accessibility to not found: accessibility_enabled
D/Launcher.HomeFragment( 3156): onResume
D/MenuAppsGridFragment( 3156): onResume
I/SurfaceFlinger( 1959): id=4512(152) createSurf 0x40d95d4c (720x1280),1 flag=0, Mauncher
I/SurfaceFlinger( 1959): SurfaceFlinger : eMagnificationFactorChanged. magnificationFactor=1.0
I/SurfaceFlinger( 1959): SurfaceFlinger : eZoomPositionChanged. zoomX=0.0 zoomY=0.0
D/WindowManager( 2374): PhoneWindowManager: focusChangedLw
D/KeyguardViewMediator( 2374): setHidden false
I/ClipboardServiceEx( 2374): Send intent for dismiss clipboard dialog inside hideCurrentInputLocked() !
D/KeyguardViewMediator( 2374): setHidden false
D/KeyguardViewMediator( 2374): setHidden false
D/KeyguardViewMediator( 2374): setHidden false
D/KeyguardViewMediator( 2374): setHidden false
D/KeyguardViewMediator( 2374): setHidden false
D/KeyguardViewMediator( 2374): setHidden false
I/SurfaceFlinger( 1959): id=4509 Removed KobManagerA idx=4 MapSz=3
I/SurfaceFlinger( 1959): id=4509 Removed KobManagerA idx=-2 MapSz=3
D/KeyguardViewMediator( 2374): setHidden false
D/KeyguardViewMediator( 2374): setHidden false
D/KeyguardViewMediator( 2374): setHidden false
I/InputReader( 2374): Touch event's action is 0x0 (deviceType=0) [pCnt=1, s=0.12883 ]
I/InputDispatcher( 2374): Delivering touch to current input target: action: 0x0
I/InputDispatcher( 2374): Delivering touch to current input target: action: 0x0
I/InputDispatcher( 2374): Delivering touch to current input target: action: 0x0
I/InputDispatcher( 2374): Delivering touch to current input target: action: 0x0
I/InputReader( 2374): Touch event's action is 0x1 (deviceType=0) [pCnt=1, s=]
I/InputDispatcher( 2374): Delivering touch to current input target: action: 0x1
I/InputDispatcher( 2374): Delivering touch to current input target: action: 0x1
I/InputDispatcher( 2374): Delivering touch to current input target: action: 0x1
