D/Launcher( 3156): onResume, Launcher: 1104468464
D/KeyguardViewMediator( 2374): setHidden false
V/SDL (19592): onWindowFocusChanged(): false
I/FlashBarService( 2991): mPkgManagerReceiver : onReceive
E/Launcher( 3156): Error finding setting, default accessibility to not found: accessibility_enabled
D/Launcher.HomeFragment( 3156): onResume
D/MenuAppsGridFragment( 3156): onResume
I/SurfaceFlinger( 1959): id=4487(147) createSurf 0x40e7a4bc (720x1280),1 flag=0, Mauncher
I/SurfaceFlinger( 1959): SurfaceFlinger : eMagnificationFactorChanged. magnificationFactor=1.0
I/SurfaceFlinger( 1959): SurfaceFlinger : eZoomPositionChanged. zoomX=0.0 zoomY=0.0
D/WindowManager( 2374): PhoneWindowManager: focusChangedLw
D/KeyguardViewMediator( 2374): setHidden false
I/ClipboardServiceEx( 2374): Send intent for dismiss clipboard dialog inside hideCurrentInputLocked() !
D/KeyguardViewMediator( 2374): setHidden false
D/dalvikvm( 2374): GC_CONCURRENT freed 2073K, 47% free 32192K/59655K, paused 14ms+19ms, total 143ms
D/KeyguardViewMediator( 2374): setHidden false
D/KeyguardViewMediator( 2374): setHidden false
D/KeyguardViewMediator( 2374): setHidden false
D/KeyguardViewMediator( 2374): setHidden false
V/SDL (19592): surfaceDestroyed()
W/SurfaceView(19592): CHECK surface infomation creating=false formatChanged=false sizeChanged=false visible=false visibleChanged=true surfaceChanged=true realSizeChanged=false redrawNeeded=false left=false top=false
D/KeyguardViewMediator( 2374): setHidden false
D/KeyguardViewMediator( 2374): setHidden false
D/KeyguardViewMediator( 2374): setHidden false
I/SurfaceFlinger( 1959): id=4485 Removed girstActivi idx=5 MapSz=4
I/SurfaceFlinger( 1959): id=4485 Removed girstActivi idx=-2 MapSz=4
I/SurfaceFlinger( 1959): id=4484 Removed TurfaceView idx=4 MapSz=3
D/KeyguardViewMediator( 2374): setHidden false
D/KeyguardViewMediator( 2374): setHidden false
D/InputReader( 2374): Input event: value=1
D/RestrictionPolicy( 2374): isHomeKeyEnabled :true
D/RestrictionPolicy( 2374): isHomeKeyEnabled :true
D/dalvikvm( 2913): GC_FOR_ALLOC freed 677K, 32% free 24680K/35783K, paused 25ms, total 25ms
D/dalvikvm( 2913): GC_CONCURRENT freed 25K, 26% free 26694K/35783K, paused 2ms+4ms, total 19ms
D/dalvikvm( 2913): WAIT_FOR_CONCURRENT_GC blocked 19ms
D/dalvikvm( 2913): GC_FOR_ALLOC freed 61K, 21% free 28368K/35783K, paused 15ms, total 15ms
D/RestrictionPolicy( 2374): isHomeKeyEnabled :true
D/WindowManager( 2374): Home long press behavior, keyguardOn = false
D/RestrictionPolicy( 2374): isHomeKeyEnabled :true
D/RestrictionPolicy( 2374): isHomeKeyEnabled :true
W/WindowManager( 2374): interceptKeyBeforeDispatching with IVoIPInterface
D/RestrictionPolicy( 2374): isHomeKeyEnabled :true
I/SurfaceFlinger( 1959): id=4488(13) createSurf 0x410acd1c (720x1280),1 flag=0, SecentsPane
I/SurfaceFlinger( 1959): SurfaceFlinger : eMagnificationFactorChanged. magnificationFactor=1.0
I/SurfaceFlinger( 1959): SurfaceFlinger : eZoomPositionChanged. zoomX=0.0 zoomY=0.0
D/WindowManager( 2374): PhoneWindowManager: focusChangedLw
D/KeyguardViewMediator( 2374): setHidden false
D/RestrictionPolicy( 2374): isHomeKeyEnabled :true
D/KeyguardViewMediator( 2374): setHidden false
D/RestrictionPolicy( 2374): isHomeKeyEnabled :true
D/RestrictionPolicy( 2374): isHomeKeyEnabled :true
D/RestrictionPolicy( 2374): isHomeKeyEnabled :true
D/KeyguardViewMediator( 2374): setHidden false
D/KeyguardViewMediator( 2374): setHidden false
D/RestrictionPolicy( 2374): isHomeKeyEnabled :true
D/RestrictionPolicy( 2374): isHomeKeyEnabled :true
D/RestrictionPolicy( 2374): isHomeKeyEnabled :true
D/InputReader( 2374): Input event: value=0
D/RestrictionPolicy( 2374): isHomeKeyEnabled :true
I/InputReader( 2374): Touch event's action is 0x0 (deviceType=0) [pCnt=1, s=0.12871 ]
I/InputDispatcher( 2374): Delivering touch to current input target: action: 0x0
I/InputDispatcher( 2374): Delivering touch to current input target: action: 0x0
I/InputDispatcher( 2374): Delivering touch to current input target: action: 0x0
I/InputReader( 2374): Touch event's action is 0x1 (deviceType=0) [pCnt=1, s=]
I/InputDispatcher( 2374): Delivering touch to current input target: action: 0x1
I/InputDispatcher( 2374): Delivering touch to current input target: action: 0x1
I/InputDispatcher( 2374): Delivering touch to current input target: action: 0x1
D/KeyguardViewMediator( 2374): setHidden false
D/Launcher.HomeFragment( 3156): onPause
D/Launcher( 3156): onPause, Launcher: 1104468464
I/power ( 2374): *** acquire_dvfs_lock : lockType : 1 freq : 1000000
D/KeyguardViewMediator( 2374): setHidden false
V/SDL (19592): onResume()
D/KeyguardViewMediator( 2374): setHidden false
D/Launcher( 3156): onTrimMemory. Level: 20
I/SurfaceFlinger( 1959): id=4489(5) createSurf 0x40d4b35c (720x1280),4 flag=400, TurfaceView
I/SurfaceFlinger( 1959): SurfaceFlinger : eMagnificationFactorChanged. magnificationFactor=1.0
I/SurfaceFlinger( 1959): SurfaceFlinger : eZoomPositionChanged. zoomX=0.0 zoomY=0.0
D/KeyguardViewMediator( 2374): setHidden false
V/SDL (19592): surfaceCreated()
V/SDL (19592): surfaceChanged()
V/SDL (19592): pixel format RGB_565
V/SDL (19592): Window size:720x1280
I/SurfaceFlinger( 1959): id=4484 Removed TurfaceView idx=-2 MapSz=5
I/SurfaceFlinger( 1959): id=4490(6) createSurf 0x40f5c15c (720x1280),1 flag=0, girstActivi
I/SurfaceFlinger( 1959): SurfaceFlinger : eMagnificationFactorChanged. magnificationFactor=1.0
I/SurfaceFlinger( 1959): SurfaceFlinger : eZoomPositionChanged. zoomX=0.0 zoomY=0.0
D/KeyguardViewMediator( 2374): setHidden false
D/KeyguardViewMediator( 2374): setHidden false
D/KeyguardViewMediator( 2374): setHidden false
D/KeyguardViewMediator( 2374): setHidden false
D/KeyguardViewMediator( 2374): setHidden false
D/KeyguardViewMediator( 2374): setHidden false
I/SurfaceFlinger( 1959): id=4491(1014) createSurf 0x40d91ca4 (328x290),1 flag=4, uhumbnail a
D/KeyguardViewMediator( 2374): setHidden false
D/KeyguardViewMediator( 2374): setHidden false
D/KeyguardViewMediator( 2374): setHidden false
D/KeyguardViewMediator( 2374): setHidden false
D/Launcher.HomeFragment( 3156): onStop
D/Launcher( 3156): onStop, Launcher: 1104468464
D/KeyguardViewMediator( 2374): setHidden false
D/WindowManager( 2374): PhoneWindowManager: focusChangedLw
D/KeyguardViewMediator( 2374): setHidden false
V/SDL (19592): onWindowFocusChanged(): true
V/SDL (19592): nativeResume()
D/SensorService( 2374): info.rates.add, set DEFAULT_EVENTS_PERIOD
D/SensorService( 2374): SensorDevice::activating sensor handle=0 ns=200000000
D/iNemoSensor( 2374): setDelay(): handle(0), en(200000000)
I/iNemoSensor( 2374): skip update_delay wanted_accel = 200000000 current delay = 200000000
I/SensorService( 2374): info.selectDelay() ns=20000000
D/iNemoSensor( 2374): setDelay(): handle(0), en(20000000)
I/iNemoSensor( 2374): update_delay wanted_accel = 20000000
D/SensorService( 2374): SensorDevice::setDelay, Return(true 1, false 0) = 1
V/PhoneStatusBar( 2913): setLightsOn(true)
D/SensorManager(19592): registerListener :: handle = 0 name= LSM330DLC 3-axis Accelerometer delay= 20000 Listener= org.libsdl.app.SDLSurface@41d5fcb0
I/ClipboardServiceEx( 2374): Send intent for dismiss clipboard dialog inside hideCurrentInputLocked() !
D/KeyguardViewMediator( 2374): setHidden false
I/SurfaceFlinger( 1959): id=4487 Removed Mauncher idx=2 MapSz=6
I/SurfaceFlinger( 1959): id=4487 Removed Mauncher idx=-2 MapSz=6
D/AkmSensor( 2374): MeasureSNGLoop: interval.interval = 20000000, doze_max = 19600, prms->enabled = 2
D/KeyguardViewMediator( 2374): setHidden false
I/SurfaceFlinger( 1959): id=4488 Removed SecentsPane idx=7 MapSz=5
I/SurfaceFlinger( 1959): id=4488 Removed SecentsPane idx=-2 MapSz=5
D/KeyguardViewMediator( 2374): setHidden false
I/SurfaceFlinger( 1959): id=4491 Removed uhumbnail a idx=4 MapSz=4
I/SurfaceFlinger( 1959): id=4491 Removed uhumbnail a idx=-2 MapSz=4
I/power ( 2374): *** release_dvfs_lock : lockType : 1
D/KeyguardViewMediator( 2374): setHidden false
D/KeyguardViewMediator( 2374): setHidden false
D/InputReader( 2374): Input event: value=1
D/RestrictionPolicy( 2374): isHomeKeyEnabled :true
D/RestrictionPolicy( 2374): isHomeKeyEnabled :true
D/InputReader( 2374): Input event: value=0
D/RestrictionPolicy( 2374): isHomeKeyEnabled :true
D/KeyguardViewMediator( 2374): setHidden false
D/KeyguardViewMediator( 2374): setHidden false
V/SDL (19592): onPause()
V/SDL (19592): nativePause()
D/WindowManager( 2374): PhoneWindowManager: focusChangedLw
D/SensorManager(19592): unregisterListener:: Listener= org.libsdl.app.SDLSurface@41d5fcb0
D/Sensors (19592): Remain listener = Sending .. normal delay 200ms
I/Sensors (19592): sendDelay --- 200000000
I/SensorService( 2374): info.selectDelay() ns=200000000
D/iNemoSensor( 2374): setDelay(): handle(0), en(200000000)
I/iNemoSensor( 2374): update_delay wanted_accel = 200000000
D/SensorService( 2374): SensorDevice::setDelay, Return(true 1, false 0) = 1
D/SensorManager(19592): JNI - sendDelay
I/SensorManager(19592): Set normal delay = true
D/SensorService( 2374): SensorDevice::activating sensor handle=0 ns=200000000
D/iNemoSensor( 2374): setDelay(): handle(0), en(200000000)
I/iNemoSensor( 2374): skip update_delay wanted_accel = 200000000 current delay = 200000000
D/KeyguardViewMediator( 2374): setHidden false
V/SDL (19592): onWindowFocusChanged(): false
D/AkmSensor( 2374): MeasureSNGLoop: interval.interval = 200000000, doze_max = 196000, prms->enabled = 2
D/KeyguardViewMediator( 2374): setHidden false
I/Launcher.StuckInEdit( 3156): exitWidgetResizeMode State NORMAL
D/Launcher( 3156): onRestart, Launcher: 1104468464
D/Launcher( 3156): onStart, Launcher: 1104468464
D/Launcher.HomeFragment( 3156): onStart
D/Launcher( 3156): onResume, Launcher: 1104468464
I/FlashBarService( 2991): mPkgManagerReceiver : onReceive
E/Launcher( 3156): Error finding setting, default accessibility to not found: accessibility_enabled
D/Launcher.HomeFragment( 3156): onResume
D/MenuAppsGridFragment( 3156): onResume
I/SurfaceFlinger( 1959): id=4492(148) createSurf 0x40e2acdc (720x1280),1 flag=0, Mauncher
I/SurfaceFlinger( 1959): SurfaceFlinger : eMagnificationFactorChanged. magnificationFactor=1.0
I/SurfaceFlinger( 1959): SurfaceFlinger : eZoomPositionChanged. zoomX=0.0 zoomY=0.0
D/WindowManager( 2374): PhoneWindowManager: focusChangedLw
D/KeyguardViewMediator( 2374): setHidden false
I/ClipboardServiceEx( 2374): Send intent for dismiss clipboard dialog inside hideCurrentInputLocked() !
D/KeyguardViewMediator( 2374): setHidden false
D/KeyguardViewMediator( 2374): setHidden false
D/KeyguardViewMediator( 2374): setHidden false
D/KeyguardViewMediator( 2374): setHidden false
D/KeyguardViewMediator( 2374): setHidden false
V/SDL (19592): surfaceDestroyed()
W/SurfaceView(19592): CHECK surface infomation creating=false formatChanged=false sizeChanged=false visible=false visibleChanged=true surfaceChanged=true realSizeChanged=false redrawNeeded=false left=false top=false
D/KeyguardViewMediator( 2374): setHidden false
D/KeyguardViewMediator( 2374): setHidden false
D/KeyguardViewMediator( 2374): setHidden false
I/SurfaceFlinger( 1959): id=4490 Removed girstActivi idx=5 MapSz=4
I/SurfaceFlinger( 1959): id=4490 Removed girstActivi idx=-2 MapSz=4
I/SurfaceFlinger( 1959): id=4489 Removed TurfaceView idx=4 MapSz=3
D/KeyguardViewMediator( 2374): setHidden false
D/KeyguardViewMediator( 2374): setHidden false
D/InputReader( 2374): Input event: value=1
D/RestrictionPolicy( 2374): isHomeKeyEnabled :true
D/RestrictionPolicy( 2374): isHomeKeyEnabled :true
D/dalvikvm( 2913): GC_CONCURRENT freed 6351K, 33% free 24049K/35783K, paused 1ms+14ms, total 34ms
D/dalvikvm( 2913): WAIT_FOR_CONCURRENT_GC blocked 29ms
D/dalvikvm( 2913): GC_FOR_ALLOC freed 353K, 29% free 25473K/35783K, paused 16ms, total 16ms
D/dalvikvm( 2913): GC_FOR_ALLOC freed 175K, 25% free 27109K/35783K, paused 15ms, total 15ms
D/dalvikvm( 2913): GC_FOR_ALLOC freed 65K, 20% free 28825K/35783K, paused 16ms, total 16ms
D/RestrictionPolicy( 2374): isHomeKeyEnabled :true
D/WindowManager( 2374): Home long press behavior, keyguardOn = false
D/RestrictionPolicy( 2374): isHomeKeyEnabled :true
D/RestrictionPolicy( 2374): isHomeKeyEnabled :true
D/RestrictionPolicy( 2374): isHomeKeyEnabled :true
W/WindowManager( 2374): interceptKeyBeforeDispatching with IVoIPInterface
I/SurfaceFlinger( 1959): id=4493(14) createSurf 0x410acd1c (720x1280),1 flag=0, SecentsPane
I/SurfaceFlinger( 1959): SurfaceFlinger : eMagnificationFactorChanged. magnificationFactor=1.0
I/SurfaceFlinger( 1959): SurfaceFlinger : eZoomPositionChanged. zoomX=0.0 zoomY=0.0
D/WindowManager( 2374): PhoneWindowManager: focusChangedLw
D/KeyguardViewMediator( 2374): setHidden false
D/RestrictionPolicy( 2374): isHomeKeyEnabled :true
D/KeyguardViewMediator( 2374): setHidden false
D/RestrictionPolicy( 2374): isHomeKeyEnabled :true
D/RestrictionPolicy( 2374): isHomeKeyEnabled :true
D/RestrictionPolicy( 2374): isHomeKeyEnabled :true
D/RestrictionPolicy( 2374): isHomeKeyEnabled :true
D/KeyguardViewMediator( 2374): setHidden false
D/KeyguardViewMediator( 2374): setHidden false
D/RestrictionPolicy( 2374): isHomeKeyEnabled :true
D/RestrictionPolicy( 2374): isHomeKeyEnabled :true
D/RestrictionPolicy( 2374): isHomeKeyEnabled :true
D/InputReader( 2374): Input event: value=0
D/RestrictionPolicy( 2374): isHomeKeyEnabled :true
D/videowall-TranscodeService(15584): releaseTransThread.
E/MtpService( 3286): In MTPAPP onReceive:android.intent.action.BATTERY_CHANGED
E/MtpService( 3286): battPlugged Type : 2
I/InputReader( 2374): Touch event's action is 0x0 (deviceType=0) [pCnt=1, s=0.12872 ]
I/InputDispatcher( 2374): Delivering touch to current input target: action: 0x0
I/InputDispatcher( 2374): Delivering touch to current input target: action: 0x0
I/InputDispatcher( 2374): Delivering touch to current input target: action: 0x0
I/InputReader( 2374): Touch event's action is 0x1 (deviceType=0) [pCnt=1, s=]
I/InputDispatcher( 2374): Delivering touch to current input target: action: 0x1
I/InputDispatcher( 2374): Delivering touch to current input target: action: 0x1
I/InputDispatcher( 2374): Delivering touch to current input target: action: 0x1
D/dalvikvm( 2374): GC_CONCURRENT freed 1935K, 47% free 32184K/59655K, paused 15ms+9ms, total 100ms
D/dalvikvm( 2374): WAIT_FOR_CONCURRENT_GC blocked 76ms
D/KeyguardViewMediator( 2374): setHidden false
D/Launcher.HomeFragment( 3156): onPause
D/Launcher( 3156): onPause, Launcher: 1104468464
I/power ( 2374): *** acquire_dvfs_lock : lockType : 1 freq : 1000000
D/KeyguardViewMediator( 2374): setHidden false
V/SDL (19592): onResume()
D/KeyguardViewMediator( 2374): setHidden false
I/SurfaceFlinger( 1959): id=4494(7) createSurf 0x410aef34 (720x1280),4 flag=400, TurfaceView
I/SurfaceFlinger( 1959): SurfaceFlinger : eMagnificationFactorChanged. magnificationFactor=1.0
I/SurfaceFlinger( 1959): SurfaceFlinger : eZoomPositionChanged. zoomX=0.0 zoomY=0.0
D/KeyguardViewMediator( 2374): setHidden false
V/SDL (19592): surfaceCreated()
V/SDL (19592): surfaceChanged()
V/SDL (19592): pixel format RGB_565
V/SDL (19592): Window size:720x1280
I/SurfaceFlinger( 1959): id=4489 Removed TurfaceView idx=-2 MapSz=5
D/Launcher( 3156): onTrimMemory. Level: 20
I/SurfaceFlinger( 1959): id=4495(8) createSurf 0x4296d83c (720x1280),1 flag=0, girstActivi
I/SurfaceFlinger( 1959): SurfaceFlinger : eMagnificationFactorChanged. magnificationFactor=1.0
I/SurfaceFlinger( 1959): SurfaceFlinger : eZoomPositionChanged. zoomX=0.0 zoomY=0.0
D/KeyguardViewMediator( 2374): setHidden false
D/KeyguardViewMediator( 2374): setHidden false
D/KeyguardViewMediator( 2374): setHidden false
D/KeyguardViewMediator( 2374): setHidden false
D/KeyguardViewMediator( 2374): setHidden false
D/KeyguardViewMediator( 2374): setHidden false
I/SurfaceFlinger( 1959): id=4496(1015) createSurf 0x410abf04 (328x290),1 flag=4, uhumbnail a
D/KeyguardViewMediator( 2374): setHidden false
D/KeyguardViewMediator( 2374): setHidden false
D/KeyguardViewMediator( 2374): setHidden false
D/KeyguardViewMediator( 2374): setHidden false
D/Launcher.HomeFragment( 3156): onStop
D/Launcher( 3156): onStop, Launcher: 1104468464
D/KeyguardViewMediator( 2374): setHidden false
D/WindowManager( 2374): PhoneWindowManager: focusChangedLw
D/KeyguardViewMediator( 2374): setHidden false
V/SDL (19592): onWindowFocusChanged(): true
V/SDL (19592): nativeResume()
D/SensorService( 2374): info.rates.add, set DEFAULT_EVENTS_PERIOD
D/SensorService( 2374): SensorDevice::activating sensor handle=0 ns=200000000
D/iNemoSensor( 2374): setDelay(): handle(0), en(200000000)
I/iNemoSensor( 2374): skip update_delay wanted_accel = 200000000 current delay = 200000000
I/SensorService( 2374): info.selectDelay() ns=20000000
D/iNemoSensor( 2374): setDelay(): handle(0), en(20000000)
I/iNemoSensor( 2374): update_delay wanted_accel = 20000000
D/SensorService( 2374): SensorDevice::setDelay, Return(true 1, false 0) = 1
D/SensorManager(19592): registerListener :: handle = 0 name= LSM330DLC 3-axis Accelerometer delay= 20000 Listener= org.libsdl.app.SDLSurface@41d5fcb0
I/ClipboardServiceEx( 2374): Send intent for dismiss clipboard dialog inside hideCurrentInputLocked() !
V/PhoneStatusBar( 2913): setLightsOn(true)
D/AkmSensor( 2374): MeasureSNGLoop: interval.interval = 20000000, doze_max = 19600, prms->enabled = 2
D/KeyguardViewMediator( 2374): setHidden false
I/SurfaceFlinger( 1959): id=4492 Removed Mauncher idx=2 MapSz=6
I/SurfaceFlinger( 1959): id=4492 Removed Mauncher idx=-2 MapSz=6
D/KeyguardViewMediator( 2374): setHidden false
I/SurfaceFlinger( 1959): id=4493 Removed SecentsPane idx=7 MapSz=5
I/SurfaceFlinger( 1959): id=4493 Removed SecentsPane idx=-2 MapSz=5
D/KeyguardViewMediator( 2374): setHidden false
I/SurfaceFlinger( 1959): id=4496 Removed uhumbnail a idx=4 MapSz=4
I/SurfaceFlinger( 1959): id=4496 Removed uhumbnail a idx=-2 MapSz=4
I/power ( 2374): *** release_dvfs_lock : lockType : 1
D/KeyguardViewMediator( 2374): setHidden false
D/KeyguardViewMediator( 2374): setHidden false
W/SignalStrength( 2374): getGsmLevel=2
W/SignalStrength( 2374): getLevel=2 (SignalStrength: 6 0 -120 -160 -120 -1 -1 99 2147483647 2147483647 2147483647 2147483647 gsm|lte 0x2)
W/SignalStrength( 2913): getGsmLevel=2
W/SignalStrength( 2913): getLevel=2 (SignalStrength: 6 0 -120 -160 -120 -1 -1 99 2147483647 2147483647 2147483647 2147483647 gsm|lte 0x2)
W/SignalStrength( 2913): getGsmLevel=2
W/SignalStrength( 2913): getLevel=2 (SignalStrength: 6 0 -120 -160 -120 -1 -1 99 2147483647 2147483647 2147483647 2147483647 gsm|lte 0x2)
W/SignalStrength( 2374): getDbm 1
W/SignalStrength( 2374): getGsmDbm=-101
W/SignalStrength( 2374): getDbm=-101
W/SignalStrength( 2374): getAsuLevel 1
W/SignalStrength( 2374): getGsmAsuLevel=6
W/SignalStrength( 2374): getAsuLevel=6
E/Watchdog( 2374): !@Sync 1444
D/SharedManager( 5948): getPrefIDs() : length = 1
D/SharedManager( 5948): getPrefIDs() : Shared_DCIDs1 = 9
D/dalvikvm( 5948): GC_CONCURRENT freed 1440K, 23% free 12376K/15943K, paused 1ms+2ms, total 13ms
D/dalvikvm( 5948): WAIT_FOR_CONCURRENT_GC blocked 4ms
D/evanjs ( 5948): evanjs DualClockAppWidgetProvider display.getOrientation(): 0
D/dalvikvm( 5948): GC_FOR_ALLOC freed 101K, 21% free 12658K/15943K, paused 10ms, total 10ms
I/dalvikvm-heap( 5948): Grow heap (frag case) to 13.665MB for 662612-byte allocation
D/dalvikvm( 5948): GC_CONCURRENT freed <1K, 17% free 13305K/15943K, paused 11ms+2ms, total 21ms
D/dalvikvm( 5948): WAIT_FOR_CONCURRENT_GC blocked 7ms
D/dalvikvm( 2374): GC_FOR_ALLOC freed 1942K, 47% free 31805K/59655K, paused 89ms, total 90ms
D/ClockAlarmWidgetService(19224): [ClockAlarmWidgetService] onReceive: action = android.intent.action.TIME_TICK
E/ClockAlarmWidget(19224): [AlarmWidgetIdManager] getListItem() : itemIndex=0, widgetID:1
E/ClockAlarmWidget(19224): [AlarmWidgetIdManager] getListItem() : ItemIndex exceed ListItemCount. itemIndex=1
E/ClockAlarmWidget(19224): [AlarmWidgetIdManager] getListItem() : itemIndex=1, widgetID:1
D/ClockAlarmDataProvider(19224): getAlarm() - too many same ID alarm data. nCount: 0
D/dalvikvm( 3156): GC_FOR_ALLOC freed 1473K, 36% free 24378K/37831K, paused 29ms, total 29ms
D/dalvikvm( 2374): GC_CONCURRENT freed 1921K, 47% free 31815K/59655K, paused 13ms+9ms, total 105ms
V/TilannehuoneService(26295): onStartCommand()
E/SPPClientService( 4909): [b] sendPingReq
E/SPPClientService( 4909): [b] __PingReply__
D/AlarmManagerService( 2374): Kernel timezone updated to -120 minutes west of GMT
W/MessageQueue( 4909): Handler (android.telephony.PhoneStateListener$2) {41e04e30} sending message to a Handler on a dead thread
W/MessageQueue( 4909): java.lang.RuntimeException: Handler (android.telephony.PhoneStateListener$2) {41e04e30} sending message to a Handler on a dead thread
W/MessageQueue( 4909): at android.os.MessageQueue.enqueueMessage(MessageQueue.java:294)
W/MessageQueue( 4909): at android.os.Handler.sendMessageAtTime(Handler.java:473)
W/MessageQueue( 4909): at android.os.Handler.sendMessageDelayed(Handler.java:446)
W/MessageQueue( 4909): at android.os.Handler.sendMessage(Handler.java:383)
W/MessageQueue( 4909): at android.os.Message.sendToTarget(Message.java:360)
W/MessageQueue( 4909): at android.telephony.PhoneStateListener$1.onServiceStateChanged(PhoneStateListener.java:327)
W/MessageQueue( 4909): at com.android.internal.telephony.IPhoneStateListener$Stub.onTransact(IPhoneStateListener.java:55)
W/MessageQueue( 4909): at android.os.Binder.execTransact(Binder.java:367)
W/MessageQueue( 4909): at dalvik.system.NativeStart.run(Native Method)
W/SignalStrength( 2913): getGsmLevel=2
W/SignalStrength( 2913): getLevel=2 (SignalStrength: 6 0 -120 -160 -120 -1 -1 99 2147483647 2147483647 2147483647 2147483647 gsm|lte 0x2)
I/WifiService( 2374): Booster FLAG : 1
I/WifiService( 2374): mBoosterFLAG : 1
I/WifiService( 2374): current booster mode : FullMode
D/ContextualPageReceiver( 3156): mContextualPageReceiver: ACTION_SERVICE_STATE_CHANGED isRoaming : false
D/PopupuiReceiver( 5399): onReceive() getAction : android.intent.action.NETWORK_SET_TIMEZONE
D/PopupuiReceiver( 5399): NETWORK_SET_TIME prevMCCvalue : 244
D/PopupuiReceiver( 5399): gsm.operator.numeric : 244
D/PopupuiReceiver( 5399): SAME to prevMCCvalue : mccstrcmp
D/LTE_WIDGET( 3067): TelephonyManager.DATA_CONNECTED:,isConnectedData = true
D/PhoneApp( 3067): mReceiver: ACTION_ANY_DATA_CONNECTION_STATE_CHANGED
D/NotificationMgr( 3067): hideDataDisconnectedRoaming()...
D/StatusChecker( 3516): onReceive : android.intent.action.SERVICE_STATE
D/StatusChecker( 3516): Service state changed : 0
V/TilannehuoneService$DownloaderTask(26295): insertCoordinates(), used coordinates from static map for location "Ilmajoki": lat=62.7346099, long=22.5708697
V/TilannehuoneContentProvider(26295): update()
V/TilannehuoneContentProvider(26295): update(), 1 rows updated
V/TilannehuoneService$DownloaderTask(26295): doInBackground(), row with GUID 0e67719097b69994c52da5b4c3fd176e updated: true
V/TilannehuoneService$DownloaderTask(26295): insertCoordinates(), used coordinates from static map for location "Espoo": lat=60.2054911, long=24.6559001
V/TilannehuoneContentProvider(26295): update()
V/TilannehuoneContentProvider(26295): update(), 1 rows updated
V/TilannehuoneService$DownloaderTask(26295): doInBackground(), row with GUID fc700b6a7aeb98b6cb2d79cccd9b98c1 updated: true
V/TilannehuoneService$DownloaderTask(26295): insertCoordinates(), coordinates provided for location (Kalajoki: lat=64.230192587025, long=23.816876602172
V/TilannehuoneService$DownloaderTask(26295): insertCoordinates(), used coordinates from static map for location "Kalajoki": lat=64.2578332, long=23.9475943
V/TilannehuoneContentProvider(26295): update()
V/TilannehuoneContentProvider(26295): update(), 1 rows updated
V/TilannehuoneService$DownloaderTask(26295): doInBackground(), row with GUID d08f3d264070ae533792fdc3d88cee51 updated: true
W/TilannehuoneService$DownloaderTask(26295): java.io.IOException: Service not Available
W/TilannehuoneService$DownloaderTask(26295): at android.location.Geocoder.getFromLocationName(Geocoder.java:251)
W/TilannehuoneService$DownloaderTask(26295): at com.npesoft.tilannehuone.DataUpdater$DownloaderTask.insertCoordinates(DataUpdater.java:224)
W/TilannehuoneService$DownloaderTask(26295): at com.npesoft.tilannehuone.DataUpdater$DownloaderTask.doInBackground(DataUpdater.java:144)
W/TilannehuoneService$DownloaderTask(26295): at com.npesoft.tilannehuone.DataUpdater$DownloaderTask.doInBackground(DataUpdater.java:1)
W/TilannehuoneService$DownloaderTask(26295): at android.os.AsyncTask$2.call(AsyncTask.java:287)
W/TilannehuoneService$DownloaderTask(26295): at java.util.concurrent.FutureTask$Sync.innerRun(FutureTask.java:305)
W/TilannehuoneService$DownloaderTask(26295): at java.util.concurrent.FutureTask.run(FutureTask.java:137)
W/TilannehuoneService$DownloaderTask(26295): at java.util.concurrent.ThreadPoolExecutor.runWorker(ThreadPoolExecutor.java:1076)
W/TilannehuoneService$DownloaderTask(26295): at java.util.concurrent.ThreadPoolExecutor$Worker.run(ThreadPoolExecutor.java:569)
W/TilannehuoneService$DownloaderTask(26295): at java.lang.Thread.run(Thread.java:856)
V/TilannehuoneContentProvider(26295): update()
V/TilannehuoneContentProvider(26295): update(), 1 rows updated
V/TilannehuoneService$DownloaderTask(26295): doInBackground(), row with GUID 3023eac3eb41c9700278c8eb138a6cba updated: true
V/TilannehuoneService$DownloaderTask(26295): insertCoordinates(), used coordinates from static map for location "Pietarsaari": lat=63.6742439, long=22.712569
V/TilannehuoneContentProvider(26295): update()
V/TilannehuoneContentProvider(26295): update(), 1 rows updated
V/TilannehuoneService$DownloaderTask(26295): doInBackground(), row with GUID 7972a0ddfd6d745d74e78979ee1668ae updated: true
V/TilannehuoneService$DownloaderTask(26295): insertCoordinates(), coordinates provided for location (Simo: lat=65.6330019, long=25.049414100000
V/TilannehuoneService$DownloaderTask(26295): insertCoordinates(), used coordinates from static map for location "Simo": lat=65.6614027, long=25.0579715
V/TilannehuoneContentProvider(26295): update()
V/TilannehuoneContentProvider(26295): update(), 1 rows updated
V/TilannehuoneService$DownloaderTask(26295): doInBackground(), row with GUID f9f4cf0107eb48269152a9188fdb87f8 updated: true
V/TilannehuoneService$DownloaderTask(26295): insertCoordinates(), used coordinates from static map for location "Helsinki": lat=60.169845, long=24.9385508
V/TilannehuoneContentProvider(26295): update()
V/TilannehuoneContentProvider(26295): update(), 1 rows updated
V/TilannehuoneService$DownloaderTask(26295): doInBackground(), row with GUID a78b1a9ae8a675091b4452c84b576238 updated: true
V/TilannehuoneService$DownloaderTask(26295): insertCoordinates(), used coordinates from static map for location "Liminka": lat=64.8098307, long=25.4153328
V/TilannehuoneContentProvider(26295): update()
V/TilannehuoneContentProvider(26295): update(), 1 rows updated
V/TilannehuoneService$DownloaderTask(26295): doInBackground(), row with GUID 353fdd1b19806a4037f396e088bdc7ca updated: true
V/TilannehuoneService$DownloaderTask(26295): insertCoordinates(), used coordinates from static map for location "Kouvola": lat=60.867886, long=26.7041295
V/TilannehuoneContentProvider(26295): update()
V/TilannehuoneContentProvider(26295): update(), 1 rows updated
V/TilannehuoneService$DownloaderTask(26295): doInBackground(), row with GUID abed7221933685f800e1487266e10c14 updated: true
V/TilannehuoneService$DownloaderTask(26295): insertCoordinates(), used coordinates from static map for location "Forssa": lat=60.8132492, long=23.620921
V/TilannehuoneContentProvider(26295): update()
V/TilannehuoneContentProvider(26295): update(), 1 rows updated
V/TilannehuoneService$DownloaderTask(26295): doInBackground(), row with GUID 928de65a7286697650605c33b05bca22 updated: true
V/TilannehuoneService$DownloaderTask(26295): insertCoordinates(), coordinates provided for location (Kittilä: lat=67.640869814753, long=24.932954210559
V/TilannehuoneService$DownloaderTask(26295): insertCoordinates(), used coordinates from static map for location "Kittilä": lat=67.6533776, long=24.9126091
V/TilannehuoneContentProvider(26295): update()
V/TilannehuoneContentProvider(26295): update(), 1 rows updated
V/TilannehuoneService$DownloaderTask(26295): doInBackground(), row with GUID 4b575765a72cfdd0ffd1de02505bff94 updated: true
V/TilannehuoneService$DownloaderTask(26295): insertCoordinates(), used coordinates from static map for location "Janakkala": lat=60.9201246, long=24.6460019
V/TilannehuoneContentProvider(26295): update()
V/TilannehuoneContentProvider(26295): update(), 1 rows updated
V/TilannehuoneService$DownloaderTask(26295): doInBackground(), row with GUID 08d0233a274b4fdb450818f3f7c489d7 updated: true
V/TilannehuoneService$DownloaderTask(26295): insertCoordinates(), used coordinates from static map for location "Oulu": lat=65.0126148, long=25.4714526
V/TilannehuoneContentProvider(26295): update()
V/TilannehuoneContentProvider(26295): update(), 1 rows updated
V/TilannehuoneService$DownloaderTask(26295): doInBackground(), row with GUID bb725967c89a0d975f25fd254a708e29 updated: true
V/TilannehuoneService$DownloaderTask(26295): insertCoordinates(), used coordinates from static map for location "Sipoo": lat=60.3768165, long=25.2683187
V/TilannehuoneContentProvider(26295): update()
V/TilannehuoneContentProvider(26295): update(), 1 rows updated
V/TilannehuoneService$DownloaderTask(26295): doInBackground(), row with GUID e6a6b11baacc2f04476cf49d41a2868c updated: true
V/TilannehuoneService$DownloaderTask(26295): insertCoordinates(), used coordinates from static map for location "Kokkola": lat=63.8384908, long=23.1304813
V/TilannehuoneContentProvider(26295): update()
V/TilannehuoneContentProvider(26295): update(), 1 rows updated
V/TilannehuoneService$DownloaderTask(26295): doInBackground(), row with GUID 1e044eb9656f842eecf9ac7918b62582 updated: true
V/TilannehuoneService$DownloaderTask(26295): insertCoordinates(), used coordinates from static map for location "Kaarina": lat=60.4071689, long=22.3682407
V/TilannehuoneContentProvider(26295): update()
V/TilannehuoneContentProvider(26295): update(), 1 rows updated
V/TilannehuoneService$DownloaderTask(26295): doInBackground(), row with GUID aab506ceea6fe5b3934fd9f6879df201 updated: true
V/TilannehuoneService$DownloaderTask(26295): insertCoordinates(), coordinates provided for location (Sievi: lat=63.958891363109, long=24.504870891571
V/TilannehuoneService$DownloaderTask(26295): insertCoordinates(), used coordinates from static map for location "Sievi": lat=63.9060413, long=24.5144505
V/TilannehuoneContentProvider(26295): update()
V/TilannehuoneContentProvider(26295): update(), 1 rows updated
V/TilannehuoneService$DownloaderTask(26295): doInBackground(), row with GUID 7fb914c9e9f2e4d942b7ab0a2c2b4085 updated: true
V/TilannehuoneService$DownloaderTask(26295): insertCoordinates(), used coordinates from static map for location "Nurmijärvi": lat=60.4638105, long=24.8075808
V/TilannehuoneContentProvider(26295): update()
V/TilannehuoneContentProvider(26295): update(), 1 rows updated
V/TilannehuoneService$DownloaderTask(26295): doInBackground(), row with GUID 5fa4cb2ccafd15837afccbc947eca166 updated: true
V/TilannehuoneService$DownloaderTask(26295): insertCoordinates(), used coordinates from static map for location "Vantaa": lat=60.2933664, long=25.0377329
V/TilannehuoneContentProvider(26295): update()
V/TilannehuoneContentProvider(26295): update(), 1 rows updated
V/TilannehuoneService$DownloaderTask(26295): doInBackground(), row with GUID 451d7727e886afb5d7a8c4bf64cf7a50 updated: true
V/TilannehuoneService$DownloaderTask(26295): insertCoordinates(), used coordinates from static map for location "Hyrynsalmi": lat=64.6791446, long=28.4840298
V/TilannehuoneContentProvider(26295): update()
V/TilannehuoneContentProvider(26295): update(), 1 rows updated
V/TilannehuoneService$DownloaderTask(26295): doInBackground(), row with GUID c504ea3ec52696b08624730ff163ab8f updated: true
V/TilannehuoneService$DownloaderTask(26295): insertCoordinates(), used coordinates from static map for location "Helsinki": lat=60.169845, long=24.9385508
V/TilannehuoneContentProvider(26295): update()
V/TilannehuoneContentProvider(26295): update(), 1 rows updated
V/TilannehuoneService$DownloaderTask(26295): doInBackground(), row with GUID a79ec350b042dff715224f51c6805bb0 updated: true
V/TilannehuoneService$DownloaderTask(26295): insertCoordinates(), used coordinates from static map for location "Kontiolahti": lat=62.7643378, long=29.8474185
V/TilannehuoneContentProvider(26295): update()
V/TilannehuoneContentProvider(26295): update(), 1 rows updated
V/TilannehuoneService$DownloaderTask(26295): doInBackground(), row with GUID 212d0e9bc69d41764a15d3ae09dcb2d8 updated: true
V/TilannehuoneService$DownloaderTask(26295): insertCoordinates(), coordinates provided for location (Lappajärvi: lat=63.259091203856, long=23.620226030349
V/TilannehuoneService$DownloaderTask(26295): insertCoordinates(), used coordinates from static map for location "Lappajärvi": lat=63.2247747, long=23.6296369
V/TilannehuoneContentProvider(26295): update()
V/TilannehuoneContentProvider(26295): update(), 1 rows updated
V/TilannehuoneService$DownloaderTask(26295): doInBackground(), row with GUID ffec20afef6e47bfbb93d8e400d7bf7e updated: true
V/TilannehuoneService$DownloaderTask(26295): insertCoordinates(), used coordinates from static map for location "Nastola": lat=60.948103, long=25.9337117
V/TilannehuoneContentProvider(26295): update()
V/TilannehuoneContentProvider(26295): update(), 1 rows updated
V/TilannehuoneService$DownloaderTask(26295): doInBackground(), row with GUID ecbdaef2052252971eca69563a5bd116 updated: true
V/TilannehuoneService$DownloaderTask(26295): insertCoordinates(), used coordinates from static map for location "Kangasala": lat=61.4637146, long=24.0718436
V/TilannehuoneContentProvider(26295): update()
V/TilannehuoneContentProvider(26295): update(), 1 rows updated
V/TilannehuoneService$DownloaderTask(26295): doInBackground(), row with GUID 22f73a8548f4b789c2f9537a48ab7829 updated: true
V/TilannehuoneService$DownloaderTask(26295): insertCoordinates(), used coordinates from static map for location "Kemijärvi": lat=66.7136282, long=27.4292062
V/TilannehuoneContentProvider(26295): update()
V/TilannehuoneContentProvider(26295): update(), 1 rows updated
V/TilannehuoneService$DownloaderTask(26295): doInBackground(), row with GUID c8a327cde0661f61bf2cb57cbb49a560 updated: true
V/TilannehuoneService$DownloaderTask(26295): insertCoordinates(), used coordinates from static map for location "Espoo": lat=60.2054911, long=24.6559001
V/TilannehuoneContentProvider(26295): update()
V/TilannehuoneContentProvider(26295): update(), 1 rows updated
V/TilannehuoneService$DownloaderTask(26295): doInBackground(), row with GUID 2a5d879b42fd978de070d8704489ca81 updated: true
V/TilannehuoneService$DownloaderTask(26295): insertCoordinates(), coordinates provided for location (Pori: lat=61.6395983, long=21.626620699999
V/TilannehuoneService$DownloaderTask(26295): insertCoordinates(), used coordinates from static map for location "Pori": lat=61.4851997, long=21.7974444
V/TilannehuoneContentProvider(26295): update()
V/TilannehuoneContentProvider(26295): update(), 1 rows updated
V/TilannehuoneService$DownloaderTask(26295): doInBackground(), row with GUID 76af7789888459c4675e839454a2ab67 updated: true
V/TilannehuoneService$DownloaderTask(26295): insertCoordinates(), used coordinates from static map for location "Jämsä": lat=61.8638263, long=25.1896173
V/TilannehuoneContentProvider(26295): update()
V/TilannehuoneContentProvider(26295): update(), 1 rows updated
V/TilannehuoneService$DownloaderTask(26295): doInBackground(), row with GUID 638138d1c37a4ad9e184dee6139ff276 updated: true
V/TilannehuoneService$DownloaderTask(26295): insertCoordinates(), coordinates provided for location (Liminka: lat=64.762821790649, long=25.548018875669
V/TilannehuoneService$DownloaderTask(26295): insertCoordinates(), used coordinates from static map for location "Liminka": lat=64.8098307, long=25.4153328
V/TilannehuoneContentProvider(26295): update()
V/TilannehuoneContentProvider(26295): update(), 1 rows updated
V/TilannehuoneService$DownloaderTask(26295): doInBackground(), row with GUID b91fb046536993d31281500feca1c111 updated: true
V/TilannehuoneService$DownloaderTask(26295): insertCoordinates(), used coordinates from static map for location "Sastamala": lat=61.3444047, long=22.9151332
V/TilannehuoneContentProvider(26295): update()
V/TilannehuoneContentProvider(26295): update(), 1 rows updated
V/TilannehuoneService$DownloaderTask(26295): doInBackground(), row with GUID b3e016560ad5c706ac633f3a811197bc updated: true
V/TilannehuoneService$DownloaderTask(26295): insertCoordinates(), coordinates provided for location (Sievi: lat=63.917562474208, long=24.467116117472
V/TilannehuoneService$DownloaderTask(26295): insertCoordinates(), used coordinates from static map for location "Sievi": lat=63.9060413, long=24.5144505
V/TilannehuoneContentProvider(26295): update()
V/TilannehuoneContentProvider(26295): update(), 1 rows updated
V/TilannehuoneService$DownloaderTask(26295): doInBackground(), row with GUID 869c0dd5ee4a3fae500c03a0ffc8ec4b updated: true
V/TilannehuoneService$DownloaderTask(26295): insertCoordinates(), used coordinates from static map for location "Tampere": lat=61.4981508, long=23.7610254
V/TilannehuoneContentProvider(26295): update()
V/TilannehuoneContentProvider(26295): update(), 1 rows updated
V/TilannehuoneService$DownloaderTask(26295): doInBackground(), row with GUID 54c9c06c1910c4dc658109db1a2fa228 updated: true
V/TilannehuoneService$DownloaderTask(26295): insertCoordinates(), used coordinates from static map for location "Muurame": lat=62.1291562, long=25.6758771
V/TilannehuoneContentProvider(26295): update()
V/TilannehuoneContentProvider(26295): update(), 1 rows updated
V/TilannehuoneService$DownloaderTask(26295): doInBackground(), row with GUID f9d01b372aa0f22c330de93fd792f00c updated: true
V/TilannehuoneService$DownloaderTask(26295): insertCoordinates(), used coordinates from static map for location "Oulu": lat=65.0126148, long=25.4714526
V/TilannehuoneContentProvider(26295): update()
V/TilannehuoneContentProvider(26295): update(), 1 rows updated
V/TilannehuoneService$DownloaderTask(26295): doInBackground(), row with GUID 8f48359dbf2d2284eb2d58564c2cac1d updated: true
V/TilannehuoneService$DownloaderTask(26295): insertCoordinates(), used coordinates from static map for location "Salo": lat=60.3909372, long=23.1354809
V/TilannehuoneContentProvider(26295): update()
V/TilannehuoneContentProvider(26295): update(), 1 rows updated
V/TilannehuoneService$DownloaderTask(26295): doInBackground(), row with GUID cef60a9470c93bb409f6f9e44556e539 updated: true
V/TilannehuoneService$DownloaderTask(26295): insertCoordinates(), used coordinates from static map for location "Pori": lat=61.4851997, long=21.7974444
V/TilannehuoneContentProvider(26295): update()
V/TilannehuoneContentProvider(26295): update(), 1 rows updated
V/TilannehuoneService$DownloaderTask(26295): doInBackground(), row with GUID b05bab5ffa1d6eb1802b3728ffb9a73f updated: true
V/TilannehuoneService$DownloaderTask(26295): insertCoordinates(), used coordinates from static map for location "Oulu": lat=65.0126148, long=25.4714526
V/TilannehuoneContentProvider(26295): update()
V/TilannehuoneContentProvider(26295): update(), 1 rows updated
V/TilannehuoneService$DownloaderTask(26295): doInBackground(), row with GUID a1503bb90d8f52402aedf38ba43612fa updated: true
V/TilannehuoneService$DownloaderTask(26295): insertCoordinates(), used coordinates from static map for location "Rauma": lat=61.1308422, long=21.5059588
V/TilannehuoneContentProvider(26295): update()
V/TilannehuoneContentProvider(26295): update(), 1 rows updated
V/TilannehuoneService$DownloaderTask(26295): doInBackground(), row with GUID 2780c917b6d6644c91a02659427c8458 updated: true
V/TilannehuoneService$DownloaderTask(26295): insertCoordinates(), used coordinates from static map for location "Mustasaari": lat=63.1141149, long=21.6822203
V/TilannehuoneContentProvider(26295): update()
V/TilannehuoneContentProvider(26295): update(), 1 rows updated
V/TilannehuoneService$DownloaderTask(26295): doInBackground(), row with GUID e01c8c717e88169c3a1a47bf351937c5 updated: true
V/TilannehuoneService$DownloaderTask(26295): insertCoordinates(), used coordinates from static map for location "Helsinki": lat=60.169845, long=24.9385508
V/TilannehuoneContentProvider(26295): update()
V/TilannehuoneContentProvider(26295): update(), 1 rows updated
V/TilannehuoneService$DownloaderTask(26295): doInBackground(), row with GUID 946c3beafda8e4e1e667d581fd95863f updated: true
V/TilannehuoneService$DownloaderTask(26295): insertCoordinates(), used coordinates from static map for location "Helsinki": lat=60.169845, long=24.9385508
V/TilannehuoneContentProvider(26295): update()
V/TilannehuoneContentProvider(26295): update(), 1 rows updated
V/TilannehuoneService$DownloaderTask(26295): doInBackground(), row with GUID dba957f4a47c65e0e7cf623fe7882846 updated: true
V/TilannehuoneService$DownloaderTask(26295): insertCoordinates(), coordinates provided for location (Hartola: lat=61.446248777782, long=25.988715021352
V/TilannehuoneService$DownloaderTask(26295): insertCoordinates(), used coordinates from static map for location "Hartola": lat=61.5798138, long=26.0201798
V/TilannehuoneContentProvider(26295): update()
V/TilannehuoneContentProvider(26295): update(), 1 rows updated
V/TilannehuoneService$DownloaderTask(26295): doInBackground(), row with GUID 5aaea546dd27758db75962f6dd6697ec updated: true
V/TilannehuoneService$DownloaderTask(26295): insertCoordinates(), used coordinates from static map for location "Salo": lat=60.3909372, long=23.1354809
V/TilannehuoneContentProvider(26295): update()
V/TilannehuoneContentProvider(26295): update(), 1 rows updated
V/TilannehuoneService$DownloaderTask(26295): doInBackground(), row with GUID 4dd3c2e81c90c953e837ffc11fdb0512 updated: true
V/TilannehuoneService$DownloaderTask(26295): insertCoordinates(), coordinates provided for location (Alajärvi: lat=62.985335241311, long=24.046721763610
V/TilannehuoneService$DownloaderTask(26295): insertCoordinates(), used coordinates from static map for location "Alajärvi": lat=63.0001054, long=23.8159263
V/TilannehuoneContentProvider(26295): update()
V/TilannehuoneContentProvider(26295): update(), 1 rows updated
V/TilannehuoneService$DownloaderTask(26295): doInBackground(), row with GUID b1493b2282627250536d8baabb177484 updated: true
W/TilannehuoneService$DownloaderTask(26295): java.io.IOException: Service not Available
W/TilannehuoneService$DownloaderTask(26295): at android.location.Geocoder.getFromLocationName(Geocoder.java:251)
W/TilannehuoneService$DownloaderTask(26295): at com.npesoft.tilannehuone.DataUpdater$DownloaderTask.insertCoordinates(DataUpdater.java:224)
W/TilannehuoneService$DownloaderTask(26295): at com.npesoft.tilannehuone.DataUpdater$DownloaderTask.doInBackground(DataUpdater.java:144)
W/TilannehuoneService$DownloaderTask(26295): at com.npesoft.tilannehuone.DataUpdater$DownloaderTask.doInBackground(DataUpdater.java:1)
W/TilannehuoneService$DownloaderTask(26295): at android.os.AsyncTask$2.call(AsyncTask.java:287)
W/TilannehuoneService$DownloaderTask(26295): at java.util.concurrent.FutureTask$Sync.innerRun(FutureTask.java:305)
W/TilannehuoneService$DownloaderTask(26295): at java.util.concurrent.FutureTask.run(FutureTask.java:137)
W/TilannehuoneService$DownloaderTask(26295): at java.util.concurrent.ThreadPoolExecutor.runWorker(ThreadPoolExecutor.java:1076)
W/TilannehuoneService$DownloaderTask(26295): at java.util.concurrent.ThreadPoolExecutor$Worker.run(ThreadPoolExecutor.java:569)
W/TilannehuoneService$DownloaderTask(26295): at java.lang.Thread.run(Thread.java:856)
V/TilannehuoneContentProvider(26295): update()
V/TilannehuoneContentProvider(26295): update(), 1 rows updated
V/TilannehuoneService$DownloaderTask(26295): doInBackground(), row with GUID 7bf9674e3f1771b59f8ec1041f8c68d7 updated: true
V/TilannehuoneService$DownloaderTask(26295): insertCoordinates(), used coordinates from static map for location "Suonenjoki": lat=62.6260906, long=27.1221231
V/TilannehuoneContentProvider(26295): update()
V/TilannehuoneContentProvider(26295): update(), 1 rows updated
V/TilannehuoneService$DownloaderTask(26295): doInBackground(), row with GUID 10180ef9da176b0e14bc393de9737f05 updated: true
V/TilannehuoneService$DownloaderTask(26295): insertCoordinates(), used coordinates from static map for location "Siilinjärvi": lat=63.0736826, long=27.661883
V/TilannehuoneContentProvider(26295): update()
V/TilannehuoneContentProvider(26295): update(), 1 rows updated
V/TilannehuoneService$DownloaderTask(26295): doInBackground(), row with GUID 9eb4ae1124e111e6f4dee1015c2c3a0d updated: true
V/TilannehuoneService$DownloaderTask(26295): insertCoordinates(), used coordinates from static map for location "Jalasjärvi": lat=62.490239, long=22.7592186
V/TilannehuoneContentProvider(26295): update()
V/TilannehuoneContentProvider(26295): update(), 1 rows updated
V/TilannehuoneService$DownloaderTask(26295): doInBackground(), row with GUID 0f0c66da48462707bb8bd8eeff18c1f0 updated: true
V/TilannehuoneService$DownloaderTask(26295): insertCoordinates(), used coordinates from static map for location "Imatra": lat=61.1704554, long=28.7720669
V/TilannehuoneContentProvider(26295): update()
V/TilannehuoneContentProvider(26295): update(), 1 rows updated
V/TilannehuoneService$DownloaderTask(26295): doInBackground(), row with GUID ae7a963c5574d2561970a287d06ee6a9 updated: true
V/TilannehuoneService$DownloaderTask(26295): insertCoordinates(), used coordinates from static map for location "Pori": lat=61.4851997, long=21.7974444
V/TilannehuoneContentProvider(26295): update()
V/TilannehuoneContentProvider(26295): update(), 1 rows updated
V/TilannehuoneService$DownloaderTask(26295): doInBackground(), row with GUID 0e7fccb2296be725260c4b6393a09d79 updated: true
V/TilannehuoneService$DownloaderTask(26295): insertCoordinates(), used coordinates from static map for location "Loppi": lat=60.7177934, long=24.4417325
V/TilannehuoneContentProvider(26295): update()
V/TilannehuoneContentProvider(26295): update(), 1 rows updated
V/TilannehuoneService$DownloaderTask(26295): doInBackground(), row with GUID e8bc5c5cbc51dd343e99787e55803ed4 updated: true
V/TilannehuoneService$DownloaderTask(26295): insertCoordinates(), used coordinates from static map for location "Forssa": lat=60.8132492, long=23.620921
V/TilannehuoneContentProvider(26295): update()
V/TilannehuoneContentProvider(26295): update(), 1 rows updated
D/dalvikvm(26295): GC_CONCURRENT freed 543K, 31% free 14071K/20103K, paused 12ms+4ms, total 37ms
V/TilannehuoneService$DownloaderTask(26295): doInBackground(), row with GUID 9ebd043ff4a508bf05e19ec0a78b70a8 updated: true
V/TilannehuoneService$DownloaderTask(26295): insertCoordinates(), coordinates provided for location (Kajaani: lat=64.221763729283, long=27.733718234146
V/TilannehuoneService$DownloaderTask(26295): insertCoordinates(), used coordinates from static map for location "Kajaani": lat=64.2270558, long=27.7286008
V/TilannehuoneContentProvider(26295): update()
V/TilannehuoneContentProvider(26295): update(), 1 rows updated
V/TilannehuoneService$DownloaderTask(26295): doInBackground(), row with GUID d4aa916a6a84e94cacb1e6eb7c0f5706 updated: true
W/TilannehuoneService$DownloaderTask(26295): java.io.IOException: Service not Available
W/TilannehuoneService$DownloaderTask(26295): at android.location.Geocoder.getFromLocationName(Geocoder.java:251)
W/TilannehuoneService$DownloaderTask(26295): at com.npesoft.tilannehuone.DataUpdater$DownloaderTask.insertCoordinates(DataUpdater.java:224)
W/TilannehuoneService$DownloaderTask(26295): at com.npesoft.tilannehuone.DataUpdater$DownloaderTask.doInBackground(DataUpdater.java:144)
W/TilannehuoneService$DownloaderTask(26295): at com.npesoft.tilannehuone.DataUpdater$DownloaderTask.doInBackground(DataUpdater.java:1)
W/TilannehuoneService$DownloaderTask(26295): at android.os.AsyncTask$2.call(AsyncTask.java:287)
W/TilannehuoneService$DownloaderTask(26295): at java.util.concurrent.FutureTask$Sync.innerRun(FutureTask.java:305)
W/TilannehuoneService$DownloaderTask(26295): at java.util.concurrent.FutureTask.run(FutureTask.java:137)
W/TilannehuoneService$DownloaderTask(26295): at java.util.concurrent.ThreadPoolExecutor.runWorker(ThreadPoolExecutor.java:1076)
W/TilannehuoneService$DownloaderTask(26295): at java.util.concurrent.ThreadPoolExecutor$Worker.run(ThreadPoolExecutor.java:569)
W/TilannehuoneService$DownloaderTask(26295): at java.lang.Thread.run(Thread.java:856)
V/TilannehuoneContentProvider(26295): update()
V/TilannehuoneContentProvider(26295): update(), 1 rows updated
V/TilannehuoneService$DownloaderTask(26295): doInBackground(), row with GUID c4931ca38e361684cdc3f913844375f2 updated: true
V/TilannehuoneService$DownloaderTask(26295): insertCoordinates(), used coordinates from static map for location "Tervola": lat=66.0805024, long=24.8109033
V/TilannehuoneContentProvider(26295): update()
V/TilannehuoneContentProvider(26295): update(), 1 rows updated
V/TilannehuoneService$DownloaderTask(26295): doInBackground(), row with GUID 684cd3fe45fe12f994b97268c3d88aea updated: true
V/TilannehuoneService$DownloaderTask(26295): insertCoordinates(), used coordinates from static map for location "Parainen": lat=60.3010824, long=22.3022414
V/TilannehuoneContentProvider(26295): update()
V/TilannehuoneContentProvider(26295): update(), 1 rows updated
V/TilannehuoneService$DownloaderTask(26295): doInBackground(), row with GUID 2ab5fab2ce28f97e8a6a9c8f419123cb updated: true
V/TilannehuoneService$DownloaderTask(26295): insertCoordinates(), used coordinates from static map for location "Savonlinna": lat=61.8687022, long=28.8850555
V/TilannehuoneContentProvider(26295): update()
V/TilannehuoneContentProvider(26295): update(), 1 rows updated
