W/MessageQueue( 4909): java.lang.RuntimeException: Handler (android.telephony.PhoneStateListener$2) {41e04e30} sending message to a Handler on a dead thread
W/MessageQueue( 4909): at android.os.MessageQueue.enqueueMessage(MessageQueue.java:294)
W/MessageQueue( 4909): at android.os.Handler.sendMessageAtTime(Handler.java:473)
W/MessageQueue( 4909): at android.os.Handler.sendMessageDelayed(Handler.java:446)
W/MessageQueue( 4909): at android.os.Handler.sendMessage(Handler.java:383)
W/MessageQueue( 4909): at android.os.Message.sendToTarget(Message.java:360)
W/MessageQueue( 4909): at android.telephony.PhoneStateListener$1.onServiceStateChanged(PhoneStateListener.java:327)
W/MessageQueue( 4909): at com.android.internal.telephony.IPhoneStateListener$Stub.onTransact(IPhoneStateListener.java:55)
W/MessageQueue( 4909): at android.os.Binder.execTransact(Binder.java:367)
W/MessageQueue( 4909): at dalvik.system.NativeStart.run(Native Method)
D/PopupuiReceiver( 5399): onReceive() getAction : android.intent.action.NETWORK_SET_TIMEZONE
D/PopupuiReceiver( 5399): NETWORK_SET_TIME prevMCCvalue : 244
D/STATUSBAR-NetworkController( 2913): onServiceStateChanged state=0
D/STATUSBAR-NetworkController( 2913): updateDataNetType()
D/STATUSBAR-NetworkController( 2913): Nothing, mRoamingIconId = 0
D/PopupuiReceiver( 5399): gsm.operator.numeric : 244
D/PopupuiReceiver( 5399): SAME to prevMCCvalue : mccstrcmp
I/InputReader( 2374): Touch event's action is 0x1 (deviceType=0) [pCnt=1, s=]
I/InputDispatcher( 2374): Delivering touch to current input target: action: 0x1
I/InputDispatcher( 2374): Delivering touch to current input target: action: 0x1
I/InputDispatcher( 2374): Delivering touch to current input target: action: 0x1
D/ContextualPageReceiver( 3156): mContextualPageReceiver: ACTION_SERVICE_STATE_CHANGED isRoaming : false
D/StatusChecker( 3516): onReceive : android.intent.action.SERVICE_STATE
D/StatusChecker( 3516): Service state changed : 0
D/WindowManager( 2374): PhoneWindowManager: focusChangedLw
I/SurfaceFlinger( 1959): id=4785(51) createSurf 0x40d96fb4 (1x1),1 flag=0, TubSettings
I/SurfaceFlinger( 1959): SurfaceFlinger : eMagnificationFactorChanged. magnificationFactor=1.0
I/SurfaceFlinger( 1959): SurfaceFlinger : eZoomPositionChanged. zoomX=0.0 zoomY=0.0
D/KeyguardViewMediator( 2374): setHidden false
D/PowerManagerService( 2374): mIsLockZone = true mTiltAngle : 51.12871 value : 2
D/KeyguardViewMediator( 2374): setHidden false
D/KeyguardViewMediator( 2374): setHidden false
D/KeyguardViewMediator( 2374): setHidden false
D/KeyguardViewMediator( 2374): setHidden false
D/PowerManagerService( 2374): mIsLockZone = false mTiltAngle : 49.96204 value : 1
I/InputReader( 2374): Touch event's action is 0x0 (deviceType=0) [pCnt=1, s=0.13033 ]
I/InputDispatcher( 2374): Delivering touch to current input target: action: 0x0
I/InputDispatcher( 2374): Delivering touch to current input target: action: 0x0
I/InputDispatcher( 2374): Delivering touch to current input target: action: 0x0
I/InputReader( 2374): Touch event's action is 0x1 (deviceType=0) [pCnt=1, s=]
I/InputDispatcher( 2374): Delivering touch to current input target: action: 0x1
I/InputDispatcher( 2374): Delivering touch to current input target: action: 0x1
I/InputDispatcher( 2374): Delivering touch to current input target: action: 0x1
D/ ( 8599): [mtp_simple_sink_thread] !!!!!! read failed errno [5], error [I/O error]
D/ ( 8599): mtp_simple_sink_thread :Sink Thread Closed with status = -1
E/ ( 8599): read error [5] [I/O error]
D/ ( 8599): [mtp_simple_sink_thread] thread_exit_fn is called
D/ ( 8599): [thread_exit_fn:134] just return !!!!!!!!!!!!!!!!!
D/UsbDeviceManager( 2374): handleMessage -> MSG_ENABLE_ADB = 1
D/UsbDeviceManager( 2374): setAdbEnabled: true (mAdbEnabled = false)
D/UsbDeviceManager( 2374): setUsbConfig(none)
E/DataRouter( 1953): After the usb select
E/DataRouter( 1953): read length is zero
E/DataRouter( 1953): dr_usb_deinit
E/DataRouter( 1953): dr_usb_init
E/DataRouter( 1953): USB Interface is open with 0xa
E/DataRouter( 1953): USB interface is now configured for usb_fd = 0xa
E/DataRouter( 1953): pcsyncreset
D/connfw ( 1957): [DR->CONNFW]Received data notification
E/DTT ( 1956): [DR->DTT]Received data notification
E/DataRouter( 1953): read usb data[len:0]
E/DataRouter( 1953): read usb data message:
E/DataRouter( 1953): Before the usb select
D/Kies ( 1954): [DR->KIES]Received data notification
D/Kies ( 1954): dr_process_kies_app(0)
D/Kies ( 1954): child pid = 9555.
D/Kies ( 9555): child pid = 0.
D/Kies ( 9555): execute sh.
D/WindowManager( 2374): PhoneWindowManager: focusChangedLw
D/KeyguardViewMediator( 2374): setHidden false
W/InputMethodManagerService( 2374): Window already focused, ignoring focus gain of: com.android.internal.view.IInputMethodClient$Stub$Proxy@42d8f178 attribute=null
D/UsbDeviceManager( 2374): updateAdbNotification : mAdbEnabled = true, mConnected = true, mAdbNotificationShown = false
D/AndroidRuntime( 9557):
D/AndroidRuntime( 9557): >>>>>> AndroidRuntime START com.android.internal.os.RuntimeInit <<<<<<
D/AndroidRuntime( 9557): CheckJNI is OFF
D/AndroidRuntime( 9557): setted country_code = Nordic
D/AndroidRuntime( 9557): setted countryiso_code = SE
D/AndroidRuntime( 9557): setted sales_code = NEE
D/AndroidRuntime( 9557): readGMSProperty: start
D/AndroidRuntime( 9557): readGMSProperty: already setted!!
D/AndroidRuntime( 9557): readGMSProperty: end
D/AndroidRuntime( 9557): addProductProperty: start
D/dalvikvm( 9557): Trying to load lib libjavacore.so 0x0
D/dalvikvm( 9557): Added shared lib libjavacore.so 0x0
D/dalvikvm( 9557): Trying to load lib libnativehelper.so 0x0
D/dalvikvm( 9557): Added shared lib libnativehelper.so 0x0
D/dalvikvm( 9557): Note: class Landroid/app/ActivityManagerNative; has 153 unimplemented (abstract) methods
D/KeyguardViewMediator( 2374): setHidden false
I/SurfaceFlinger( 1959): id=4785 Removed TubSettings idx=4 MapSz=3
I/SurfaceFlinger( 1959): id=4785 Removed TubSettings idx=-2 MapSz=3
D/KeyguardViewMediator( 2374): setHidden false
D/KeyguardViewMediator( 2374): setHidden false
D/AndroidRuntime( 9557): Calling main entry com.android.commands.am.Am
D/sml ( 5451): KIES_WSSERVICE_STOP
I/sml ( 5451): IsRemain_Asyncing nothing
D/AndroidRuntime( 9557): Shutting down VM
D/dalvikvm( 9557): GC_CONCURRENT freed 101K, 86% free 591K/4096K, paused 1ms+0ms, total 3ms
V/UsbDeviceManager( 2374): USB UEVENT: {USB_STATE=CONNECTED, SUBSYSTEM=android_usb, DEVPATH=/devices/virtual/android_usb/android0, SEQNUM=879866, ACTION=change}
D/UsbDeviceManager( 2374): handleMessage -> MSG_UPDATE_STATE connected = 1,configured = 0
D/UsbDeviceManager( 2374): updateUsbNotification : mConnected = true, mConfigured = false, mCurrentFunctions = mtp,adb
D/UsbDeviceManager( 2374): updateAdbNotification : mAdbEnabled = true, mConnected = true, mAdbNotificationShown = false
D/UsbDeviceManager( 2374): sending intent : ACTION_USB_STATE : connected = true, configured = false, functions = mtp,adb
E/MTPRx ( 8599): In MtpReceiverandroid.hardware.usb.action.USB_STATE
E/MTPRx ( 8599): check value of boot_completed is1
E/MTPRx ( 8599): check booting is completed_sys.boot_completed
E/MTPRx ( 8599): Sd-Card path/storage/extSdCard
E/MTPRx ( 8599): Status for mount/Unmount :mounted
E/MTPRx ( 8599): SDcard is available
E/MTPRx ( 8599): The value of first_boot is 1
E/MTPRx ( 8599): [ 662] The value of first_boot is 1NORMAL SEQUENCE
W/MTPRx ( 8599): value of connected istrue
W/MTPRx ( 8599): value of configured isfalse
W/MTPRx ( 8599): value of mtpEnabled istrue
W/MTPRx ( 8599): value of ptpEnabled isfalse
E/MTPRx ( 8599): Received USB_STATE with sdCardLaunch = 0
E/MTPRx ( 8599): configured is false
D/TMSERVER/TMNetworkReceiver(15684): TMNetworkReceiver.TMNetworkReceiver() Enter 1 main
D/TMSERVER/TMNetworkReceiver(15684): TMNetworkReceiver.StartTMHandler - enter
D/TMSERVER/TMNetworkReceiver(15684): TMNetworkReceiver.StartTMHandler - exit
D/TMSERVER/TMNetworkReceiver(15684): TMNetworkReceiver.onReceive() Enter
D/TMSERVER/TMNetworkReceiver(15684): TMNetworkReceiver.onReceive() Action android.hardware.usb.action.USB_STATE
D/TMSERVER/TMNetworkReceiver(15684): TMNetworkReceiver.onReceive() on USB
D/TMSERVER/TMNetworkReceiver(15684): usbEventReceiver:onReceive(): connected = true
D/TMSERVER/TMNetworkReceiver(15684): usbEventReceiver:onReceive(): configured = false
D/TMSERVER/TMNetworkReceiver(15684): usbEventReceiver:onReceive(): isUsbCableConnected = true
D/TMSERVER/TMNetworkReceiver(15684): TMNetworkReceiver.onReceive() Exit
D/TMSERVER/TMLogRemovalReceiver(15684): TMLogRemovalReceiver.onReceive() Enter isCalled =true
D/TMSERVER/TMLogRemovalReceiver(15684): TMLogRemovalReceiver.onReceive() Exit
V/UsbDeviceManager( 2374): USB UEVENT: {USB_STATE=CONFIGURED, SUBSYSTEM=android_usb, DEVPATH=/devices/virtual/android_usb/android0, SEQNUM=879867, ACTION=change}
D/UsbDeviceManager( 2374): handleMessage -> MSG_UPDATE_STATE connected = 1,configured = 1
D/UsbDeviceManager( 2374): updateUsbNotification : mConnected = true, mConfigured = true, mCurrentFunctions = mtp,adb
D/UsbDeviceManager( 2374): updateAdbNotification : mAdbEnabled = true, mConnected = true, mAdbNotificationShown = false
D/UsbDeviceManager( 2374): sending intent : ACTION_USB_STATE : connected = true, configured = true, functions = mtp,adb
E/MTPRx ( 8599): In MtpReceiverandroid.hardware.usb.action.USB_STATE
E/MTPRx ( 8599): check value of boot_completed is1
E/MTPRx ( 8599): check booting is completed_sys.boot_completed
E/MTPRx ( 8599): Sd-Card path/storage/extSdCard
E/MTPRx ( 8599): Status for mount/Unmount :mounted
E/MTPRx ( 8599): SDcard is available
E/MTPRx ( 8599): The value of first_boot is 1
E/MTPRx ( 8599): [ 662] The value of first_boot is 1NORMAL SEQUENCE
W/MTPRx ( 8599): value of connected istrue
W/MTPRx ( 8599): value of configured istrue
W/MTPRx ( 8599): value of mtpEnabled istrue
W/MTPRx ( 8599): value of ptpEnabled isfalse
E/MTPRx ( 8599): Received USB_STATE with sdCardLaunch = 0
E/MTPRx ( 8599): mtpEnabled is coming again so return
D/FastDormancy( 3067): [FD] ON default: true
D/FastDormancy( 3067): getDormancyFlag() return mDormFlag = true
D/FastDormancy( 3067): Before mDormFlag: true in getCapaDormancy()
D/FastDormancy( 3067): After mDormFlag: true in getCapaDormancy()
W/FastDormancy( 3067): ======= ENTER DORMANCY =======
D/MtpService( 3306): addStorageLocked 65537 /storage/sdcard0
D/MtpService( 3306): addStorageLocked 131073 /storage/extSdCard
D/TMSERVER/TMNetworkReceiver(15684): TMNetworkReceiver.TMNetworkReceiver() Enter 1 main
D/TMSERVER/TMNetworkReceiver(15684): TMNetworkReceiver.StartTMHandler - enter
D/TMSERVER/TMNetworkReceiver(15684): TMNetworkReceiver.StartTMHandler - exit
D/TMSERVER/TMNetworkReceiver(15684): TMNetworkReceiver.onReceive() Enter
D/TMSERVER/TMNetworkReceiver(15684): TMNetworkReceiver.onReceive() Action android.hardware.usb.action.USB_STATE
D/TMSERVER/TMNetworkReceiver(15684): TMNetworkReceiver.onReceive() on USB
D/TMSERVER/TMNetworkReceiver(15684): usbEventReceiver:onReceive(): connected = true
D/TMSERVER/TMNetworkReceiver(15684): usbEventReceiver:onReceive(): configured = true
D/TMSERVER/TMNetworkReceiver(15684): usbEventReceiver:onReceive(): isUsbCableConnected = true
D/TMSERVER/TMNetworkReceiver(15684): TMNetworkReceiver.onReceive() Exit
D/MtpService( 3306): starting MTP server in MTP mode
D/MediaScanner( 3306): Constructor set externalStorageSdPath : /storage/extSdCard
E/MtpServerJNI( 3306): could not open MTP driver, errno: 2
D/MtpService( 3306): addStorageLocked 131073 /storage/extSdCard
E/MtpServerJNI( 3306): server is null in add_storage
D/MtpService( 3306): addStorageLocked 65537 /storage/sdcard0
E/MtpServerJNI( 3306): server is null in add_storage
E/MtpServerJNI( 3306): server is null in run
E/MtpServerJNI( 3306): server is null in cleanup
D/TMSERVER/TMLogRemovalReceiver(15684): TMLogRemovalReceiver.onReceive() Enter isCalled =true
D/TMSERVER/TMLogRemovalReceiver(15684): TMLogRemovalReceiver.onReceive() Exit
D/FastDormancy( 3067): ======= FAST DORMANCY Enter =======
W/SignalStrength( 2374): getGsmLevel=1
W/SignalStrength( 2374): getLevel=1 (SignalStrength: 2 0 -120 -160 -120 -1 -1 99 2147483647 2147483647 2147483647 2147483647 gsm|lte 0x1)
W/SignalStrength( 2913): getGsmLevel=1
W/SignalStrength( 2913): getLevel=1 (SignalStrength: 2 0 -120 -160 -120 -1 -1 99 2147483647 2147483647 2147483647 2147483647 gsm|lte 0x1)
W/SignalStrength( 2913): getGsmLevel=1
W/SignalStrength( 2913): getLevel=1 (SignalStrength: 2 0 -120 -160 -120 -1 -1 99 2147483647 2147483647 2147483647 2147483647 gsm|lte 0x1)
W/SignalStrength( 2374): getDbm 1
W/SignalStrength( 2374): getGsmDbm=-109
W/SignalStrength( 2374): getDbm=-109
W/SignalStrength( 2374): getAsuLevel 1
W/SignalStrength( 2374): getGsmAsuLevel=2
W/SignalStrength( 2374): getAsuLevel=2
D/STATUSBAR-NetworkController( 2913): onSignalStrengthsChanged signalStrength=SignalStrength: 2 0 -120 -160 -120 -1 -1 99 2147483647 2147483647 2147483647 2147483647 gsm|lte 0x1 level=1
D/dalvikvm( 2374): GC_CONCURRENT freed 2839K, 47% free 32045K/59655K, paused 3ms+9ms, total 93ms
D/InputReader( 2374): Input event: value=1
D/lights ( 2374): button : 1 +
D/lights ( 2374): button : 1 -
I/InputDispatcher( 2374): Delivering key to current input target: action: 0x0
I/InputDispatcher( 2374): Delivering key to current input target: action: 0x0
I/InputDispatcher( 2374): Delivering key to current input target: action: 0x0
I/PowerManagerService( 2374): Ulight 0x3->0x7|0x0
D/LightsService( 2374): setLightLocked is called
D/Kies ( 1954): sending intent finished.
D/Kies ( 1954): KIES_WSSERVICE_STOP sending intent result = 1.
D/Kies ( 1954): child pid = 9596.
D/Kies ( 9596): child pid = 0.
D/Kies ( 9596): execute sh.
D/InputReader( 2374): Input event: value=0
I/InputDispatcher( 2374): Delivering key to current input target: action: 0x1
I/InputDispatcher( 2374): Delivering key to current input target: action: 0x1
I/InputDispatcher( 2374): Delivering key to current input target: action: 0x1
I/ClipboardServiceEx( 2374): mCBPickerDialog enter case. MSG_DISMISS_DIALOG
I/power ( 2374): *** acquire_dvfs_lock : lockType : 1 freq : 1000000
D/PowerManagerService( 2374): acquireDVFSLockLocked : type : DVFS_MIN_LIMIT frequency : 1000000 uid : 1000 pid : 2374 tag : ActivityManager
W/ActivityManager( 2374): mDVFSLock.acquire()
D/KeyguardViewMediator( 2374): setHidden false
I/WifiEnabler( 3199): Resume : 1
D/AndroidRuntime( 9597):
D/AndroidRuntime( 9597): >>>>>> AndroidRuntime START com.android.internal.os.RuntimeInit <<<<<<
D/AndroidRuntime( 9597): CheckJNI is OFF
D/AndroidRuntime( 9597): setted country_code = Nordic
I/BluetoothPolicyService( 2374): isBluetoothEnabled
D/AndroidRuntime( 9597): setted countryiso_code = SE
D/AndroidRuntime( 9597): setted sales_code = NEE
D/AndroidRuntime( 9597): readGMSProperty: start
D/AndroidRuntime( 9597): readGMSProperty: already setted!!
D/AndroidRuntime( 9597): readGMSProperty: end
D/AndroidRuntime( 9597): addProductProperty: start
I/SurfaceFlinger( 1959): id=4786(52) createSurf 0x40d5682c (720x1280),1 flag=400, Tettings
I/SurfaceFlinger( 1959): SurfaceFlinger : eMagnificationFactorChanged. magnificationFactor=1.0
I/SurfaceFlinger( 1959): SurfaceFlinger : eZoomPositionChanged. zoomX=0.0 zoomY=0.0
D/WindowManager( 2374): PhoneWindowManager: focusChangedLw
D/KeyguardViewMediator( 2374): setHidden false
D/STATUSBAR-StatusBarManagerService( 2374): setSystemUiVisibility(0x0)
D/STATUSBAR-StatusBarManagerService( 2374): manageDisableList what=0x0 pkg=WindowManager.LayoutParams
D/dalvikvm( 9597): Trying to load lib libjavacore.so 0x0
D/dalvikvm( 9597): Added shared lib libjavacore.so 0x0
D/dalvikvm( 9597): Trying to load lib libnativehelper.so 0x0
D/dalvikvm( 9597): Added shared lib libnativehelper.so 0x0
W/System.err( 3199): Removed 2131428268
W/System.err( 3199): Removed 2131428281
I/ClipboardServiceEx( 2374): Send intent for dismiss clipboard dialog inside hideCurrentInputLocked() !
D/KeyguardViewMediator( 2374): setHidden false
D/KeyguardViewMediator( 2374): setHidden false
D/KeyguardViewMediator( 2374): setHidden false
D/InputReader( 2374): Input event: value=1
I/InputDispatcher( 2374): Delivering key to current input target: action: 0x0
I/InputDispatcher( 2374): Delivering key to current input target: action: 0x0
I/InputDispatcher( 2374): Delivering key to current input target: action: 0x0
D/KeyguardViewMediator( 2374): setHidden false
E/SpannableStringBuilder( 3199): SPAN_EXCLUSIVE_EXCLUSIVE spans cannot have a zero length
E/SpannableStringBuilder( 3199): SPAN_EXCLUSIVE_EXCLUSIVE spans cannot have a zero length
D/KeyguardViewMediator( 2374): setHidden false
D/InputReader( 2374): Input event: value=0
I/InputDispatcher( 2374): Delivering key to current input target: action: 0x1
I/InputDispatcher( 2374): Delivering key to current input target: action: 0x1
I/InputDispatcher( 2374): Delivering key to current input target: action: 0x1
I/ClipboardServiceEx( 2374): mCBPickerDialog enter case. MSG_DISMISS_DIALOG
I/WifiEnabler( 3199): Pause : 1
I/BluetoothPolicyService( 2374): isBluetoothEnabled
D/WindowManager( 2374): PhoneWindowManager: focusChangedLw
D/KeyguardViewMediator( 2374): setHidden false
D/dalvikvm( 9597): Note: class Landroid/app/ActivityManagerNative; has 153 unimplemented (abstract) methods
V/WindowManager( 2374): rotationForOrientationLw(orient=5, last=0); user=0 mLidState=-1 mDockMode=0 mHdmiPlugged=false mAccelerometerDefault=false sensorRotation=0
D/WindowManager( 2374): mInputFocus is not null.
D/WindowManager( 2374): mInputFocus is not null.
D/Launcher( 3156): onRestart, Launcher: 1104468464
D/Launcher( 3156): onStart, Launcher: 1104468464
D/Launcher.HomeFragment( 3156): onStart
D/Launcher( 3156): onResume, Launcher: 1104468464
D/KeyguardViewMediator( 2374): setHidden false
D/WindowManager( 2374): mInputFocus is not null.
D/WindowManager( 2374): mInputFocus is not null.
I/FlashBarService( 2991): mPkgManagerReceiver : onReceive
D/KeyguardViewMediator( 2374): setHidden false
W/WindowManager( 2374): Rebuild removed 9 windows but added 8
I/SurfaceFlinger( 1959): id=4784 Removed TubSettings idx=4 MapSz=3
I/SurfaceFlinger( 1959): id=4784 Removed TubSettings idx=-2 MapSz=3
D/KeyguardViewMediator( 2374): setHidden false
D/KeyguardViewMediator( 2374): setHidden false
W/WindowManager( 2374): Current app token list:
W/WindowManager( 2374): Final window list:
D/WindowManager( 2374): mInputFocus is not null.
D/WindowManager( 2374): mInputFocus is not null.
D/WindowManager( 2374): mInputFocus is not null.
D/WindowManager( 2374): mInputFocus is not null.
D/AndroidRuntime( 9597): Calling main entry com.android.commands.am.Am
D/InputReader( 2374): Input event: value=1
D/dalvikvm( 3156): WAIT_FOR_CONCURRENT_GC blocked 0ms
D/dalvikvm( 3156): GC_EXPLICIT freed 3970K, 36% free 24320K/37831K, paused 3ms+5ms, total 45ms
D/AndroidRuntime( 9597): Shutting down VM
D/dalvikvm( 9597): GC_CONCURRENT freed 101K, 86% free 591K/4096K, paused 1ms+0ms, total 3ms
E/Launcher( 3156): Error finding setting, default accessibility to not found: accessibility_enabled
D/Launcher.HomeFragment( 3156): onResume
D/MenuAppsGridFragment( 3156): onResume
D/InputReader( 2374): Input event: value=0
I/SurfaceFlinger( 1959): id=4787(183) createSurf 0x40f5fbf4 (720x1280),1 flag=0, Mauncher
I/SurfaceFlinger( 1959): SurfaceFlinger : eMagnificationFactorChanged. magnificationFactor=1.0
I/SurfaceFlinger( 1959): SurfaceFlinger : eZoomPositionChanged. zoomX=0.0 zoomY=0.0
D/WindowManager( 2374): PhoneWindowManager: focusChangedLw
D/KeyguardViewMediator( 2374): setHidden false
I/InputDispatcher( 2374): Delivering key to current input target: action: 0x0
I/InputDispatcher( 2374): Delivering key to current input target: action: 0x0
I/InputDispatcher( 2374): Delivering key to current input target: action: 0x0
D/STATUSBAR-StatusBarManagerService( 2374): setSystemUiVisibility(0x0)
D/STATUSBAR-StatusBarManagerService( 2374): manageDisableList what=0x0 pkg=WindowManager.LayoutParams
I/ClipboardServiceEx( 2374): Send intent for dismiss clipboard dialog inside hideCurrentInputLocked() !
I/InputDispatcher( 2374): Delivering key to current input target: action: 0x1
I/InputDispatcher( 2374): Delivering key to current input target: action: 0x1
I/InputDispatcher( 2374): Delivering key to current input target: action: 0x1
I/ClipboardServiceEx( 2374): mCBPickerDialog enter case. MSG_DISMISS_DIALOG
D/KeyguardViewMediator( 2374): setHidden false
D/KeyguardViewMediator( 2374): setHidden false
D/KeyguardViewMediator( 2374): setHidden false
D/KeyguardViewMediator( 2374): setHidden false
D/KeyguardViewMediator( 2374): setHidden false
D/InputReader( 2374): Input event: value=1
I/InputDispatcher( 2374): Delivering key to current input target: action: 0x0
I/InputDispatcher( 2374): Delivering key to current input target: action: 0x0
I/InputDispatcher( 2374): Delivering key to current input target: action: 0x0
D/InputReader( 2374): Input event: value=0
I/InputDispatcher( 2374): Delivering key to current input target: action: 0x1
I/InputDispatcher( 2374): Delivering key to current input target: action: 0x1
I/InputDispatcher( 2374): Delivering key to current input target: action: 0x1
I/ClipboardServiceEx( 2374): mCBPickerDialog enter case. MSG_DISMISS_DIALOG
D/PowerManagerService( 2374): mIsLockZone = true mTiltAngle : 49.956226 value : 2
D/InputReader( 2374): Input event: value=1
I/InputDispatcher( 2374): Delivering key to current input target: action: 0x0
I/InputDispatcher( 2374): Delivering key to current input target: action: 0x0
I/InputDispatcher( 2374): Delivering key to current input target: action: 0x0
D/KeyguardViewMediator( 2374): setHidden false
I/SurfaceFlinger( 1959): id=4786 Removed Tettings idx=4 MapSz=3
I/SurfaceFlinger( 1959): id=4786 Removed Tettings idx=-2 MapSz=3
D/KeyguardViewMediator( 2374): setHidden false
D/KeyguardViewMediator( 2374): setHidden false
D/InputReader( 2374): Input event: value=0
I/InputDispatcher( 2374): Delivering key to current input target: action: 0x1
I/InputDispatcher( 2374): Delivering key to current input target: action: 0x1
I/InputDispatcher( 2374): Delivering key to current input target: action: 0x1
I/ClipboardServiceEx( 2374): mCBPickerDialog enter case. MSG_DISMISS_DIALOG
I/Launcher.StuckInEdit( 3156): exitWidgetResizeMode State NORMAL
D/KeyguardViewMediator( 2374): setHidden false
D/Kies ( 1954): sending intent finished.
D/Kies ( 1954): KIES_APP_STOP sending intent result = 1.
I/power ( 2374): *** release_dvfs_lock : lockType : 1
D/PowerManagerService( 2374): releaseDVFSLockLocked : all DVFS_MIN_LIMIT are released
W/ActivityManager( 2374): mDVFSLock.release()
D/PowerManagerService( 2374): mIsLockZone = false mTiltAngle : 50.796555 value : 1
D/dalvikvm(15767): GC_CONCURRENT freed 405K, 9% free 13127K/14279K, paused 12ms+2ms, total 26ms
I/InputReader( 2374): Touch event's action is 0x0 (deviceType=0) [pCnt=1, s=0.13034 ]
I/InputDispatcher( 2374): Delivering touch to current input target: action: 0x0
I/InputDispatcher( 2374): Delivering touch to current input target: action: 0x0
I/InputDispatcher( 2374): Delivering touch to current input target: action: 0x0
I/InputDispatcher( 2374): Delivering touch to current input target: action: 0x0
I/InputReader( 2374): Touch event's action is 0x1 (deviceType=0) [pCnt=1, s=]
I/InputDispatcher( 2374): Delivering touch to current input target: action: 0x1
I/InputDispatcher( 2374): Delivering touch to current input target: action: 0x1
I/InputDispatcher( 2374): Delivering touch to current input target: action: 0x1
I/InputDispatcher( 2374): Delivering touch to current input target: action: 0x1
I/Launcher.StuckInEdit( 3156): exitWidgetResizeMode State NORMAL
I/TwDVFSBroadcastReceiver( 3107): onLauncherIntent
D/PowerManager( 3107): DVFSLock : acquire : timeout : 1000
I/power ( 2374): *** acquire_dvfs_lock : lockType : 1 freq : 1400000
D/Launcher.MenuAppsGrid( 3156): StateObj::getAppsList() item count = 60
D/CellLayoutChildren( 3156): setCellDimensions. width: 164, height: 188, gapX: 8, gapY: 4
D/CellLayout( 3156): setGridSize(4, 5)
D/PowerManagerService( 2374): acquireDVFSLockLocked : type : DVFS_MIN_LIMIT frequency : 1400000 uid : 1000 pid : 3107 tag : TwDVFSBroadcastReceiver
D/CellLayoutChildren( 3156): setCellDimensions. width: 164, height: 188, gapX: 8, gapY: 4
D/CellLayout( 3156): setGridSize(4, 5)
D/CellLayoutChildren( 3156): setCellDimensions. width: 164, height: 188, gapX: 8, gapY: 4
D/CellLayout( 3156): setGridSize(4, 5)
W/SignalStrength( 2374): getGsmLevel=0
W/SignalStrength( 2374): getLevel=0 (SignalStrength: 2 0 -120 -160 -120 -1 -1 99 2147483647 2147483647 2147483647 2147483647 gsm|lte 0x0)
W/SignalStrength( 2913): getGsmLevel=0
W/SignalStrength( 2913): getLevel=0 (SignalStrength: 2 0 -120 -160 -120 -1 -1 99 2147483647 2147483647 2147483647 2147483647 gsm|lte 0x0)
W/SignalStrength( 2913): getGsmLevel=0
W/SignalStrength( 2913): getLevel=0 (SignalStrength: 2 0 -120 -160 -120 -1 -1 99 2147483647 2147483647 2147483647 2147483647 gsm|lte 0x0)
W/SignalStrength( 2374): getDbm 1
W/SignalStrength( 2374): getGsmDbm=-109
W/SignalStrength( 2374): getDbm=-109
W/SignalStrength( 2374): getAsuLevel 1
W/SignalStrength( 2374): getGsmAsuLevel=2
W/SignalStrength( 2374): getAsuLevel=2
D/STATUSBAR-NetworkController( 2913): onSignalStrengthsChanged signalStrength=SignalStrength: 2 0 -120 -160 -120 -1 -1 99 2147483647 2147483647 2147483647 2147483647 gsm|lte 0x0 level=0
D/STATUSBAR-NetworkController( 2913): refreshSignalCluster: data=2 bt=false
D/STATUSBAR-SignalClusterView( 2913): mSeparateMobileGroup=0
D/STATUSBAR-SignalClusterView( 2913): mSeparateMobileGroup=0
D/STATUSBAR-SignalClusterView( 2913): mSeparateMobileGroup=0
W/ActivityManager( 2374): Permission denied: checkComponentPermission() owningUid=10062
W/ActivityManager( 2374): Permission denied: checkComponentPermission() owningUid=10062
W/ActivityManager( 2374): Permission denied: checkComponentPermission() owningUid=10062
W/ActivityManager( 2374): Permission denied: checkComponentPermission() owningUid=10062
D/dalvikvm( 8615): GC_CONCURRENT freed 297K, 8% free 13169K/14215K, paused 1ms+1ms, total 14ms
I/power ( 2374): *** release_dvfs_lock : lockType : 1
D/PowerManagerService( 2374): releaseDVFSLockLocked : all DVFS_MIN_LIMIT are released
V/WindowOrientationListener( 2374): nearestRotation : 1 Angle: 52 tilt: 55
D/PowerManagerService( 2374): mIsLockZone = true mTiltAngle : 55.74688 value : 5
D/KeyguardViewMediator( 2374): setHidden false
V/WindowOrientationListener( 2374): Proposed rotation changed! proposedRotation=1, oldProposedRotation=-1currentRotation = 0
V/WindowManager( 2374): rotationForOrientationLw(orient=5, last=0); user=0 mLidState=-1 mDockMode=0 mHdmiPlugged=false mAccelerometerDefault=false sensorRotation=1
D/lights ( 2374): button : 2 +
D/lights ( 2374): button : 2 -
W/PowerManagerService( 2374): Timer 0x7->0x3|0x0
I/PowerManagerService( 2374): Ulight 0x7->0x3|0x0
D/LightsService( 2374): setLightLocked is called
I/InputReader( 2374): Touch event's action is 0x0 (deviceType=0) [pCnt=1, s=0.13035 ]
I/InputDispatcher( 2374): Delivering touch to current input target: action: 0x0
I/InputDispatcher( 2374): Delivering touch to current input target: action: 0x0
I/InputDispatcher( 2374): Delivering touch to current input target: action: 0x0
I/InputDispatcher( 2374): Delivering touch to current input target: action: 0x0
I/TwDVFSBroadcastReceiver( 3107): onLauncherIntent
D/PowerManager( 3107): DVFSLock : acquire : timeout : 1000
I/power ( 2374): *** acquire_dvfs_lock : lockType : 1 freq : 1400000
D/PowerManagerService( 2374): acquireDVFSLockLocked : type : DVFS_MIN_LIMIT frequency : 1400000 uid : 1000 pid : 3107 tag : TwDVFSBroadcastReceiver
I/InputReader( 2374): Touch event's action is 0x1 (deviceType=0) [pCnt=1, s=]
I/InputDispatcher( 2374): Delivering touch to current input target: action: 0x1
I/InputDispatcher( 2374): Delivering touch to current input target: action: 0x1
I/InputDispatcher( 2374): Delivering touch to current input target: action: 0x1
I/InputDispatcher( 2374): Delivering touch to current input target: action: 0x1
I/power ( 2374): *** release_dvfs_lock : lockType : 1
D/PowerManagerService( 2374): releaseDVFSLockLocked : all DVFS_MIN_LIMIT are released
I/InputReader( 2374): Touch event's action is 0x0 (deviceType=0) [pCnt=1, s=0.13036 ]
I/InputDispatcher( 2374): Delivering touch to current input target: action: 0x0
I/InputDispatcher( 2374): Delivering touch to current input target: action: 0x0
I/InputDispatcher( 2374): Delivering touch to current input target: action: 0x0
I/InputDispatcher( 2374): Delivering touch to current input target: action: 0x0
I/InputReader( 2374): Touch event's action is 0x1 (deviceType=0) [pCnt=1, s=]
I/InputDispatcher( 2374): Delivering touch to current input target: action: 0x1
I/InputDispatcher( 2374): Delivering touch to current input target: action: 0x1
I/InputDispatcher( 2374): Delivering touch to current input target: action: 0x1
I/InputDispatcher( 2374): Delivering touch to current input target: action: 0x1
D/PowerManagerService( 2374): mIsLockZone = false mTiltAngle : 52.009933 value : 1
I/InputReader( 2374): Touch event's action is 0x0 (deviceType=0) [pCnt=1, s=0.13037 ]
I/InputDispatcher( 2374): Delivering touch to current input target: action: 0x0
I/InputDispatcher( 2374): Delivering touch to current input target: action: 0x0
I/InputDispatcher( 2374): Delivering touch to current input target: action: 0x0
I/InputDispatcher( 2374): Delivering touch to current input target: action: 0x0
I/TwDVFSBroadcastReceiver( 3107): onLauncherIntent
D/PowerManager( 3107): DVFSLock : acquire : timeout : 1000
I/power ( 2374): *** acquire_dvfs_lock : lockType : 1 freq : 1400000
D/PowerManagerService( 2374): acquireDVFSLockLocked : type : DVFS_MIN_LIMIT frequency : 1400000 uid : 1000 pid : 3107 tag : TwDVFSBroadcastReceiver
I/InputReader( 2374): Touch event's action is 0x1 (deviceType=0) [pCnt=1, s=]
I/InputDispatcher( 2374): Delivering touch to current input target: action: 0x1
I/InputDispatcher( 2374): Delivering touch to current input target: action: 0x1
I/InputDispatcher( 2374): Delivering touch to current input target: action: 0x1
I/InputDispatcher( 2374): Delivering touch to current input target: action: 0x1
I/power ( 2374): *** release_dvfs_lock : lockType : 1
D/PowerManagerService( 2374): releaseDVFSLockLocked : all DVFS_MIN_LIMIT are released
W/SignalStrength( 2374): getGsmLevel=1
W/SignalStrength( 2374): getLevel=1 (SignalStrength: 2 0 -120 -160 -120 -1 -1 99 2147483647 2147483647 2147483647 2147483647 gsm|lte 0x1)
W/SignalStrength( 2913): getGsmLevel=1
W/SignalStrength( 2913): getLevel=1 (SignalStrength: 2 0 -120 -160 -120 -1 -1 99 2147483647 2147483647 2147483647 2147483647 gsm|lte 0x1)
W/SignalStrength( 2913): getGsmLevel=1
W/SignalStrength( 2913): getLevel=1 (SignalStrength: 2 0 -120 -160 -120 -1 -1 99 2147483647 2147483647 2147483647 2147483647 gsm|lte 0x1)
W/SignalStrength( 2374): getDbm 1
W/SignalStrength( 2374): getGsmDbm=-109
W/SignalStrength( 2374): getDbm=-109
W/SignalStrength( 2374): getAsuLevel 1
W/SignalStrength( 2374): getGsmAsuLevel=2
W/SignalStrength( 2374): getAsuLevel=2
D/STATUSBAR-NetworkController( 2913): onSignalStrengthsChanged signalStrength=SignalStrength: 2 0 -120 -160 -120 -1 -1 99 2147483647 2147483647 2147483647 2147483647 gsm|lte 0x1 level=1
D/STATUSBAR-NetworkController( 2913): refreshSignalCluster: data=2 bt=false
D/STATUSBAR-SignalClusterView( 2913): mSeparateMobileGroup=0
D/STATUSBAR-SignalClusterView( 2913): mSeparateMobileGroup=0
D/STATUSBAR-SignalClusterView( 2913): mSeparateMobileGroup=0
W/PowerManagerService( 2374): Timer 0x3->0x3|0x0
D/PowerManagerService( 2374): mIsLockZone = true mTiltAngle : 49.101078 value : 5
D/PowerManagerService( 2374): mIsLockZone = false mTiltAngle : 67.3954 value : 4
D/PowerManagerService( 2374): mIsLockZone = true mTiltAngle : 58.067886 value : 3
D/PowerManagerService( 2374): mIsLockZone = false mTiltAngle : 50.35327 value : 1
D/PowerManagerService( 2374): mIsLockZone = true mTiltAngle : 45.44146 value : 2
D/PowerManagerService( 2374): lightSensorChangedLocked value=5 immediate=false
D/PowerManagerService( 2374): getAutoBrightnessValue : in bound ( 0 < 5 <= 15 )
D/PowerManagerService( 2374): getAutoBrightnessValue : in bound ( 0 < 5 <= 15 )
D/PowerManagerService( 2374): lcdValue 20
D/PowerManagerService( 2374): buttonValue 20
D/PowerManagerService( 2374): keyboardValue 0
D/PowerManagerService( 2374): lightSensorChangedLocked : mKeyboardLight : 0
V/WindowOrientationListener( 2374): nearestRotation : 0 Angle: 17 tilt: 44
W/SignalStrength( 2374): getGsmLevel=1
W/SignalStrength( 2374): getLevel=1 (SignalStrength: 3 0 -120 -160 -120 -1 -1 99 2147483647 2147483647 2147483647 2147483647 gsm|lte 0x1)
W/SignalStrength( 2913): getGsmLevel=1
W/SignalStrength( 2913): getLevel=1 (SignalStrength: 3 0 -120 -160 -120 -1 -1 99 2147483647 2147483647 2147483647 2147483647 gsm|lte 0x1)
W/SignalStrength( 2913): getGsmLevel=1
W/SignalStrength( 2913): getLevel=1 (SignalStrength: 3 0 -120 -160 -120 -1 -1 99 2147483647 2147483647 2147483647 2147483647 gsm|lte 0x1)
W/SignalStrength( 2374): getDbm 1
W/SignalStrength( 2374): getGsmDbm=-107
W/SignalStrength( 2374): getDbm=-107
W/SignalStrength( 2374): getAsuLevel 1
W/SignalStrength( 2374): getGsmAsuLevel=3
W/SignalStrength( 2374): getAsuLevel=3
D/STATUSBAR-NetworkController( 2913): onSignalStrengthsChanged signalStrength=SignalStrength: 3 0 -120 -160 -120 -1 -1 99 2147483647 2147483647 2147483647 2147483647 gsm|lte 0x1 level=1
D/STATUSBAR-SignalClusterView( 2913): mSeparateMobileGroup=0
D/STATUSBAR-SignalClusterView( 2913): mSeparateMobileGroup=0
D/STATUSBAR-SignalClusterView( 2913): mSeparateMobileGroup=0
D/STATUSBAR-NetworkController( 2913): onDataActivity: direction=2
D/STATUSBAR-NetworkController( 2913): refreshSignalCluster: data=2 bt=false
D/STATUSBAR-NetworkController( 2913): onDataActivity: direction=0
D/STATUSBAR-NetworkController( 2913): refreshSignalCluster: data=2 bt=false
D/STATUSBAR-SignalClusterView( 2913): mSeparateMobileGroup=0
D/STATUSBAR-SignalClusterView( 2913): mSeparateMobileGroup=0
D/STATUSBAR-SignalClusterView( 2913): mSeparateMobileGroup=0
D/FastDormancy( 3067): [FD] ON default: true
D/FastDormancy( 3067): getDormancyFlag() return mDormFlag = true
D/FastDormancy( 3067): Before mDormFlag: true in getCapaDormancy()
D/FastDormancy( 3067): After mDormFlag: true in getCapaDormancy()
W/FastDormancy( 3067): ======= ENTER DORMANCY =======
D/FastDormancy( 3067): ======= FAST DORMANCY Enter =======
E/Watchdog( 2374): !@Sync 1470
V/WindowOrientationListener( 2374): nearestRotation : 0 Angle: 17 tilt: 44
D/MTPRx ( 8599): DRIVER_TIME_OUT 60s lapsed
D/PowerManagerService( 2374): mIsLockZone = false mTiltAngle : 64.97437 value : 7
D/STATUSBAR-Clock( 2913): onReceive() - ACTION_TIME_TICK
V/AlarmManager( 2374): waitForAlarm result :8
V/AlarmManager( 2374): ClockReceiver onReceive() ACTION_TIME_TICK
W/AlarmManager( 2374): FACTORY_ON= 0
D/STATUSBAR-Clock( 2913): onReceive() - ACTION_TIME_TICK
D/ClockAlarmWidgetService(19224): [ClockAlarmWidgetService] onReceive: action = android.intent.action.TIME_TICK
E/ClockAlarmWidget(19224): [AlarmWidgetIdManager] getListItem() : itemIndex=0, widgetID:1
E/ClockAlarmWidget(19224): [AlarmWidgetIdManager] getListItem() : ItemIndex exceed ListItemCount. itemIndex=1
E/ClockAlarmWidget(19224): [AlarmWidgetIdManager] getListItem() : itemIndex=1, widgetID:1
D/ClockAlarmDataProvider(19224): getAlarm() - too many same ID alarm data. nCount: 0
D/SharedManager(23304): getPrefIDs() : length = 1
D/SharedManager(23304): getPrefIDs() : Shared_DCIDs1 = 9
D/dalvikvm(23304): GC_CONCURRENT freed 1428K, 22% free 12381K/15751K, paused 1ms+2ms, total 12ms
D/dalvikvm(23304): WAIT_FOR_CONCURRENT_GC blocked 6ms
D/evanjs (23304): evanjs DualClockAppWidgetProvider display.getOrientation(): 0
D/dalvikvm(23304): GC_FOR_ALLOC freed 51K, 20% free 12667K/15751K, paused 9ms, total 9ms
I/dalvikvm-heap(23304): Grow heap (frag case) to 13.657MB for 646432-byte allocation
D/dalvikvm(23304): GC_CONCURRENT freed <1K, 16% free 13298K/15751K, paused 2ms+1ms, total 10ms
D/dalvikvm(23304): WAIT_FOR_CONCURRENT_GC blocked 8ms
D/dalvikvm( 2374): GC_FOR_ALLOC freed 1585K, 46% free 32363K/59655K, paused 78ms, total 78ms
D/PowerManagerService( 2374): lightSensorChangedLocked value=8 immediate=false
D/PowerManagerService( 2374): getAutoBrightnessValue : in bound ( 0 < 8 <= 15 )
D/PowerManagerService( 2374): getAutoBrightnessValue : in bound ( 0 < 8 <= 15 )
D/PowerManagerService( 2374): lcdValue 20
D/PowerManagerService( 2374): buttonValue 20
D/PowerManagerService( 2374): keyboardValue 0
D/PowerManagerService( 2374): lightSensorChangedLocked : mKeyboardLight : 0
E/MtpService( 8599): In MTPAPP onReceive:android.intent.action.BATTERY_CHANGED
E/MtpService( 8599): battPlugged Type : 2
D/videowall-TranscodeService(15584): releaseTransThread.
D/BatteryService( 2374): update start
D/BatteryService( 2374): level:4 scale:100 status:2 health:2 present:true voltage: 3703 temperature: 324 technology: Li-ion AC powered:false USB powered:true icon:17303231 invalid charger:0
D/STATUSBAR-BatteryController( 2913): onReceive() - ACTION_BATTERY_CHANGED
D/STATUSBAR-BatteryController( 2913): onReceive() - level:4
D/STATUSBAR-BatteryController( 2913): onReceive() - plugged:2
D/STATUSBAR-BatteryController( 2913): onReceive() - BATTERY_STATUS_CHARGING:
D/STATUSBAR-PhoneStatusBar( 2913): ACTION_BATTERY_CHANGED
W/SignalStrength( 2374): getGsmLevel=1
W/SignalStrength( 2374): getLevel=1 (SignalStrength: 4 0 -120 -160 -120 -1 -1 99 2147483647 2147483647 2147483647 2147483647 gsm|lte 0x1)
W/SignalStrength( 2913): getGsmLevel=1
W/SignalStrength( 2913): getLevel=1 (SignalStrength: 4 0 -120 -160 -120 -1 -1 99 2147483647 2147483647 2147483647 2147483647 gsm|lte 0x1)
W/SignalStrength( 2913): getGsmLevel=1
W/SignalStrength( 2913): getLevel=1 (SignalStrength: 4 0 -120 -160 -120 -1 -1 99 2147483647 2147483647 2147483647 2147483647 gsm|lte 0x1)
W/SignalStrength( 2374): getDbm 1
W/SignalStrength( 2374): getGsmDbm=-105
W/SignalStrength( 2374): getDbm=-105
W/SignalStrength( 2374): getAsuLevel 1
W/SignalStrength( 2374): getGsmAsuLevel=4
W/SignalStrength( 2374): getAsuLevel=4
D/STATUSBAR-NetworkController( 2913): onSignalStrengthsChanged signalStrength=SignalStrength: 4 0 -120 -160 -120 -1 -1 99 2147483647 2147483647 2147483647 2147483647 gsm|lte 0x1 level=1
W/SignalStrength( 2374): getGsmLevel=1
W/SignalStrength( 2374): getLevel=1 (SignalStrength: 5 0 -120 -160 -120 -1 -1 99 2147483647 2147483647 2147483647 2147483647 gsm|lte 0x1)
W/SignalStrength( 2913): getGsmLevel=1
W/SignalStrength( 2913): getLevel=1 (SignalStrength: 5 0 -120 -160 -120 -1 -1 99 2147483647 2147483647 2147483647 2147483647 gsm|lte 0x1)
W/SignalStrength( 2913): getGsmLevel=1
W/SignalStrength( 2913): getLevel=1 (SignalStrength: 5 0 -120 -160 -120 -1 -1 99 2147483647 2147483647 2147483647 2147483647 gsm|lte 0x1)
W/SignalStrength( 2374): getDbm 1
W/SignalStrength( 2374): getGsmDbm=-103
W/SignalStrength( 2374): getDbm=-103
W/SignalStrength( 2374): getAsuLevel 1
W/SignalStrength( 2374): getGsmAsuLevel=5
W/SignalStrength( 2374): getAsuLevel=5
D/STATUSBAR-NetworkController( 2913): onSignalStrengthsChanged signalStrength=SignalStrength: 5 0 -120 -160 -120 -1 -1 99 2147483647 2147483647 2147483647 2147483647 gsm|lte 0x1 level=1
W/SignalStrength( 2374): getGsmLevel=2
W/SignalStrength( 2374): getLevel=2 (SignalStrength: 5 0 -120 -160 -120 -1 -1 99 2147483647 2147483647 2147483647 2147483647 gsm|lte 0x2)
W/SignalStrength( 2913): getGsmLevel=2
W/SignalStrength( 2913): getLevel=2 (SignalStrength: 5 0 -120 -160 -120 -1 -1 99 2147483647 2147483647 2147483647 2147483647 gsm|lte 0x2)
W/SignalStrength( 2913): getGsmLevel=2
W/SignalStrength( 2913): getLevel=2 (SignalStrength: 5 0 -120 -160 -120 -1 -1 99 2147483647 2147483647 2147483647 2147483647 gsm|lte 0x2)
W/SignalStrength( 2374): getDbm 1
W/SignalStrength( 2374): getGsmDbm=-103
W/SignalStrength( 2374): getDbm=-103
W/SignalStrength( 2374): getAsuLevel 1
W/SignalStrength( 2374): getGsmAsuLevel=5
W/SignalStrength( 2374): getAsuLevel=5
D/STATUSBAR-NetworkController( 2913): onSignalStrengthsChanged signalStrength=SignalStrength: 5 0 -120 -160 -120 -1 -1 99 2147483647 2147483647 2147483647 2147483647 gsm|lte 0x2 level=2
D/STATUSBAR-NetworkController( 2913): refreshSignalCluster: data=2 bt=false
D/STATUSBAR-SignalClusterView( 2913): mSeparateMobileGroup=0
D/STATUSBAR-SignalClusterView( 2913): mSeparateMobileGroup=0
D/STATUSBAR-SignalClusterView( 2913): mSeparateMobileGroup=0
V/AlarmManager( 2374): waitForAlarm result :8
W/AlarmManager( 2374): FACTORY_ON= 0
W/AlarmManager( 2374): FACTORY_ON= 0
V/AlarmManager( 2374): waitForAlarm result :8
W/ThrottleService( 2374): unable to find stats for iface rmnet0
W/SignalStrength( 2374): getGsmLevel=2
W/SignalStrength( 2374): getLevel=2 (SignalStrength: 6 0 -120 -160 -120 -1 -1 99 2147483647 2147483647 2147483647 2147483647 gsm|lte 0x2)
W/SignalStrength( 2913): getGsmLevel=2
W/SignalStrength( 2913): getLevel=2 (SignalStrength: 6 0 -120 -160 -120 -1 -1 99 2147483647 2147483647 2147483647 2147483647 gsm|lte 0x2)
W/SignalStrength( 2913): getGsmLevel=2
W/SignalStrength( 2913): getLevel=2 (SignalStrength: 6 0 -120 -160 -120 -1 -1 99 2147483647 2147483647 2147483647 2147483647 gsm|lte 0x2)
W/SignalStrength( 2374): getDbm 1
W/SignalStrength( 2374): getGsmDbm=-101
W/SignalStrength( 2374): getDbm=-101
W/SignalStrength( 2374): getAsuLevel 1
W/SignalStrength( 2374): getGsmAsuLevel=6
W/SignalStrength( 2374): getAsuLevel=6
D/STATUSBAR-NetworkController( 2913): onSignalStrengthsChanged signalStrength=SignalStrength: 6 0 -120 -160 -120 -1 -1 99 2147483647 2147483647 2147483647 2147483647 gsm|lte 0x2 level=2
W/SignalStrength( 2374): getGsmLevel=2
W/SignalStrength( 2374): getLevel=2 (SignalStrength: 5 0 -120 -160 -120 -1 -1 99 2147483647 2147483647 2147483647 2147483647 gsm|lte 0x2)
W/SignalStrength( 2913): getGsmLevel=2
W/SignalStrength( 2913): getLevel=2 (SignalStrength: 5 0 -120 -160 -120 -1 -1 99 2147483647 2147483647 2147483647 2147483647 gsm|lte 0x2)
W/SignalStrength( 2913): getGsmLevel=2
W/SignalStrength( 2913): getLevel=2 (SignalStrength: 5 0 -120 -160 -120 -1 -1 99 2147483647 2147483647 2147483647 2147483647 gsm|lte 0x2)
W/SignalStrength( 2374): getDbm 1
W/SignalStrength( 2374): getGsmDbm=-103
W/SignalStrength( 2374): getDbm=-103
W/SignalStrength( 2374): getAsuLevel 1
W/SignalStrength( 2374): getGsmAsuLevel=5
W/SignalStrength( 2374): getAsuLevel=5
D/STATUSBAR-NetworkController( 2913): onSignalStrengthsChanged signalStrength=SignalStrength: 5 0 -120 -160 -120 -1 -1 99 2147483647 2147483647 2147483647 2147483647 gsm|lte 0x2 level=2
E/Watchdog( 2374): !@Sync 1471
W/SignalStrength( 2374): getGsmLevel=1
W/SignalStrength( 2374): getLevel=1 (SignalStrength: 5 0 -120 -160 -120 -1 -1 99 2147483647 2147483647 2147483647 2147483647 gsm|lte 0x1)
W/SignalStrength( 2913): getGsmLevel=1
W/SignalStrength( 2913): getLevel=1 (SignalStrength: 5 0 -120 -160 -120 -1 -1 99 2147483647 2147483647 2147483647 2147483647 gsm|lte 0x1)
W/SignalStrength( 2913): getGsmLevel=1
D/STATUSBAR-NetworkController( 2913): onSignalStrengthsChanged signalStrength=SignalStrength: 5 0 -120 -160 -120 -1 -1 99 2147483647 2147483647 2147483647 2147483647 gsm|lte 0x1 level=1
W/SignalStrength( 2913): getLevel=1 (SignalStrength: 5 0 -120 -160 -120 -1 -1 99 2147483647 2147483647 2147483647 2147483647 gsm|lte 0x1)
W/SignalStrength( 2374): getDbm 1
W/SignalStrength( 2374): getGsmDbm=-103
W/SignalStrength( 2374): getDbm=-103
W/SignalStrength( 2374): getAsuLevel 1
W/SignalStrength( 2374): getGsmAsuLevel=5
W/SignalStrength( 2374): getAsuLevel=5
D/STATUSBAR-NetworkController( 2913): refreshSignalCluster: data=2 bt=false
D/STATUSBAR-SignalClusterView( 2913): mSeparateMobileGroup=0
D/STATUSBAR-SignalClusterView( 2913): mSeparateMobileGroup=0
D/STATUSBAR-SignalClusterView( 2913): mSeparateMobileGroup=0
W/SignalStrength( 2374): getGsmLevel=1
W/SignalStrength( 2374): getLevel=1 (SignalStrength: 4 0 -120 -160 -120 -1 -1 99 2147483647 2147483647 2147483647 2147483647 gsm|lte 0x1)
W/SignalStrength( 2913): getGsmLevel=1
W/SignalStrength( 2913): getLevel=1 (SignalStrength: 4 0 -120 -160 -120 -1 -1 99 2147483647 2147483647 2147483647 2147483647 gsm|lte 0x1)
W/SignalStrength( 2913): getGsmLevel=1
W/SignalStrength( 2913): getLevel=1 (SignalStrength: 4 0 -120 -160 -120 -1 -1 99 2147483647 2147483647 2147483647 2147483647 gsm|lte 0x1)
W/SignalStrength( 2374): getDbm 1
W/SignalStrength( 2374): getGsmDbm=-105
W/SignalStrength( 2374): getDbm=-105
W/SignalStrength( 2374): getAsuLevel 1
W/SignalStrength( 2374): getGsmAsuLevel=4
W/SignalStrength( 2374): getAsuLevel=4
D/STATUSBAR-NetworkController( 2913): onSignalStrengthsChanged signalStrength=SignalStrength: 4 0 -120 -160 -120 -1 -1 99 2147483647 2147483647 2147483647 2147483647 gsm|lte 0x1 level=1
E/MtpService( 8599): In MTPAPP onReceive:android.intent.action.BATTERY_CHANGED
E/MtpService( 8599): battPlugged Type : 2
D/BatteryService( 2374): update start
D/BatteryService( 2374): level:4 scale:100 status:2 health:2 present:true voltage: 3711 temperature: 329 technology: Li-ion AC powered:false USB powered:true icon:17303231 invalid charger:0
D/STATUSBAR-BatteryController( 2913): onReceive() - ACTION_BATTERY_CHANGED
D/STATUSBAR-BatteryController( 2913): onReceive() - level:4
D/STATUSBAR-BatteryController( 2913): onReceive() - plugged:2
D/STATUSBAR-BatteryController( 2913): onReceive() - BATTERY_STATUS_CHARGING:
D/videowall-TranscodeService(15584): releaseTransThread.
D/STATUSBAR-PhoneStatusBar( 2913): ACTION_BATTERY_CHANGED
D/STATUSBAR-NetworkController( 2913): onDataActivity: direction=2
D/STATUSBAR-NetworkController( 2913): refreshSignalCluster: data=2 bt=false
D/STATUSBAR-SignalClusterView( 2913): mSeparateMobileGroup=0
D/STATUSBAR-SignalClusterView( 2913): mSeparateMobileGroup=0
D/STATUSBAR-SignalClusterView( 2913): mSeparateMobileGroup=0
W/SignalStrength( 2374): getGsmLevel=2
W/SignalStrength( 2374): getLevel=2 (SignalStrength: 5 0 -120 -160 -120 -1 -1 99 2147483647 2147483647 2147483647 2147483647 gsm|lte 0x2)
W/SignalStrength( 2913): getGsmLevel=2
W/SignalStrength( 2913): getLevel=2 (SignalStrength: 5 0 -120 -160 -120 -1 -1 99 2147483647 2147483647 2147483647 2147483647 gsm|lte 0x2)
W/SignalStrength( 2913): getGsmLevel=2
W/SignalStrength( 2913): getLevel=2 (SignalStrength: 5 0 -120 -160 -120 -1 -1 99 2147483647 2147483647 2147483647 2147483647 gsm|lte 0x2)
W/SignalStrength( 2374): getDbm 1
W/SignalStrength( 2374): getGsmDbm=-103
W/SignalStrength( 2374): getDbm=-103
W/SignalStrength( 2374): getAsuLevel 1
W/SignalStrength( 2374): getGsmAsuLevel=5
W/SignalStrength( 2374): getAsuLevel=5
D/STATUSBAR-NetworkController( 2913): onSignalStrengthsChanged signalStrength=SignalStrength: 5 0 -120 -160 -120 -1 -1 99 2147483647 2147483647 2147483647 2147483647 gsm|lte 0x2 level=2
D/STATUSBAR-NetworkController( 2913): refreshSignalCluster: data=2 bt=false
D/STATUSBAR-SignalClusterView( 2913): mSeparateMobileGroup=0
D/STATUSBAR-SignalClusterView( 2913): mSeparateMobileGroup=0
D/STATUSBAR-SignalClusterView( 2913): mSeparateMobileGroup=0
D/STATUSBAR-NetworkController( 2913): onDataActivity: direction=0
D/STATUSBAR-NetworkController( 2913): refreshSignalCluster: data=2 bt=false
D/STATUSBAR-SignalClusterView( 2913): mSeparateMobileGroup=0
D/STATUSBAR-SignalClusterView( 2913): mSeparateMobileGroup=0
D/STATUSBAR-SignalClusterView( 2913): mSeparateMobileGroup=0
D/FastDormancy( 3067): [FD] ON default: true
D/FastDormancy( 3067): getDormancyFlag() return mDormFlag = true
D/FastDormancy( 3067): Before mDormFlag: true in getCapaDormancy()
D/FastDormancy( 3067): After mDormFlag: true in getCapaDormancy()
W/FastDormancy( 3067): ======= ENTER DORMANCY =======
D/FastDormancy( 3067): ======= FAST DORMANCY Enter =======
D/PowerManagerService( 2374): lightSensorChangedLocked value=5 immediate=false
D/PowerManagerService( 2374): getAutoBrightnessValue : in bound ( 0 < 5 <= 15 )
D/PowerManagerService( 2374): getAutoBrightnessValue : in bound ( 0 < 5 <= 15 )
D/PowerManagerService( 2374): lcdValue 20
D/PowerManagerService( 2374): buttonValue 20
D/PowerManagerService( 2374): keyboardValue 0
D/PowerManagerService( 2374): lightSensorChangedLocked : mKeyboardLight : 0
D/PowerManagerService( 2374): lightSensorChangedLocked value=4 immediate=false
D/PowerManagerService( 2374): getAutoBrightnessValue : in bound ( 0 < 4 <= 15 )
D/PowerManagerService( 2374): getAutoBrightnessValue : in bound ( 0 < 4 <= 15 )
D/PowerManagerService( 2374): lcdValue 20
D/PowerManagerService( 2374): buttonValue 20
D/PowerManagerService( 2374): keyboardValue 0
D/PowerManagerService( 2374): lightSensorChangedLocked : mKeyboardLight : 0
W/SignalStrength( 2374): getGsmLevel=1
W/SignalStrength( 2374): getLevel=1 (SignalStrength: 5 0 -120 -160 -120 -1 -1 99 2147483647 2147483647 2147483647 2147483647 gsm|lte 0x1)
W/SignalStrength( 2913): getGsmLevel=1
W/SignalStrength( 2913): getLevel=1 (SignalStrength: 5 0 -120 -160 -120 -1 -1 99 2147483647 2147483647 2147483647 2147483647 gsm|lte 0x1)
W/SignalStrength( 2913): getGsmLevel=1
W/SignalStrength( 2913): getLevel=1 (SignalStrength: 5 0 -120 -160 -120 -1 -1 99 2147483647 2147483647 2147483647 2147483647 gsm|lte 0x1)
W/SignalStrength( 2374): getDbm 1
W/SignalStrength( 2374): getGsmDbm=-103
W/SignalStrength( 2374): getDbm=-103
W/SignalStrength( 2374): getAsuLevel 1
W/SignalStrength( 2374): getGsmAsuLevel=5
W/SignalStrength( 2374): getAsuLevel=5
D/STATUSBAR-NetworkController( 2913): onSignalStrengthsChanged signalStrength=SignalStrength: 5 0 -120 -160 -120 -1 -1 99 2147483647 2147483647 2147483647 2147483647 gsm|lte 0x1 level=1
D/STATUSBAR-NetworkController( 2913): refreshSignalCluster: data=2 bt=false
D/STATUSBAR-SignalClusterView( 2913): mSeparateMobileGroup=0
D/STATUSBAR-SignalClusterView( 2913): mSeparateMobileGroup=0
D/STATUSBAR-SignalClusterView( 2913): mSeparateMobileGroup=0
D/PowerManagerService( 2374): lightSensorChangedLocked value=6 immediate=false
