D/RestrictionPolicy( 2374): isHomeKeyEnabled :true
I/InputDispatcher( 2374): Delivering key to current input target: action: 0x0
I/InputDispatcher( 2374): Delivering key to current input target: action: 0x0
I/InputDispatcher( 2374): Delivering key to current input target: action: 0x0
D/RestrictionPolicy( 2374): isHomeKeyEnabled :true
I/InputDispatcher( 2374): Delivering key to current input target: action: 0x0
I/InputDispatcher( 2374): Delivering key to current input target: action: 0x0
I/InputDispatcher( 2374): Delivering key to current input target: action: 0x0
D/RestrictionPolicy( 2374): isHomeKeyEnabled :true
I/InputDispatcher( 2374): Delivering key to current input target: action: 0x0
I/InputDispatcher( 2374): Delivering key to current input target: action: 0x0
I/InputDispatcher( 2374): Delivering key to current input target: action: 0x0
D/RestrictionPolicy( 2374): isHomeKeyEnabled :true
I/InputDispatcher( 2374): Delivering key to current input target: action: 0x0
I/InputDispatcher( 2374): Delivering key to current input target: action: 0x0
I/InputDispatcher( 2374): Delivering key to current input target: action: 0x0
D/RestrictionPolicy( 2374): isHomeKeyEnabled :true
I/InputDispatcher( 2374): Delivering key to current input target: action: 0x0
I/InputDispatcher( 2374): Delivering key to current input target: action: 0x0
I/InputDispatcher( 2374): Delivering key to current input target: action: 0x0
D/RestrictionPolicy( 2374): isHomeKeyEnabled :true
I/InputDispatcher( 2374): Delivering key to current input target: action: 0x0
I/InputDispatcher( 2374): Delivering key to current input target: action: 0x0
I/InputDispatcher( 2374): Delivering key to current input target: action: 0x0
D/RestrictionPolicy( 2374): isHomeKeyEnabled :true
I/InputDispatcher( 2374): Delivering key to current input target: action: 0x0
I/InputDispatcher( 2374): Delivering key to current input target: action: 0x0
I/InputDispatcher( 2374): Delivering key to current input target: action: 0x0
D/Kies ( 1954): sending intent finished.
D/Kies ( 1954): KIES_APP_STOP sending intent result = 1.
V/AwesomePlayer( 1962): MEDIA_PLAYBACK_COMPLETE
V/AwesomePlayer( 1962): notifyListner_l() msg (2-MEDIA_PLAYBACK_COMPLETE), ext1 (0), ext2 (0)
V/MediaPlayerService( 1962): [53] notify (0x42074808, 2, 0, 0)
V/AudioSink( 1962): stop
V/LvOutput( 1962): initCheck: 0
V/LvOutput( 1962): detachEffects: detach processing for output 2, stream 5, session 619
V/LvOutput( 1962): detachEffects: no output processing was attached to this stream
V/AudioPolicyManagerBase( 1962): stopOutput() output 2, stream 5, session 619
V/AudioPolicyManagerBase( 1962): changeRefCount() stream 5, count 0
E/AudioPolicyManagerBase( 1962): unknown stream type
E/AudioPolicyManagerBase( 1962): unknown stream type
E/AudioPolicyManagerBase( 1962): unknown stream type
E/AudioPolicyManagerBase( 1962): unknown stream type
E/AudioPolicyManagerBase( 1962): unknown stream type
E/AudioPolicyManagerBase( 1962): unknown stream type
V/AudioPolicyManagerBase( 1962): getNewDevice() selected device 0
V/AudioPolicyManagerBase( 1962): setOutputDevice() output 2 device 0000 force 0 delayMs 184
V/AudioPolicyManagerBase( 1962): setOutputDevice() prevDevice 0002
V/AudioPolicyManagerBase( 1962): setOutputDevice() setting same device 0000 or null device for output 2
V/MediaPlayer( 2913): message received msg=2, ext1=0, ext2=0
V/MediaPlayer( 2913): playback complete
V/MediaPlayer( 2913): callback application
V/MediaPlayer( 2913): back from callback
I/AudioService( 2374): AudioFocus abandonAudioFocus() from 2913
D/RestrictionPolicy( 2374): isHomeKeyEnabled :true
I/InputDispatcher( 2374): Delivering key to current input target: action: 0x0
I/InputDispatcher( 2374): Delivering key to current input target: action: 0x0
I/InputDispatcher( 2374): Delivering key to current input target: action: 0x0
D/RestrictionPolicy( 2374): isHomeKeyEnabled :true
I/InputDispatcher( 2374): Delivering key to current input target: action: 0x0
I/InputDispatcher( 2374): Delivering key to current input target: action: 0x0
I/InputDispatcher( 2374): Delivering key to current input target: action: 0x0
D/InputReader( 2374): Input event: value=0
D/RestrictionPolicy( 2374): isHomeKeyEnabled :true
I/InputDispatcher( 2374): Delivering key to current input target: action: 0x1
I/InputDispatcher( 2374): Delivering key to current input target: action: 0x1
I/InputDispatcher( 2374): Delivering key to current input target: action: 0x1
D/AlarmManagerService( 2374): Kernel timezone updated to -120 minutes west of GMT
W/SignalStrength( 2913): getGsmLevel=1
W/SignalStrength( 2913): getLevel=1 (SignalStrength: 4 0 -120 -160 -120 -1 -1 99 2147483647 2147483647 2147483647 2147483647 gsm|lte 0x1)
W/MessageQueue( 4909): Handler (android.telephony.PhoneStateListener$2) {41e04e30} sending message to a Handler on a dead thread
W/MessageQueue( 4909): java.lang.RuntimeException: Handler (android.telephony.PhoneStateListener$2) {41e04e30} sending message to a Handler on a dead thread
W/MessageQueue( 4909): at android.os.MessageQueue.enqueueMessage(MessageQueue.java:294)
W/MessageQueue( 4909): at android.os.Handler.sendMessageAtTime(Handler.java:473)
W/MessageQueue( 4909): at android.os.Handler.sendMessageDelayed(Handler.java:446)
W/MessageQueue( 4909): at android.os.Handler.sendMessage(Handler.java:383)
W/MessageQueue( 4909): at android.os.Message.sendToTarget(Message.java:360)
W/MessageQueue( 4909): at android.telephony.PhoneStateListener$1.onServiceStateChanged(PhoneStateListener.java:327)
W/MessageQueue( 4909): at com.android.internal.telephony.IPhoneStateListener$Stub.onTransact(IPhoneStateListener.java:55)
W/MessageQueue( 4909): at android.os.Binder.execTransact(Binder.java:367)
W/MessageQueue( 4909): at dalvik.system.NativeStart.run(Native Method)
I/WifiService( 2374): Booster FLAG : 1
I/WifiService( 2374): mBoosterFLAG : 1
I/WifiService( 2374): current booster mode : FullMode
D/ContextualPageReceiver( 3156): mContextualPageReceiver: ACTION_SERVICE_STATE_CHANGED isRoaming : false
D/LTE_WIDGET( 3067): TelephonyManager.DATA_CONNECTED:,isConnectedData = true
D/PhoneApp( 3067): mReceiver: ACTION_ANY_DATA_CONNECTION_STATE_CHANGED
D/AlarmManagerService( 2374): Kernel timezone updated to -120 minutes west of GMT
W/MessageQueue( 4909): Handler (android.telephony.PhoneStateListener$2) {41e04e30} sending message to a Handler on a dead thread
W/MessageQueue( 4909): java.lang.RuntimeException: Handler (android.telephony.PhoneStateListener$2) {41e04e30} sending message to a Handler on a dead thread
W/MessageQueue( 4909): at android.os.MessageQueue.enqueueMessage(MessageQueue.java:294)
W/MessageQueue( 4909): at android.os.Handler.sendMessageAtTime(Handler.java:473)
W/MessageQueue( 4909): at android.os.Handler.sendMessageDelayed(Handler.java:446)
W/MessageQueue( 4909): at android.os.Handler.sendMessage(Handler.java:383)
W/MessageQueue( 4909): at android.os.Message.sendToTarget(Message.java:360)
W/MessageQueue( 4909): at android.telephony.PhoneStateListener$1.onServiceStateChanged(PhoneStateListener.java:327)
W/MessageQueue( 4909): at com.android.internal.telephony.IPhoneStateListener$Stub.onTransact(IPhoneStateListener.java:55)
W/MessageQueue( 4909): at android.os.Binder.execTransact(Binder.java:367)
W/MessageQueue( 4909): at dalvik.system.NativeStart.run(Native Method)
D/NotificationMgr( 3067): hideDataDisconnectedRoaming()...
W/SignalStrength( 2913): getGsmLevel=1
W/SignalStrength( 2913): getLevel=1 (SignalStrength: 4 0 -120 -160 -120 -1 -1 99 2147483647 2147483647 2147483647 2147483647 gsm|lte 0x1)
D/ContextualPageReceiver( 3156): mContextualPageReceiver: ACTION_SERVICE_STATE_CHANGED isRoaming : false
D/AlarmManagerService( 2374): Kernel timezone updated to -120 minutes west of GMT
W/SignalStrength( 2913): getGsmLevel=1
W/SignalStrength( 2913): getLevel=1 (SignalStrength: 4 0 -120 -160 -120 -1 -1 99 2147483647 2147483647 2147483647 2147483647 gsm|lte 0x1)
W/MessageQueue( 4909): Handler (android.telephony.PhoneStateListener$2) {41e04e30} sending message to a Handler on a dead thread
W/MessageQueue( 4909): java.lang.RuntimeException: Handler (android.telephony.PhoneStateListener$2) {41e04e30} sending message to a Handler on a dead thread
W/MessageQueue( 4909): at android.os.MessageQueue.enqueueMessage(MessageQueue.java:294)
W/MessageQueue( 4909): at android.os.Handler.sendMessageAtTime(Handler.java:473)
W/MessageQueue( 4909): at android.os.Handler.sendMessageDelayed(Handler.java:446)
W/MessageQueue( 4909): at android.os.Handler.sendMessage(Handler.java:383)
W/MessageQueue( 4909): at android.os.Message.sendToTarget(Message.java:360)
W/MessageQueue( 4909): at android.telephony.PhoneStateListener$1.onServiceStateChanged(PhoneStateListener.java:327)
W/MessageQueue( 4909): at com.android.internal.telephony.IPhoneStateListener$Stub.onTransact(IPhoneStateListener.java:55)
W/MessageQueue( 4909): at android.os.Binder.execTransact(Binder.java:367)
W/MessageQueue( 4909): at dalvik.system.NativeStart.run(Native Method)
D/ContextualPageReceiver( 3156): mContextualPageReceiver: ACTION_SERVICE_STATE_CHANGED isRoaming : false
I/InputReader( 2374): Touch event's action is 0x0 (deviceType=0) [pCnt=1, s=0.12915 ]
I/InputDispatcher( 2374): Delivering touch to current input target: action: 0x0
I/InputDispatcher( 2374): Delivering touch to current input target: action: 0x0
I/InputDispatcher( 2374): Delivering touch to current input target: action: 0x0
I/InputReader( 2374): Touch event's action is 0x1 (deviceType=0) [pCnt=1, s=]
I/InputDispatcher( 2374): Delivering touch to current input target: action: 0x1
I/InputDispatcher( 2374): Delivering touch to current input target: action: 0x1
I/InputDispatcher( 2374): Delivering touch to current input target: action: 0x1
D/WindowManager( 2374): PhoneWindowManager: focusChangedLw
D/KeyguardViewMediator( 2374): setHidden false
D/PicasaUploaderSyncManager(10462): battery info: false
E/videowall-TranscodeReceiver(15584): broadcastMSG : android.intent.action.ACTION_POWER_DISCONNECTED
D/videowall-TranscodeService(15584): -> onDestroy()
D/videowall-TranscodeService(15584): releaseTransThread.
I/Process (27117): Sending signal. PID: 27117 SIG: 9
D/KeyguardViewMediator( 2374): setHidden false
I/SurfaceFlinger( 1959): id=4541 Removed idx=4 MapSz=3
I/SurfaceFlinger( 1959): id=4541 Removed idx=-2 MapSz=3
D/KeyguardViewMediator( 2374): setHidden false
D/KeyguardViewMediator( 2374): setHidden false
E/MTPRx (27139): In MtpReceiverandroid.hardware.usb.action.USB_STATE
E/MTPRx (27139): check value of boot_completed is1
E/MTPRx (27139): check booting is completed_sys.boot_completed
E/MTPRx (27139): Sd-Card path/storage/extSdCard
E/MTPRx (27139): Status for mount/Unmount :mounted
E/MTPRx (27139): SDcard is available
E/MTPRx (27139): The value of first_boot is 1
E/MTPRx (27139): [ 662] The value of first_boot is 1NORMAL SEQUENCE
W/MTPRx (27139): value of connected isfalse
W/MTPRx (27139): value of configured isfalse
W/MTPRx (27139): value of mtpEnabled istrue
W/MTPRx (27139): value of ptpEnabled isfalse
E/MTPRx (27139): Received USB_STATE with sdCardLaunch = 0
E/MTPRx (27139): configured is false
I/DataManager(15848): onChange = 0, active = true, this = com.sec.android.gallery3d.data.DataManager$NotifyBroker@41e87358
I/DataManager(15848): onChange = 0, active = true, this = com.sec.android.gallery3d.data.DataManager$NotifyBroker@41e87200
I/DataManager(15848): onChange = 0, active = true, this = com.sec.android.gallery3d.data.DataManager$NotifyBroker@41e874b0
D/MediaScanner( 3306): Constructor set externalStorageSdPath : /storage/extSdCard
D/TMSERVER/TMNetworkReceiver(15684): TMNetworkReceiver.TMNetworkReceiver() Enter 1 main
D/TMSERVER/TMNetworkReceiver(15684): TMNetworkReceiver.StartTMHandler - enter
D/TMSERVER/TMNetworkReceiver(15684): TMNetworkReceiver.StartTMHandler - exit
D/TMSERVER/TMNetworkReceiver(15684): TMNetworkReceiver.onReceive() Enter
D/TMSERVER/TMNetworkReceiver(15684): TMNetworkReceiver.onReceive() Action android.hardware.usb.action.USB_STATE
D/TMSERVER/TMNetworkReceiver(15684): TMNetworkReceiver.onReceive() on USB
D/TMSERVER/TMNetworkReceiver(15684): usbEventReceiver:onReceive(): connected = false
D/TMSERVER/TMNetworkReceiver(15684): usbEventReceiver:onReceive(): configured = false
D/TMSERVER/TMNetworkReceiver(15684): usbEventReceiver:onReceive(): isUsbCableConnected = true
D/TMSERVER/TMNetworkReceiver(15684): TMNetworkReceiver.onReceive() USB NOT CONNECTED
D/TMSERVER/TMNetworkReceiver(15684): TMNetworkReceiver.onReceive() Exit
D/TMSERVER/TMLogRemovalReceiver(15684): TMLogRemovalReceiver.onReceive() Enter isCalled =true
D/TMSERVER/TMLogRemovalReceiver(15684): TMLogRemovalReceiver.onReceive() Exit
D/AndroidRuntime(27038): Shutting down VM
D/dalvikvm(27038): GC_CONCURRENT freed 101K, 86% free 591K/4096K, paused 0ms+1ms, total 5ms
I/Gmail ( 6306): MainSyncRequestProto: lowestBkwdConvoId: 0, highestHandledServerOp: 464758, normalSync: true
D/ClockAlarmWidgetService(19224): [ClockAlarmWidgetService] onReceive: action = android.intent.action.TIME_TICK
E/ClockAlarmWidget(19224): [AlarmWidgetIdManager] getListItem() : itemIndex=0, widgetID:1
E/ClockAlarmWidget(19224): [AlarmWidgetIdManager] getListItem() : ItemIndex exceed ListItemCount. itemIndex=1
E/ClockAlarmWidget(19224): [AlarmWidgetIdManager] getListItem() : itemIndex=1, widgetID:1
D/ClockAlarmDataProvider(19224): getAlarm() - too many same ID alarm data. nCount: 0
D/SharedManager(23304): getPrefIDs() : length = 1
D/SharedManager(23304): getPrefIDs() : Shared_DCIDs1 = 9
D/dalvikvm(23304): GC_CONCURRENT freed 1099K, 14% free 12431K/14407K, paused 12ms+18ms, total 56ms
D/dalvikvm(23304): WAIT_FOR_CONCURRENT_GC blocked 1ms
D/dalvikvm( 2374): GC_CONCURRENT freed 1689K, 46% free 32523K/59655K, paused 3ms+15ms, total 164ms
D/evanjs (23304): evanjs DualClockAppWidgetProvider display.getOrientation(): 0
D/InputReader( 2374): Input event: value=1
D/RestrictionPolicy( 2374): isHomeKeyEnabled :true
D/AlarmManagerService( 2374): Kernel timezone updated to -120 minutes west of GMT
W/MessageQueue( 4909): Handler (android.telephony.PhoneStateListener$2) {41e04e30} sending message to a Handler on a dead thread
W/MessageQueue( 4909): java.lang.RuntimeException: Handler (android.telephony.PhoneStateListener$2) {41e04e30} sending message to a Handler on a dead thread
W/MessageQueue( 4909): at android.os.MessageQueue.enqueueMessage(MessageQueue.java:294)
W/MessageQueue( 4909): at android.os.Handler.sendMessageAtTime(Handler.java:473)
W/MessageQueue( 4909): at android.os.Handler.sendMessageDelayed(Handler.java:446)
W/MessageQueue( 4909): at android.os.Handler.sendMessage(Handler.java:383)
W/MessageQueue( 4909): at android.os.Message.sendToTarget(Message.java:360)
W/MessageQueue( 4909): at android.telephony.PhoneStateListener$1.onServiceStateChanged(PhoneStateListener.java:327)
W/MessageQueue( 4909): at com.android.internal.telephony.IPhoneStateListener$Stub.onTransact(IPhoneStateListener.java:55)
W/MessageQueue( 4909): at android.os.Binder.execTransact(Binder.java:367)
W/MessageQueue( 4909): at dalvik.system.NativeStart.run(Native Method)
W/SignalStrength( 2913): getGsmLevel=1
W/SignalStrength( 2913): getLevel=1 (SignalStrength: 4 0 -120 -160 -120 -1 -1 99 2147483647 2147483647 2147483647 2147483647 gsm|lte 0x1)
D/ContextualPageReceiver( 3156): mContextualPageReceiver: ACTION_SERVICE_STATE_CHANGED isRoaming : false
D/dalvikvm(23304): GC_FOR_ALLOC freed 136K, 13% free 12664K/14407K, paused 20ms, total 20ms
I/dalvikvm-heap(23304): Grow heap (frag case) to 13.666MB for 659360-byte allocation
D/dalvikvm(23304): GC_CONCURRENT freed <1K, 12% free 13308K/15111K, paused 12ms+1ms, total 21ms
D/dalvikvm(23304): WAIT_FOR_CONCURRENT_GC blocked 8ms
D/PopupuiReceiver( 5399): onReceive() getAction : android.intent.action.NETWORK_SET_TIMEZONE
D/PopupuiReceiver( 5399): NETWORK_SET_TIME prevMCCvalue : 244
D/PopupuiReceiver( 5399): gsm.operator.numeric : 244
D/PopupuiReceiver( 5399): SAME to prevMCCvalue : mccstrcmp
D/StatusChecker( 3516): onReceive : android.intent.action.SERVICE_STATE
D/StatusChecker( 3516): Service state changed : 0
D/StatusChecker( 3516): onReceive : android.intent.action.SERVICE_STATE
D/StatusChecker( 3516): Service state changed : 0
D/StatusChecker( 3516): onReceive : android.intent.action.SERVICE_STATE
D/StatusChecker( 3516): Service state changed : 0
D/RestrictionPolicy( 2374): isHomeKeyEnabled :true
D/dalvikvm( 3306): GC_CONCURRENT freed 390K, 11% free 12663K/14215K, paused 2ms+2ms, total 25ms
V/MediaScanner( 3306): processDirectory : /storage/sdcard0
D/dalvikvm( 2913): GC_FOR_ALLOC freed 1339K, 33% free 24157K/35783K, paused 25ms, total 25ms
V/MediaPlayer-JNI( 2913): native_finalize
V/MediaPlayer-JNI( 2913): release
D/dalvikvm( 2374): WAIT_FOR_CONCURRENT_GC blocked 0ms
D/dalvikvm( 2913): GC_FOR_ALLOC freed 632K, 29% free 25420K/35783K, paused 16ms, total 16ms
D/dalvikvm( 2374): GC_EXPLICIT freed 1550K, 46% free 32445K/59655K, paused 4ms+8ms, total 115ms
D/dalvikvm( 2913): GC_FOR_ALLOC freed 102K, 25% free 27089K/35783K, paused 26ms, total 26ms
D/dalvikvm(27182): GC_CONCURRENT freed 167K, 7% free 12465K/13319K, paused 13ms+2ms, total 31ms
D/dalvikvm(27182): WAIT_FOR_CONCURRENT_GC blocked 12ms
D/RestrictionPolicy( 2374): isHomeKeyEnabled :true
D/WindowManager( 2374): Home long press behavior, keyguardOn = false
I/ActivityThread(27182): Pub com.google.android.music.ConfigContent: com.google.android.music.store.ConfigContentProvider
I/ActivityThread(27182): Pub com.google.android.music.MusicContent: com.google.android.music.store.MusicContentProvider
I/MusicStore(27182): Database version: 75
D/RestrictionPolicy( 2374): isHomeKeyEnabled :true
D/dalvikvm(27182): GC_CONCURRENT freed 195K, 7% free 12726K/13639K, paused 2ms+12ms, total 30ms
I/ActivityThread(27182): Pub com.google.android.music.icing: com.google.android.music.icing.IcingContentProvider
I/ActivityThread(27182): Pub com.google.android.music.xdi: com.google.android.music.xdi.XdiContentProvider
D/RestrictionPolicy( 2374): isHomeKeyEnabled :true
W/WindowManager( 2374): interceptKeyBeforeDispatching with IVoIPInterface
D/RestrictionPolicy( 2374): isHomeKeyEnabled :true
I/SurfaceFlinger( 1959): id=4542(20) createSurf 0x40d91de4 (720x1280),1 flag=0, SecentsPane
I/SurfaceFlinger( 1959): SurfaceFlinger : eMagnificationFactorChanged. magnificationFactor=1.0
I/SurfaceFlinger( 1959): SurfaceFlinger : eZoomPositionChanged. zoomX=0.0 zoomY=0.0
D/WindowManager( 2374): PhoneWindowManager: focusChangedLw
D/KeyguardViewMediator( 2374): setHidden false
D/dalvikvm(27182): GC_CONCURRENT freed 290K, 8% free 12867K/13895K, paused 12ms+1ms, total 30ms
D/RestrictionPolicy( 2374): isHomeKeyEnabled :true
D/dalvikvm( 2374): WAIT_FOR_CONCURRENT_GC blocked 0ms
D/RestrictionPolicy( 2374): isHomeKeyEnabled :true
D/RestrictionPolicy( 2374): isHomeKeyEnabled :true
D/dalvikvm( 2374): GC_EXPLICIT freed 165K, 46% free 32446K/59655K, paused 4ms+9ms, total 95ms
D/KeyguardViewMediator( 2374): setHidden false
I/MediaRouter(27182): Found default route: MediaRouter.RouteInfo{ uniqueId=android/.support.v7.media.SystemMediaRouteProvider:DEFAULT_ROUTE, name=Puhelin, description=null, enabled=true, connecting=false, playbackType=0, playbackStream=3, volumeHandling=1, volume=10, volumeMax=15, presentationDisplayId=-1, extras=null, providerPackageName=android }
D/RestrictionPolicy( 2374): isHomeKeyEnabled :true
D/RestrictionPolicy( 2374): isHomeKeyEnabled :true
D/RestrictionPolicy( 2374): isHomeKeyEnabled :true
D/SyncManager( 2374): setIsSyncable: , provider com.google.android.music.MusicContent, user 0 -> 1
D/SyncManager( 2374): setIsSyncable: already set to 1, doing nothing
D/dalvikvm( 3306): GC_CONCURRENT freed 240K, 10% free 12820K/14215K, paused 2ms+6ms, total 32ms
D/KeyguardViewMediator( 2374): setHidden false
D/KeyguardViewMediator( 2374): setHidden false
D/dalvikvm( 3306): WAIT_FOR_CONCURRENT_GC blocked 0ms
D/RestrictionPolicy( 2374): isHomeKeyEnabled :true
D/dalvikvm( 3306): GC_EXPLICIT freed 184K, 11% free 12663K/14215K, paused 2ms+3ms, total 30ms
D/RestrictionPolicy( 2374): isHomeKeyEnabled :true
D/StatusChecker( 3516): onReceive : android.intent.action.SERVICE_STATE
D/StatusChecker( 3516): Service state changed : 0
D/InputReader( 2374): Input event: value=0
D/RestrictionPolicy( 2374): isHomeKeyEnabled :true
D/dalvikvm( 2374): WAIT_FOR_CONCURRENT_GC blocked 0ms
D/dalvikvm( 2374): GC_EXPLICIT freed 743K, 46% free 32469K/59655K, paused 4ms+9ms, total 111ms
W/SignalStrength( 2374): getGsmLevel=1
W/SignalStrength( 2374): getLevel=1 (SignalStrength: 2 0 -120 -160 -120 -1 -1 99 2147483647 2147483647 2147483647 2147483647 gsm|lte 0x1)
W/SignalStrength( 2913): getGsmLevel=1
W/SignalStrength( 2913): getLevel=1 (SignalStrength: 2 0 -120 -160 -120 -1 -1 99 2147483647 2147483647 2147483647 2147483647 gsm|lte 0x1)
W/SignalStrength( 2913): getGsmLevel=1
W/SignalStrength( 2913): getLevel=1 (SignalStrength: 2 0 -120 -160 -120 -1 -1 99 2147483647 2147483647 2147483647 2147483647 gsm|lte 0x1)
W/SignalStrength( 2374): getDbm 1
W/SignalStrength( 2374): getGsmDbm=-109
W/SignalStrength( 2374): getDbm=-109
W/SignalStrength( 2374): getAsuLevel 1
W/SignalStrength( 2374): getGsmAsuLevel=2
W/SignalStrength( 2374): getAsuLevel=2
D/dalvikvm( 3306): GC_CONCURRENT freed 253K, 10% free 12805K/14215K, paused 12ms+14ms, total 44ms
D/dalvikvm( 3306): WAIT_FOR_CONCURRENT_GC blocked 0ms
D/dalvikvm( 3306): GC_EXPLICIT freed 184K, 11% free 12665K/14215K, paused 2ms+2ms, total 29ms
D/dalvikvm( 2374): WAIT_FOR_CONCURRENT_GC blocked 0ms
D/dalvikvm( 2374): GC_EXPLICIT freed 243K, 46% free 32446K/59655K, paused 5ms+9ms, total 131ms
D/AudioHardwareTinyALSA( 1962): Entering AudioStreamOutALSA standby mode
I/AudioHardwareTinyALSA( 1962): Close mHandle:41f657e8
I/DataManager(15848): onChange = 0, active = true, this = com.sec.android.gallery3d.data.DataManager$NotifyBroker@41e874b0
D/MediaScanner( 3306): Skipping:
D/MediaScanner( 3306): 7klwibgf7kdcbid(7DCRV75lpnvaubrtk7
D/dalvikvm( 2374): WAIT_FOR_CONCURRENT_GC blocked 1ms
D/dalvikvm( 2374): GC_EXPLICIT freed 65K, 46% free 32443K/59655K, paused 3ms+9ms, total 89ms
D/MediaScanner( 3306): Skipping:
D/MediaScanner( 3306): 7klwibgf7kdcbid(75ebcf7
D/MediaScanner( 3306): Skipping:
D/MediaScanner( 3306): 7klwibgf7kdcbid(7Budiwrd7dblb7
D/MediaScanner( 3306): Skipping:
D/MediaScanner( 3306): 7klwibgf7kdcbid(75lpnvaubrtk7
D/dalvikvm( 3306): GC_CONCURRENT freed 215K, 10% free 12844K/14215K, paused 1ms+3ms, total 21ms
I/InputReader( 2374): Touch event's action is 0x0 (deviceType=0) [pCnt=1, s=0.12916 ]
I/InputDispatcher( 2374): Delivering touch to current input target: action: 0x0
I/InputDispatcher( 2374): Delivering touch to current input target: action: 0x0
I/InputDispatcher( 2374): Delivering touch to current input target: action: 0x0
I/InputReader( 2374): Touch event's action is 0x1 (deviceType=0) [pCnt=1, s=]
I/InputDispatcher( 2374): Delivering touch to current input target: action: 0x1
I/InputDispatcher( 2374): Delivering touch to current input target: action: 0x1
I/InputDispatcher( 2374): Delivering touch to current input target: action: 0x1
I/power ( 2374): *** acquire_dvfs_lock : lockType : 1 freq : 1000000
D/Launcher.HomeFragment( 3156): onPause
D/Launcher( 3156): onPause, Launcher: 1104468464
I/SurfaceFlinger( 1959): id=4543(417) createSurf 0x40d8fbac (1x1),2 flag=400, dontrolpane
I/SurfaceFlinger( 1959): SurfaceFlinger : eMagnificationFactorChanged. magnificationFactor=1.0
I/SurfaceFlinger( 1959): SurfaceFlinger : eZoomPositionChanged. zoomX=0.0 zoomY=0.0
D/KeyguardViewMediator( 2374): setHidden false
D/KeyguardViewMediator( 2374): setHidden false
D/KeyguardViewMediator( 2374): setHidden false
D/AlarmManagerService( 2374): Kernel timezone updated to -120 minutes west of GMT
D/KeyguardViewMediator( 2374): setHidden false
D/Launcher( 3156): onTrimMemory. Level: 20
D/KeyguardViewMediator( 2374): setHidden false
D/KeyguardViewMediator( 2374): setHidden false
W/MessageQueue( 4909): Handler (android.telephony.PhoneStateListener$2) {41e04e30} sending message to a Handler on a dead thread
W/MessageQueue( 4909): java.lang.RuntimeException: Handler (android.telephony.PhoneStateListener$2) {41e04e30} sending message to a Handler on a dead thread
W/MessageQueue( 4909): at android.os.MessageQueue.enqueueMessage(MessageQueue.java:294)
W/MessageQueue( 4909): at android.os.Handler.sendMessageAtTime(Handler.java:473)
W/MessageQueue( 4909): at android.os.Handler.sendMessageDelayed(Handler.java:446)
W/MessageQueue( 4909): at android.os.Handler.sendMessage(Handler.java:383)
W/MessageQueue( 4909): at android.os.Message.sendToTarget(Message.java:360)
W/MessageQueue( 4909): at android.telephony.PhoneStateListener$1.onServiceStateChanged(PhoneStateListener.java:327)
W/MessageQueue( 4909): at com.android.internal.telephony.IPhoneStateListener$Stub.onTransact(IPhoneStateListener.java:55)
W/MessageQueue( 4909): at android.os.Binder.execTransact(Binder.java:367)
W/MessageQueue( 4909): at dalvik.system.NativeStart.run(Native Method)
D/PopupuiReceiver( 5399): onReceive() getAction : android.intent.action.NETWORK_SET_TIMEZONE
D/PopupuiReceiver( 5399): NETWORK_SET_TIME prevMCCvalue : 244
D/PopupuiReceiver( 5399): gsm.operator.numeric : 244
D/PopupuiReceiver( 5399): SAME to prevMCCvalue : mccstrcmp
I/WifiService( 2374): Booster FLAG : 1
I/WifiService( 2374): mBoosterFLAG : 1
I/WifiService( 2374): current booster mode : FullMode
D/StatusChecker( 3516): onReceive : android.intent.action.SERVICE_STATE
D/StatusChecker( 3516): Service state changed : 0
D/LTE_WIDGET( 3067): TelephonyManager.DATA_CONNECTED:,isConnectedData = true
D/dalvikvm( 3306): WAIT_FOR_CONCURRENT_GC blocked 0ms
D/AbsListView(11235): Get MotionRecognitionManager
D/PhoneApp( 3067): mReceiver: ACTION_ANY_DATA_CONNECTION_STATE_CHANGED
D/NotificationMgr( 3067): hideDataDisconnectedRoaming()...
D/AbsListView(11235): Get MotionRecognitionManager
D/dalvikvm( 3306): GC_EXPLICIT freed 252K, 11% free 12689K/14215K, paused 2ms+3ms, total 33ms
D/dalvikvm( 2374): WAIT_FOR_CONCURRENT_GC blocked 0ms
D/KeyguardViewMediator( 2374): setHidden false
D/ContextualPageReceiver( 3156): mContextualPageReceiver: ACTION_SERVICE_STATE_CHANGED isRoaming : false
D/WindowManager( 2374): PhoneWindowManager: focusChangedLw
D/KeyguardViewMediator( 2374): setHidden false
W/SignalStrength( 2913): getGsmLevel=1
W/SignalStrength( 2913): getLevel=1 (SignalStrength: 2 0 -120 -160 -120 -1 -1 99 2147483647 2147483647 2147483647 2147483647 gsm|lte 0x1)
D/dalvikvm( 2374): GC_EXPLICIT freed 443K, 46% free 32491K/59655K, paused 4ms+9ms, total 134ms
D/KeyguardViewMediator( 2374): setHidden false
I/SurfaceFlinger( 1959): id=4540 Removed Mauncher idx=2 MapSz=4
I/SurfaceFlinger( 1959): id=4540 Removed Mauncher idx=-2 MapSz=4
D/KeyguardViewMediator( 2374): setHidden false
I/SurfaceFlinger( 1959): id=4542 Removed SecentsPane idx=5 MapSz=3
I/SurfaceFlinger( 1959): id=4542 Removed SecentsPane idx=-2 MapSz=3
D/KeyguardViewMediator( 2374): setHidden false
D/dalvikvm(11235): GC_CONCURRENT freed 364K, 9% free 13595K/14919K, paused 11ms+14ms, total 40ms
D/AbsListView(11235): [unregisterDoubleTapMotionListener]
I/MotionRecognitionManager(11235): .unregisterListener : / listener count = 0->0, listener=android.widget.AbsListView$4@41e74e98
D/AbsListView(11235): [unregisterDoubleTapMotionListener]
I/MotionRecognitionManager(11235): .unregisterListener : / listener count = 0->0, listener=android.widget.AbsListView$4@41e80898
D/dalvikvm( 2374): WAIT_FOR_CONCURRENT_GC blocked 0ms
D/dalvikvm(11235): GC_CONCURRENT freed 664K, 11% free 13425K/14919K, paused 11ms+1ms, total 30ms
D/dalvikvm(11235): WAIT_FOR_CONCURRENT_GC blocked 11ms
D/dalvikvm(11235): GC_CONCURRENT freed 398K, 11% free 13425K/14919K, paused 11ms+2ms, total 23ms
D/dalvikvm(11235): WAIT_FOR_CONCURRENT_GC blocked 10ms
D/dalvikvm( 2374): GC_EXPLICIT freed 481K, 47% free 32089K/59655K, paused 4ms+11ms, total 105ms
D/dalvikvm(11235): GC_CONCURRENT freed 397K, 11% free 13425K/14919K, paused 12ms+1ms, total 27ms
D/dalvikvm(11235): WAIT_FOR_CONCURRENT_GC blocked 13ms
D/dalvikvm(11235): GC_CONCURRENT freed 398K, 11% free 13425K/14919K, paused 12ms+2ms, total 29ms
D/dalvikvm(11235): WAIT_FOR_CONCURRENT_GC blocked 15ms
D/dalvikvm(11235): GC_CONCURRENT freed 401K, 11% free 13425K/14919K, paused 11ms+2ms, total 29ms
D/dalvikvm(11235): WAIT_FOR_CONCURRENT_GC blocked 17ms
D/dalvikvm(11235): GC_CONCURRENT freed 399K, 11% free 13426K/14919K, paused 12ms+2ms, total 30ms
D/dalvikvm(11235): WAIT_FOR_CONCURRENT_GC blocked 18ms
D/dalvikvm( 3306): GC_CONCURRENT freed 248K, 10% free 12839K/14215K, paused 12ms+4ms, total 42ms
D/dalvikvm(11235): GC_CONCURRENT freed 446K, 11% free 13397K/14919K, paused 12ms+2ms, total 29ms
I/power ( 2374): *** release_dvfs_lock : lockType : 1
D/dalvikvm( 2374): WAIT_FOR_CONCURRENT_GC blocked 0ms
I/Choreographer(11235): Skipped 31 frames! The application may be doing too much work on its main thread.
I/SurfaceFlinger( 1959): id=4544(5) createSurf 0x40f5fbf4 (1x1),2 flag=400, KobManagerA
I/SurfaceFlinger( 1959): SurfaceFlinger : eMagnificationFactorChanged. magnificationFactor=1.0
I/SurfaceFlinger( 1959): SurfaceFlinger : eZoomPositionChanged. zoomX=0.0 zoomY=0.0
D/WindowManager( 2374): PhoneWindowManager: focusChangedLw
D/KeyguardViewMediator( 2374): setHidden false
D/dalvikvm( 2374): GC_EXPLICIT freed 132K, 47% free 32091K/59655K, paused 3ms+10ms, total 110ms
D/dalvikvm( 3306): WAIT_FOR_CONCURRENT_GC blocked 0ms
D/dalvikvm( 3306): GC_EXPLICIT freed 247K, 11% free 12696K/14215K, paused 2ms+3ms, total 24ms
D/dalvikvm(11235): GC_CONCURRENT freed 357K, 10% free 13548K/14919K, paused 11ms+1ms, total 26ms
D/dalvikvm(11235): WAIT_FOR_CONCURRENT_GC blocked 6ms
D/dalvikvm(11235): GC_FOR_ALLOC freed 346K, 10% free 13519K/14919K, paused 15ms, total 15ms
D/dalvikvm(11235): GC_FOR_ALLOC freed 344K, 10% free 13520K/14919K, paused 15ms, total 15ms
D/dalvikvm(11235): GC_FOR_ALLOC freed 344K, 10% free 13520K/14919K, paused 14ms, total 14ms
D/dalvikvm(11235): GC_FOR_ALLOC freed 350K, 10% free 13520K/14919K, paused 14ms, total 14ms
D/dalvikvm(11235): GC_FOR_ALLOC freed 345K, 10% free 13520K/14919K, paused 19ms, total 19ms
D/dalvikvm(11235): GC_FOR_ALLOC freed 344K, 10% free 13520K/14919K, paused 13ms, total 13ms
D/dalvikvm(11235): GC_CONCURRENT freed 475K, 10% free 13508K/14919K, paused 2ms+12ms, total 31ms
D/dalvikvm( 2374): WAIT_FOR_CONCURRENT_GC blocked 0ms
D/dalvikvm( 2374): GC_EXPLICIT freed 131K, 47% free 32088K/59655K, paused 3ms+7ms, total 96ms
D/KeyguardViewMediator( 2374): setHidden false
D/KeyguardViewMediator( 2374): setHidden false
D/KeyguardViewMediator( 2374): setHidden false
I/ClipboardServiceEx( 2374): Send intent for dismiss clipboard dialog inside hideCurrentInputLocked() !
D/Launcher.HomeFragment( 3156): onStop
D/Launcher( 3156): onStop, Launcher: 1104468464
D/KeyguardViewMediator( 2374): setHidden false
I/SurfaceFlinger( 1959): id=4543 Removed dontrolpane idx=3 MapSz=3
I/SurfaceFlinger( 1959): id=4543 Removed dontrolpane idx=-2 MapSz=3
D/KeyguardViewMediator( 2374): setHidden false
D/KeyguardViewMediator( 2374): setHidden false
D/dalvikvm( 6306): WAIT_FOR_CONCURRENT_GC blocked 0ms
D/dalvikvm( 3306): GC_CONCURRENT freed 242K, 10% free 12845K/14215K, paused 13ms+13ms, total 57ms
D/dalvikvm( 6306): GC_EXPLICIT freed 1196K, 14% free 21520K/24903K, paused 15ms+16ms, total 123ms
D/dalvikvm( 2374): WAIT_FOR_CONCURRENT_GC blocked 0ms
D/dalvikvm( 2374): GC_EXPLICIT freed 214K, 47% free 32095K/59655K, paused 3ms+11ms, total 104ms
I/Gmail ( 6306): MainSyncRequestProto: lowestBkwdConvoId: 0, highestHandledServerOp: 464773, normalSync: true
I/Gmail ( 6306): lowestBackward conversation id 0
D/dalvikvm( 3306): WAIT_FOR_CONCURRENT_GC blocked 0ms
D/dalvikvm( 3306): GC_EXPLICIT freed 239K, 11% free 12684K/14215K, paused 2ms+3ms, total 35ms
D/dalvikvm(11235): GC_CONCURRENT freed 416K, 10% free 13544K/14919K, paused 2ms+2ms, total 20ms
D/dalvikvm(11235): WAIT_FOR_CONCURRENT_GC blocked 13ms
D/dalvikvm(11235): GC_FOR_ALLOC freed 343K, 10% free 13520K/14919K, paused 16ms, total 16ms
D/dalvikvm(11235): GC_FOR_ALLOC freed 343K, 10% free 13520K/14919K, paused 13ms, total 13ms
D/dalvikvm(11235): GC_FOR_ALLOC freed 344K, 10% free 13521K/14919K, paused 13ms, total 13ms
D/dalvikvm(11235): GC_FOR_ALLOC freed 345K, 10% free 13521K/14919K, paused 13ms, total 13ms
D/dalvikvm(11235): GC_FOR_ALLOC freed 344K, 10% free 13521K/14919K, paused 13ms, total 13ms
D/dalvikvm(11235): GC_FOR_ALLOC freed 344K, 10% free 13521K/14919K, paused 13ms, total 13ms
D/dalvikvm( 2374): WAIT_FOR_CONCURRENT_GC blocked 0ms
D/dalvikvm(11235): GC_CONCURRENT freed 447K, 10% free 13490K/14919K, paused 1ms+13ms, total 30ms
D/dalvikvm( 2374): GC_EXPLICIT freed 202K, 47% free 32074K/59655K, paused 15ms+9ms, total 125ms
V/MediaScanner( 3306): processDirectory : /storage/extSdCard
D/MediaScanner( 3306): Skipping:
D/MediaScanner( 3306): 7klwibgf7fxlKdCbid7Budiwrd7dblb7
D/dalvikvm( 3306): GC_CONCURRENT freed 245K, 10% free 12834K/14215K, paused 12ms+14ms, total 46ms
D/dalvikvm( 2374): WAIT_FOR_CONCURRENT_GC blocked 0ms
I/InputReader( 2374): Touch event's action is 0x0 (deviceType=0) [pCnt=1, s=0.12917 ]
I/InputDispatcher( 2374): Delivering touch to current input target: action: 0x0
I/InputDispatcher( 2374): Delivering touch to current input target: action: 0x0
I/InputDispatcher( 2374): Delivering touch to current input target: action: 0x0
D/dalvikvm( 2374): GC_EXPLICIT freed 95K, 47% free 32074K/59655K, paused 8ms+9ms, total 134ms
D/dalvikvm( 3306): WAIT_FOR_CONCURRENT_GC blocked 0ms
W/SignalStrength( 2374): getGsmLevel=1
W/SignalStrength( 2374): getLevel=1 (SignalStrength: 3 0 -120 -160 -120 -1 -1 99 2147483647 2147483647 2147483647 2147483647 gsm|lte 0x1)
W/SignalStrength( 2913): getGsmLevel=1
W/SignalStrength( 2913): getLevel=1 (SignalStrength: 3 0 -120 -160 -120 -1 -1 99 2147483647 2147483647 2147483647 2147483647 gsm|lte 0x1)
W/SignalStrength( 2913): getGsmLevel=1
W/SignalStrength( 2913): getLevel=1 (SignalStrength: 3 0 -120 -160 -120 -1 -1 99 2147483647 2147483647 2147483647 2147483647 gsm|lte 0x1)
W/SignalStrength( 2374): getDbm 1
W/SignalStrength( 2374): getGsmDbm=-107
W/SignalStrength( 2374): getDbm=-107
W/SignalStrength( 2374): getAsuLevel 1
W/SignalStrength( 2374): getGsmAsuLevel=3
W/SignalStrength( 2374): getAsuLevel=3
D/dalvikvm( 3306): GC_EXPLICIT freed 243K, 11% free 12690K/14215K, paused 2ms+3ms, total 29ms
D/dalvikvm(15767): GC_CONCURRENT freed 428K, 9% free 13109K/14279K, paused 2ms+2ms, total 23ms
I/InputReader( 2374): Touch event's action is 0x1 (deviceType=0) [pCnt=1, s=]
I/InputDispatcher( 2374): Delivering touch to current input target: action: 0x1
I/InputDispatcher( 2374): Delivering touch to current input target: action: 0x1
I/InputDispatcher( 2374): Delivering touch to current input target: action: 0x1
D/WindowManager( 2374): PhoneWindowManager: focusChangedLw
I/SurfaceFlinger( 1959): id=4545(6) createSurf 0x40d9238c (1x1),1 flag=0, SunningApps
I/SurfaceFlinger( 1959): SurfaceFlinger : eMagnificationFactorChanged. magnificationFactor=1.0
I/SurfaceFlinger( 1959): SurfaceFlinger : eZoomPositionChanged. zoomX=0.0 zoomY=0.0
D/KeyguardViewMediator( 2374): setHidden false
D/KeyguardViewMediator( 2374): setHidden false
D/KeyguardViewMediator( 2374): setHidden false
D/dalvikvm( 2374): WAIT_FOR_CONCURRENT_GC blocked 0ms
D/dalvikvm( 2374): GC_EXPLICIT freed 144K, 47% free 32084K/59655K, paused 5ms+8ms, total 106ms
D/CacheService(27182): onCreate
D/dalvikvm(27182): GC_CONCURRENT freed 279K, 7% free 13043K/14023K, paused 14ms+3ms, total 39ms
D/CacheService(27182): onBind
D/KeyguardViewMediator( 2374): setHidden false
D/KeyguardViewMediator( 2374): setHidden false
I/MusicLeanback(27182): Conditions not met for autocaching.
I/MusicLeanback(27182): Stop autocaching.
D/CacheService(27182): onDestroy
D/dalvikvm( 3306): GC_CONCURRENT freed 256K, 10% free 12831K/14215K, paused 11ms+3ms, total 30ms
D/dalvikvm( 2374): WAIT_FOR_CONCURRENT_GC blocked 0ms
D/dalvikvm( 2374): GC_EXPLICIT freed 165K, 47% free 32081K/59655K, paused 7ms+7ms, total 148ms
I/InputReader( 2374): Touch event's action is 0x0 (deviceType=0) [pCnt=1, s=0.12918 ]
I/InputDispatcher( 2374): Delivering touch to current input target: action: 0x0
I/InputDispatcher( 2374): Delivering touch to current input target: action: 0x0
I/InputDispatcher( 2374): Delivering touch to current input target: action: 0x0
D/dalvikvm( 3306): WAIT_FOR_CONCURRENT_GC blocked 0ms
D/dalvikvm( 3306): GC_EXPLICIT freed 245K, 11% free 12701K/14215K, paused 2ms+3ms, total 22ms
I/InputReader( 2374): Touch event's action is 0x1 (deviceType=0) [pCnt=1, s=]
I/InputDispatcher( 2374): Delivering touch to current input target: action: 0x1
I/InputDispatcher( 2374): Delivering touch to current input target: action: 0x1
I/InputDispatcher( 2374): Delivering touch to current input target: action: 0x1
D/WindowManager( 2374): PhoneWindowManager: focusChangedLw
D/KeyguardViewMediator( 2374): setHidden false
D/dalvikvm( 2374): WAIT_FOR_CONCURRENT_GC blocked 0ms
I/SurfaceFlinger( 1959): id=4537 Removed TurfaceView idx=-2 MapSz=4
W/InputDispatcher( 2374): channel ~ Consumer closed input channel or an error occurred. events=0x9
E/InputDispatcher( 2374): channel ~ Channel is unrecoverably broken and will be disposed!
D/KeyguardViewMediator( 2374): setHidden false
W/InputDispatcher( 2374): Attempted to unregister already unregistered input channel
D/KeyguardViewMediator( 2374): setHidden false
D/KeyguardViewMediator( 2374): setHidden false
I/SurfaceFlinger( 1959): id=4545 Removed SunningApps idx=3 MapSz=3
I/SurfaceFlinger( 1959): id=4545 Removed SunningApps idx=-2 MapSz=3
D/KeyguardViewMediator( 2374): setHidden false
D/KeyguardViewMediator( 2374): setHidden false
D/dalvikvm( 2374): GC_EXPLICIT freed 216K, 47% free 32083K/59655K, paused 4ms+11ms, total 126ms
D/MediaScanner( 3306): Skipping:
D/MediaScanner( 3306): 7klwibgf7fxlKdCbid7DCRV75lpnvaubrtk7
D/dalvikvm( 3306): GC_CONCURRENT freed 255K, 10% free 12830K/14215K, paused 12ms+4ms, total 30ms
D/dalvikvm( 2374): WAIT_FOR_CONCURRENT_GC blocked 0ms
D/dalvikvm( 2374): GC_EXPLICIT freed 70K, 47% free 32075K/59655K, paused 5ms+11ms, total 142ms
D/dalvikvm( 3306): WAIT_FOR_CONCURRENT_GC blocked 0ms
D/dalvikvm( 3306): GC_EXPLICIT freed 249K, 11% free 12702K/14215K, paused 2ms+3ms, total 23ms
D/InputReader( 2374): Input event: value=1
I/InputDispatcher( 2374): Delivering key to current input target: action: 0x0
I/InputDispatcher( 2374): Delivering key to current input target: action: 0x0
I/InputDispatcher( 2374): Delivering key to current input target: action: 0x0
D/dalvikvm(11235): GC_CONCURRENT freed 306K, 9% free 13689K/14919K, paused 2ms+2ms, total 24ms
D/dalvikvm(11235): WAIT_FOR_CONCURRENT_GC blocked 14ms
D/InputReader( 2374): Input event: value=0
I/InputDispatcher( 2374): Delivering key to current input target: action: 0x1
I/InputDispatcher( 2374): Delivering key to current input target: action: 0x1
I/InputDispatcher( 2374): Delivering key to current input target: action: 0x1
D/dalvikvm(11235): GC_FOR_ALLOC freed 305K, 9% free 13622K/14919K, paused 15ms, total 15ms
D/dalvikvm(11235): GC_FOR_ALLOC freed 264K, 9% free 13631K/14919K, paused 15ms, total 15ms
D/dalvikvm(11235): GC_FOR_ALLOC freed 265K, 9% free 13631K/14919K, paused 13ms, total 13ms
I/DBG_DM (25671): [v5_1209_1_2][Line:612][onReceive] android.intent.action.MEDIA_SCANNER_FINISHED
I/DBG_DM (25671): [v5_1209_1_2][Line:3340][xdbGetFUMOStatus] xdbGetFUMOStatus : 0
D/InputReader( 2374): Input event: value=1
I/DBG_DM (25671): [v5_1209_1_2][Line:4178][xdbGetDownloadPostponeStatus] Download Postpone status : 0
E/CscFactoryReceiver( 3067): onReceive android.intent.action.MEDIA_SCANNER_FINISHED
D/CscFactoryReceiver( 3067): Media DB Scanner finished.
D/CscFactoryReceiver( 3067): start service to Set Ringtone
D/CscFactoryReceiver( 3067): start service to Set Notification
D/CscFactoryReceiver( 3067): start service to Set Alarmtone
D/CscUpdateService( 3067): onStart
E/CscUpdateService( 3067): costomer file is exists : it has been preconfiged.
D/CscUpdateService( 3067): only ringtone update
D/CscUpdateService( 3067): onStart
E/CscParser( 3067): update(): xml file exist
E/CscUpdateService( 3067): costomer file is exists : it has been preconfiged.
D/CscUpdateService( 3067): only notification update
D/CscUpdateService( 3067): onStart
E/CscUpdateService( 3067): costomer file is exists : it has been preconfiged.
D/CscUpdateService( 3067): only alarmtone update
D/dalvikvm(11235): GC_FOR_ALLOC freed 265K, 9% free 13631K/14919K, paused 15ms, total 15ms
D/FactoryTestApp(11223): [Class] FactoryTestBroadcastReceiver , [Method] onReceive , [Message] onReceive action=android.intent.action.MEDIA_SCANNER_FINISHED
I/FactoryTestApp(11223): [Class] FactoryTestBroadcastReceiver , [Method] onReceive , [Message] Intent.ACTION_MEDIA_SCANNER_FINISHED
I/FactoryTestApp(11223): [Class] XMLDataStorage , [Method] parsingXML , [Message] FtClient => data parsing was completed.
D/FactoryTestApp(11223): [Class] FactoryTestBroadcastReceiver , [Method] onReceive , [Message] ACTION_MEDIA_SCANNER_FINISHED => XML data parsing was failed.
E/CscParser( 3067): update(): xml file exist
E/CscParser( 3067): update(): xml file exist
D/dalvikvm( 2374): WAIT_FOR_CONCURRENT_GC blocked 0ms
D/dalvikvm(11235): GC_FOR_ALLOC freed 265K, 9% free 13631K/14919K, paused 15ms, total 15ms
D/dalvikvm( 3067): GC_CONCURRENT freed 1710K, 30% free 24744K/35079K, paused 13ms+5ms, total 51ms
D/dalvikvm( 3067): WAIT_FOR_CONCURRENT_GC blocked 32ms
D/dalvikvm( 3067): WAIT_FOR_CONCURRENT_GC blocked 32ms
D/dalvikvm( 3067): WAIT_FOR_CONCURRENT_GC blocked 33ms
W/CSCSettings( 3067): Setting Ringtones (type) : 4
D/CscParser( 3067): AlarmTone: null
W/CSCSettings( 3067): 1. Tag_Str: null
D/InputReader( 2374): Input event: value=0
D/dalvikvm(11235): GC_FOR_ALLOC freed 265K, 9% free 13631K/14919K, paused 17ms, total 18ms
W/CSCSettings( 3067): Setting Ringtones (type) : 1
W/CSCSettings( 3067): Setting Ringtones (type) : 2
D/CscParser( 3067): RingTone: null
W/CSCSettings( 3067): 1. Tag_Str: null
D/CscParser( 3067): MessageTone: null
W/CSCSettings( 3067): 1. Tag_Str: null
D/dalvikvm( 2374): GC_EXPLICIT freed 135K, 47% free 32075K/59655K, paused 4ms+10ms, total 106ms
D/dalvikvm(11235): GC_FOR_ALLOC freed 265K, 9% free 13631K/14919K, paused 15ms, total 16ms
D/InputReader( 2374): Input event: value=1
D/dalvikvm(11235): GC_FOR_ALLOC freed 264K, 9% free 13631K/14919K, paused 12ms, total 13ms
D/dalvikvm(11235): GC_FOR_ALLOC freed 264K, 9% free 13631K/14919K, paused 13ms, total 14ms
D/GalleryCacheReady(15848): Receive action.ACTION_MEDIA_SCANNER_FINISHED
I/ClipboardServiceEx( 2374): mCBPickerDialog enter case. MSG_DISMISS_DIALOG
D/InputReader( 2374): Input event: value=0
I/MediaStoreImporter(27182): Update: incremental Added music: 0 Updated music: 0 Deleted music: 0 Created playlists: 0 Updated playlists: 0 Deleted playlists: 0 Inserted playlist items: 0 Deleted playlist items: 0 Removed orphaned playlist items: 0
D/InputReader( 2374): Input event: value=1
D/dalvikvm(11235): GC_CONCURRENT freed 397K, 9% free 13677K/14919K, paused 12ms+2ms, total 30ms
D/dalvikvm(11235): WAIT_FOR_CONCURRENT_GC blocked 13ms
D/dalvikvm(11235): GC_FOR_ALLOC freed 223K, 9% free 13666K/14919K, paused 20ms, total 20ms
D/dalvikvm(11235): GC_FOR_ALLOC freed 239K, 9% free 13658K/14919K, paused 17ms, total 17ms
D/InputReader( 2374): Input event: value=0
D/dalvikvm(11235): GC_FOR_ALLOC freed 238K, 9% free 13659K/14919K, paused 12ms, total 12ms
D/dalvikvm(11235): GC_FOR_ALLOC freed 239K, 9% free 13658K/14919K, paused 11ms, total 11ms
D/dalvikvm(11235): GC_FOR_ALLOC freed 238K, 9% free 13659K/14919K, paused 11ms, total 11ms
D/dalvikvm(11235): GC_FOR_ALLOC freed 238K, 9% free 13658K/14919K, paused 11ms, total 12ms
D/InputReader( 2374): Input event: value=1
D/dalvikvm(11235): GC_FOR_ALLOC freed 239K, 9% free 13659K/14919K, paused 11ms, total 12ms
D/dalvikvm(11235): GC_FOR_ALLOC freed 239K, 9% free 13659K/14919K, paused 12ms, total 12ms
D/dalvikvm(11235): GC_FOR_ALLOC freed 238K, 9% free 13659K/14919K, paused 11ms, total 11ms
D/dalvikvm(11235): GC_FOR_ALLOC freed 237K, 9% free 13659K/14919K, paused 12ms, total 12ms
D/InputReader( 2374): Input event: value=0
D/KeyguardViewMediator( 2374): setHidden false
I/InputDispatcher( 2374): Delivering key to current input target: action: 0x0
I/InputDispatcher( 2374): Delivering key to current input target: action: 0x0
I/InputDispatcher( 2374): Delivering key to current input target: action: 0x0
D/WindowManager( 2374): PhoneWindowManager: focusChangedLw
D/KeyguardViewMediator( 2374): setHidden false
D/Launcher( 3156): onRestart, Launcher: 1104468464
D/Launcher( 3156): onStart, Launcher: 1104468464
D/Launcher.HomeFragment( 3156): onStart
D/Launcher( 3156): onResume, Launcher: 1104468464
I/FlashBarService( 2991): mPkgManagerReceiver : onReceive
I/InputDispatcher( 2374): Delivering key to current input target: action: 0x1
I/InputDispatcher( 2374): Delivering key to current input target: action: 0x1
I/InputDispatcher( 2374): Delivering key to current input target: action: 0x1
I/ClipboardServiceEx( 2374): mCBPickerDialog enter case. MSG_DISMISS_DIALOG
I/InputDispatcher( 2374): Delivering key to current input target: action: 0x0
I/InputDispatcher( 2374): Delivering key to current input target: action: 0x0
I/InputDispatcher( 2374): Delivering key to current input target: action: 0x0
I/InputDispatcher( 2374): Delivering key to current input target: action: 0x1
I/InputDispatcher( 2374): Delivering key to current input target: action: 0x1
I/InputDispatcher( 2374): Delivering key to current input target: action: 0x1
I/ClipboardServiceEx( 2374): mCBPickerDialog enter case. MSG_DISMISS_DIALOG
I/InputDispatcher( 2374): Delivering key to current input target: action: 0x0
I/InputDispatcher( 2374): Delivering key to current input target: action: 0x0
I/InputDispatcher( 2374): Delivering key to current input target: action: 0x0
I/InputDispatcher( 2374): Delivering key to current input target: action: 0x1
I/InputDispatcher( 2374): Delivering key to current input target: action: 0x1
I/InputDispatcher( 2374): Delivering key to current input target: action: 0x1
I/ClipboardServiceEx( 2374): mCBPickerDialog enter case. MSG_DISMISS_DIALOG
I/InputDispatcher( 2374): Delivering key to current input target: action: 0x0
I/InputDispatcher( 2374): Delivering key to current input target: action: 0x0
I/InputDispatcher( 2374): Delivering key to current input target: action: 0x0
D/dalvikvm( 2931): WAIT_FOR_CONCURRENT_GC blocked 0ms
I/InputDispatcher( 2374): Delivering key to current input target: action: 0x1
I/InputDispatcher( 2374): Delivering key to current input target: action: 0x1
I/InputDispatcher( 2374): Delivering key to current input target: action: 0x1
I/ClipboardServiceEx( 2374): mCBPickerDialog enter case. MSG_DISMISS_DIALOG
D/dalvikvm( 2931): GC_EXPLICIT freed 203K, 7% free 12283K/13191K, paused 1ms+3ms, total 22ms
E/Launcher( 3156): Error finding setting, default accessibility to not found: accessibility_enabled
D/Launcher.HomeFragment( 3156): onResume
D/MenuAppsGridFragment( 3156): onResume
I/SurfaceFlinger( 1959): id=4546(157) createSurf 0x428f795c (720x1280),1 flag=0, Mauncher
I/SurfaceFlinger( 1959): SurfaceFlinger : eMagnificationFactorChanged. magnificationFactor=1.0
I/SurfaceFlinger( 1959): SurfaceFlinger : eZoomPositionChanged. zoomX=0.0 zoomY=0.0
D/WindowManager( 2374): PhoneWindowManager: focusChangedLw
D/KeyguardViewMediator( 2374): setHidden false
I/ClipboardServiceEx( 2374): Send intent for dismiss clipboard dialog inside hideCurrentInputLocked() !
D/KeyguardViewMediator( 2374): setHidden false
D/KeyguardViewMediator( 2374): setHidden false
D/KeyguardViewMediator( 2374): setHidden false
D/KeyguardViewMediator( 2374): setHidden false
D/KeyguardViewMediator( 2374): setHidden false
D/AlarmManagerService( 2374): Kernel timezone updated to -120 minutes west of GMT
W/SignalStrength( 2913): getGsmLevel=1
W/SignalStrength( 2913): getLevel=1 (SignalStrength: 3 0 -120 -160 -120 -1 -1 99 2147483647 2147483647 2147483647 2147483647 gsm|lte 0x1)
W/MessageQueue( 4909): Handler (android.telephony.PhoneStateListener$2) {41e04e30} sending message to a Handler on a dead thread
W/MessageQueue( 4909): java.lang.RuntimeException: Handler (android.telephony.PhoneStateListener$2) {41e04e30} sending message to a Handler on a dead thread
W/MessageQueue( 4909): at android.os.MessageQueue.enqueueMessage(MessageQueue.java:294)
W/MessageQueue( 4909): at android.os.Handler.sendMessageAtTime(Handler.java:473)
W/MessageQueue( 4909): at android.os.Handler.sendMessageDelayed(Handler.java:446)
W/MessageQueue( 4909): at android.os.Handler.sendMessage(Handler.java:383)
W/MessageQueue( 4909): at android.os.Message.sendToTarget(Message.java:360)
W/MessageQueue( 4909): at android.telephony.PhoneStateListener$1.onServiceStateChanged(PhoneStateListener.java:327)
W/MessageQueue( 4909): at com.android.internal.telephony.IPhoneStateListener$Stub.onTransact(IPhoneStateListener.java:55)
W/MessageQueue( 4909): at android.os.Binder.execTransact(Binder.java:367)
W/MessageQueue( 4909): at dalvik.system.NativeStart.run(Native Method)
D/PopupuiReceiver( 5399): onReceive() getAction : android.intent.action.NETWORK_SET_TIMEZONE
D/PopupuiReceiver( 5399): NETWORK_SET_TIME prevMCCvalue : 244
D/PopupuiReceiver( 5399): gsm.operator.numeric : 244
D/PopupuiReceiver( 5399): SAME to prevMCCvalue : mccstrcmp
D/ContextualPageReceiver( 3156): mContextualPageReceiver: ACTION_SERVICE_STATE_CHANGED isRoaming : false
I/WifiService( 2374): Booster FLAG : 1
I/WifiService( 2374): mBoosterFLAG : 1
I/WifiService( 2374): current booster mode : FullMode
D/StatusChecker( 3516): onReceive : android.intent.action.SERVICE_STATE
D/StatusChecker( 3516): Service state changed : 0
D/LTE_WIDGET( 3067): TelephonyManager.DATA_CONNECTED:,isConnectedData = true
D/PhoneApp( 3067): mReceiver: ACTION_ANY_DATA_CONNECTION_STATE_CHANGED
D/NotificationMgr( 3067): hideDataDisconnectedRoaming()...
