D/ (27139): initTime2PtpString:191 setting NumChars=17 and StringChars[16] to end
D/ (27139): inside initTime2PtpString:196
D/ (27139): inside mtp_update_property_values_mtp_object
D/ (27139): inside mtp_add_object_mtp_store
D/ (27139): object info.Object Handle:92
D/ (27139): object info.StorageID:327681
D/ (27139): filename :vsc
D/ (27139): inside mtp_init_mtp_object_params
D/ (27139): inside mtp_init_object_info_params
D/ (27139): inside initTime2PtpString:156 time array is 22
D/ (27139): [initTime2PtpString:162] wYear=2013 wMonth=5 wDay=29 wHour=11 wMinute=52 wSecond=16
D/ (27139): initTime2PtpString:171 lpTime != NULL
D/ (27139): initTime2PtpString:186 b4 calling mtp_utf8_to_utf16 fn
D/ (27139): initTime2PtpString:191 setting NumChars=17 and StringChars[16] to end
D/ (27139): inside initTime2PtpString:196
D/ (27139): inside mtp_update_property_values_mtp_object
D/ (27139): inside mtp_add_object_mtp_store
D/ (27139): object info.Object Handle:93
D/ (27139): object info.StorageID:327681
D/ (27139): filename :wakeupdata
D/ (27139): inside mtp_init_mtp_object_params
D/ (27139): inside mtp_init_object_info_params
D/ (27139): inside initTime2PtpString:156 time array is 22
D/ (27139): [initTime2PtpString:162] wYear=2013 wMonth=5 wDay=29 wHour=11 wMinute=52 wSecond=16
D/ (27139): initTime2PtpString:171 lpTime != NULL
D/ (27139): initTime2PtpString:186 b4 calling mtp_utf8_to_utf16 fn
D/ (27139): initTime2PtpString:191 setting NumChars=17 and StringChars[16] to end
D/ (27139): inside initTime2PtpString:196
D/ (27139): inside mtp_update_property_values_mtp_object
D/ (27139): inside mtp_add_object_mtp_store
D/ (27139): object info.Object Handle:94
D/ (27139): object info.StorageID:327681
D/ (27139): filename :xbin
D/ (27139): inside mtp_init_mtp_object_params
D/ (27139): inside mtp_init_object_info_params
D/ (27139): inside initTime2PtpString:156 time array is 22
D/ (27139): [initTime2PtpString:162] wYear=2013 wMonth=5 wDay=29 wHour=11 wMinute=52 wSecond=16
D/ (27139): initTime2PtpString:171 lpTime != NULL
D/ (27139): initTime2PtpString:186 b4 calling mtp_utf8_to_utf16 fn
D/ (27139): initTime2PtpString:191 setting NumChars=17 and StringChars[16] to end
D/ (27139): inside initTime2PtpString:196
D/ (27139): inside mtp_update_property_values_mtp_object
D/ (27139): inside mtp_add_object_mtp_store
D/ (27139): object info.Object Handle:95
D/ (27139): object info.StorageID:327681
D/ (27139): filename :CSCVersion.txt
D/ (27139): MTP_APP Callback : 7
D/ (27139): inside mtp_add_file_mtp_store
D/ (27139): inside mtp_init_mtp_object_params
D/ (27139): inside mtp_init_object_info_params
D/ (27139): inside initTime2PtpString:156 time array is 22
D/ (27139): [initTime2PtpString:162] wYear=2008 wMonth=8 wDay=1 wHour=15 wMinute=0 wSecond=0
D/ (27139): initTime2PtpString:171 lpTime != NULL
D/ (27139): initTime2PtpString:186 b4 calling mtp_utf8_to_utf16 fn
D/ (27139): initTime2PtpString:191 setting NumChars=17 and StringChars[16] to end
D/ (27139): inside initTime2PtpString:196
D/ (27139): inside mtp_update_property_values_mtp_object
D/ (27139): inside mtp_add_object_mtp_store
D/ (27139): object info.Object Handle:96
D/ (27139): object info.StorageID:327681
D/ (27139): filename :SW_Configuration.xml
D/ (27139): MTP_APP Callback : 7
D/ (27139): inside mtp_add_file_mtp_store
D/ (27139): inside mtp_init_mtp_object_params
D/ (27139): inside mtp_init_object_info_params
D/ (27139): inside initTime2PtpString:156 time array is 22
D/ (27139): [initTime2PtpString:162] wYear=2013 wMonth=10 wDay=19 wHour=12 wMinute=8 wSecond=17
D/ (27139): initTime2PtpString:171 lpTime != NULL
D/ (27139): initTime2PtpString:186 b4 calling mtp_utf8_to_utf16 fn
D/ (27139): initTime2PtpString:191 setting NumChars=17 and StringChars[16] to end
D/ (27139): inside initTime2PtpString:196
D/ (27139): inside mtp_update_property_values_mtp_object
D/ (27139): inside mtp_add_object_mtp_store
D/ (27139): object info.Object Handle:97
D/ (27139): object info.StorageID:327681
D/ (27139): filename :csc
D/ (27139): inside mtp_init_mtp_object_params
D/ (27139): inside mtp_init_object_info_params
D/ (27139): inside initTime2PtpString:156 time array is 22
D/ (27139): [initTime2PtpString:162] wYear=2013 wMonth=10 wDay=19 wHour=12 wMinute=8 wSecond=45
D/ (27139): initTime2PtpString:171 lpTime != NULL
D/ (27139): initTime2PtpString:186 b4 calling mtp_utf8_to_utf16 fn
D/ (27139): initTime2PtpString:191 setting NumChars=17 and StringChars[16] to end
D/ (27139): inside initTime2PtpString:196
D/ (27139): inside mtp_update_property_values_mtp_object
D/ (27139): inside mtp_add_object_mtp_store
D/ (27139): object info.Object Handle:98
D/ (27139): object info.StorageID:327681
D/ (27139): filename :sipdb
D/ (27139): inside mtp_init_mtp_object_params
D/ (27139): inside mtp_init_object_info_params
D/ (27139): inside initTime2PtpString:156 time array is 22
D/ (27139): [initTime2PtpString:162] wYear=2012 wMonth=1 wDay=1 wHour=2 wMinute=0 wSecond=5
D/ (27139): initTime2PtpString:171 lpTime != NULL
D/ (27139): initTime2PtpString:186 b4 calling mtp_utf8_to_utf16 fn
D/ (27139): initTime2PtpString:191 setting NumChars=17 and StringChars[16] to end
D/ (27139): inside initTime2PtpString:196
D/ (27139): inside mtp_update_property_values_mtp_object
D/ (27139): inside mtp_add_object_mtp_store
D/ (27139): object info.Object Handle:99
D/ (27139): object info.StorageID:327681
D/ (27139): Found a symbolic link [/system/csc_contents]! Ignore it.
D/ (27139): filename :recovery-from-boot.p
D/ (27139): MTP_APP Callback : 7
D/ (27139): inside mtp_add_file_mtp_store
D/ (27139): inside mtp_init_mtp_object_params
D/ (27139): inside mtp_init_object_info_params
D/ (27139): inside initTime2PtpString:156 time array is 22
D/ (27139): [initTime2PtpString:162] wYear=2008 wMonth=8 wDay=1 wHour=15 wMinute=0 wSecond=0
D/ (27139): initTime2PtpString:171 lpTime != NULL
D/ (27139): initTime2PtpString:186 b4 calling mtp_utf8_to_utf16 fn
D/ (27139): initTime2PtpString:191 setting NumChars=17 and StringChars[16] to end
D/ (27139): inside initTime2PtpString:196
D/ (27139): inside mtp_update_property_values_mtp_object
D/ (27139): inside mtp_add_object_mtp_store
D/ (27139): object info.Object Handle:100
D/ (27139): object info.StorageID:327681
D/ (27139): mtp_ifind_next : read directory (/system) error : [error : Invalid argument]
D/ (27139): mtp_enumerate_objects_mtp_store : Added 12 files
D/ (27139): ============== mtp_init_mtp_store is done
D/ (27139): Checking for the timer Initialization
D/ (27139): mtp_main_send_request_event : action[0], param1[0], param2[0]
D/ (27139): mtp_send_event_request is called.
D/ (27139): ***** sem_post error code =0
D/ (27139): ------------ Testing: mtp_initialize_mtp_device() is done
D/ (27139): device name from system properties at 1 is GT-I9305
D/ (27139): [mtp_init_device_info 470] read success /data/misc/radio/ahrh, IMEI []******
D/ (27139): AESKEY value is õžPµ²Ëû%ë<±U¾2¦
D/ (27139): IV value is r^<Ô9U»’Bc?2ƒÔ…RÜ©]Ù‘OXìkPX+
D/ (27139): [AES_Encrypt_Key 567] returning from encrypt function ******
D/ (27139): [mtp_init_device_info 472] after reading from encrypted file /data/misc/radio/ahrh, IMEI is [356297054531928]
D/ (27139): mtp_init_device_info serial no is RF1D82MJZWM
D/ (27139): Shailesh::registering MTP_OPCODE_WMDRM_SENDMETERCHALLENGEQUERY
D/ (27139): MtpExtPrintHandler |==COMMAND==|==NEED DATA PHASE==|==HANDLER==|
D/ (27139): MtpExtPrintHandler |==[ 0x9101]==|====[ NO ]====|==[ 0x584f4e8d ]===|
D/ (27139): MtpExtPrintHandler |==[ 0x9102]==|====[ YES ]====|==[ 0x584f4f55 ]===|
D/ (27139): MtpExtPrintHandler |==[ 0x9103]==|====[ YES ]====|==[ 0x584f5025 ]===|
D/ (27139): MtpExtPrintHandler |==[ 0x9104]==|====[ NO ]====|==[ 0x584f5111 ]===|
D/ (27139): MtpExtPrintHandler |==[ 0x9105]==|====[ YES ]====|==[ 0x584f5269 ]===|
D/ (27139): MtpExtPrintHandler |==[ 0x9106]==|====[ NO ]====|==[ 0x584f5365 ]===|
D/ (27139): MtpExtPrintHandler |==[ 0x9107]==|====[ YES ]====|==[ 0x584f54ed ]===|
D/ (27139): MtpExtPrintHandler |==[ 0x9108]==|====[ NO ]====|==[ 0x584f5f21 ]===|
D/ (27139): MtpExtPrintHandler |==[ 0x9109]==|====[ YES ]====|==[ 0x584f5f89 ]===|
D/ (27139): MtpExtPrintHandler |==[ 0x910a]==|====[ YES ]====|==[ 0x584f6071 ]===|
D/ (27139): MtpExtPrintHandler |==[ 0x910b]==|====[ NO ]====|==[ 0x584f614d ]===|
D/ (27139): MtpExtPrintHandler |==[ 0x910c]==|====[ YES ]====|==[ 0x584f559d ]===|
D/ (27139): MtpExtPrintHandler |==[ 0x910d]==|====[ NO ]====|==[ 0x584f5689 ]===|
D/ (27139): MtpExtPrintHandler |==[ 0x910e]==|====[ YES ]====|==[ 0x584f5815 ]===|
D/ (27139): MtpExtPrintHandler |==[ 0x910f]==|====[ YES ]====|==[ 0x584f58c5 ]===|
D/ (27139): MtpExtPrintHandler |==[ 0x9110]==|====[ NO ]====|==[ 0x584f59b1 ]===|
D/ (27139): MtpExtPrintHandler |==[ 0x9111]==|====[ YES ]====|==[ 0x584f5b45 ]===|
D/ (27139): MtpExtPrintHandler |==[ 0x9112]==|====[ NO ]====|==[ 0x584f5bf5 ]===|
D/ (27139): MtpExtPrintHandler |==[ 0x9113]==|====[ YES ]====|==[ 0x584f5025 ]===|
D/ (27139): MtpExtPrintHandler |==[ 0x9114]==|====[ YES ]====|==[ 0x584f5269 ]===|
D/ (27139): MtpExtPrintHandler |==[ 0x9115]==|====[ NO ]====|==[ 0x584f5365 ]===|
D/ (27139): MtpExtPrintHandler |==[ 0x9116]==|====[ YES ]====|==[ 0x584f54ed ]===|
D/ (27139): Event type = [action = 0]
D/ (27139): __mtp_handler_process_request: Enumeration storage[0] finished,
D/ (27139): + __mtp_handler_process_request: enumeration finished, but another storage enumeration is not completed.
D/ (27139): mtp_main_send_request_event : action[0], param1[0], param2[1]
D/ (27139): mtp_send_event_request is called.
D/ (27139): ***** sem_post error code =0
D/ (27139): Event type = [action = 0]
D/ (27139): __mtp_handler_process_request: Enumeration storage[1] finished,
D/ (27139): MTP_APP Callback : 25
D/ (27139): AttachCurrentThread() success
D/ (27139): Got ENV
D/ (27139): Got Object Class
D/ (27139): int check_external_storage():431 Object ID got is 1467096240
E/MTPJNIInterface(27139): Sd-Card path/storage/extSdCard
E/MTPJNIInterface(27139): Status for mount/Unmount :mounted
E/MTPJNIInterface(27139): SDcard is available
D/ (27139): int check_external_storage():441 Return value 1
D/ (27139): DetachCurrentThread() success
D/ (27139): MMC Card is inserted
E/SQLiteLog(27139): (21) API call with unopened database connection pointer
E/SQLiteLog(27139): (21) misuse at line 94413 of [00bb9c9ce4]
E/SQLiteLog(27139): (21) API call with unopened database connection pointer
E/SQLiteLog(27139): (21) misuse at line 90928 of [00bb9c9ce4]
D/ (27139): delete fail ((null))
D/ (27139): mtp_main_check_ref_db_is_loaded : Is RefDB loaded?[No]
E/SQLiteLog(27139): (21) API call with unopened database connection pointer
E/SQLiteLog(27139): (21) misuse at line 90928 of [00bb9c9ce4]
D/ (27139): __mtp_db_ref_set_load : Failed. ((null))
E/SQLiteLog(27139): (21) API call with unopened database connection pointer
E/SQLiteLog(27139): (21) misuse at line 94413 of [00bb9c9ce4]
D/ (27139): mtp_db_reference_select_record : Select Failed (unable to open database file).
D/ (27139): mtp_load_object_references_mtp_device : Reference DB loading failed
D/ (27139): State change [1] -> [2]
D/ (27139): write semphore initialisation successful
D/ (27139): read semphore initialisation successful
D/ (27139): mtp_mq_initialize : mtp_mq_initialize is called
D/ (27139): TRUE with ToMTP
W/MTPRx (27139): notification from stack 2
D/ (27139): socket success
D/ (27139): bind success
D/ (27139): mqdes name ToMTP and socket id 43
D/ (27139): mtp message queue is created with [qId : 0 msg id : ToMTP]
D/ (27139): Copy mqid to mtp_mqid 0 name ToMTP Soc:43
D/ (27139): Copy mqid to gmpt_FromMtp_mqid 0 name ToMTP Soc: 43
D/ (27139): mtp_mq_initialize : mtp_mq_initialize is called
D/ (27139): TRUE with FromMTP
D/ (27139): socket success
D/ (27139): bind success
D/ (27139): mqdes name FromMTP and socket id 44
D/ (27139): mtp message queue is created with [qId : 1633904998 msg id : FromMTP]
D/ (27139): Copy mqid to gmpt_FromMtp_mqid 1633904998 name FromMTP socket_id 44
D/ (27139): usb_initialize : MTP USB initialized
D/ (27139): Thread is created with res : 0
D/ (27139): mtp_usb_initialize is enterred
D/ (27139): [mtp_init_device] Going to open(): /dev/usb_mtp_gadget
D/ (27139): Thread is created with res : 0
D/ (27139): Waiting for MTP USB DATA at main
D/ (27139): MTP_TASK_MSG_USB_DATA
D/ (27139): msg id (1463051024) is received
E/ (27139): [mtp_init_device] After open the MTP fd = 45 and line = 656...
D/ (27139): [mtp_init_device] IOCTL SET_MTP_USER_PID Sucesss
D/ (27139): *****Starting mtp_io()
D/ (27139): State change [2] -> [3]
D/ (27139): [mtp_start_io] source_thread Creation
W/MTPRx (27139): notification from stack 3
D/ (27139): [mtp_start_io] sink_thread Creation
D/ (27139): [mtp_start_io:354] sink thread created so set th_sink
D/ (27139): [mtp_start_io 362] Event Thread creation successful
D/ (27139): [send_event 622] In send_event
D/ (27139): DEVICE_PHASE_IDLE
D/ (27139): DataLen:16 dwBytesReceived: 0
D/ (27139): Resetting flag g_HostCancel 0
D/ (27139): State change [3] -> [14]
D/ (27139): __mtp_handler_change_state: unknown mtpState [14]
W/MTPRx (27139): notification from stack 14
D/ (27139): mtp_process_command_mtp_handle : PTP_OPCODE_OPENSESSION!!
D/ (27139): MTP in mtp_open_session_mtp_handle : START !!
D/ (27139): MTP: open session : command 1 = 0l
D/ (27139): MTP: open session : command 2 = 0l
D/ (27139): MTP: open session : transactionId = 0l
D/ (27139): MTP: open session : SessionId = 0l
E/MTPRx (27139): Open session has come remove the Messagetrue
D/ (27139): MTP: open session : command 0 = 1l
D/ (27139): MTP In mtp_get_device_info_mtp_handle in else case
D/ (27139): MTP In mtp_get_device_info_mtp_handle sessionId = [1l]
D/ (27139): State change [14] -> [3]
D/ (27139): mtp_send_response_mtp_handle : [SUCCESS], Opcode[0x1002], ResponseCode[0x2001], NumParams[0]!!
D/ (27139): mtp_open_session_mtp_handle : PTP_RESPONSECODE_OK!!
W/MTPRx (27139): notification from stack 3
D/ (27139): DEVICE_PHASE_IDLE
D/ (27139): DataLen:12 dwBytesReceived: 0
D/ (27139): Resetting flag g_HostCancel 0
D/ (27139): State change [3] -> [14]
D/ (27139): __mtp_handler_change_state: unknown mtpState [14]
W/MTPRx (27139): notification from stack 14
E/MTPRx (27139): Open session has come remove the Messagetrue
D/ (27139): mtp_process_command_mtp_handle : PTP_OPCODE_GETDEVICEINFO!!
D/ (27139): MTP In mtp_get_device_info_mtp_handle
D/ (27139): MTP In mtp_get_device_info_mtp_handle
D/ (27139): MTP: open session : command 0 = 0l
D/ (27139): MTP: open session : command 1 = 0l
D/ (27139): MTP: open session : command 2 = 0l
D/ (27139): MTP: open session : TransactionId = 1l
D/ (27139): MTP: open session : code = 4097l
D/ (27139): get device info : in else case
D/ (27139): init usb data
D/ (27139): [1481728352l]
D/ (27139): inside else case of g_ptp_enabled is true and setting vendor id and desc
D/ (27139): sizeof(wptptemp) is 512
D/ (27139): strlen of wptptemp is 304
D/ (27139): MTP: device info : dwBytesToWrite = [629l]
D/ (27139):
D/ (27139): mtp_pack_device_info : completed, cbSize[629] == pTemp-pBuf[629]
D/ (27139): device info packed
D/ (27139): result = []
D/ (27139): Following are the values
D/ (27139): = StandardVersion : 100
D/ (27139): = VendorExtensionID : 6
D/ (27139): = VendorExtensionVersion : 100
D/ (27139): = VendorExtensionDesc : 1481728364
D/ (27139): = FunctionalMode : 0
D/ (27139): = pOperationsSupported : 0x58509000
D/ (27139): = pEventsSupported : 0x58509072
D/ (27139): = pOperationsSupported : 0x58509000
D/ (27139): = pDevicePropertiesSupported : 0x5851a6e0
D/ (27139): = pCaptureFormats : 0x585096e2
D/ (27139): = pObjectFormats : 0x5850907a
D/ (27139): State change [14] -> [3]
W/MTPRx (27139): notification from stack 3
D/ (27139): mtp_send_response_mtp_handle : [SUCCESS], Opcode[0x1001], ResponseCode[0x2001], NumParams[0]!!
D/ (27139): = Model : GT-I9305
D/ (27139): mtp_get_device_info_mtp_handle : PTP_RESPONSECODE_OK!!
V/WindowOrientationListener( 2374): nearestRotation : 0 Angle: 14 tilt: 59
D/ (27139): DEVICE_PHASE_IDLE
D/ (27139): DataLen:16 dwBytesReceived: 0
D/ (27139): Resetting flag g_HostCancel 0
D/ (27139): mtp_process_command_mtp_handle : COMMAND[0x9801]!!
D/ (27139): mtp_send_response_mtp_handle : [SUCCESS], Opcode[0x9801], ResponseCode[0x2001], NumParams[0]!!
D/ (27139): DEVICE_PHASE_IDLE
D/ (27139): DataLen:16 dwBytesReceived: 0
D/ (27139): Resetting flag g_HostCancel 0
D/ (27139): mtp_process_command_mtp_handle : COMMAND[0x9801]!!
D/ (27139): mtp_send_response_mtp_handle : [SUCCESS], Opcode[0x9801], ResponseCode[0x2001], NumParams[0]!!
D/ (27139): DEVICE_PHASE_IDLE
D/ (27139): DataLen:16 dwBytesReceived: 0
D/ (27139): Resetting flag g_HostCancel 0
D/ (27139): mtp_process_command_mtp_handle : COMMAND[0x1014]!!
D/ (27139): mtp_send_response_mtp_handle : [SUCCESS], Opcode[0x1014], ResponseCode[0x2001], NumParams[0]!!
D/STATUSBAR-NetworkController( 2913): onDataActivity: direction=2
D/STATUSBAR-NetworkController( 2913): refreshSignalCluster: data=2 bt=false
D/STATUSBAR-SignalClusterView( 2913): mSeparateMobileGroup=0
D/STATUSBAR-SignalClusterView( 2913): mSeparateMobileGroup=0
D/STATUSBAR-SignalClusterView( 2913): mSeparateMobileGroup=0
D/ (27139): DEVICE_PHASE_IDLE
D/ (27139): DataLen:20 dwBytesReceived: 0
D/ (27139): Resetting flag g_HostCancel 0
D/ (27139): mtp_process_command_mtp_handle : COMMAND[0x9802]!!
D/ (27139): mtp_send_response_mtp_handle : [SUCCESS], Opcode[0x9802], ResponseCode[0x2001], NumParams[0]!!
D/PowerManagerService( 2374): mIsLockZone = false mTiltAngle : 60.2667 value : 5
W/PowerManagerService( 2374): Timer 0x3->0x3|0x0
I/power ( 2374): *** release_dvfs_lock : lockType : 1
D/PowerManagerService( 2374): releaseDVFSLockLocked : all DVFS_MIN_LIMIT are released
D/PowerManagerService( 2374): mIsLockZone = true mTiltAngle : 52.67983 value : 5
D/PowerManagerService( 2374): mIsLockZone = false mTiltAngle : 67.71258 value : 5
D/STATUSBAR-NetworkController( 2913): onDataActivity: direction=3
D/STATUSBAR-NetworkController( 2913): refreshSignalCluster: data=2 bt=false
D/STATUSBAR-SignalClusterView( 2913): mSeparateMobileGroup=0
D/STATUSBAR-SignalClusterView( 2913): mSeparateMobileGroup=0
D/STATUSBAR-SignalClusterView( 2913): mSeparateMobileGroup=0
I/GoogleConversionPing( 4452): Ping responded with response code 200
D/PowerManagerService( 2374): mIsLockZone = true mTiltAngle : 57.63649 value : 4
D/PowerManagerService( 2374): mIsLockZone = false mTiltAngle : 70.57802 value : 1
D/AudioHardwareTinyALSA( 1962): Entering AudioStreamOutALSA standby mode
I/AudioHardwareTinyALSA( 1962): Close mHandle:420971c8
D/STATUSBAR-NetworkController( 2913): onDataActivity: direction=4
D/STATUSBAR-NetworkController( 2913): refreshSignalCluster: data=2 bt=false
D/STATUSBAR-SignalClusterView( 2913): mSeparateMobileGroup=0
D/STATUSBAR-SignalClusterView( 2913): mSeparateMobileGroup=0
D/STATUSBAR-SignalClusterView( 2913): mSeparateMobileGroup=0
D/AlarmManagerService( 2374): Kernel timezone updated to -120 minutes west of GMT
W/MessageQueue( 4909): Handler (android.telephony.PhoneStateListener$2) {41e04e30} sending message to a Handler on a dead thread
W/MessageQueue( 4909): java.lang.RuntimeException: Handler (android.telephony.PhoneStateListener$2) {41e04e30} sending message to a Handler on a dead thread
W/MessageQueue( 4909): at android.os.MessageQueue.enqueueMessage(MessageQueue.java:294)
W/MessageQueue( 4909): at android.os.Handler.sendMessageAtTime(Handler.java:473)
W/MessageQueue( 4909): at android.os.Handler.sendMessageDelayed(Handler.java:446)
W/MessageQueue( 4909): at android.os.Handler.sendMessage(Handler.java:383)
W/MessageQueue( 4909): at android.os.Message.sendToTarget(Message.java:360)
W/MessageQueue( 4909): at android.telephony.PhoneStateListener$1.onServiceStateChanged(PhoneStateListener.java:327)
W/MessageQueue( 4909): at com.android.internal.telephony.IPhoneStateListener$Stub.onTransact(IPhoneStateListener.java:55)
W/MessageQueue( 4909): at android.os.Binder.execTransact(Binder.java:367)
W/MessageQueue( 4909): at dalvik.system.NativeStart.run(Native Method)
D/PopupuiReceiver( 5399): onReceive() getAction : android.intent.action.NETWORK_SET_TIMEZONE
D/PopupuiReceiver( 5399): NETWORK_SET_TIME prevMCCvalue : 244
D/PopupuiReceiver( 5399): gsm.operator.numeric : 244
D/PopupuiReceiver( 5399): SAME to prevMCCvalue : mccstrcmp
W/SignalStrength( 2913): getGsmLevel=4
W/SignalStrength( 2913): getLevel=4 (SignalStrength: 19 0 -120 -160 -120 -1 -1 99 2147483647 2147483647 2147483647 2147483647 gsm|lte 0x4)
D/ContextualPageReceiver( 3156): mContextualPageReceiver: ACTION_SERVICE_STATE_CHANGED isRoaming : false
D/STATUSBAR-NetworkController( 2913): onServiceStateChanged state=0
D/STATUSBAR-NetworkController( 2913): updateDataNetType()
D/STATUSBAR-NetworkController( 2913): Nothing, mRoamingIconId = 0
D/StatusChecker( 3516): onReceive : android.intent.action.SERVICE_STATE
D/StatusChecker( 3516): Service state changed : 0
W/SignalStrength( 2374): getGsmLevel=4
W/SignalStrength( 2374): getLevel=4 (SignalStrength: 15 0 -120 -160 -120 -1 -1 99 2147483647 2147483647 2147483647 2147483647 gsm|lte 0x4)
W/SignalStrength( 2913): getGsmLevel=4
W/SignalStrength( 2913): getLevel=4 (SignalStrength: 15 0 -120 -160 -120 -1 -1 99 2147483647 2147483647 2147483647 2147483647 gsm|lte 0x4)
W/SignalStrength( 2913): getGsmLevel=4
W/SignalStrength( 2913): getLevel=4 (SignalStrength: 15 0 -120 -160 -120 -1 -1 99 2147483647 2147483647 2147483647 2147483647 gsm|lte 0x4)
W/SignalStrength( 2374): getDbm 1
W/SignalStrength( 2374): getGsmDbm=-83
W/SignalStrength( 2374): getDbm=-83
W/SignalStrength( 2374): getAsuLevel 1
W/SignalStrength( 2374): getGsmAsuLevel=15
W/SignalStrength( 2374): getAsuLevel=15
D/STATUSBAR-NetworkController( 2913): onSignalStrengthsChanged signalStrength=SignalStrength: 15 0 -120 -160 -120 -1 -1 99 2147483647 2147483647 2147483647 2147483647 gsm|lte 0x4 level=4
D/PowerManagerService( 2374): lightSensorChangedLocked value=9 immediate=false
D/PowerManagerService( 2374): getAutoBrightnessValue : in bound ( 0 < 9 <= 15 )
D/PowerManagerService( 2374): getAutoBrightnessValue : in bound ( 0 < 9 <= 15 )
D/PowerManagerService( 2374): lcdValue 20
D/PowerManagerService( 2374): buttonValue 20
D/PowerManagerService( 2374): keyboardValue 0
D/PowerManagerService( 2374): lightSensorChangedLocked : mKeyboardLight : 0
D/AlarmManagerService( 2374): Kernel timezone updated to -120 minutes west of GMT
D/PopupuiReceiver( 5399): onReceive() getAction : android.intent.action.NETWORK_SET_TIMEZONE
D/PopupuiReceiver( 5399): NETWORK_SET_TIME prevMCCvalue : 244
D/PopupuiReceiver( 5399): gsm.operator.numeric : 244
D/PopupuiReceiver( 5399): SAME to prevMCCvalue : mccstrcmp
W/SignalStrength( 2913): getGsmLevel=4
W/SignalStrength( 2913): getLevel=4 (SignalStrength: 15 0 -120 -160 -120 -1 -1 99 2147483647 2147483647 2147483647 2147483647 gsm|lte 0x4)
D/STATUSBAR-NetworkController( 2913): onServiceStateChanged state=0
D/STATUSBAR-NetworkController( 2913): updateDataNetType()
D/STATUSBAR-NetworkController( 2913): Nothing, mRoamingIconId = 0
W/MessageQueue( 4909): Handler (android.telephony.PhoneStateListener$2) {41e04e30} sending message to a Handler on a dead thread
W/MessageQueue( 4909): java.lang.RuntimeException: Handler (android.telephony.PhoneStateListener$2) {41e04e30} sending message to a Handler on a dead thread
W/MessageQueue( 4909): at android.os.MessageQueue.enqueueMessage(MessageQueue.java:294)
W/MessageQueue( 4909): at android.os.Handler.sendMessageAtTime(Handler.java:473)
W/MessageQueue( 4909): at android.os.Handler.sendMessageDelayed(Handler.java:446)
W/MessageQueue( 4909): at android.os.Handler.sendMessage(Handler.java:383)
W/MessageQueue( 4909): at android.os.Message.sendToTarget(Message.java:360)
W/MessageQueue( 4909): at android.telephony.PhoneStateListener$1.onServiceStateChanged(PhoneStateListener.java:327)
W/MessageQueue( 4909): at com.android.internal.telephony.IPhoneStateListener$Stub.onTransact(IPhoneStateListener.java:55)
W/MessageQueue( 4909): at android.os.Binder.execTransact(Binder.java:367)
W/MessageQueue( 4909): at dalvik.system.NativeStart.run(Native Method)
D/ContextualPageReceiver( 3156): mContextualPageReceiver: ACTION_SERVICE_STATE_CHANGED isRoaming : false
D/StatusChecker( 3516): onReceive : android.intent.action.SERVICE_STATE
D/StatusChecker( 3516): Service state changed : 0
D/AlarmManagerService( 2374): Kernel timezone updated to -120 minutes west of GMT
D/PopupuiReceiver( 5399): onReceive() getAction : android.intent.action.NETWORK_SET_TIMEZONE
D/PopupuiReceiver( 5399): NETWORK_SET_TIME prevMCCvalue : 244
D/PopupuiReceiver( 5399): gsm.operator.numeric : 244
D/PopupuiReceiver( 5399): SAME to prevMCCvalue : mccstrcmp
W/SignalStrength( 2913): getGsmLevel=4
W/SignalStrength( 2913): getLevel=4 (SignalStrength: 15 0 -120 -160 -120 -1 -1 99 2147483647 2147483647 2147483647 2147483647 gsm|lte 0x4)
W/MessageQueue( 4909): Handler (android.telephony.PhoneStateListener$2) {41e04e30} sending message to a Handler on a dead thread
W/MessageQueue( 4909): java.lang.RuntimeException: Handler (android.telephony.PhoneStateListener$2) {41e04e30} sending message to a Handler on a dead thread
W/MessageQueue( 4909): at android.os.MessageQueue.enqueueMessage(MessageQueue.java:294)
W/MessageQueue( 4909): at android.os.Handler.sendMessageAtTime(Handler.java:473)
W/MessageQueue( 4909): at android.os.Handler.sendMessageDelayed(Handler.java:446)
W/MessageQueue( 4909): at android.os.Handler.sendMessage(Handler.java:383)
W/MessageQueue( 4909): at android.os.Message.sendToTarget(Message.java:360)
W/MessageQueue( 4909): at android.telephony.PhoneStateListener$1.onServiceStateChanged(PhoneStateListener.java:327)
W/MessageQueue( 4909): at com.android.internal.telephony.IPhoneStateListener$Stub.onTransact(IPhoneStateListener.java:55)
W/MessageQueue( 4909): at android.os.Binder.execTransact(Binder.java:367)
W/MessageQueue( 4909): at dalvik.system.NativeStart.run(Native Method)
D/STATUSBAR-NetworkController( 2913): onServiceStateChanged state=0
D/STATUSBAR-NetworkController( 2913): updateDataNetType()
D/STATUSBAR-NetworkController( 2913): Nothing, mRoamingIconId = 0
D/ContextualPageReceiver( 3156): mContextualPageReceiver: ACTION_SERVICE_STATE_CHANGED isRoaming : false
D/StatusChecker( 3516): onReceive : android.intent.action.SERVICE_STATE
D/StatusChecker( 3516): Service state changed : 0
W/SignalStrength( 2374): getGsmLevel=4
W/SignalStrength( 2374): getLevel=4 (SignalStrength: 14 0 -120 -160 -120 -1 -1 99 2147483647 2147483647 2147483647 2147483647 gsm|lte 0x4)
W/SignalStrength( 2913): getGsmLevel=4
W/SignalStrength( 2913): getLevel=4 (SignalStrength: 14 0 -120 -160 -120 -1 -1 99 2147483647 2147483647 2147483647 2147483647 gsm|lte 0x4)
W/SignalStrength( 2913): getGsmLevel=4
W/SignalStrength( 2913): getLevel=4 (SignalStrength: 14 0 -120 -160 -120 -1 -1 99 2147483647 2147483647 2147483647 2147483647 gsm|lte 0x4)
W/SignalStrength( 2374): getDbm 1
W/SignalStrength( 2374): getGsmDbm=-85
W/SignalStrength( 2374): getDbm=-85
W/SignalStrength( 2374): getAsuLevel 1
W/SignalStrength( 2374): getGsmAsuLevel=14
W/SignalStrength( 2374): getAsuLevel=14
D/STATUSBAR-NetworkController( 2913): onSignalStrengthsChanged signalStrength=SignalStrength: 14 0 -120 -160 -120 -1 -1 99 2147483647 2147483647 2147483647 2147483647 gsm|lte 0x4 level=4
D/AlarmManagerService( 2374): Kernel timezone updated to -120 minutes west of GMT
D/PopupuiReceiver( 5399): onReceive() getAction : android.intent.action.NETWORK_SET_TIMEZONE
D/PopupuiReceiver( 5399): NETWORK_SET_TIME prevMCCvalue : 244
D/PopupuiReceiver( 5399): gsm.operator.numeric : 244
D/PopupuiReceiver( 5399): SAME to prevMCCvalue : mccstrcmp
W/SignalStrength( 2913): getGsmLevel=4
W/SignalStrength( 2913): getLevel=4 (SignalStrength: 14 0 -120 -160 -120 -1 -1 99 2147483647 2147483647 2147483647 2147483647 gsm|lte 0x4)
W/MessageQueue( 4909): Handler (android.telephony.PhoneStateListener$2) {41e04e30} sending message to a Handler on a dead thread
W/MessageQueue( 4909): java.lang.RuntimeException: Handler (android.telephony.PhoneStateListener$2) {41e04e30} sending message to a Handler on a dead thread
W/MessageQueue( 4909): at android.os.MessageQueue.enqueueMessage(MessageQueue.java:294)
W/MessageQueue( 4909): at android.os.Handler.sendMessageAtTime(Handler.java:473)
W/MessageQueue( 4909): at android.os.Handler.sendMessageDelayed(Handler.java:446)
W/MessageQueue( 4909): at android.os.Handler.sendMessage(Handler.java:383)
W/MessageQueue( 4909): at android.os.Message.sendToTarget(Message.java:360)
W/MessageQueue( 4909): at android.telephony.PhoneStateListener$1.onServiceStateChanged(PhoneStateListener.java:327)
W/MessageQueue( 4909): at com.android.internal.telephony.IPhoneStateListener$Stub.onTransact(IPhoneStateListener.java:55)
W/MessageQueue( 4909): at android.os.Binder.execTransact(Binder.java:367)
W/MessageQueue( 4909): at dalvik.system.NativeStart.run(Native Method)
D/ContextualPageReceiver( 3156): mContextualPageReceiver: ACTION_SERVICE_STATE_CHANGED isRoaming : false
D/STATUSBAR-NetworkController( 2913): onServiceStateChanged state=0
D/STATUSBAR-NetworkController( 2913): updateDataNetType()
D/STATUSBAR-NetworkController( 2913): Nothing, mRoamingIconId = 0
I/WifiService( 2374): Booster FLAG : 1
I/WifiService( 2374): mBoosterFLAG : 1
I/WifiService( 2374): current booster mode : FullMode
D/WifiService( 2374): onDataConnectionStateChanged: state -2, networkType - UMTS
D/STATUSBAR-NetworkController( 2913): onDataConnectionStateChanged: state=2 type=3
D/STATUSBAR-NetworkController( 2913): updateDataNetType()
D/STATUSBAR-NetworkController( 2913): Nothing, mRoamingIconId = 0
D/STATUSBAR-NetworkController( 2913): refreshSignalCluster: data=2 bt=false
D/STATUSBAR-SignalClusterView( 2913): mSeparateMobileGroup=0
D/STATUSBAR-SignalClusterView( 2913): mSeparateMobileGroup=0
D/STATUSBAR-SignalClusterView( 2913): mSeparateMobileGroup=0
D/StatusChecker( 3516): onReceive : android.intent.action.SERVICE_STATE
D/StatusChecker( 3516): Service state changed : 0
D/LTE_WIDGET( 3067): TelephonyManager.DATA_CONNECTED:,isConnectedData = true
D/MobileDataStateTracker( 2374): default: Received state=CONNECTED, old=CONNECTED, reason=nwTypeChanged
D/PhoneApp( 3067): mReceiver: ACTION_ANY_DATA_CONNECTION_STATE_CHANGED
D/AlarmManagerService( 2374): Kernel timezone updated to -120 minutes west of GMT
W/MessageQueue( 4909): Handler (android.telephony.PhoneStateListener$2) {41e04e30} sending message to a Handler on a dead thread
W/MessageQueue( 4909): java.lang.RuntimeException: Handler (android.telephony.PhoneStateListener$2) {41e04e30} sending message to a Handler on a dead thread
W/MessageQueue( 4909): at android.os.MessageQueue.enqueueMessage(MessageQueue.java:294)
W/MessageQueue( 4909): at android.os.Handler.sendMessageAtTime(Handler.java:473)
W/MessageQueue( 4909): at android.os.Handler.sendMessageDelayed(Handler.java:446)
W/MessageQueue( 4909): at android.os.Handler.sendMessage(Handler.java:383)
W/MessageQueue( 4909): at android.os.Message.sendToTarget(Message.java:360)
W/MessageQueue( 4909): at android.telephony.PhoneStateListener$1.onServiceStateChanged(PhoneStateListener.java:327)
W/MessageQueue( 4909): at com.android.internal.telephony.IPhoneStateListener$Stub.onTransact(IPhoneStateListener.java:55)
W/MessageQueue( 4909): at android.os.Binder.execTransact(Binder.java:367)
W/MessageQueue( 4909): at dalvik.system.NativeStart.run(Native Method)
W/SignalStrength( 2913): getGsmLevel=4
W/SignalStrength( 2913): getLevel=4 (SignalStrength: 14 0 -120 -160 -120 -1 -1 99 2147483647 2147483647 2147483647 2147483647 gsm|lte 0x4)
D/STATUSBAR-NetworkController( 2913): onServiceStateChanged state=0
D/STATUSBAR-NetworkController( 2913): updateDataNetType()
D/STATUSBAR-NetworkController( 2913): Nothing, mRoamingIconId = 0
D/ContextualPageReceiver( 3156): mContextualPageReceiver: ACTION_SERVICE_STATE_CHANGED isRoaming : false
D/NotificationMgr( 3067): hideDataDisconnectedRoaming()...
D/PopupuiReceiver( 5399): onReceive() getAction : android.intent.action.NETWORK_SET_TIMEZONE
D/PopupuiReceiver( 5399): NETWORK_SET_TIME prevMCCvalue : 244
D/PopupuiReceiver( 5399): gsm.operator.numeric : 244
D/PopupuiReceiver( 5399): SAME to prevMCCvalue : mccstrcmp
D/StatusChecker( 3516): onReceive : android.intent.action.SERVICE_STATE
D/StatusChecker( 3516): Service state changed : 0
W/GLSActivity(15755): [aia] Status from wire: NetworkError status: NETWORK_ERROR
I/GLSUser (15755): GLS error: NetworkError koivujuuri@gmail.com oauth2:https://www.googleapis.com/auth/youtube https://www.googleapis.com/auth/plus.me https://www.googleapis.com/auth/emeraldsea.mobileapps.doritos.cookie https://www.googleapis.com/auth/plus.stream.read https://www.googleapis.com/auth/plus.stream.write https://www.googleapis.com/auth/plus.pages.manage
W/GLSActivity(15755): [aia] Status from wire: NetworkError status: NETWORK_ERROR
E/YouTube ( 4452): apps.youtube.datalib.identity.j.onPostExecute:156 GetToken error: IOException
D/AlarmManagerService( 2374): Kernel timezone updated to -120 minutes west of GMT
D/PopupuiReceiver( 5399): onReceive() getAction : android.intent.action.NETWORK_SET_TIMEZONE
D/PopupuiReceiver( 5399): NETWORK_SET_TIME prevMCCvalue : 244
D/PopupuiReceiver( 5399): gsm.operator.numeric : 244
D/PopupuiReceiver( 5399): SAME to prevMCCvalue : mccstrcmp
W/SignalStrength( 2913): getGsmLevel=4
W/SignalStrength( 2913): getLevel=4 (SignalStrength: 14 0 -120 -160 -120 -1 -1 99 2147483647 2147483647 2147483647 2147483647 gsm|lte 0x4)
W/MessageQueue( 4909): Handler (android.telephony.PhoneStateListener$2) {41e04e30} sending message to a Handler on a dead thread
W/MessageQueue( 4909): java.lang.RuntimeException: Handler (android.telephony.PhoneStateListener$2) {41e04e30} sending message to a Handler on a dead thread
W/MessageQueue( 4909): at android.os.MessageQueue.enqueueMessage(MessageQueue.java:294)
W/MessageQueue( 4909): at android.os.Handler.sendMessageAtTime(Handler.java:473)
W/MessageQueue( 4909): at android.os.Handler.sendMessageDelayed(Handler.java:446)
W/MessageQueue( 4909): at android.os.Handler.sendMessage(Handler.java:383)
W/MessageQueue( 4909): at android.os.Message.sendToTarget(Message.java:360)
W/MessageQueue( 4909): at android.telephony.PhoneStateListener$1.onServiceStateChanged(PhoneStateListener.java:327)
W/MessageQueue( 4909): at com.android.internal.telephony.IPhoneStateListener$Stub.onTransact(IPhoneStateListener.java:55)
W/MessageQueue( 4909): at android.os.Binder.execTransact(Binder.java:367)
W/MessageQueue( 4909): at dalvik.system.NativeStart.run(Native Method)
D/STATUSBAR-NetworkController( 2913): onServiceStateChanged state=0
D/STATUSBAR-NetworkController( 2913): updateDataNetType()
D/STATUSBAR-NetworkController( 2913): Nothing, mRoamingIconId = 0
D/ContextualPageReceiver( 3156): mContextualPageReceiver: ACTION_SERVICE_STATE_CHANGED isRoaming : false
D/StatusChecker( 3516): onReceive : android.intent.action.SERVICE_STATE
D/StatusChecker( 3516): Service state changed : 0
D/dalvikvm( 4909): GC_CONCURRENT freed 372K, 9% free 12825K/14087K, paused 1ms+2ms, total 15ms
D/AlarmManagerService( 2374): Kernel timezone updated to -120 minutes west of GMT
D/PopupuiReceiver( 5399): onReceive() getAction : android.intent.action.NETWORK_SET_TIMEZONE
D/PopupuiReceiver( 5399): NETWORK_SET_TIME prevMCCvalue : 244
D/PopupuiReceiver( 5399): gsm.operator.numeric : 244
D/PopupuiReceiver( 5399): SAME to prevMCCvalue : mccstrcmp
W/SignalStrength( 2913): getGsmLevel=4
W/SignalStrength( 2913): getLevel=4 (SignalStrength: 14 0 -120 -160 -120 -1 -1 99 2147483647 2147483647 2147483647 2147483647 gsm|lte 0x4)
W/MessageQueue( 4909): Handler (android.telephony.PhoneStateListener$2) {41e04e30} sending message to a Handler on a dead thread
W/MessageQueue( 4909): java.lang.RuntimeException: Handler (android.telephony.PhoneStateListener$2) {41e04e30} sending message to a Handler on a dead thread
W/MessageQueue( 4909): at android.os.MessageQueue.enqueueMessage(MessageQueue.java:294)
W/MessageQueue( 4909): at android.os.Handler.sendMessageAtTime(Handler.java:473)
W/MessageQueue( 4909): at android.os.Handler.sendMessageDelayed(Handler.java:446)
W/MessageQueue( 4909): at android.os.Handler.sendMessage(Handler.java:383)
W/MessageQueue( 4909): at android.os.Message.sendToTarget(Message.java:360)
W/MessageQueue( 4909): at android.telephony.PhoneStateListener$1.onServiceStateChanged(PhoneStateListener.java:327)
W/MessageQueue( 4909): at com.android.internal.telephony.IPhoneStateListener$Stub.onTransact(IPhoneStateListener.java:55)
W/MessageQueue( 4909): at android.os.Binder.execTransact(Binder.java:367)
W/MessageQueue( 4909): at dalvik.system.NativeStart.run(Native Method)
D/STATUSBAR-NetworkController( 2913): onServiceStateChanged state=0
D/STATUSBAR-NetworkController( 2913): updateDataNetType()
D/STATUSBAR-NetworkController( 2913): Nothing, mRoamingIconId = 0
D/ContextualPageReceiver( 3156): mContextualPageReceiver: ACTION_SERVICE_STATE_CHANGED isRoaming : false
D/StatusChecker( 3516): onReceive : android.intent.action.SERVICE_STATE
D/StatusChecker( 3516): Service state changed : 0
D/dalvikvm( 2374): GC_CONCURRENT freed 1905K, 46% free 32404K/59655K, paused 13ms+9ms, total 104ms
D/STATUSBAR-NetworkController( 2913): onDataActivity: direction=0
D/AlarmManagerService( 2374): Kernel timezone updated to -120 minutes west of GMT
W/SignalStrength( 2913): getGsmLevel=4
W/SignalStrength( 2913): getLevel=4 (SignalStrength: 14 0 -120 -160 -120 -1 -1 99 2147483647 2147483647 2147483647 2147483647 gsm|lte 0x4)
W/MessageQueue( 4909): Handler (android.telephony.PhoneStateListener$2) {41e04e30} sending message to a Handler on a dead thread
W/MessageQueue( 4909): java.lang.RuntimeException: Handler (android.telephony.PhoneStateListener$2) {41e04e30} sending message to a Handler on a dead thread
W/MessageQueue( 4909): at android.os.MessageQueue.enqueueMessage(MessageQueue.java:294)
W/MessageQueue( 4909): at android.os.Handler.sendMessageAtTime(Handler.java:473)
W/MessageQueue( 4909): at android.os.Handler.sendMessageDelayed(Handler.java:446)
W/MessageQueue( 4909): at android.os.Handler.sendMessage(Handler.java:383)
W/MessageQueue( 4909): at android.os.Message.sendToTarget(Message.java:360)
W/MessageQueue( 4909): at android.telephony.PhoneStateListener$1.onServiceStateChanged(PhoneStateListener.java:327)
W/MessageQueue( 4909): at com.android.internal.telephony.IPhoneStateListener$Stub.onTransact(IPhoneStateListener.java:55)
W/MessageQueue( 4909): at android.os.Binder.execTransact(Binder.java:367)
W/MessageQueue( 4909): at dalvik.system.NativeStart.run(Native Method)
D/PopupuiReceiver( 5399): onReceive() getAction : android.intent.action.NETWORK_SET_TIMEZONE
D/PopupuiReceiver( 5399): NETWORK_SET_TIME prevMCCvalue : 244
D/PopupuiReceiver( 5399): gsm.operator.numeric : 244
D/PopupuiReceiver( 5399): SAME to prevMCCvalue : mccstrcmp
D/ContextualPageReceiver( 3156): mContextualPageReceiver: ACTION_SERVICE_STATE_CHANGED isRoaming : false
D/STATUSBAR-NetworkController( 2913): onServiceStateChanged state=0
D/STATUSBAR-NetworkController( 2913): updateDataNetType()
D/STATUSBAR-NetworkController( 2913): Nothing, mRoamingIconId = 0
I/WifiService( 2374): Booster FLAG : 1
I/WifiService( 2374): mBoosterFLAG : 1
I/WifiService( 2374): current booster mode : FullMode
D/WifiService( 2374): onDataConnectionStateChanged: state -2, networkType - HSPA+
D/STATUSBAR-NetworkController( 2913): onDataConnectionStateChanged: state=2 type=15
D/STATUSBAR-NetworkController( 2913): updateDataNetType()
D/STATUSBAR-NetworkController( 2913): Nothing, mRoamingIconId = 0
D/STATUSBAR-NetworkController( 2913): refreshSignalCluster: data=2 bt=false
D/STATUSBAR-SignalClusterView( 2913): mSeparateMobileGroup=0
D/STATUSBAR-SignalClusterView( 2913): mSeparateMobileGroup=0
D/STATUSBAR-SignalClusterView( 2913): mSeparateMobileGroup=0
D/StatusChecker( 3516): onReceive : android.intent.action.SERVICE_STATE
D/StatusChecker( 3516): Service state changed : 0
D/LTE_WIDGET( 3067): TelephonyManager.DATA_CONNECTED:,isConnectedData = true
D/MobileDataStateTracker( 2374): default: Received state=CONNECTED, old=CONNECTED, reason=nwTypeChanged
D/PhoneApp( 3067): mReceiver: ACTION_ANY_DATA_CONNECTION_STATE_CHANGED
D/NotificationMgr( 3067): hideDataDisconnectedRoaming()...
E/Watchdog( 2374): !@Sync 1456
D/STATUSBAR-NetworkController( 2913): onDataActivity: direction=3
D/STATUSBAR-NetworkController( 2913): refreshSignalCluster: data=2 bt=false
D/STATUSBAR-SignalClusterView( 2913): mSeparateMobileGroup=0
D/STATUSBAR-SignalClusterView( 2913): mSeparateMobileGroup=0
D/STATUSBAR-SignalClusterView( 2913): mSeparateMobileGroup=0
I/InputReader( 2374): Touch event's action is 0x0 (deviceType=0) [pCnt=1, s=0.12996 ]
I/InputDispatcher( 2374): Delivering touch to current input target: action: 0x0
I/InputDispatcher( 2374): Delivering touch to current input target: action: 0x0
I/InputDispatcher( 2374): Delivering touch to current input target: action: 0x0
I/InputDispatcher( 2374): Delivering touch to current input target: action: 0x0
I/TwDVFSBroadcastReceiver( 3107): onLauncherIntent
D/PowerManager( 3107): DVFSLock : acquire : timeout : 1000
I/power ( 2374): *** acquire_dvfs_lock : lockType : 1 freq : 1400000
D/PowerManagerService( 2374): acquireDVFSLockLocked : type : DVFS_MIN_LIMIT frequency : 1400000 uid : 1000 pid : 3107 tag : TwDVFSBroadcastReceiver
I/InputReader( 2374): Touch event's action is 0x1 (deviceType=0) [pCnt=1, s=]
I/InputDispatcher( 2374): Delivering touch to current input target: action: 0x1
I/InputDispatcher( 2374): Delivering touch to current input target: action: 0x1
I/InputDispatcher( 2374): Delivering touch to current input target: action: 0x1
I/InputDispatcher( 2374): Delivering touch to current input target: action: 0x1
I/power ( 2374): *** release_dvfs_lock : lockType : 1
D/PowerManagerService( 2374): releaseDVFSLockLocked : all DVFS_MIN_LIMIT are released
I/InputReader( 2374): Touch event's action is 0x0 (deviceType=0) [pCnt=1, s=0.12997 ]
I/InputDispatcher( 2374): Delivering touch to current input target: action: 0x0
I/InputDispatcher( 2374): Delivering touch to current input target: action: 0x0
I/InputDispatcher( 2374): Delivering touch to current input target: action: 0x0
I/InputDispatcher( 2374): Delivering touch to current input target: action: 0x0
I/TwDVFSBroadcastReceiver( 3107): onLauncherIntent
D/PowerManager( 3107): DVFSLock : acquire : timeout : 1000
I/power ( 2374): *** acquire_dvfs_lock : lockType : 1 freq : 1400000
D/PowerManagerService( 2374): acquireDVFSLockLocked : type : DVFS_MIN_LIMIT frequency : 1400000 uid : 1000 pid : 3107 tag : TwDVFSBroadcastReceiver
I/InputReader( 2374): Touch event's action is 0x1 (deviceType=0) [pCnt=1, s=]
I/InputDispatcher( 2374): Delivering touch to current input target: action: 0x1
I/InputDispatcher( 2374): Delivering touch to current input target: action: 0x1
I/InputDispatcher( 2374): Delivering touch to current input target: action: 0x1
I/InputDispatcher( 2374): Delivering touch to current input target: action: 0x1
D/STATUSBAR-NetworkController( 2913): onDataActivity: direction=0
D/STATUSBAR-NetworkController( 2913): refreshSignalCluster: data=2 bt=false
D/STATUSBAR-SignalClusterView( 2913): mSeparateMobileGroup=0
D/STATUSBAR-SignalClusterView( 2913): mSeparateMobileGroup=0
D/STATUSBAR-SignalClusterView( 2913): mSeparateMobileGroup=0
I/InputReader( 2374): Touch event's action is 0x0 (deviceType=0) [pCnt=1, s=0.12998 ]
I/InputDispatcher( 2374): Delivering touch to current input target: action: 0x0
I/InputDispatcher( 2374): Delivering touch to current input target: action: 0x0
I/InputDispatcher( 2374): Delivering touch to current input target: action: 0x0
I/InputDispatcher( 2374): Delivering touch to current input target: action: 0x0
I/TwDVFSBroadcastReceiver( 3107): onLauncherIntent
D/PowerManager( 3107): DVFSLock : acquire : timeout : 1000
D/PowerManagerService( 2374): acquireDVFSLockLocked : type : DVFS_MIN_LIMIT frequency : 1400000 uid : 1000 pid : 3107 tag : TwDVFSBroadcastReceiver
I/InputReader( 2374): Touch event's action is 0x1 (deviceType=0) [pCnt=1, s=]
I/InputDispatcher( 2374): Delivering touch to current input target: action: 0x1
I/InputDispatcher( 2374): Delivering touch to current input target: action: 0x1
I/InputDispatcher( 2374): Delivering touch to current input target: action: 0x1
I/InputDispatcher( 2374): Delivering touch to current input target: action: 0x1
D/PowerManagerService( 2374): acquireDVFSLockLocked : type : DVFS_MIN_LIMIT frequency : 1000000 uid : 1000 pid : 2374 tag : ActivityManager
W/ActivityManager( 2374): mDVFSLock.acquire()
D/Launcher.HomeFragment( 3156): onPause
D/Launcher( 3156): onPause, Launcher: 1104468464
I/power ( 2374): *** acquire_dvfs_lock : lockType : 1 freq : 1400000
V/WindowManager( 2374): rotationForOrientationLw(orient=-1, last=0); user=0 mLidState=-1 mDockMode=0 mHdmiPlugged=false mAccelerometerDefault=false sensorRotation=-1
D/PowerManagerService( 2374): releaseDVFSLockLocked : remain DVFS_MIN_LIMIT : next : 1400000
I/SurfaceFlinger( 1959): id=4692(429) createSurf 0x428d1edc (1x1),1 flag=400, tettings
I/SurfaceFlinger( 1959): SurfaceFlinger : eMagnificationFactorChanged. magnificationFactor=1.0
I/SurfaceFlinger( 1959): SurfaceFlinger : eZoomPositionChanged. zoomX=0.0 zoomY=0.0
D/WindowManager( 2374): PhoneWindowManager: focusChangedLw
D/KeyguardViewMediator( 2374): setHidden false
D/KeyguardViewMediator( 2374): setHidden false
D/WindowManager( 2374): mInputFocus is not null.
D/WindowManager( 2374): mInputFocus is not null.
D/WindowManager( 2374): mInputFocus is not null.
D/WindowManager( 2374): mInputFocus is not null.
D/Launcher( 3156): onTrimMemory. Level: 20
D/AbsListView( 3199): Get MotionRecognitionManager
D/MotionRecognitionService( 2374): ssp status : false
W/System.err( 3199): Removed 2131428268
W/System.err( 3199): Removed 2131428281
D/KeyguardViewMediator( 2374): setHidden false
D/KeyguardViewMediator( 2374): setHidden false
D/KeyguardViewMediator( 2374): setHidden false
D/WindowManager( 2374): mInputFocus is not null.
D/WindowManager( 2374): mInputFocus is not null.
D/WindowManager( 2374): mInputFocus is not null.
D/WindowManager( 2374): mInputFocus is not null.
D/WindowManager( 2374): mInputFocus is not null.
I/WifiEnabler( 3199): Resume : 1
D/KeyguardViewMediator( 2374): setHidden false
D/WindowManager( 2374): mInputFocus is not null.
I/BluetoothPolicyService( 2374): isBluetoothEnabled
D/WindowManager( 2374): mInputFocus is not null.
W/System.err( 3199): Removed 2131428268
W/System.err( 3199): Removed 2131428281
I/SurfaceFlinger( 1959): id=4693(43) createSurf 0x4296d77c (1x1),1 flag=400, Tettings
I/SurfaceFlinger( 1959): SurfaceFlinger : eMagnificationFactorChanged. magnificationFactor=1.0
I/SurfaceFlinger( 1959): SurfaceFlinger : eZoomPositionChanged. zoomX=0.0 zoomY=0.0
D/WindowManager( 2374): PhoneWindowManager: focusChangedLw
D/KeyguardViewMediator( 2374): setHidden false
D/STATUSBAR-StatusBarManagerService( 2374): setSystemUiVisibility(0x0)
D/STATUSBAR-StatusBarManagerService( 2374): manageDisableList what=0x0 pkg=WindowManager.LayoutParams
D/KeyguardViewMediator( 2374): setHidden false
I/BluetoothPolicyService( 2374): isBluetoothEnabled
D/KeyguardViewMediator( 2374): setHidden false
I/ClipboardServiceEx( 2374): Send intent for dismiss clipboard dialog inside hideCurrentInputLocked() !
D/KeyguardViewMediator( 2374): setHidden false
D/KeyguardViewMediator( 2374): setHidden false
D/Launcher.HomeFragment( 3156): onStop
D/Launcher( 3156): onStop, Launcher: 1104468464
W/SignalStrength( 2374): getGsmLevel=2
W/SignalStrength( 2374): getLevel=2 (SignalStrength: 6 0 -120 -160 -120 -1 -1 99 2147483647 2147483647 2147483647 2147483647 gsm|lte 0x2)
W/SignalStrength( 2913): getGsmLevel=2
W/SignalStrength( 2913): getLevel=2 (SignalStrength: 6 0 -120 -160 -120 -1 -1 99 2147483647 2147483647 2147483647 2147483647 gsm|lte 0x2)
W/SignalStrength( 2913): getGsmLevel=2
W/SignalStrength( 2913): getLevel=2 (SignalStrength: 6 0 -120 -160 -120 -1 -1 99 2147483647 2147483647 2147483647 2147483647 gsm|lte 0x2)
D/STATUSBAR-NetworkController( 2913): onSignalStrengthsChanged signalStrength=SignalStrength: 6 0 -120 -160 -120 -1 -1 99 2147483647 2147483647 2147483647 2147483647 gsm|lte 0x2 level=2
D/STATUSBAR-NetworkController( 2913): refreshSignalCluster: data=2 bt=false
D/STATUSBAR-SignalClusterView( 2913): mSeparateMobileGroup=0
D/STATUSBAR-SignalClusterView( 2913): mSeparateMobileGroup=0
D/STATUSBAR-SignalClusterView( 2913): mSeparateMobileGroup=0
W/SignalStrength( 2374): getDbm 1
W/SignalStrength( 2374): getGsmDbm=-101
W/SignalStrength( 2374): getDbm=-101
W/SignalStrength( 2374): getAsuLevel 1
W/SignalStrength( 2374): getGsmAsuLevel=6
W/SignalStrength( 2374): getAsuLevel=6
D/KeyguardViewMediator( 2374): setHidden false
I/SurfaceFlinger( 1959): id=4691 Removed Mauncher idx=2 MapSz=4
I/SurfaceFlinger( 1959): id=4691 Removed Mauncher idx=-2 MapSz=4
W/ActivityManager( 2374): mDVFSLock.release()
D/KeyguardViewMediator( 2374): setHidden false
I/SurfaceFlinger( 1959): id=4692 Removed tettings idx=3 MapSz=3
I/SurfaceFlinger( 1959): id=4692 Removed tettings idx=-2 MapSz=3
D/KeyguardViewMediator( 2374): setHidden false
D/KeyguardViewMediator( 2374): setHidden false
W/SignalStrength( 2374): getGsmLevel=2
W/SignalStrength( 2374): getLevel=2 (SignalStrength: 5 0 -120 -160 -120 -1 -1 99 2147483647 2147483647 2147483647 2147483647 gsm|lte 0x2)
W/SignalStrength( 2913): getGsmLevel=2
W/SignalStrength( 2913): getLevel=2 (SignalStrength: 5 0 -120 -160 -120 -1 -1 99 2147483647 2147483647 2147483647 2147483647 gsm|lte 0x2)
W/SignalStrength( 2913): getGsmLevel=2
W/SignalStrength( 2913): getLevel=2 (SignalStrength: 5 0 -120 -160 -120 -1 -1 99 2147483647 2147483647 2147483647 2147483647 gsm|lte 0x2)
W/SignalStrength( 2374): getDbm 1
W/SignalStrength( 2374): getGsmDbm=-103
W/SignalStrength( 2374): getDbm=-103
W/SignalStrength( 2374): getAsuLevel 1
W/SignalStrength( 2374): getGsmAsuLevel=5
W/SignalStrength( 2374): getAsuLevel=5
