V/AwesomePlayer( 1962): setDataSource (74, 20758104, 11571)
I/AwesomePlayer( 1962): cancel player events
V/AwesomePlayer( 1962): mAudioTrackVector clear
V/AwesomePlayer( 1962): track of type 'audio/vorbis' does not publish bitrate
V/AwesomePlayer( 1962): mBitrate = -1 bits/sec
W/AwesomePlayer( 1962): couldn't get userdata - Weather
W/AwesomePlayer( 1962): couldn't get userdata - Authorization
W/AwesomePlayer( 1962): couldn't get userdata - SnapShot
V/AwesomePlayer( 1962): current audio track (0)
V/AwesomePlayer( 1962): current audio track (0) is added to vector[0]
V/AwesomePlayer( 1962): setDataSource_l: Audio(1), Video(0)
I/AwesomePlayer( 1962): AwesomePlayer::setDataSource_l():: This is not a DRM content
V/MediaPlayerService( 1962): prepare
V/AwesomePlayer( 1962): prepareAsync
V/MediaPlayerService( 1962): wait for prepare
V/AwesomePlayer( 1962): onPrepareAsyncEvent
V/AwesomePlayer( 1962): notifyListner_l() msg (5-MEDIA_SET_VIDEO_SIZE), ext1 (0), ext2 (0)
V/AudioCache( 1962): notify(0x42058248, 5, 0, 0)
V/AudioCache( 1962): ignored
V/AwesomePlayer( 1962): notifyListner_l() msg (1-MEDIA_PREPARED), ext1 (0), ext2 (0)
V/AudioCache( 1962): notify(0x42058248, 1, 0, 0)
V/AudioCache( 1962): prepared
V/AudioCache( 1962): wait - success
V/MediaPlayerService( 1962): start
V/StagefrightPlayer( 1962): start
V/AwesomePlayer( 1962): play
V/AwesomePlayer( 1962): AwesomePlayer::play_l():: This is not a DRM content
D/lights ( 2374): LCD : 17 +
D/lights ( 2374): LCD : 17 -
D/SensorService( 2374): info.rates.add, set DEFAULT_EVENTS_PERIOD
D/LightsService( 2374): setLightLocked is called
D/LightsService( 2374): [SvcLED] SvcLEDReceiver::isHappyNight = true
D/SensorService( 2374): SensorDevice::activate (enable 1, disable 0) = 1
D/SensorService( 2374): activating sensor enable handle=3
D/SensorService( 2374): activating sensor enable, Done!
D/SensorService( 2374): SensorDevice::activating sensor handle=3 ns=200000000
I/SensorService( 2374): info.selectDelay() ns=200000000
D/SensorService( 2374): SensorDevice::setDelay, Return(true 1, false 0) = 1
I/AudioPlayer( 1962): Audioplayer kKeyAudioPCMFormat:1, 2, 0
I/AudioPlayer( 1962): Audioplayer1 (2, 1)
V/AudioCache( 1962): open(44100, 2, 0x0, 1, 4)
V/MediaPlayerService( 1962): wait for playback complete
D/SensorManager( 2374): registerListener :: handle = 3 name= CM36651 Light sensor delay= 200000 Listener= com.android.server.LightsService$4@423fd158
W/IInputConnectionWrapper( 3156): getSelectedText on inactive InputConnection
W/IInputConnectionWrapper( 3156): setComposingText on inactive InputConnection
W/IInputConnectionWrapper( 3156): getExtractedText on inactive InputConnection
V/AudioCache( 1962): write(0x4208e7f0, 4096)
V/AudioCache( 1962): memcpy(0x4368c000, 0x4208e7f0, 4096)
D/WfdService( 2374): intent recieved android.intent.action.SCREEN_OFF
D/lights ( 2374): LCD : 16 +
D/lights ( 2374): LCD : 16 -
V/AudioCache( 1962): write(0x4208e7f0, 4096)
V/AudioCache( 1962): memcpy(0x4368d000, 0x4208e7f0, 4096)
D/LightsService( 2374): setLightLocked is called
V/AudioCache( 1962): write(0x4208e7f0, 4096)
V/AudioCache( 1962): memcpy(0x4368e000, 0x4208e7f0, 4096)
V/AudioCache( 1962): write(0x4208e7f0, 4096)
V/AudioCache( 1962): memcpy(0x4368f000, 0x4208e7f0, 4096)
V/AudioCache( 1962): write(0x4208e7f0, 4096)
V/AudioCache( 1962): memcpy(0x43690000, 0x4208e7f0, 4096)
V/AudioCache( 1962): write(0x4208e7f0, 4096)
V/AudioCache( 1962): memcpy(0x43691000, 0x4208e7f0, 4096)
D/STATUSBAR-NotificationService( 2374): ACTION_SCREEN_OFF
D/STATUSBAR-NotificationService( 2374): updateLightsLocked() : Turn off notification light
D/LightsService( 2374): [SvcLED] setSvcLedStateLocked:: id = 4, color = 0, mode = Off, set = Off
W/AlarmManager( 2374): FACTORY_ON= 0
D/LightsService( 2374): [SvcLED] SvcLEDTask
V/AlarmManager( 2374): waitForAlarm result :4
V/AlarmManager( 2374): trigger ELAPSED_REALTIME_WAKEUP or RTC_WAKEUP
V/AudioCache( 1962): write(0x4208e7f0, 4096)
V/AudioCache( 1962): memcpy(0x43692000, 0x4208e7f0, 4096)
V/AudioCache( 1962): write(0x4208e7f0, 4096)
V/AudioCache( 1962): memcpy(0x43693000, 0x4208e7f0, 4096)
V/AudioCache( 1962): write(0x4208e7f0, 4096)
V/AudioCache( 1962): memcpy(0x43694000, 0x4208e7f0, 4096)
V/AudioCache( 1962): write(0x4208e7f0, 4096)
V/AudioCache( 1962): memcpy(0x43695000, 0x4208e7f0, 4096)
I/AudioHardwareTinyALSA( 1962): setParameters(screen_state=off)
I/audio_wfd_hw( 1962): adev_set_parameters() screen_state=off
D/tms_audio_hw/AudioTmsIpc( 1962): adev_set_parameters : Enter
D/tms_audio_hw/AudioTmsIpc( 1962): adev_set_parameters : Exit
D/lights ( 2374): LCD : 15 +
D/lights ( 2374): LCD : 15 -
D/CircleMissedEventWidget( 2374): portrait mode
V/AudioCache( 1962): write(0x4208e7f0, 4096)
V/AudioCache( 1962): memcpy(0x43696000, 0x4208e7f0, 4096)
D/LightsService( 2374): setLightLocked is called
V/AudioCache( 1962): write(0x4208e7f0, 4096)
V/AudioCache( 1962): memcpy(0x43697000, 0x4208e7f0, 4096)
V/AudioCache( 1962): write(0x4208e7f0, 4096)
V/AudioCache( 1962): memcpy(0x43698000, 0x4208e7f0, 4096)
V/AudioCache( 1962): write(0x4208e7f0, 4096)
V/AudioCache( 1962): memcpy(0x43699000, 0x4208e7f0, 4096)
D/SensorManager( 2374): registerListener :: handle = 3 name= CM36651 Light sensor delay= 200000 Listener= com.android.server.LightsService$4@423fd158
V/AudioCache( 1962): write(0x4208e7f0, 4096)
V/AudioCache( 1962): memcpy(0x4369a000, 0x4208e7f0, 4096)
V/AudioCache( 1962): write(0x4208e7f0, 4096)
V/AudioCache( 1962): memcpy(0x4369b000, 0x4208e7f0, 4096)
V/AudioCache( 1962): write(0x4208e7f0, 4096)
V/AudioCache( 1962): memcpy(0x4369c000, 0x4208e7f0, 4096)
V/AudioCache( 1962): write(0x4208e7f0, 4096)
V/AudioCache( 1962): memcpy(0x4369d000, 0x4208e7f0, 4096)
V/AudioCache( 1962): write(0x4208e7f0, 4096)
V/AudioCache( 1962): memcpy(0x4369e000, 0x4208e7f0, 4096)
D/LightsService( 2374): [SvcLED] SvcLEDReceiver::isHappyNight = true
V/AudioCache( 1962): write(0x4208e7f0, 4096)
V/AudioCache( 1962): memcpy(0x4369f000, 0x4208e7f0, 4096)
V/AudioCache( 1962): write(0x4208e7f0, 4096)
V/AudioCache( 1962): memcpy(0x436a0000, 0x4208e7f0, 4096)
D/CircleMissedEventWidget( 2374): explore by touch mode off
V/AudioCache( 1962): write(0x4208e7f0, 4096)
V/AudioCache( 1962): memcpy(0x436a1000, 0x4208e7f0, 4096)
V/AudioCache( 1962): write(0x4208e7f0, 4096)
V/AudioCache( 1962): memcpy(0x436a2000, 0x4208e7f0, 4096)
V/AudioCache( 1962): write(0x4208e7f0, 4096)
V/AudioCache( 1962): memcpy(0x436a3000, 0x4208e7f0, 4096)
V/AudioCache( 1962): write(0x4208e7f0, 4096)
V/AudioCache( 1962): memcpy(0x436a4000, 0x4208e7f0, 4096)
E/OMXCodec( 1962): [OMX.google.vorbis.decoder] err = -1011
V/AudioCache( 1962): write(0x4208e7f0, 4096)
V/AudioCache( 1962): memcpy(0x436a5000, 0x4208e7f0, 4096)
D/lights ( 2374): LCD : 14 +
D/lights ( 2374): LCD : 14 -
V/AudioCache( 1962): write(0x4208e7f0, 4096)
V/AudioCache( 1962): memcpy(0x436a6000, 0x4208e7f0, 4096)
D/StatusBar.FaceDetectionController( 2913): onReceive: action = android.intent.action.SCREEN_OFF mEnableDetect : false
D/LightsService( 2374): setLightLocked is called
V/AudioCache( 1962): write(0x4208e7f0, 4096)
V/AudioCache( 1962): memcpy(0x436a7000, 0x4208e7f0, 4096)
V/AudioCache( 1962): write(0x4208e7f0, 4096)
V/AudioCache( 1962): memcpy(0x436a8000, 0x4208e7f0, 4096)
V/AudioCache( 1962): write(0x4208e7f0, 1256)
V/AudioCache( 1962): memcpy(0x436a9000, 0x4208e7f0, 1256)
V/AwesomePlayer( 1962): MEDIA_PLAYBACK_COMPLETE
V/AwesomePlayer( 1962): notifyListner_l() msg (2-MEDIA_PLAYBACK_COMPLETE), ext1 (0), ext2 (0)
V/AudioCache( 1962): notify(0x42058248, 2, 0, 0)
V/AudioCache( 1962): playback complete - thread will wake up later
V/AudioCache( 1962): wait - success
V/StagefrightPlayer( 1962): reset
I/AwesomePlayer( 1962): reset
I/AwesomePlayer( 1962): cancel player events
V/AwesomePlayer( 1962): mAudioTrackVector clear
I/OMXCodec( 1962): [OMX.google.vorbis.decoder] stop() sendCommand(0x202, OMX_CommandStateSet, OMX_StateIdle)
I/OMXCodec( 1962): [OMX.google.vorbis.decoder] stopped in state 1
V/StagefrightPlayer( 1962): ~StagefrightPlayer
V/StagefrightPlayer( 1962): reset
I/AwesomePlayer( 1962): reset
I/AwesomePlayer( 1962): cancel player events
V/AwesomePlayer( 1962): mAudioTrackVector clear
I/AwesomePlayer( 1962): reset
I/AwesomePlayer( 1962): cancel player events
V/AwesomePlayer( 1962): mAudioTrackVector clear
V/AwesomePlayer( 1962): ~AwesomePlayer()
V/SoundPoolThread( 2374): Got message m=2, mData=2
V/MediaPlayer( 2374): decode(347, 21242672, 20394)
V/MediaPlayerService( 1962): decode(71, 21242672, 20394)
V/MediaPlayerService( 1962): player type = 3
V/MediaPlayerService( 1962): create StagefrightPlayer
V/AwesomePlayer( 1962): setDefault
V/AwesomePlayer( 1962): constructor
V/AwesomePlayer( 1962): setDefault
I/AwesomePlayer( 1962): reset
I/AwesomePlayer( 1962): cancel player events
V/AwesomePlayer( 1962): mAudioTrackVector clear
V/StagefrightPlayer( 1962): StagefrightPlayer
V/AwesomePlayer( 1962): setListener
V/StagefrightPlayer( 1962): initCheck
V/StagefrightPlayer( 1962): setDataSource(71, 21242672, 20394)
V/AwesomePlayer( 1962): setDataSource (75, 21242672, 20394)
I/AwesomePlayer( 1962): cancel player events
V/AwesomePlayer( 1962): mAudioTrackVector clear
D/PointerInterceptView( 2374): Receive COLLAPSED
D/PointerInterceptView( 2374): sendCallbackFunc, mPreviousOpen = false , isOpen = false , isForce = false
V/AwesomePlayer( 1962): track of type 'audio/vorbis' does not publish bitrate
V/AwesomePlayer( 1962): mBitrate = -1 bits/sec
W/AwesomePlayer( 1962): couldn't get userdata - Weather
W/AwesomePlayer( 1962): couldn't get userdata - Authorization
W/AwesomePlayer( 1962): couldn't get userdata - SnapShot
V/AwesomePlayer( 1962): current audio track (0)
V/AwesomePlayer( 1962): current audio track (0) is added to vector[0]
V/AwesomePlayer( 1962): setDataSource_l: Audio(1), Video(0)
I/AwesomePlayer( 1962): AwesomePlayer::setDataSource_l():: This is not a DRM content
V/MediaPlayerService( 1962): prepare
V/AwesomePlayer( 1962): prepareAsync
V/MediaPlayerService( 1962): wait for prepare
V/AwesomePlayer( 1962): onPrepareAsyncEvent
D/lights ( 2374): LCD : 13 +
D/lights ( 2374): LCD : 13 -
E/CircleShortcutWidget( 2374): density = 320
D/CircleShortcutWidget( 2374): explore by touch mode off
E/CircleShortcutWidget( 2374): pkg name =com.android.contacts, activityName=com.android.contacts.activities.DialtactsActivity
D/CircleShortcutWidget( 2374): mIconWidth =96
D/LightsService( 2374): setLightLocked is called
V/AwesomePlayer( 1962): notifyListner_l() msg (5-MEDIA_SET_VIDEO_SIZE), ext1 (0), ext2 (0)
V/AudioCache( 1962): notify(0x42058248, 5, 0, 0)
V/AudioCache( 1962): ignored
V/AwesomePlayer( 1962): notifyListner_l() msg (1-MEDIA_PREPARED), ext1 (0), ext2 (0)
V/AudioCache( 1962): notify(0x42058248, 1, 0, 0)
V/AudioCache( 1962): prepared
V/AudioCache( 1962): wait - success
V/MediaPlayerService( 1962): start
V/StagefrightPlayer( 1962): start
V/AwesomePlayer( 1962): play
V/AwesomePlayer( 1962): AwesomePlayer::play_l():: This is not a DRM content
I/AudioPlayer( 1962): Audioplayer kKeyAudioPCMFormat:1, 1, 0
I/AudioPlayer( 1962): Audioplayer1 (1, 1)
V/AudioCache( 1962): open(48000, 1, 0x0, 1, 4)
V/MediaPlayerService( 1962): wait for playback complete
V/AudioCache( 1962): write(0x420bda20, 2048)
V/AudioCache( 1962): memcpy(0x4378c000, 0x420bda20, 2048)
V/AudioCache( 1962): write(0x420bda20, 2048)
V/AudioCache( 1962): memcpy(0x4378c800, 0x420bda20, 2048)
D/lights ( 2374): LCD : 12 +
D/lights ( 2374): LCD : 12 -
V/AudioCache( 1962): write(0x420bda20, 2048)
V/AudioCache( 1962): memcpy(0x4378d000, 0x420bda20, 2048)
V/AudioCache( 1962): write(0x420bda20, 2048)
V/AudioCache( 1962): memcpy(0x4378d800, 0x420bda20, 2048)
V/AudioCache( 1962): write(0x420bda20, 2048)
V/AudioCache( 1962): memcpy(0x4378e000, 0x420bda20, 2048)
D/LightsService( 2374): setLightLocked is called
V/AudioCache( 1962): write(0x420bda20, 2048)
V/AudioCache( 1962): memcpy(0x4378e800, 0x420bda20, 2048)
V/AudioCache( 1962): write(0x420bda20, 2048)
V/AudioCache( 1962): memcpy(0x4378f000, 0x420bda20, 2048)
V/AudioCache( 1962): write(0x420bda20, 2048)
V/AudioCache( 1962): memcpy(0x4378f800, 0x420bda20, 2048)
V/AudioCache( 1962): write(0x420bda20, 2048)
V/AudioCache( 1962): memcpy(0x43790000, 0x420bda20, 2048)
V/AudioCache( 1962): write(0x420bda20, 2048)
V/AudioCache( 1962): memcpy(0x43790800, 0x420bda20, 2048)
V/AudioCache( 1962): write(0x420bda20, 2048)
V/AudioCache( 1962): memcpy(0x43791000, 0x420bda20, 2048)
W/AlarmManager( 2374): FACTORY_ON= 0
V/AudioCache( 1962): write(0x420bda20, 2048)
V/AudioCache( 1962): memcpy(0x43791800, 0x420bda20, 2048)
D/lights ( 2374): LCD : 11 +
D/lights ( 2374): LCD : 11 -
D/FastDormancy( 3067): [FD] INTENT ACTION android.intent.action.SCREEN_OFF
D/FastDormancy( 3067): [FD] mIsScreenOn: false
V/AudioCache( 1962): write(0x420bda20, 2048)
V/AudioCache( 1962): memcpy(0x43792000, 0x420bda20, 2048)
W/FastDormancy( 3067): Kernel Wakelock Time was changed to 6000
D/FastDormancy( 3067): [SCREEN_OFF] New FD Time: 5000
D/FastDormancy( 3067): [FD] ON default: true
D/FastDormancy( 3067): getDormancyFlag() return mDormFlag = true
D/FastDormancy( 3067): Before mDormFlag: true in getCapaDormancy()
V/AudioCache( 1962): write(0x420bda20, 2048)
D/FastDormancy( 3067): After mDormFlag: true in getCapaDormancy()
V/AudioCache( 1962): memcpy(0x43792800, 0x420bda20, 2048)
W/FastDormancy( 3067): ======= ENTER DORMANCY =======
V/AudioCache( 1962): write(0x420bda20, 2048)
V/AudioCache( 1962): memcpy(0x43793000, 0x420bda20, 2048)
D/LightsService( 2374): setLightLocked is called
V/AudioCache( 1962): write(0x420bda20, 2048)
V/AudioCache( 1962): memcpy(0x43793800, 0x420bda20, 2048)
V/AudioCache( 1962): write(0x420bda20, 2048)
V/AudioCache( 1962): memcpy(0x43794000, 0x420bda20, 2048)
V/AudioCache( 1962): write(0x420bda20, 2048)
V/AudioCache( 1962): memcpy(0x43794800, 0x420bda20, 2048)
I/Launcher.StuckInEdit( 3156): exitWidgetResizeMode State NORMAL
V/AudioCache( 1962): write(0x420bda20, 2048)
V/AudioCache( 1962): memcpy(0x43795000, 0x420bda20, 2048)
V/AudioCache( 1962): write(0x420bda20, 2048)
V/AudioCache( 1962): memcpy(0x43795800, 0x420bda20, 2048)
V/AudioCache( 1962): write(0x420bda20, 2048)
V/AudioCache( 1962): memcpy(0x43796000, 0x420bda20, 2048)
D/CircleShortcutWidget( 2374): BitmapDrawable
E/CircleShortcutWidget( 2374): pkg name =com.sec.chaton, activityName=com.sec.chaton.HomeActivity
V/AudioCache( 1962): write(0x420bda20, 2048)
V/AudioCache( 1962): memcpy(0x43796800, 0x420bda20, 2048)
D/CircleShortcutWidget( 2374): mIconWidth =96
D/lights ( 2374): LCD : 10 +
D/lights ( 2374): LCD : 10 -
V/AudioCache( 1962): write(0x420bda20, 2048)
V/AudioCache( 1962): memcpy(0x43797000, 0x420bda20, 2048)
V/AudioCache( 1962): write(0x420bda20, 2048)
V/AudioCache( 1962): memcpy(0x43797800, 0x420bda20, 2048)
V/AudioCache( 1962): write(0x420bda20, 2048)
V/AudioCache( 1962): memcpy(0x43798000, 0x420bda20, 2048)
V/AudioCache( 1962): write(0x420bda20, 2048)
V/AudioCache( 1962): memcpy(0x43798800, 0x420bda20, 2048)
D/LightsService( 2374): setLightLocked is called
V/AudioCache( 1962): write(0x420bda20, 2048)
V/AudioCache( 1962): memcpy(0x43799000, 0x420bda20, 2048)
V/AudioCache( 1962): write(0x420bda20, 2048)
V/AudioCache( 1962): memcpy(0x43799800, 0x420bda20, 2048)
V/AudioCache( 1962): write(0x420bda20, 2048)
V/AudioCache( 1962): memcpy(0x4379a000, 0x420bda20, 2048)
V/AudioCache( 1962): write(0x420bda20, 2048)
V/AudioCache( 1962): memcpy(0x4379a800, 0x420bda20, 2048)
V/AudioCache( 1962): write(0x420bda20, 2048)
V/AudioCache( 1962): memcpy(0x4379b000, 0x420bda20, 2048)
V/AudioCache( 1962): write(0x420bda20, 2048)
V/AudioCache( 1962): memcpy(0x4379b800, 0x420bda20, 2048)
D/lights ( 2374): LCD : 9 +
D/lights ( 2374): LCD : 9 -
V/AudioCache( 1962): write(0x420bda20, 2048)
V/AudioCache( 1962): memcpy(0x4379c000, 0x420bda20, 2048)
V/AudioCache( 1962): write(0x420bda20, 2048)
V/AudioCache( 1962): memcpy(0x4379c800, 0x420bda20, 2048)
V/AudioCache( 1962): write(0x420bda20, 2048)
V/AudioCache( 1962): memcpy(0x4379d000, 0x420bda20, 2048)
D/LightsService( 2374): setLightLocked is called
V/AudioCache( 1962): write(0x420bda20, 2048)
V/AudioCache( 1962): memcpy(0x4379d800, 0x420bda20, 2048)
V/AudioCache( 1962): write(0x420bda20, 2048)
V/AudioCache( 1962): memcpy(0x4379e000, 0x420bda20, 2048)
V/AudioCache( 1962): write(0x420bda20, 2048)
V/AudioCache( 1962): memcpy(0x4379e800, 0x420bda20, 2048)
V/AudioCache( 1962): write(0x420bda20, 2048)
V/AudioCache( 1962): memcpy(0x4379f000, 0x420bda20, 2048)
V/AudioCache( 1962): write(0x420bda20, 2048)
V/AudioCache( 1962): memcpy(0x4379f800, 0x420bda20, 2048)
V/AudioCache( 1962): write(0x420bda20, 2048)
V/AudioCache( 1962): memcpy(0x437a0000, 0x420bda20, 2048)
V/AudioCache( 1962): write(0x420bda20, 2048)
V/AudioCache( 1962): memcpy(0x437a0800, 0x420bda20, 2048)
V/AudioCache( 1962): write(0x420bda20, 2048)
V/AudioCache( 1962): memcpy(0x437a1000, 0x420bda20, 2048)
E/OMXCodec( 1962): [OMX.google.vorbis.decoder] err = -1011
D/CircleShortcutWidget( 2374): BitmapDrawable
V/AudioCache( 1962): write(0x420bda20, 2048)
V/AudioCache( 1962): memcpy(0x437a1800, 0x420bda20, 2048)
V/AudioCache( 1962): write(0x420bda20, 2048)
V/AudioCache( 1962): memcpy(0x437a2000, 0x420bda20, 2048)
E/CircleShortcutWidget( 2374): pkg name =com.google.android.googlequicksearchbox, activityName=com.google.android.googlequicksearchbox.SearchActivity
V/AudioCache( 1962): write(0x420bda20, 2048)
V/AudioCache( 1962): memcpy(0x437a2800, 0x420bda20, 2048)
V/AudioCache( 1962): write(0x420bda20, 2048)
V/AudioCache( 1962): memcpy(0x437a3000, 0x420bda20, 2048)
V/AudioCache( 1962): write(0x420bda20, 824)
V/AudioCache( 1962): memcpy(0x437a3800, 0x420bda20, 824)
D/CircleShortcutWidget( 2374): mIconWidth =96
D/lights ( 2374): LCD : 8 +
D/lights ( 2374): LCD : 8 -
V/AwesomePlayer( 1962): MEDIA_PLAYBACK_COMPLETE
V/AwesomePlayer( 1962): notifyListner_l() msg (2-MEDIA_PLAYBACK_COMPLETE), ext1 (0), ext2 (0)
V/AudioCache( 1962): notify(0x42058248, 2, 0, 0)
V/AudioCache( 1962): playback complete - thread will wake up later
V/AudioCache( 1962): wait - success
V/StagefrightPlayer( 1962): reset
I/AwesomePlayer( 1962): reset
I/AwesomePlayer( 1962): cancel player events
V/AwesomePlayer( 1962): mAudioTrackVector clear
I/OMXCodec( 1962): [OMX.google.vorbis.decoder] stop() sendCommand(0x203, OMX_CommandStateSet, OMX_StateIdle)
I/OMXCodec( 1962): [OMX.google.vorbis.decoder] stopped in state 1
V/StagefrightPlayer( 1962): ~StagefrightPlayer
V/StagefrightPlayer( 1962): reset
I/AwesomePlayer( 1962): reset
I/AwesomePlayer( 1962): cancel player events
V/AwesomePlayer( 1962): mAudioTrackVector clear
I/AwesomePlayer( 1962): reset
I/AwesomePlayer( 1962): cancel player events
V/AwesomePlayer( 1962): mAudioTrackVector clear
V/AwesomePlayer( 1962): ~AwesomePlayer()
W/AlarmManager( 2374): FACTORY_ON= 0
D/LightsService( 2374): setLightLocked is called
D/lights ( 2374): LCD : 7 +
D/lights ( 2374): LCD : 7 -
D/LightsService( 2374): setLightLocked is called
W/AlarmManager( 2374): FACTORY_ON= 0
D/CircleShortcutWidget( 2374): BitmapDrawable
E/CircleShortcutWidget( 2374): pkg name =com.android.chrome, activityName=com.google.android.apps.chrome.Main
D/CircleShortcutWidget( 2374): mIconWidth =96
E/videowall-TranscodeReceiver(15584): broadcastMSG : android.intent.action.SCREEN_OFF
D/lights ( 2374): LCD : 6 +
D/lights ( 2374): LCD : 6 -
D/videowall-TranscodeService(15584): Music is = false
D/videowall-TranscodeService(15584): power : true / screen off : true
D/LightsService( 2374): setLightLocked is called
I/TVOutUtil(15584): isWFDConnected() isConnected=false
D/videowall-TranscodeService(15584): runvideoplayer is false
D/videowall-TranscodeService(15584): releaseTransThread.
D/YouTube ( 4452): apps.youtube.app.prefetch.g.onReceive:366 Received: android.intent.action.SCREEN_OFF
D/lights ( 2374): LCD : 5 +
D/lights ( 2374): LCD : 5 -
D/YouTube MDX( 4452): Recieved intent android.intent.action.SCREEN_OFF
D/LightsService( 2374): setLightLocked is called
D/CircleShortcutWidget( 2374): BitmapDrawable
E/CircleShortcutWidget( 2374): pkg name =com.sec.android.app.camera, activityName=com.sec.android.app.camera.Camera
D/CircleShortcutWidget( 2374): mIconWidth =96
D/FastDormancy( 3067): ======= FAST DORMANCY Enter =======
D/lights ( 2374): LCD : 4 +
D/lights ( 2374): LCD : 4 -
D/LightsService( 2374): setLightLocked is called
D/CircleShortcutWidget( 2374): BitmapDrawable
D/lights ( 2374): LCD : 3 +
D/lights ( 2374): LCD : 3 -
D/CircleLockScreen( 2374): cursor.getInt(0) = 0
D/LightsService( 2374): setLightLocked is called
D/CircleLockScreen( 2374): cursor.getInt(0) = 0
D/lights ( 2374): LCD : 2 +
D/lights ( 2374): LCD : 2 -
D/CircleLockScreen( 2374): cursor.getInt(0) = 0
D/LightsService( 2374): setLightLocked is called
D/CircleLockScreen( 2374): mChecked = 111
D/CircleLockScreen( 2374): onRefreshBatteryInfo() showPatteryInfo: true pluggedIn: true batteryLevel: 3
D/ClockWidget( 2374): refreshTime()
D/ClockWidget( 2374): TTS Message = Kello on nyt 1:42, lauantai, joulukuuta 21
D/ClockWidget( 2374): refreshTime()
D/ClockWidget( 2374): TTS Message = Kello on nyt 1:42, lauantai, joulukuuta 21
W/LockPatternKeyguardView( 2374): Couldn't find transport control widget
D/LockPatternUtils( 2374): isPcwEnable = null
D/lights ( 2374): LCD : 1 +
D/lights ( 2374): LCD : 1 -
D/LightsService( 2374): setLightLocked is called
D/dalvikvm( 2374): GC_FOR_ALLOC freed 808K, 45% free 33233K/59655K, paused 94ms, total 94ms
D/lights ( 2374): LCD : 0 +
D/lights ( 2374): LCD : 0 -
D/LightsService( 2374): setLightLocked is called
I/dalvikvm-heap( 2374): Grow heap (frag case) to 39.379MB for 6553616-byte allocation
D/dalvikvm( 2374): GC_FOR_ALLOC freed 52K, 34% free 39580K/59655K, paused 81ms, total 81ms
I/power ( 2374): *** release_dvfs_lock : lockType : 1
I/PowerManagerService( 2374): Light Animator Finished currentValue=0
D/PowerManagerService( 2374): releaseDVFSLockLocked : all DVFS_MIN_LIMIT are released
D/SensorManager( 2374): unregisterListener:: Listener= com.android.server.LightsService$4@423fd158
D/SensorService( 2374): SensorDevice::activate (enable 1, disable 0) = 0
D/SensorService( 2374): activating sensor disable handle=3
D/SensorService( 2374): activating sensor disable, Done!
D/SensorService( 2374): SensorDevice::activating sensor handle=3 ns=200000000
D/lights ( 2374): write pattern : g_led_info = 8
D/lights ( 2374): led_pattern : 1 +
D/LightsService( 2374): [SvcLED] onSensorChanged::light value = 12.0
I/LightsService( 2374): fileWriteInt : /sys/class/sec/led/led_lowpower value : 1
D/lights ( 2374): led_pattern : 1 -
D/LightsService( 2374): setLightLocked is called
D/LockPatternKeyguardView( 2374): max failed attempt for device disable :0
D/LockPatternUtils( 2374): isPcwEnable = null
D/LockPatternUtils( 2374): isPcwEnable = null
W/LockPatternKeyguardView( 2374): no unlock screen when trying to enable fallback
D/ClockWidget( 2374): refreshTime()
D/ClockWidget( 2374): TTS Message = Kello on nyt 1:42, lauantai, joulukuuta 21
D/ClockWidget( 2374): isServiceEnable = false cityId = null
D/ClockWidget( 2374): Weather Demon is not running, Set visibility to GONE
D/CircleLockScreen( 2374): onResume()
D/CircleUnlockRippleRenderer( 2374): onResume isUnlocked = false
D/ClockWidget( 2374): isServiceEnable = false cityId = null
D/ClockWidget( 2374): Weather Demon is not running, Set visibility to GONE
D/CircleShortcutWidget( 2374): onResume()
D/CircleLockScreen( 2374): mCallback.isShowingAndNotHidden()=false
V/KeyguardViewManager( 2374): KGVM: Set visibility on com.android.internal.policy.impl.KeyguardViewManager$KeyguardViewHost@4226ea88 to 6291456
D/KeyguardViewMediator( 2374): adjustUserActivityLocked mShowing: true mHidden: false
D/LockPatternUtils( 2374): isPcwEnable = null
D/PowerManagerService( 2374): enableUserActivity false
D/LockPatternUtils( 2374): isPcwEnable = null
D/LockPatternUtils( 2374): isPcwEnable = null
D/KeyguardViewMediator( 2374): adjustStatusBarLocked: mShowing=true mHidden=false isSecure=false --> flags=0x1000000
E/KeyguardViewMediator( 2374): 2. Lockscreen lock
E/KeyguardViewMediator( 2374): Phone is boot completed. so can broadcast
D/STATUSBAR-StatusBarManagerService( 2374): manageDisableList what=0x1000000 pkg=android
D/PhoneStatusBar( 2913): disable: < expand icons alerts ticker system_info back home RECENT* clock > I/SurfaceFlinger( 1959): id=4700(430) createSurf 0x410acd8c (720x1230),1 flag=0, Leyguard
I/SurfaceFlinger( 1959): SurfaceFlinger : eMagnificationFactorChanged. magnificationFactor=1.0
I/SurfaceFlinger( 1959): SurfaceFlinger : eZoomPositionChanged. zoomX=0.0 zoomY=0.0
D/WindowManager( 2374): PhoneWindowManager: focusChangedLw
D/KeyguardViewMediator( 2374): setHidden false
I/SurfaceFlinger( 1959): id=4701(431) createSurf 0x410ac16c (720x1230),3 flag=400, TurfaceView
I/SurfaceFlinger( 1959): SurfaceFlinger : eMagnificationFactorChanged. magnificationFactor=1.0
I/SurfaceFlinger( 1959): SurfaceFlinger : eZoomPositionChanged. zoomX=0.0 zoomY=0.0
D/KeyguardViewMediator( 2374): setHidden false
D/SurfaceView( 2374): SurfaceView.MyWindow.resized() is call in system process.
V/LvOutput( 1962): initCheck: 0
V/LvOutput( 1962): detachEffects: detach processing for output 2, stream 1, session 622
V/LvOutput( 1962): detachEffects: no output processing was attached to this stream
V/AudioPolicyManagerBase( 1962): stopOutput() output 2, stream 1, session 622
V/AudioPolicyManagerBase( 1962): changeRefCount() stream 1, count 0
E/AudioPolicyManagerBase( 1962): unknown stream type
E/AudioPolicyManagerBase( 1962): unknown stream type
E/AudioPolicyManagerBase( 1962): unknown stream type
E/AudioPolicyManagerBase( 1962): unknown stream type
E/AudioPolicyManagerBase( 1962): unknown stream type
E/AudioPolicyManagerBase( 1962): unknown stream type
V/AudioPolicyManagerBase( 1962): getNewDevice() selected device 0
V/AudioPolicyManagerBase( 1962): setOutputDevice() output 2 device 0000 force 0 delayMs 184
V/AudioPolicyManagerBase( 1962): setOutputDevice() prevDevice 0002
V/AudioPolicyManagerBase( 1962): setOutputDevice() setting same device 0000 or null device for output 2
D/CircleUnlockRippleRenderer( 2374): onSurfaceCreated
D/CircleUnlockRippleRenderer( 2374): keyguard_default_wallpaper exist
D/dalvikvm( 2374): GC_CONCURRENT freed 69K, 34% free 39597K/59655K, paused 13ms+18ms, total 141ms
D/dalvikvm( 2374): WAIT_FOR_CONCURRENT_GC blocked 2ms
D/dalvikvm( 2374): GC_FOR_ALLOC freed 3K, 34% free 39593K/59655K, paused 74ms, total 74ms
I/dalvikvm-heap( 2374): Grow heap (frag case) to 45.591MB for 6553616-byte allocation
D/dalvikvm( 2374): GC_CONCURRENT freed 14K, 23% free 45979K/59655K, paused 13ms+7ms, total 92ms
D/CircleUnlockRippleRenderer( 2374): pBitmap, getWidth = 1280, pBitmap.getHeight() = 1280
D/CircleUnlockRippleRenderer( 2374): onSurfaceChanged
D/CircleUnlockRippleRenderer( 2374): windowWidth = 720, windowHeight = 1280, width = 720, height = 1230
D/CircleUnlockRippleRenderer( 2374): ondrawfrmae drawCount = 0
D/CircleUnlockRippleRenderer( 2374): mCntSurfaceChanged in drawframe = 0
E/LockPatternKeyguardView( 2374): !!! callback setLockScreenReady
E/CircleUnlockRippleRenderer( 2374): CircleUnlockRippleRenderer setLockScreenReady
D/KeyguardViewMediator( 2374): setHidden false
D/LockPatternUtils( 2374): isPcwEnable = null
D/LockPatternUtils( 2374): isPcwEnable = null
D/LockPatternUtils( 2374): isPcwEnable = null
D/KeyguardViewMediator( 2374): adjustStatusBarLocked: mShowing=true mHidden=false isSecure=false --> flags=0x1000000
V/LockPatternKeyguardView( 2374): Set visibility on com.android.internal.policy.impl.LockPatternKeyguardView$4@42477388 to 8388608
W/IInputConnectionWrapper( 2374): showStatusIcon on inactive InputConnection
D/STATUSBAR-StatusBarManagerService( 2374): manageDisableList what=0x1000000 pkg=android
W/IInputConnectionWrapper( 3156): showStatusIcon on inactive InputConnection
D/LockPatternKeyguardView( 2374): focused
D/CircleLockScreen( 2374): focused
D/STATUSBAR-StatusBarManagerService( 2374): setSystemUiVisibility(0x600008)
D/STATUSBAR-StatusBarManagerService( 2374): manageDisableList what=0x600000 pkg=WindowManager.LayoutParams
D/PhoneStatusBar( 2913): disable: < expand icons alerts ticker system_info BACK* HOME* RECENT clock > D/WindowManager( 2374): mUnSetIgnore, show = false
D/KeyguardViewMediator( 2374): setHidden false
D/KeyguardViewMediator( 2374): setHidden false
V/LockPatternKeyguardView( 2374): *** dispatchDraw() time: 210920495
D/KeyguardViewMediator( 2374): setHidden false
D/STATUSBAR-StatusBarManagerService( 2374): setSystemUiVisibility(0xe00008)
D/STATUSBAR-StatusBarManagerService( 2374): manageDisableList what=0xe00000 pkg=WindowManager.LayoutParams
D/PhoneStatusBar( 2913): disable: < expand icons alerts ticker system_info BACK HOME RECENT CLOCK* > D/KeyguardViewMediator( 2374): setHidden false
D/BatteryService( 2374): update start
D/BatteryService( 2374): level:3 scale:100 status:2 health:2 present:true voltage: 3660 temperature: 328 technology: Li-ion AC powered:false USB powered:true icon:17303231 invalid charger:0
E/MtpService(27139): In MTPAPP onReceive:android.intent.action.BATTERY_CHANGED
E/MtpService(27139): battPlugged Type : 2
D/videowall-TranscodeService(15584): releaseTransThread.
D/STATUSBAR-BatteryController( 2913): onReceive() - ACTION_BATTERY_CHANGED
D/STATUSBAR-BatteryController( 2913): onReceive() - level:3
D/STATUSBAR-BatteryController( 2913): onReceive() - plugged:2
D/STATUSBAR-BatteryController( 2913): onReceive() - BATTERY_STATUS_CHARGING:
D/STATUSBAR-PhoneStatusBar( 2913): ACTION_BATTERY_CHANGED
D/LightsService( 2374): [SvcLED] setSvcLedStateLocked:: id = 3, color = 0, mode = 10, set = On
D/BatteryService( 2374): turn on LED for charging
W/AlarmManager( 2374): FACTORY_ON= 0
V/AlarmManager( 2374): waitForAlarm result :4
D/LightsService( 2374): [SvcLED] SvcLEDTask
V/AlarmManager( 2374): trigger ELAPSED_REALTIME_WAKEUP or RTC_WAKEUP
D/SensorService( 2374): info.rates.add, set DEFAULT_EVENTS_PERIOD
D/SensorService( 2374): SensorDevice::activate (enable 1, disable 0) = 1
D/SensorService( 2374): activating sensor enable handle=3
D/SensorService( 2374): activating sensor enable, Done!
D/SensorService( 2374): SensorDevice::activating sensor handle=3 ns=200000000
I/SensorService( 2374): info.selectDelay() ns=200000000
D/SensorService( 2374): SensorDevice::setDelay, Return(true 1, false 0) = 1
D/SensorManager( 2374): registerListener :: handle = 3 name= CM36651 Light sensor delay= 200000 Listener= com.android.server.LightsService$4@423fd158
D/LightsService( 2374): [SvcLED] SvcLEDReceiver::isHappyNight = true
D/SensorManager( 2374): unregisterListener:: Listener= com.android.server.LightsService$4@423fd158
D/SensorService( 2374): SensorDevice::activate (enable 1, disable 0) = 0
D/SensorService( 2374): activating sensor disable handle=3
D/SensorService( 2374): activating sensor disable, Done!
D/SensorService( 2374): SensorDevice::activating sensor handle=3 ns=200000000
D/lights ( 2374): write pattern : g_led_info = 8
D/lights ( 2374): led_pattern : 1 +
D/LightsService( 2374): [SvcLED] onSensorChanged::light value = 9.0
I/LightsService( 2374): fileWriteInt : /sys/class/sec/led/led_lowpower value : 1
D/lights ( 2374): led_pattern : 1 -
D/LightsService( 2374): setLightLocked is called
D/AudioHardwareTinyALSA( 1962): Entering AudioStreamOutALSA standby mode
I/AudioHardwareTinyALSA( 1962): Close mHandle:420971c8
E/Watchdog( 2374): !@Sync 1457
W/PowerManagerService( 2374): Timer 0x0->0x0|0x0
V/AlarmManager( 2374): waitForAlarm result :8
D/MTPRx (27139): DRIVER_TIME_OUT 60s lapsed
V/AlarmManager( 2374): trigger ELAPSED_REALTIME_WAKEUP or RTC_WAKEUP
V/AlarmManager( 2374): waitForAlarm result :4
V/AlarmManager( 2374): waitForAlarm result :4
D/BatteryService( 2374): update start
D/BatteryService( 2374): level:3 scale:100 status:2 health:2 present:true voltage: 3660 temperature: 318 technology: Li-ion AC powered:false USB powered:true icon:17303231 invalid charger:0
D/LightsService( 2374): [SvcLED] setSvcLedStateLocked:: id = 3, color = 0, mode = 10, set = On
D/BatteryService( 2374): turn on LED for charging
W/AlarmManager( 2374): FACTORY_ON= 0
D/STATUSBAR-BatteryController( 2913): onReceive() - ACTION_BATTERY_CHANGED
D/STATUSBAR-BatteryController( 2913): onReceive() - level:3
D/STATUSBAR-BatteryController( 2913): onReceive() - plugged:2
D/STATUSBAR-BatteryController( 2913): onReceive() - BATTERY_STATUS_CHARGING:
E/MtpService(27139): In MTPAPP onReceive:android.intent.action.BATTERY_CHANGED
E/MtpService(27139): battPlugged Type : 2
D/videowall-TranscodeService(15584): releaseTransThread.
D/SensorService( 2374): info.rates.add, set DEFAULT_EVENTS_PERIOD
D/SensorService( 2374): SensorDevice::activate (enable 1, disable 0) = 1
D/SensorService( 2374): activating sensor enable handle=3
D/SensorService( 2374): activating sensor enable, Done!
D/SensorService( 2374): SensorDevice::activating sensor handle=3 ns=200000000
I/SensorService( 2374): info.selectDelay() ns=200000000
D/SensorService( 2374): SensorDevice::setDelay, Return(true 1, false 0) = 1
D/SensorManager( 2374): registerListener :: handle = 3 name= CM36651 Light sensor delay= 200000 Listener= com.android.server.LightsService$4@423fd158
V/AlarmManager( 2374): waitForAlarm result :4
D/LightsService( 2374): [SvcLED] SvcLEDTask
V/AlarmManager( 2374): trigger ELAPSED_REALTIME_WAKEUP or RTC_WAKEUP
D/LightsService( 2374): [SvcLED] SvcLEDReceiver::isHappyNight = true
D/STATUSBAR-PhoneStatusBar( 2913): ACTION_BATTERY_CHANGED
D/SensorManager( 2374): unregisterListener:: Listener= com.android.server.LightsService$4@423fd158
D/LightsService( 2374): [SvcLED] onSensorChanged::light value = 5.0
D/SensorService( 2374): SensorDevice::activate (enable 1, disable 0) = 0
D/SensorService( 2374): activating sensor disable handle=3
D/SensorService( 2374): activating sensor disable, Done!
D/SensorService( 2374): SensorDevice::activating sensor handle=3 ns=200000000
D/lights ( 2374): write pattern : g_led_info = 8
D/lights ( 2374): led_pattern : 1 +
I/LightsService( 2374): fileWriteInt : /sys/class/sec/led/led_lowpower value : 1
D/lights ( 2374): led_pattern : 1 -
D/LightsService( 2374): setLightLocked is called
E/Watchdog( 2374): !@Sync 1458
D/FastDormancy( 3067): [FD] ON default: true
D/FastDormancy( 3067): getDormancyFlag() return mDormFlag = true
D/FastDormancy( 3067): After mDormFlag: true in getCapaDormancy()
W/FastDormancy( 3067): ======= ENTER DORMANCY =======
D/dalvikvm( 2374): WAIT_FOR_CONCURRENT_GC blocked 0ms
D/FastDormancy( 3067): Before mDormFlag: true in getCapaDormancy()
D/dalvikvm( 2374): GC_EXPLICIT freed 129K, 21% free 47287K/59655K, paused 3ms+8ms, total 89ms
D/FastDormancy( 3067): ======= FAST DORMANCY Enter =======
V/AlarmManager( 2374): ClockReceiver onReceive() ACTION_TIME_TICK
W/AlarmManager( 2374): FACTORY_ON= 0
V/AlarmManager( 2374): waitForAlarm result :8
D/STATUSBAR-Clock( 2913): onReceive() - ACTION_TIME_TICK
D/STATUSBAR-Clock( 2913): onReceive() - ACTION_TIME_TICK
D/ClockAlarmWidgetService(19224): [ClockAlarmWidgetService] onReceive: action = android.intent.action.TIME_TICK
E/ClockAlarmWidget(19224): [AlarmWidgetIdManager] getListItem() : itemIndex=0, widgetID:1
E/ClockAlarmWidget(19224): [AlarmWidgetIdManager] getListItem() : ItemIndex exceed ListItemCount. itemIndex=1
E/ClockAlarmWidget(19224): [AlarmWidgetIdManager] getListItem() : itemIndex=1, widgetID:1
D/ClockAlarmDataProvider(19224): getAlarm() - too many same ID alarm data. nCount: 0
D/SharedManager(23304): getPrefIDs() : length = 1
D/SharedManager(23304): getPrefIDs() : Shared_DCIDs1 = 9
D/dalvikvm(17640): GC_CONCURRENT freed 385K, 9% free 12185K/13319K, paused 5ms+5ms, total 26ms
D/dalvikvm(23304): GC_CONCURRENT freed 1435K, 22% free 12378K/15751K, paused 11ms+2ms, total 21ms
D/evanjs (23304): evanjs DualClockAppWidgetProvider display.getOrientation(): 0
D/dalvikvm(23304): GC_FOR_ALLOC freed 54K, 20% free 12666K/15751K, paused 9ms, total 9ms
I/dalvikvm-heap(23304): Grow heap (frag case) to 13.665MB for 656116-byte allocation
D/dalvikvm(23304): GC_CONCURRENT freed <1K, 16% free 13307K/15751K, paused 1ms+1ms, total 10ms
D/dalvikvm(23304): WAIT_FOR_CONCURRENT_GC blocked 9ms
D/ClockWidget( 2374): refreshTime()
D/ClockWidget( 2374): TTS Message = Kello on nyt 1:43, lauantai, joulukuuta 21
D/dalvikvm( 3156): GC_FOR_ALLOC freed 5863K, 36% free 24530K/37831K, paused 20ms, total 20ms
D/videowall-TranscodeService(15584): releaseTransThread.
E/MtpService(27139): In MTPAPP onReceive:android.intent.action.BATTERY_CHANGED
D/BatteryService( 2374): update start
D/BatteryService( 2374): level:3 scale:100 status:2 health:2 present:true voltage: 3673 temperature: 323 technology: Li-ion AC powered:false USB powered:true icon:17303231 invalid charger:0
D/STATUSBAR-BatteryController( 2913): onReceive() - ACTION_BATTERY_CHANGED
E/MtpService(27139): battPlugged Type : 2
D/SensorService( 2374): info.rates.add, set DEFAULT_EVENTS_PERIOD
D/STATUSBAR-BatteryController( 2913): onReceive() - level:3
D/STATUSBAR-BatteryController( 2913): onReceive() - plugged:2
D/STATUSBAR-BatteryController( 2913): onReceive() - BATTERY_STATUS_CHARGING:
D/STATUSBAR-PhoneStatusBar( 2913): ACTION_BATTERY_CHANGED
D/LightsService( 2374): [SvcLED] setSvcLedStateLocked:: id = 3, color = 0, mode = 10, set = On
D/BatteryService( 2374): turn on LED for charging
W/AlarmManager( 2374): FACTORY_ON= 0
V/AlarmManager( 2374): waitForAlarm result :4
D/LightsService( 2374): [SvcLED] SvcLEDTask
V/AlarmManager( 2374): trigger ELAPSED_REALTIME_WAKEUP or RTC_WAKEUP
D/LightsService( 2374): [SvcLED] SvcLEDReceiver::isHappyNight = true
D/SensorService( 2374): SensorDevice::activate (enable 1, disable 0) = 1
D/SensorService( 2374): activating sensor enable handle=3
D/SensorService( 2374): activating sensor enable, Done!
D/SensorService( 2374): SensorDevice::activating sensor handle=3 ns=200000000
I/SensorService( 2374): info.selectDelay() ns=200000000
D/SensorService( 2374): SensorDevice::setDelay, Return(true 1, false 0) = 1
D/SensorManager( 2374): registerListener :: handle = 3 name= CM36651 Light sensor delay= 200000 Listener= com.android.server.LightsService$4@423fd158
D/SensorManager( 2374): unregisterListener:: Listener= com.android.server.LightsService$4@423fd158
D/SensorService( 2374): SensorDevice::activate (enable 1, disable 0) = 0
D/SensorService( 2374): activating sensor disable handle=3
D/SensorService( 2374): activating sensor disable, Done!
D/SensorService( 2374): SensorDevice::activating sensor handle=3 ns=200000000
D/lights ( 2374): write pattern : g_led_info = 8
D/lights ( 2374): led_pattern : 1 +
D/LightsService( 2374): [SvcLED] onSensorChanged::light value = 0.0
I/LightsService( 2374): fileWriteInt : /sys/class/sec/led/led_lowpower value : 1
D/lights ( 2374): led_pattern : 1 -
D/LightsService( 2374): setLightLocked is called
E/DataRouter( 1953): After the usb select
E/DataRouter( 1953): read length is zero
E/DataRouter( 1953): dr_usb_deinit
E/DataRouter( 1953): dr_usb_init
E/DataRouter( 1953): USB Interface is open with 0xa
E/DataRouter( 1953): USB interface is now configured for usb_fd = 0xa
E/DataRouter( 1953): pcsyncreset
E/DataRouter( 1953): read usb data[len:0]
E/DataRouter( 1953): read usb data message:
E/DataRouter( 1953): Before the usb select
D/connfw ( 1957): [DR->CONNFW]Received data notification
E/DTT ( 1956): [DR->DTT]Received data notification
D/Kies ( 1954): [DR->KIES]Received data notification
D/Kies ( 1954): dr_process_kies_app(0)
D/Kies ( 1954): child pid = 5440.
D/Kies ( 5440): child pid = 0.
D/Kies ( 5440): execute sh.
V/UsbDeviceManager( 2374): USB UEVENT: {USB_STATE=CONFIGURED, SUBSYSTEM=android_usb, DEVPATH=/devices/virtual/android_usb/android0, SEQNUM=876245, ACTION=change}
D/UsbDeviceManager( 2374): handleMessage -> MSG_UPDATE_STATE connected = 1,configured = 1
D/UsbDeviceManager( 2374): updateUsbNotification : mConnected = true, mConfigured = true, mCurrentFunctions = mtp
D/UsbDeviceManager( 2374): updateAdbNotification : mAdbEnabled = false, mConnected = true, mAdbNotificationShown = false
E/MTPRx (27139): In MtpReceiverandroid.hardware.usb.action.USB_STATE
E/MTPRx (27139): check value of boot_completed is1
E/MTPRx (27139): check booting is completed_sys.boot_completed
E/MTPRx (27139): Sd-Card path/storage/extSdCard
E/MTPRx (27139): Status for mount/Unmount :mounted
E/MTPRx (27139): SDcard is available
E/MTPRx (27139): The value of first_boot is 1
E/MTPRx (27139): [ 662] The value of first_boot is 1NORMAL SEQUENCE
W/MTPRx (27139): value of connected istrue
W/MTPRx (27139): value of configured istrue
W/MTPRx (27139): value of mtpEnabled istrue
W/MTPRx (27139): value of ptpEnabled isfalse
E/MTPRx (27139): Received USB_STATE with sdCardLaunch = 0
E/MTPRx (27139): mtpEnabled is coming again so return
D/UsbDeviceManager( 2374): sending intent : ACTION_USB_STATE : connected = true, configured = true, functions = mtp
D/TMSERVER/TMNetworkReceiver(15684): TMNetworkReceiver.TMNetworkReceiver() Enter 1 main
D/TMSERVER/TMNetworkReceiver(15684): TMNetworkReceiver.StartTMHandler - enter
D/TMSERVER/TMNetworkReceiver(15684): TMNetworkReceiver.StartTMHandler - exit
D/TMSERVER/TMNetworkReceiver(15684): TMNetworkReceiver.onReceive() Enter
D/TMSERVER/TMNetworkReceiver(15684): TMNetworkReceiver.onReceive() Action android.hardware.usb.action.USB_STATE
D/TMSERVER/TMNetworkReceiver(15684): TMNetworkReceiver.onReceive() on USB
D/TMSERVER/TMNetworkReceiver(15684): usbEventReceiver:onReceive(): connected = true
D/TMSERVER/TMNetworkReceiver(15684): usbEventReceiver:onReceive(): configured = true
D/TMSERVER/TMNetworkReceiver(15684): usbEventReceiver:onReceive(): isUsbCableConnected = true
D/TMSERVER/TMNetworkReceiver(15684): TMNetworkReceiver.onReceive() Exit
D/TMSERVER/TMLogRemovalReceiver(15684): TMLogRemovalReceiver.onReceive() Enter isCalled =true
D/TMSERVER/TMLogRemovalReceiver(15684): TMLogRemovalReceiver.onReceive() Exit
D/AndroidRuntime( 5441):
D/AndroidRuntime( 5441): >>>>>> AndroidRuntime START com.android.internal.os.RuntimeInit <<<<<<
D/AndroidRuntime( 5441): CheckJNI is OFF
D/AndroidRuntime( 5441): setted country_code = Nordic
D/AndroidRuntime( 5441): setted countryiso_code = SE
D/AndroidRuntime( 5441): setted sales_code = NEE
D/AndroidRuntime( 5441): readGMSProperty: start
D/AndroidRuntime( 5441): readGMSProperty: already setted!!
D/AndroidRuntime( 5441): readGMSProperty: end
D/AndroidRuntime( 5441): addProductProperty: start
D/dalvikvm( 5441): Trying to load lib libjavacore.so 0x0
D/dalvikvm( 5441): Added shared lib libjavacore.so 0x0
D/dalvikvm( 5441): Trying to load lib libnativehelper.so 0x0
D/dalvikvm( 5441): Added shared lib libnativehelper.so 0x0
D/dalvikvm( 5441): Note: class Landroid/app/ActivityManagerNative; has 153 unimplemented (abstract) methods
D/AndroidRuntime( 5441): Calling main entry com.android.commands.am.Am
D/sml ( 5451): KIES_WSSERVICE_STOP
I/sml ( 5451): IsRemain_Asyncing nothing
D/AndroidRuntime( 5441): Shutting down VM
I/AndroidRuntime( 5441): NOTE: attach of thread 'Binder_3' failed
D/dalvikvm( 5441): GC_CONCURRENT freed 101K, 86% free 591K/4096K, paused 0ms+0ms, total 3ms
D/Kies ( 1954): sending intent finished.
D/Kies ( 1954): KIES_WSSERVICE_STOP sending intent result = 1.
D/Kies ( 1954): child pid = 5464.
D/Kies ( 5464): child pid = 0.
D/Kies ( 5464): execute sh.
D/AndroidRuntime( 5465):
D/AndroidRuntime( 5465): >>>>>> AndroidRuntime START com.android.internal.os.RuntimeInit <<<<<<
D/AndroidRuntime( 5465): CheckJNI is OFF
D/AndroidRuntime( 5465): setted country_code = Nordic
D/AndroidRuntime( 5465): setted countryiso_code = SE
D/AndroidRuntime( 5465): setted sales_code = NEE
D/AndroidRuntime( 5465): readGMSProperty: start
D/AndroidRuntime( 5465): readGMSProperty: already setted!!
D/AndroidRuntime( 5465): readGMSProperty: end
D/AndroidRuntime( 5465): addProductProperty: start
D/dalvikvm( 5465): Trying to load lib libjavacore.so 0x0
D/dalvikvm( 5465): Added shared lib libjavacore.so 0x0
D/dalvikvm( 5465): Trying to load lib libnativehelper.so 0x0
D/dalvikvm( 5465): Added shared lib libnativehelper.so 0x0
E/Watchdog( 2374): !@Sync 1459
D/dalvikvm( 5465): Note: class Landroid/app/ActivityManagerNative; has 153 unimplemented (abstract) methods
D/AndroidRuntime( 5465): Calling main entry com.android.commands.am.Am
D/AndroidRuntime( 5465): Shutting down VM
D/dalvikvm( 5465): GC_CONCURRENT freed 101K, 86% free 591K/4096K, paused 0ms+1ms, total 2ms
I/AndroidRuntime( 5465): NOTE: attach of thread 'Binder_3' failed
D/Kies ( 1954): sending intent finished.
D/Kies ( 1954): KIES_APP_STOP sending intent result = 1.
D/dalvikvm( 5488): WAIT_FOR_CONCURRENT_GC blocked 0ms
D/dalvikvm( 5488): GC_CONCURRENT freed 160K, 7% free 12472K/13319K, paused 12ms+1ms, total 24ms
D/dalvikvm( 5488): WAIT_FOR_CONCURRENT_GC blocked 3ms
I/ActivityThread( 5488): Pub com.vlingo.client.vlingoconfigprovider: com.vlingo.midas.provider.VlingoConfigProvider
I/VlingoApplication( 5488): VlingoApplication appVersion ='10.1.18422'
D/dalvikvm( 5488): GC_CONCURRENT freed 250K, 8% free 12737K/13703K, paused 11ms+2ms, total 22ms
I/APO/CPO ( 5502): Found the at_distributor. Decided APO mode.
D/BatteryService( 2374): update start
D/BatteryService( 2374): level:3 scale:100 status:2 health:2 present:true voltage: 3680 temperature: 319 technology: Li-ion AC powered:false USB powered:true icon:17303231 invalid charger:0
D/LightsService( 2374): [SvcLED] setSvcLedStateLocked:: id = 3, color = 0, mode = 10, set = On
W/AlarmManager( 2374): FACTORY_ON= 0
V/AlarmManager( 2374): waitForAlarm result :4
D/LightsService( 2374): [SvcLED] SvcLEDTask
D/BatteryService( 2374): turn on LED for charging
D/STATUSBAR-BatteryController( 2913): onReceive() - ACTION_BATTERY_CHANGED
D/STATUSBAR-BatteryController( 2913): onReceive() - level:3
D/STATUSBAR-BatteryController( 2913): onReceive() - plugged:2
D/STATUSBAR-BatteryController( 2913): onReceive() - BATTERY_STATUS_CHARGING:
D/STATUSBAR-PhoneStatusBar( 2913): ACTION_BATTERY_CHANGED
E/MtpService(27139): In MTPAPP onReceive:android.intent.action.BATTERY_CHANGED
E/MtpService(27139): battPlugged Type : 2
D/videowall-TranscodeService(15584): releaseTransThread.
D/SensorService( 2374): info.rates.add, set DEFAULT_EVENTS_PERIOD
D/SensorService( 2374): SensorDevice::activate (enable 1, disable 0) = 1
D/SensorService( 2374): activating sensor enable handle=3
D/SensorService( 2374): activating sensor enable, Done!
D/SensorService( 2374): SensorDevice::activating sensor handle=3 ns=200000000
I/SensorService( 2374): info.selectDelay() ns=200000000
D/SensorService( 2374): SensorDevice::setDelay, Return(true 1, false 0) = 1
D/SensorManager( 2374): registerListener :: handle = 3 name= CM36651 Light sensor delay= 200000 Listener= com.android.server.LightsService$4@423fd158
V/AlarmManager( 2374): trigger ELAPSED_REALTIME_WAKEUP or RTC_WAKEUP
D/LightsService( 2374): [SvcLED] SvcLEDReceiver::isHappyNight = true
D/SensorManager( 2374): unregisterListener:: Listener= com.android.server.LightsService$4@423fd158
D/LightsService( 2374): [SvcLED] onSensorChanged::light value = 5.0
D/SensorService( 2374): SensorDevice::activate (enable 1, disable 0) = 0
D/SensorService( 2374): activating sensor disable handle=3
D/SensorService( 2374): activating sensor disable, Done!
D/SensorService( 2374): SensorDevice::activating sensor handle=3 ns=200000000
D/lights ( 2374): write pattern : g_led_info = 8
D/lights ( 2374): led_pattern : 1 +
I/LightsService( 2374): fileWriteInt : /sys/class/sec/led/led_lowpower value : 1
D/lights ( 2374): led_pattern : 1 -
D/LightsService( 2374): setLightLocked is called
E/Watchdog( 2374): !@Sync 1460
I/DBG_FMMDM( 5517): [v1_1302_5_2][Line:403][xdmGetCheckWifiOnlyModel] isWifiOnly : false
I/DBG_FMMDM( 5517): [v1_1302_5_2][Line:18][xdmInitialize] AgVOOqV7UpXFblBk29Ld3aZrOQhtHCYbjdszx6nYrjFYzeVOvvlPUzE67GnQVups
I/DBG_FMMDM( 5517): [v1_1302_5_2][Line:19][xdmInitialize] X2Nl5mgTWVn0/a90MNBgtYshxOiQq2MqI4oMf2Nwz6I=
I/DBG_FMMDM( 5517): [v1_1302_5_2][Line:1007][xdmGetAccountRegistration] Samsung Account Exist !!!
E/DBG_FMMDM( 5517): Warning!!! [v1_1302_5_2][Line:590][xdbLawmoSetRegistration] java.lang.NullPointerException
I/DBG_FMMDM( 5517): [v1_1302_5_2][Line:34][onCreate] But Samsung Account exist
I/DBG_FMMDM( 5517): [v1_1302_5_2][Line:35][onCreate] FMMApplication Start !
I/DBG_FMMDM( 5517): [v1_1302_5_2][Line:160][xdmAgentTaskHandler] XEVENT_OS_INITIALIZED
I/DBG_FMMDM( 5517): [v1_1302_5_2][Line:154][xdmAgentSetSyncMode] nSync = 0
I/DBG_FMMDM( 5517): [v1_1302_5_2][Line:342][xdmGetEnableLiveDemoFromCSCFeature] enable LiveDemo : false
I/DBG_FMMDM( 5517): [v1_1302_5_2][Line:1929][xdbDMffs_Init] xdbDMffs_Init
I/DBG_FMMDM( 5517): [v1_1302_5_2][Line:672][onCallStateChanged] >>>>>>>>>>> onCallStateChanged
I/DBG_FMMDM( 5517): [v1_1302_5_2][Line:683][onCallStateChanged] >>>>>>>>>>> CALL_STATE_IDLE
I/DBG_FMMDM( 5517): [v1_1302_5_2][Line:993][xdmProtoIsWIFIConnected] WiFi DisConnected
I/DBG_FMMDM( 5517): [v1_1302_5_2][Line:993][xdmProtoIsWIFIConnected] WiFi DisConnected
I/DBG_FMMDM( 5517): [v1_1302_5_2][Line:170][xdmAgentTaskHandler] XEVENT_PHONEBOOK_INITIALIZED
I/DBG_FMMDM( 5517): [v1_1302_5_2][Line:181][xdmAgentTaskHandler] XEVENT_DM_INIT
I/DBG_FMMDM( 5517): [v1_1302_5_2][Line:993][xdmProtoIsWIFIConnected] WiFi DisConnected
I/DBG_FMMDM( 5517): [v1_1302_5_2][Line:57][xdmInitAdpGetNetStatus] SIM : Network Status is DATA CONNECTED!
D/dalvikvm( 2374): GC_CONCURRENT freed 2768K, 23% free 46475K/59655K, paused 13ms+8ms, total 123ms
I/ActivityThread( 5532): Pub com.sec.dsm.system.dsmcontentprovider: com.sec.dsm.system.DSMContentProvider
I/DBG_FMMDM( 5517): [v1_1302_5_2][Line:649][xlawmoAdpGetServerUrl] 5fHp9c0HEt5CqW2pHX/yNmbes4oVFO9mhIaYQhRVc4WwcpAS1fOtLwQz+m5uFYBz7/d3oFVmI3Es2y898F9PLA==
I/DBG_FMMDM( 5517): [v1_1302_5_2][Line:3326][xdbChangeLawmoServerInfo] RqPRERq80FEWZQHmZ1z3nKULnavIWrdU6iKGdmm+Me6KGpgBk4g3sRXyLPzOwWCjU0h1aqakzIGDBfxYRf8HTA==
I/DBG_FMMDM( 5517): [v1_1302_5_2][Line:3356][xdbChangeLawmoServerInfo] Not Changed Lawmo ServerInfo
I/DBG_FMMDM( 5517): [v1_1302_5_2][Line:353][xdbLawmoGetDbLawmoOperation] xdbLawmoDbGetDbLawmoOperation: 3
