D/STATUSBAR-StatusBarManagerService( 2374): setSystemUiVisibility(0x0)
D/STATUSBAR-StatusBarManagerService( 2374): manageDisableList what=0x0 pkg=WindowManager.LayoutParams
V/PhoneStatusBar( 2913): setLightsOn(true)
W/InputMethodManagerService( 2374): Window already focused, ignoring focus gain of: com.android.internal.view.IInputMethodClient$Stub$Proxy@425d8b80 attribute=null
D/KeyguardViewMediator( 2374): setHidden false
I/SurfaceFlinger( 1959): id=4796 Removed SecentsPane idx=6 MapSz=4
I/SurfaceFlinger( 1959): id=4796 Removed SecentsPane idx=-2 MapSz=4
D/KeyguardViewMediator( 2374): setHidden false
D/PowerManagerService( 2374): lightSensorChangedLocked value=0 immediate=false
I/PowerManagerService( 2374): fileWriteInt : /sys/class/backlight/panel/auto_brightness value : 1
D/PowerManagerService( 2374): getAutoBrightnessValue : mDynamicAutoBrightnessValue = 20 ( 0 < 0 <= 15 )
I/PowerManagerService( 2374): fileWriteInt : /sys/class/backlight/panel/auto_brightness value : 1
D/PowerManagerService( 2374): getAutoBrightnessValue : mDynamicAutoBrightnessValue = 20 ( 0 < 0 <= 15 )
D/PowerManagerService( 2374): lcdValue 20
D/PowerManagerService( 2374): buttonValue 20
D/PowerManagerService( 2374): keyboardValue 0
D/PowerManagerService( 2374): lightSensorChangedLocked : mKeyboardLight : 0
D/PowerManagerService( 2374): mIsLockZone = true mTiltAngle : 36.132816 value : 4
D/InputReader( 2374): Input event: value=1
D/RestrictionPolicy( 2374): isHomeKeyEnabled :true
D/PowerManagerService( 2374): mIsLockZone = false mTiltAngle : 39.73481 value : 0
D/RestrictionPolicy( 2374): isHomeKeyEnabled :true
D/InputReader( 2374): Input event: value=0
D/RestrictionPolicy( 2374): isHomeKeyEnabled :true
D/KeyguardViewMediator( 2374): setHidden false
D/dalvikvm( 2374): GC_CONCURRENT freed 1915K, 46% free 32467K/59655K, paused 13ms+9ms, total 112ms
D/PowerManagerService( 2374): mIsLockZone = true mTiltAngle : 31.51084 value : 4
D/VoIPInterfaceManager( 2374): isVoIPRinging()...
D/VoIPInterfaceManager( 2374): Not exist call session
D/KeyguardViewMediator( 2374): setHidden false
V/SDL (10001): onPause()
V/SDL (10001): nativePause()
D/WindowManager( 2374): PhoneWindowManager: focusChangedLw
D/WindowManager( 2374): mInputFocus is not null.
D/PowerManagerService( 2374): mIsLockZone = false mTiltAngle : 37.180126 value : 0
D/SensorManager(10001): unregisterListener:: Listener= org.libsdl.app.SDLSurface@41d5aa78
D/Sensors (10001): Remain listener = Sending .. normal delay 200ms
I/Sensors (10001): sendDelay --- 200000000
I/SensorService( 2374): info.selectDelay() ns=200000000
D/iNemoSensor( 2374): setDelay(): handle(0), en(200000000)
I/iNemoSensor( 2374): update_delay wanted_accel = 200000000
D/SensorService( 2374): SensorDevice::setDelay, Return(true 1, false 0) = 1
D/SensorManager(10001): JNI - sendDelay
I/SensorManager(10001): Set normal delay = true
D/SensorService( 2374): SensorDevice::activating sensor handle=0 ns=200000000
D/iNemoSensor( 2374): setDelay(): handle(0), en(200000000)
I/iNemoSensor( 2374): skip update_delay wanted_accel = 200000000 current delay = 200000000
D/AkmSensor( 2374): MeasureSNGLoop: interval.interval = 200000000, doze_max = 196000, prms->enabled = 2
V/WindowManager( 2374): rotationForOrientationLw(orient=5, last=1); user=0 mLidState=-1 mDockMode=0 mHdmiPlugged=false mAccelerometerDefault=false sensorRotation=1
I/SurfaceFlinger( 1959): id=4797(1123) createSurf (720x1280),-1 flag=30004, GreezeSurfa
I/InputReader( 2374): Reconfiguring input devices. changes=0x00000004
I/InputReader( 2374): Device reconfigured: id=6, name='sec_touchscreen', surface size is now 720x1280, mode is 1
I/SurfaceFlinger( 1959): Orientation 1=>0
D/WindowManager( 2374): mInputFocus is not null.
I/ActivityManager( 2374): Config changed: {1 0 1.0 244mcc21mnc fi_FI sw360dp w360dp h615dp nrml long port finger -keyb/v/h -nav/h s.223}
D/PhoneApp( 3067): updateProximitySensorMode: lock already released.
D/STATUSBAR-QuickSettingPanel( 2913): mDisplayButtonCnt : 10 mCurButtonNum : 5
W/STATUSBAR-QuickSettingPanel( 2913): prepareTranslationXfalse 357
D/KeyguardViewMediator( 2374): setHidden false
D/WindowManager( 2374): mInputFocus is not null.
D/WindowManager( 2374): mInputFocus is not null.
D/KeyguardViewMediator( 2374): setHidden false
D/KeyguardViewMediator( 2374): setHidden false
D/KeyguardViewMediator( 2374): setHidden false
D/WindowManager( 2374): mInputFocus is not null.
D/WindowManager( 2374): mInputFocus is not null.
D/WindowManager( 2374): mInputFocus is not null.
D/WindowManager( 2374): mInputFocus is not null.
D/WindowManager( 2374): mInputFocus is not null.
D/WindowManager( 2374): mInputFocus is not null.
D/SharedManager(23304): getPrefIDs() : length = 1
D/SharedManager(23304): getPrefIDs() : Shared_DCIDs1 = 9
D/WfdService( 2374): intent recieved android.intent.action.CONFIGURATION_CHANGED
D/ClockAlarmWidgetService(19224): [ClockAlarmWidgetService] onReceive: action = android.intent.action.CONFIGURATION_CHANGED
D/WindowManager( 2374): mInputFocus is not null.
D/STATUSBAR-PhoneStatusBar( 2913): onConfigurationChanged
D/KeyguardViewMediator( 2374): setHidden false
V/SDL (10001): onWindowFocusChanged(): false
D/WindowManager( 2374): mInputFocus is not null.
D/WindowManager( 2374): mInputFocus is not null.
E/ClockAlarmWidget(19224): [AlarmWidgetIdManager] getListItem() : itemIndex=0, widgetID:1
D/KeyguardViewMediator( 2374): setHidden false
E/ClockAlarmWidget(19224): [AlarmWidgetIdManager] getListItem() : ItemIndex exceed ListItemCount. itemIndex=1
E/ClockAlarmWidget(19224): [AlarmWidgetIdManager] getListItem() : itemIndex=1, widgetID:1
D/WindowManager( 2374): mInputFocus is not null.
D/WindowManager( 2374): mInputFocus is not null.
D/STATUSBAR-NetworkController( 2913): onReceive() - ACTION_CONFIGURATION_CHANGED
D/STATUSBAR-Clock( 2913): onReceive() - ACTION_CONFIGURATION_CHANGED
D/STATUSBAR-Clock( 2913): onReceive() - ACTION_CONFIGURATION_CHANGED
D/ClockAlarmDataProvider(19224): getAlarm() - too many same ID alarm data. nCount: 0
D/evanjs (23304): evanjs DualClockAppWidgetProvider display.getOrientation(): 0
D/KeyguardViewMediator( 2374): setHidden false
D/WindowManager( 2374): mInputFocus is not null.
D/KeyguardViewMediator( 2374): setHidden false
V/SDL (10001): surfaceDestroyed()
D/WindowManager( 2374): mInputFocus is not null.
D/WindowManager( 2374): mInputFocus is not null.
D/WindowManager( 2374): mInputFocus is not null.
D/dalvikvm(23304): GC_FOR_ALLOC freed 1954K, 22% free 12345K/15751K, paused 17ms, total 17ms
D/KeyguardViewMediator( 2374): setHidden false
D/WindowManager( 2374): mInputFocus is not null.
W/SurfaceView(10001): CHECK surface infomation creating=false formatChanged=false sizeChanged=false visible=false visibleChanged=true surfaceChanged=true realSizeChanged=false redrawNeeded=false left=false top=false
I/SurfaceFlinger( 1959): id=4790 Removed TurfaceView idx=1 MapSz=3
I/Launcher.StuckInEdit( 3156): exitWidgetResizeMode State NORMAL
D/Launcher( 3156): onRestart, Launcher: 1104468464
D/Launcher( 3156): onStart, Launcher: 1104468464
D/Launcher.HomeFragment( 3156): onStart
D/Launcher( 3156): onResume, Launcher: 1104468464
I/FlashBarService( 2991): mPkgManagerReceiver : onReceive
D/dalvikvm(23304): GC_FOR_ALLOC freed 2K, 20% free 12667K/15751K, paused 22ms, total 22ms
I/dalvikvm-heap(23304): Grow heap (frag case) to 13.650MB for 640016-byte allocation
I/SurfaceFlinger( 1959): id=4789 Removed girstActivi idx=2 MapSz=2
D/KeyguardViewMediator( 2374): setHidden false
I/SurfaceFlinger( 1959): id=4789 Removed girstActivi idx=-2 MapSz=2
D/WindowManager( 2374): mInputFocus is not null.
D/WindowManager( 2374): mInputFocus is not null.
D/dalvikvm(23304): GC_CONCURRENT freed <1K, 16% free 13292K/15751K, paused 15ms+1ms, total 27ms
D/dalvikvm(23304): WAIT_FOR_CONCURRENT_GC blocked 13ms
E/Launcher( 3156): Error finding setting, default accessibility to not found: accessibility_enabled
D/Launcher.HomeFragment( 3156): onResume
D/MenuAppsGridFragment( 3156): onResume
I/SurfaceFlinger( 1959): id=4798(184) createSurf 0x40d9af8c (720x1280),1 flag=0, Mauncher
I/SurfaceFlinger( 1959): SurfaceFlinger : eMagnificationFactorChanged. magnificationFactor=1.0
I/SurfaceFlinger( 1959): SurfaceFlinger : eZoomPositionChanged. zoomX=0.0 zoomY=0.0
D/WindowManager( 2374): PhoneWindowManager: focusChangedLw
D/KeyguardViewMediator( 2374): setHidden false
D/KeyguardViewMediator( 2374): setHidden false
D/STATUSBAR-StatusBarManagerService( 2374): setSystemUiVisibility(0x0)
D/STATUSBAR-StatusBarManagerService( 2374): manageDisableList what=0x0 pkg=WindowManager.LayoutParams
D/KeyguardViewMediator( 2374): setHidden false
D/KeyguardViewMediator( 2374): setHidden false
D/KeyguardViewMediator( 2374): setHidden false
I/ClipboardServiceEx( 2374): Send intent for dismiss clipboard dialog inside hideCurrentInputLocked() !
W/IInputConnectionWrapper(10001): showStatusIcon on inactive InputConnection
D/KeyguardViewMediator( 2374): setHidden false
I/SurfaceFlinger( 1959): id=4799(1124) createSurf (2560x720),-1 flag=20000, ClackSurfac
I/SurfaceFlinger( 1959): id=4800(1125) createSurf (1280x1440),-1 flag=20000, ClackSurfac
I/SurfaceFlinger( 1959): id=4801(1126) createSurf (2560x720),-1 flag=20000, ClackSurfac
I/SurfaceFlinger( 1959): id=4802(1127) createSurf (1280x1440),-1 flag=20000, ClackSurfac
D/dalvikvm( 3156): GC_CONCURRENT freed 477K, 24% free 28764K/37831K, paused 11ms+4ms, total 32ms
D/dalvikvm( 3156): WAIT_FOR_CONCURRENT_GC blocked 13ms
D/PowerManagerService( 2374): mIsLockZone = true mTiltAngle : 38.380203 value : 4
V/WindowOrientationListener( 2374): nearestRotation : 1 Angle: 93 tilt: 38
I/SurfaceFlinger( 1959): id=4797 Removed GreezeSurfa idx=5 MapSz=3
I/SurfaceFlinger( 1959): id=4797 Removed GreezeSurfa idx=-2 MapSz=3
I/SurfaceFlinger( 1959): id=4799 Removed ClackSurfac idx=5 MapSz=3
I/SurfaceFlinger( 1959): id=4799 Removed ClackSurfac idx=-2 MapSz=3
I/SurfaceFlinger( 1959): id=4800 Removed ClackSurfac idx=5 MapSz=3
I/SurfaceFlinger( 1959): id=4800 Removed ClackSurfac idx=-2 MapSz=3
I/SurfaceFlinger( 1959): id=4801 Removed ClackSurfac idx=5 MapSz=3
I/SurfaceFlinger( 1959): id=4801 Removed ClackSurfac idx=-2 MapSz=3
I/SurfaceFlinger( 1959): id=4802 Removed ClackSurfac idx=5 MapSz=3
I/SurfaceFlinger( 1959): id=4802 Removed ClackSurfac idx=-2 MapSz=3
D/KeyguardViewMediator( 2374): setHidden false
D/KeyguardViewMediator( 2374): setHidden false
V/WindowManager( 2374): rotationForOrientationLw(orient=5, last=0); user=0 mLidState=-1 mDockMode=0 mHdmiPlugged=false mAccelerometerDefault=false sensorRotation=1
D/lights ( 2374): button : 2 +
D/lights ( 2374): button : 2 -
W/PowerManagerService( 2374): Timer 0x7->0x3|0x0
I/PowerManagerService( 2374): Ulight 0x7->0x3|0x0
D/LightsService( 2374): setLightLocked is called
D/PowerManagerService( 2374): mIsLockZone = false mTiltAngle : 38.7196 value : 0
D/InputReader( 2374): Input event: value=1
D/RestrictionPolicy( 2374): isHomeKeyEnabled :true
D/RestrictionPolicy( 2374): isHomeKeyEnabled :true
D/KeyguardViewMediator( 2374): setHidden false
D/dalvikvm( 2913): GC_CONCURRENT freed 5943K, 41% free 23256K/39175K, paused 1ms+4ms, total 23ms
D/dalvikvm( 2913): WAIT_FOR_CONCURRENT_GC blocked 16ms
D/dalvikvm( 2913): WAIT_FOR_CONCURRENT_GC blocked 19ms
D/dalvikvm( 2913): GC_FOR_ALLOC freed 294K, 37% free 24703K/39175K, paused 24ms, total 25ms
D/dalvikvm( 2913): GC_FOR_ALLOC freed 59K, 33% free 26354K/39175K, paused 14ms, total 14ms
D/dalvikvm( 2913): GC_FOR_ALLOC freed 62K, 29% free 27988K/39175K, paused 14ms, total 15ms
D/RestrictionPolicy( 2374): isHomeKeyEnabled :true
D/WindowManager( 2374): Home long press behavior, keyguardOn = false
D/RestrictionPolicy( 2374): isHomeKeyEnabled :true
D/PowerManagerService( 2374): mIsLockZone = true mTiltAngle : 38.594353 value : 4
D/RestrictionPolicy( 2374): isHomeKeyEnabled :true
W/WindowManager( 2374): interceptKeyBeforeDispatching with IVoIPInterface
D/RestrictionPolicy( 2374): isHomeKeyEnabled :true
D/VoIPInterfaceManager( 2374): isVoIPRinging()...
D/VoIPInterfaceManager( 2374): Not exist call session
I/SurfaceFlinger( 1959): id=4803(46) createSurf 0x410ac1f4 (720x1280),1 flag=0, SecentsPane
I/SurfaceFlinger( 1959): SurfaceFlinger : eMagnificationFactorChanged. magnificationFactor=1.0
I/SurfaceFlinger( 1959): SurfaceFlinger : eZoomPositionChanged. zoomX=0.0 zoomY=0.0
D/WindowManager( 2374): PhoneWindowManager: focusChangedLw
D/KeyguardViewMediator( 2374): setHidden false
D/STATUSBAR-StatusBarManagerService( 2374): setSystemUiVisibility(0x0)
D/STATUSBAR-StatusBarManagerService( 2374): manageDisableList what=0x0 pkg=WindowManager.LayoutParams
D/RestrictionPolicy( 2374): isHomeKeyEnabled :true
D/KeyguardViewMediator( 2374): setHidden false
D/RestrictionPolicy( 2374): isHomeKeyEnabled :true
D/PowerManagerService( 2374): mIsLockZone = false mTiltAngle : 38.30308 value : 0
D/RestrictionPolicy( 2374): isHomeKeyEnabled :true
D/RestrictionPolicy( 2374): isHomeKeyEnabled :true
D/KeyguardViewMediator( 2374): setHidden false
D/KeyguardViewMediator( 2374): setHidden false
D/RestrictionPolicy( 2374): isHomeKeyEnabled :true
D/RestrictionPolicy( 2374): isHomeKeyEnabled :true
D/InputReader( 2374): Input event: value=0
D/RestrictionPolicy( 2374): isHomeKeyEnabled :true
D/dalvikvm( 2374): WAIT_FOR_CONCURRENT_GC blocked 0ms
E/Watchdog( 2374): !@Sync 1478
D/dalvikvm( 2374): GC_EXPLICIT freed 1826K, 46% free 32366K/59655K, paused 3ms+8ms, total 92ms
I/InputReader( 2374): Touch event's action is 0x0 (deviceType=0) [pCnt=1, s=0.13040 ]
I/InputDispatcher( 2374): Delivering touch to current input target: action: 0x0
I/InputDispatcher( 2374): Delivering touch to current input target: action: 0x0
I/InputDispatcher( 2374): Delivering touch to current input target: action: 0x0
I/InputReader( 2374): Touch event's action is 0x1 (deviceType=0) [pCnt=1, s=]
I/InputDispatcher( 2374): Delivering touch to current input target: action: 0x1
I/InputDispatcher( 2374): Delivering touch to current input target: action: 0x1
I/InputDispatcher( 2374): Delivering touch to current input target: action: 0x1
D/KeyguardViewMediator( 2374): setHidden false
D/Launcher.HomeFragment( 3156): onPause
D/Launcher( 3156): onPause, Launcher: 1104468464
I/power ( 2374): *** acquire_dvfs_lock : lockType : 1 freq : 1000000
D/PowerManagerService( 2374): acquireDVFSLockLocked : type : DVFS_MIN_LIMIT frequency : 1000000 uid : 1000 pid : 2374 tag : ActivityManager
W/ActivityManager( 2374): mDVFSLock.acquire()
V/WindowManager( 2374): rotationForOrientationLw(orient=-1, last=0); user=0 mLidState=-1 mDockMode=0 mHdmiPlugged=false mAccelerometerDefault=false sensorRotation=1
I/SurfaceFlinger( 1959): id=4804(1128) createSurf (720x1280),-1 flag=30004, GreezeSurfa
I/SurfaceFlinger( 1959): Orientation 0=>1
I/InputReader( 2374): Reconfiguring input devices. changes=0x00000004
I/InputReader( 2374): Device reconfigured: id=6, name='sec_touchscreen', surface size is now 720x1280, mode is 1
I/ActivityManager( 2374): Config changed: {1 0 1.0 244mcc21mnc fi_FI sw360dp w640dp h335dp nrml long land finger -keyb/v/h -nav/h s.224}
D/PhoneApp( 3067): updateProximitySensorMode: lock already released.
D/KeyguardViewMediator( 2374): setHidden false
D/STATUSBAR-QuickSettingPanel( 2913): mDisplayButtonCnt : 10 mCurButtonNum : 8
W/STATUSBAR-QuickSettingPanel( 2913): prepareTranslationXfalse 318
D/KeyguardViewMediator( 2374): setHidden false
D/WfdService( 2374): intent recieved android.intent.action.CONFIGURATION_CHANGED
D/SharedManager(23304): getPrefIDs() : length = 1
D/SharedManager(23304): getPrefIDs() : Shared_DCIDs1 = 9
D/ClockAlarmWidgetService(19224): [ClockAlarmWidgetService] onReceive: action = android.intent.action.CONFIGURATION_CHANGED
E/ClockAlarmWidget(19224): [AlarmWidgetIdManager] getListItem() : itemIndex=0, widgetID:1
E/ClockAlarmWidget(19224): [AlarmWidgetIdManager] getListItem() : ItemIndex exceed ListItemCount. itemIndex=1
E/ClockAlarmWidget(19224): [AlarmWidgetIdManager] getListItem() : itemIndex=1, widgetID:1
D/KeyguardViewMediator( 2374): setHidden false
V/SDL (10001): onResume()
D/dalvikvm( 2374): WAIT_FOR_CONCURRENT_GC blocked 0ms
D/dalvikvm( 3139): GC_CONCURRENT freed 550K, 10% free 12200K/13511K, paused 6ms+2ms, total 23ms
D/dalvikvm(23304): GC_CONCURRENT freed 1420K, 22% free 12383K/15751K, paused 22ms+2ms, total 49ms
D/dalvikvm(23304): WAIT_FOR_CONCURRENT_GC blocked 16ms
D/evanjs (23304): evanjs DualClockAppWidgetProvider display.getOrientation(): 1
D/PowerManagerService( 2374): mIsLockZone = true mTiltAngle : 33.38482 value : 5
D/dalvikvm(23304): GC_CONCURRENT freed 120K, 20% free 12668K/15751K, paused 2ms+1ms, total 16ms
D/dalvikvm(23304): WAIT_FOR_CONCURRENT_GC blocked 13ms
D/dalvikvm(23304): GC_FOR_ALLOC freed <1K, 20% free 12668K/15751K, paused 15ms, total 15ms
I/dalvikvm-heap(23304): Grow heap (frag case) to 13.651MB for 640016-byte allocation
D/dalvikvm(23304): GC_FOR_ALLOC freed <1K, 16% free 13293K/15751K, paused 14ms, total 14ms
D/dalvikvm( 2374): GC_EXPLICIT freed 935K, 47% free 31960K/59655K, paused 3ms+8ms, total 127ms
I/SurfaceFlinger( 1959): id=4798 Removed Mauncher idx=1 MapSz=3
D/KeyguardViewMediator( 2374): setHidden false
I/SurfaceFlinger( 1959): id=4805(3) createSurf 0x40e8a90c (1280x720),4 flag=400, TurfaceView
I/SurfaceFlinger( 1959): id=4798 Removed Mauncher idx=-2 MapSz=4
I/SurfaceFlinger( 1959): SurfaceFlinger : eMagnificationFactorChanged. magnificationFactor=1.0
I/SurfaceFlinger( 1959): SurfaceFlinger : eZoomPositionChanged. zoomX=0.0 zoomY=0.0
D/KeyguardViewMediator( 2374): setHidden false
D/ClockAlarmDataProvider(19224): getAlarm() - too many same ID alarm data. nCount: 0
D/dalvikvm(23304): GC_CONCURRENT freed <1K, 14% free 13618K/15751K, paused 11ms+3ms, total 32ms
D/dalvikvm(23304): WAIT_FOR_CONCURRENT_GC blocked 11ms
V/SDL (10001): surfaceCreated()
V/SDL (10001): surfaceChanged()
V/SDL (10001): pixel format RGB_565
V/SDL (10001): Window size:1280x720
I/SurfaceFlinger( 1959): id=4790 Removed TurfaceView idx=-2 MapSz=4
D/STATUSBAR-PhoneStatusBar( 2913): Landscape - marquee statusbar
D/Launcher( 3156): onTrimMemory. Level: 20
I/SurfaceFlinger( 1959): id=4806(4) createSurf 0x40e2c1fc (1280x720),1 flag=0, girstActivi
I/SurfaceFlinger( 1959): SurfaceFlinger : eMagnificationFactorChanged. magnificationFactor=1.0
I/SurfaceFlinger( 1959): SurfaceFlinger : eZoomPositionChanged. zoomX=0.0 zoomY=0.0
D/KeyguardViewMediator( 2374): setHidden false
D/KeyguardViewMediator( 2374): setHidden false
D/dalvikvm(23304): GC_FOR_ALLOC freed 324K, 16% free 13293K/15751K, paused 20ms, total 20ms
I/dalvikvm-heap(23304): Grow heap (frag case) to 14.284MB for 662612-byte allocation
D/KeyguardViewMediator( 2374): setHidden false
D/KeyguardViewMediator( 2374): setHidden false
D/dalvikvm(23304): GC_CONCURRENT freed <1K, 12% free 13940K/15751K, paused 13ms+2ms, total 30ms
D/dalvikvm(23304): WAIT_FOR_CONCURRENT_GC blocked 13ms
D/KeyguardViewMediator( 2374): setHidden false
D/KeyguardViewMediator( 2374): setHidden false
D/Launcher.HomeFragment( 3156): onStop
D/Launcher( 3156): onStop, Launcher: 1104468464
I/power ( 2374): *** release_dvfs_lock : lockType : 1
D/KeyguardViewMediator( 2374): setHidden false
D/PowerManagerService( 2374): releaseDVFSLockLocked : all DVFS_MIN_LIMIT are released
W/ActivityManager( 2374): mDVFSLock.release()
D/KeyguardViewMediator( 2374): setHidden false
D/KeyguardViewMediator( 2374): setHidden false
D/KeyguardViewMediator( 2374): setHidden false
D/STATUSBAR-NetworkController( 2913): onReceive() - ACTION_CONFIGURATION_CHANGED
D/STATUSBAR-Clock( 2913): onReceive() - ACTION_CONFIGURATION_CHANGED
D/STATUSBAR-Clock( 2913): onReceive() - ACTION_CONFIGURATION_CHANGED
I/SurfaceFlinger( 1959): id=4803 Removed SecentsPane idx=6 MapSz=4
D/KeyguardViewMediator( 2374): setHidden false
I/SurfaceFlinger( 1959): id=4803 Removed SecentsPane idx=-2 MapSz=4
D/WindowManager( 2374): PhoneWindowManager: focusChangedLw
V/SDL (10001): onWindowFocusChanged(): true
V/SDL (10001): nativeResume()
D/SensorService( 2374): info.rates.add, set DEFAULT_EVENTS_PERIOD
D/SensorService( 2374): SensorDevice::activating sensor handle=0 ns=200000000
D/iNemoSensor( 2374): setDelay(): handle(0), en(200000000)
I/iNemoSensor( 2374): skip update_delay wanted_accel = 200000000 current delay = 200000000
I/SensorService( 2374): info.selectDelay() ns=20000000
D/iNemoSensor( 2374): setDelay(): handle(0), en(20000000)
I/iNemoSensor( 2374): update_delay wanted_accel = 20000000
D/SensorService( 2374): SensorDevice::setDelay, Return(true 1, false 0) = 1
D/SensorManager(10001): registerListener :: handle = 0 name= LSM330DLC 3-axis Accelerometer delay= 20000 Listener= org.libsdl.app.SDLSurface@41d5aa78
D/STATUSBAR-StatusBarManagerService( 2374): setSystemUiVisibility(0x0)
D/STATUSBAR-StatusBarManagerService( 2374): manageDisableList what=0x0 pkg=WindowManager.LayoutParams
I/ClipboardServiceEx( 2374): Send intent for dismiss clipboard dialog inside hideCurrentInputLocked() !
D/KeyguardViewMediator( 2374): setHidden false
I/SurfaceFlinger( 1959): id=4807(1129) createSurf (1440x1280),-1 flag=20000, ClackSurfac
D/dalvikvm( 3156): GC_FOR_ALLOC freed 1533K, 25% free 28601K/37831K, paused 36ms, total 36ms
I/SurfaceFlinger( 1959): id=4808(1130) createSurf (720x2560),-1 flag=20000, ClackSurfac
I/SurfaceFlinger( 1959): id=4809(1131) createSurf (1440x1280),-1 flag=20000, ClackSurfac
I/SurfaceFlinger( 1959): id=4810(1132) createSurf (720x2560),-1 flag=20000, ClackSurfac
D/AkmSensor( 2374): MeasureSNGLoop: interval.interval = 20000000, doze_max = 19600, prms->enabled = 2
D/KeyguardViewMediator( 2374): setHidden false
D/KeyguardViewMediator( 2374): setHidden false
W/IInputConnectionWrapper( 3156): showStatusIcon on inactive InputConnection
V/PhoneStatusBar( 2913): setLightsOn(true)
D/PowerManagerService( 2374): mIsLockZone = false mTiltAngle : 39.26849 value : 0
I/SurfaceFlinger( 1959): id=4804 Removed GreezeSurfa idx=6 MapSz=4
I/SurfaceFlinger( 1959): id=4804 Removed GreezeSurfa idx=-2 MapSz=4
I/SurfaceFlinger( 1959): id=4807 Removed ClackSurfac idx=6 MapSz=4
I/SurfaceFlinger( 1959): id=4807 Removed ClackSurfac idx=-2 MapSz=4
I/SurfaceFlinger( 1959): id=4808 Removed ClackSurfac idx=6 MapSz=4
I/SurfaceFlinger( 1959): id=4808 Removed ClackSurfac idx=-2 MapSz=4
I/SurfaceFlinger( 1959): id=4809 Removed ClackSurfac idx=6 MapSz=4
I/SurfaceFlinger( 1959): id=4809 Removed ClackSurfac idx=-2 MapSz=4
I/SurfaceFlinger( 1959): id=4810 Removed ClackSurfac idx=6 MapSz=4
I/SurfaceFlinger( 1959): id=4810 Removed ClackSurfac idx=-2 MapSz=4
D/KeyguardViewMediator( 2374): setHidden false
D/KeyguardViewMediator( 2374): setHidden false
V/WindowManager( 2374): rotationForOrientationLw(orient=-1, last=1); user=0 mLidState=-1 mDockMode=0 mHdmiPlugged=false mAccelerometerDefault=false sensorRotation=1
D/PowerManagerService( 2374): mIsLockZone = true mTiltAngle : 39.69375 value : 5
D/PowerManagerService( 2374): mIsLockZone = false mTiltAngle : 40.125687 value : 0
W/PowerManagerService( 2374): Timer 0x3->0x3|0x0
D/PowerManagerService( 2374): mIsLockZone = true mTiltAngle : 39.51704 value : 5
D/PowerManagerService( 2374): mIsLockZone = false mTiltAngle : 42.222836 value : 0
D/PowerManagerService( 2374): mIsLockZone = true mTiltAngle : 43.738434 value : 5
D/dalvikvm( 2374): WAIT_FOR_CONCURRENT_GC blocked 0ms
D/dalvikvm( 2374): GC_EXPLICIT freed 1151K, 46% free 32433K/59655K, paused 3ms+10ms, total 101ms
D/PowerManagerService( 2374): mIsLockZone = false mTiltAngle : 46.496307 value : 0
D/PowerManagerService( 2374): mIsLockZone = true mTiltAngle : 41.58848 value : 4
D/PowerManagerService( 2374): mIsLockZone = false mTiltAngle : 40.99688 value : 0
D/PowerManagerService( 2374): mIsLockZone = true mTiltAngle : 40.78555 value : 4
V/AlarmManager( 2374): waitForAlarm result :8
V/AlarmManager( 2374): ClockReceiver onReceive() ACTION_TIME_TICK
W/AlarmManager( 2374): FACTORY_ON= 0
D/STATUSBAR-Clock( 2913): onReceive() - ACTION_TIME_TICK
D/STATUSBAR-Clock( 2913): onReceive() - ACTION_TIME_TICK
D/ClockAlarmWidgetService(19224): [ClockAlarmWidgetService] onReceive: action = android.intent.action.TIME_TICK
E/ClockAlarmWidget(19224): [AlarmWidgetIdManager] getListItem() : itemIndex=0, widgetID:1
E/ClockAlarmWidget(19224): [AlarmWidgetIdManager] getListItem() : ItemIndex exceed ListItemCount. itemIndex=1
E/ClockAlarmWidget(19224): [AlarmWidgetIdManager] getListItem() : itemIndex=1, widgetID:1
D/ClockAlarmDataProvider(19224): getAlarm() - too many same ID alarm data. nCount: 0
D/SharedManager(23304): getPrefIDs() : length = 1
D/SharedManager(23304): getPrefIDs() : Shared_DCIDs1 = 9
D/evanjs (23304): evanjs DualClockAppWidgetProvider display.getOrientation(): 1
D/dalvikvm( 3156): GC_CONCURRENT freed 3008K, 28% free 27572K/37831K, paused 6ms+3ms, total 36ms
D/dalvikvm(23304): GC_FOR_ALLOC freed 1952K, 22% free 12346K/15751K, paused 11ms, total 11ms
D/dalvikvm(23304): GC_FOR_ALLOC freed 2K, 20% free 12667K/15751K, paused 10ms, total 10ms
I/dalvikvm-heap(23304): Grow heap (frag case) to 13.650MB for 640016-byte allocation
D/dalvikvm(23304): GC_CONCURRENT freed <1K, 16% free 13292K/15751K, paused 2ms+1ms, total 12ms
D/dalvikvm(23304): WAIT_FOR_CONCURRENT_GC blocked 10ms
D/dalvikvm(23304): GC_FOR_ALLOC freed 324K, 16% free 13293K/15751K, paused 10ms, total 10ms
I/dalvikvm-heap(23304): Grow heap (frag case) to 14.283MB for 662612-byte allocation
D/PowerManagerService( 2374): mIsLockZone = false mTiltAngle : 40.191444 value : 0
D/dalvikvm(23304): GC_CONCURRENT freed <1K, 12% free 13939K/15751K, paused 2ms+1ms, total 11ms
D/dalvikvm(23304): WAIT_FOR_CONCURRENT_GC blocked 9ms
W/SignalStrength( 2374): getGsmLevel=1
W/SignalStrength( 2913): getGsmLevel=1
W/SignalStrength( 2374): getLevel=1 (SignalStrength: 3 0 -120 -160 -120 -1 -1 99 2147483647 2147483647 2147483647 2147483647 gsm|lte 0x1)
W/SignalStrength( 2913): getLevel=1 (SignalStrength: 3 0 -120 -160 -120 -1 -1 99 2147483647 2147483647 2147483647 2147483647 gsm|lte 0x1)
W/SignalStrength( 2913): getGsmLevel=1
W/SignalStrength( 2913): getLevel=1 (SignalStrength: 3 0 -120 -160 -120 -1 -1 99 2147483647 2147483647 2147483647 2147483647 gsm|lte 0x1)
D/STATUSBAR-NetworkController( 2913): onSignalStrengthsChanged signalStrength=SignalStrength: 3 0 -120 -160 -120 -1 -1 99 2147483647 2147483647 2147483647 2147483647 gsm|lte 0x1 level=1
W/SignalStrength( 2374): getDbm 1
W/SignalStrength( 2374): getGsmDbm=-107
W/SignalStrength( 2374): getDbm=-107
W/SignalStrength( 2374): getAsuLevel 1
W/SignalStrength( 2374): getGsmAsuLevel=3
W/SignalStrength( 2374): getAsuLevel=3
V/WindowOrientationListener( 2374): nearestRotation : 1 Angle: 84 tilt: 41
D/PowerManagerService( 2374): mIsLockZone = true mTiltAngle : 38.366676 value : 4
D/dalvikvm( 2374): GC_CONCURRENT freed 1912K, 46% free 32451K/59655K, paused 4ms+9ms, total 94ms
D/PowerManagerService( 2374): mIsLockZone = false mTiltAngle : 56.202217 value : 0
D/PowerManagerService( 2374): mIsLockZone = true mTiltAngle : 46.118126 value : 4
D/PowerManagerService( 2374): mIsLockZone = false mTiltAngle : 49.97581 value : 1
D/PowerManagerService( 2374): mIsLockZone = true mTiltAngle : 50.86836 value : 4
D/PowerManagerService( 2374): mIsLockZone = false mTiltAngle : 50.86959 value : 0
D/PowerManagerService( 2374): mIsLockZone = true mTiltAngle : 43.51917 value : 4
D/PowerManagerService( 2374): mIsLockZone = false mTiltAngle : 43.810837 value : 0
D/PowerManagerService( 2374): mIsLockZone = true mTiltAngle : 44.498005 value : 5
D/PowerManagerService( 2374): mIsLockZone = false mTiltAngle : 51.166435 value : 1
V/WindowOrientationListener( 2374): nearestRotation : 1 Angle: 84 tilt: 47
D/PowerManagerService( 2374): lightSensorChangedLocked value=1 immediate=false
D/PowerManagerService( 2374): getAutoBrightnessValue : in bound ( 0 < 1 <= 15 )
D/PowerManagerService( 2374): getAutoBrightnessValue : in bound ( 0 < 1 <= 15 )
D/PowerManagerService( 2374): lcdValue 20
D/PowerManagerService( 2374): buttonValue 20
D/PowerManagerService( 2374): keyboardValue 0
D/PowerManagerService( 2374): lightSensorChangedLocked : mKeyboardLight : 0
D/PowerManagerService( 2374): mIsLockZone = true mTiltAngle : 48.590866 value : 4
D/InputReader( 2374): Input event: value=1
D/lights ( 2374): button : 1 +
D/lights ( 2374): button : 1 -
I/PowerManagerService( 2374): Ulight 0x3->0x7|0x0
D/LightsService( 2374): setLightLocked is called
I/InputDispatcher( 2374): Delivering key to current input target: action: 0x0
I/InputDispatcher( 2374): Delivering key to current input target: action: 0x0
I/InputDispatcher( 2374): Delivering key to current input target: action: 0x0
D/InputReader( 2374): Input event: value=0
I/InputDispatcher( 2374): Delivering key to current input target: action: 0x1
I/InputDispatcher( 2374): Delivering key to current input target: action: 0x1
I/InputDispatcher( 2374): Delivering key to current input target: action: 0x1
I/ClipboardServiceEx( 2374): mCBPickerDialog enter case. MSG_DISMISS_DIALOG
D/PowerManagerService( 2374): mIsLockZone = false mTiltAngle : 50.388885 value : 0
D/PowerManagerService( 2374): mIsLockZone = true mTiltAngle : 49.058468 value : 4
D/PowerManagerService( 2374): mIsLockZone = false mTiltAngle : 49.052906 value : 0
D/PowerManagerService( 2374): mIsLockZone = true mTiltAngle : 50.205593 value : 4
D/lights ( 2374): button : 2 +
D/lights ( 2374): button : 2 -
W/PowerManagerService( 2374): Timer 0x7->0x3|0x0
I/PowerManagerService( 2374): Ulight 0x7->0x3|0x0
D/LightsService( 2374): setLightLocked is called
D/InputReader( 2374): Input event: value=1
D/RestrictionPolicy( 2374): isHomeKeyEnabled :true
D/PowerManagerService( 2374): mIsLockZone = false mTiltAngle : 48.77334 value : 0
D/RestrictionPolicy( 2374): isHomeKeyEnabled :true
D/KeyguardViewMediator( 2374): setHidden false
D/dalvikvm( 2913): GC_CONCURRENT freed 5529K, 38% free 24475K/39175K, paused 2ms+4ms, total 23ms
D/dalvikvm( 2913): WAIT_FOR_CONCURRENT_GC blocked 19ms
D/dalvikvm( 2913): GC_FOR_ALLOC freed 708K, 35% free 25556K/39175K, paused 21ms, total 21ms
D/PowerManagerService( 2374): mIsLockZone = true mTiltAngle : 48.353558 value : 4
D/dalvikvm( 2913): GC_CONCURRENT freed 18K, 30% free 27566K/39175K, paused 2ms+3ms, total 22ms
D/dalvikvm( 2913): WAIT_FOR_CONCURRENT_GC blocked 19ms
W/SignalStrength( 2374): getGsmLevel=1
W/SignalStrength( 2374): getLevel=1 (SignalStrength: 4 0 -120 -160 -120 -1 -1 99 2147483647 2147483647 2147483647 2147483647 gsm|lte 0x1)
W/SignalStrength( 2913): getGsmLevel=1
W/SignalStrength( 2913): getLevel=1 (SignalStrength: 4 0 -120 -160 -120 -1 -1 99 2147483647 2147483647 2147483647 2147483647 gsm|lte 0x1)
W/SignalStrength( 2913): getGsmLevel=1
W/SignalStrength( 2913): getLevel=1 (SignalStrength: 4 0 -120 -160 -120 -1 -1 99 2147483647 2147483647 2147483647 2147483647 gsm|lte 0x1)
V/AlarmManager( 2374): waitForAlarm result :8
D/STATUSBAR-NetworkController( 2913): onSignalStrengthsChanged signalStrength=SignalStrength: 4 0 -120 -160 -120 -1 -1 99 2147483647 2147483647 2147483647 2147483647 gsm|lte 0x1 level=1
W/SignalStrength( 2374): getDbm 1
W/SignalStrength( 2374): getGsmDbm=-105
W/SignalStrength( 2374): getDbm=-105
W/SignalStrength( 2374): getAsuLevel 1
W/SignalStrength( 2374): getGsmAsuLevel=4
W/SignalStrength( 2374): getAsuLevel=4
W/AlarmManager( 2374): FACTORY_ON= 0
D/BatteryService( 2374): update start
D/BatteryService( 2374): level:5 scale:100 status:2 health:2 present:true voltage: 3651 temperature: 324 technology: Li-ion AC powered:false USB powered:true icon:17303231 invalid charger:0
E/MtpService( 8599): In MTPAPP onReceive:android.intent.action.BATTERY_CHANGED
E/MtpService( 8599): battPlugged Type : 2
D/videowall-TranscodeService(15584): releaseTransThread.
D/STATUSBAR-BatteryController( 2913): onReceive() - ACTION_BATTERY_CHANGED
D/STATUSBAR-BatteryController( 2913): onReceive() - level:5
D/STATUSBAR-BatteryController( 2913): onReceive() - plugged:2
D/STATUSBAR-BatteryController( 2913): onReceive() - BATTERY_STATUS_CHARGING:
D/STATUSBAR-PhoneStatusBar( 2913): ACTION_BATTERY_CHANGED
D/RestrictionPolicy( 2374): isHomeKeyEnabled :true
D/WindowManager( 2374): Home long press behavior, keyguardOn = false
D/RestrictionPolicy( 2374): isHomeKeyEnabled :true
D/RestrictionPolicy( 2374): isHomeKeyEnabled :true
W/WindowManager( 2374): interceptKeyBeforeDispatching with IVoIPInterface
D/RestrictionPolicy( 2374): isHomeKeyEnabled :true
D/VoIPInterfaceManager( 2374): isVoIPRinging()...
D/VoIPInterfaceManager( 2374): Not exist call session
I/SurfaceFlinger( 1959): id=4811(47) createSurf 0x40e799dc (1280x720),1 flag=0, SecentsPane
I/SurfaceFlinger( 1959): SurfaceFlinger : eMagnificationFactorChanged. magnificationFactor=1.0
I/SurfaceFlinger( 1959): SurfaceFlinger : eZoomPositionChanged. zoomX=0.0 zoomY=0.0
D/WindowManager( 2374): PhoneWindowManager: focusChangedLw
D/KeyguardViewMediator( 2374): setHidden false
D/STATUSBAR-StatusBarManagerService( 2374): setSystemUiVisibility(0x0)
D/STATUSBAR-StatusBarManagerService( 2374): manageDisableList what=0x0 pkg=WindowManager.LayoutParams
D/RestrictionPolicy( 2374): isHomeKeyEnabled :true
D/KeyguardViewMediator( 2374): setHidden false
V/SDL (10001): onWindowFocusChanged(): false
D/PowerManagerService( 2374): mIsLockZone = false mTiltAngle : 48.119816 value : 1
D/RestrictionPolicy( 2374): isHomeKeyEnabled :true
D/RestrictionPolicy( 2374): isHomeKeyEnabled :true
D/RestrictionPolicy( 2374): isHomeKeyEnabled :true
D/RestrictionPolicy( 2374): isHomeKeyEnabled :true
D/KeyguardViewMediator( 2374): setHidden false
D/KeyguardViewMediator( 2374): setHidden false
D/RestrictionPolicy( 2374): isHomeKeyEnabled :true
D/RestrictionPolicy( 2374): isHomeKeyEnabled :true
D/InputReader( 2374): Input event: value=0
D/RestrictionPolicy( 2374): isHomeKeyEnabled :true
D/PowerManagerService( 2374): mIsLockZone = true mTiltAngle : 50.606796 value : 4
D/PowerManagerService( 2374): mIsLockZone = false mTiltAngle : 51.178474 value : 0
D/PowerManagerService( 2374): mIsLockZone = true mTiltAngle : 51.85673 value : 5
I/InputReader( 2374): Touch event's action is 0x0 (deviceType=0) [pCnt=1, s=0.13041 ]
I/InputDispatcher( 2374): Delivering touch to current input target: action: 0x0
I/InputDispatcher( 2374): Delivering touch to current input target: action: 0x0
I/InputDispatcher( 2374): Delivering touch to current input target: action: 0x0
I/InputReader( 2374): Touch event's action is 0x1 (deviceType=0) [pCnt=1, s=]
I/InputDispatcher( 2374): Delivering touch to current input target: action: 0x1
I/InputDispatcher( 2374): Delivering touch to current input target: action: 0x1
I/InputDispatcher( 2374): Delivering touch to current input target: action: 0x1
I/power ( 2374): *** acquire_dvfs_lock : lockType : 1 freq : 1000000
D/KeyguardViewMediator( 2374): setHidden false
D/PowerManagerService( 2374): acquireDVFSLockLocked : type : DVFS_MIN_LIMIT frequency : 1000000 uid : 1000 pid : 2374 tag : ActivityManager
W/ActivityManager( 2374): mDVFSLock.acquire()
V/SDL (10001): onPause()
V/SDL (10001): nativePause()
I/SurfaceFlinger( 1959): id=4812(436) createSurf 0x40e2a96c (1x1),2 flag=400, dontrolpane
I/SurfaceFlinger( 1959): SurfaceFlinger : eMagnificationFactorChanged. magnificationFactor=1.0
I/SurfaceFlinger( 1959): SurfaceFlinger : eZoomPositionChanged. zoomX=0.0 zoomY=0.0
D/KeyguardViewMediator( 2374): setHidden false
D/SensorManager(10001): unregisterListener:: Listener= org.libsdl.app.SDLSurface@41d5aa78
D/Sensors (10001): Remain listener = Sending .. normal delay 200ms
I/Sensors (10001): sendDelay --- 200000000
I/SensorService( 2374): info.selectDelay() ns=200000000
D/iNemoSensor( 2374): setDelay(): handle(0), en(200000000)
I/iNemoSensor( 2374): update_delay wanted_accel = 200000000
D/SensorService( 2374): SensorDevice::setDelay, Return(true 1, false 0) = 1
D/SensorManager(10001): JNI - sendDelay
I/SensorManager(10001): Set normal delay = true
D/SensorService( 2374): SensorDevice::activating sensor handle=0 ns=200000000
D/iNemoSensor( 2374): setDelay(): handle(0), en(200000000)
I/iNemoSensor( 2374): skip update_delay wanted_accel = 200000000 current delay = 200000000
D/AkmSensor( 2374): MeasureSNGLoop: interval.interval = 200000000, doze_max = 196000, prms->enabled = 2
D/WindowManager( 2374): PhoneWindowManager: focusChangedLw
D/KeyguardViewMediator( 2374): setHidden false
D/KeyguardViewMediator( 2374): setHidden false
D/WindowManager( 2374): mInputFocus is not null.
D/WindowManager( 2374): mInputFocus is not null.
D/WindowManager( 2374): mInputFocus is not null.
D/WindowManager( 2374): mInputFocus is not null.
D/dalvikvm( 2374): GC_CONCURRENT freed 1567K, 45% free 32931K/59655K, paused 14ms+10ms, total 145ms
D/dalvikvm( 2374): WAIT_FOR_CONCURRENT_GC blocked 55ms
D/dalvikvm( 2374): WAIT_FOR_CONCURRENT_GC blocked 46ms
D/dalvikvm( 2374): WAIT_FOR_CONCURRENT_GC blocked 49ms
D/dalvikvm( 2374): WAIT_FOR_CONCURRENT_GC blocked 53ms
D/KeyguardViewMediator( 2374): setHidden false
D/KeyguardViewMediator( 2374): setHidden false
D/KeyguardViewMediator( 2374): setHidden false
D/WindowManager( 2374): mInputFocus is not null.
D/WindowManager( 2374): mInputFocus is not null.
D/WindowManager( 2374): mInputFocus is not null.
D/KeyguardViewMediator( 2374): setHidden false
D/WindowManager( 2374): mInputFocus is not null.
D/WindowManager( 2374): mInputFocus is not null.
D/KeyguardViewMediator( 2374): setHidden false
D/KeyguardViewMediator( 2374): setHidden false
V/SDL (10001): surfaceDestroyed()
D/WindowManager( 2374): mInputFocus is not null.
D/WindowManager( 2374): mInputFocus is not null.
D/WindowManager( 2374): mInputFocus is not null.
D/WindowManager( 2374): mInputFocus is not null.
D/dalvikvm(11235): GC_CONCURRENT freed 421K, 10% free 13663K/15047K, paused 11ms+5ms, total 34ms
D/AbsListView(11235): [unregisterDoubleTapMotionListener]
I/MotionRecognitionManager(11235): .unregisterListener : / listener count = 0->0, listener=android.widget.AbsListView$4@41e9dbc0
D/AbsListView(11235): [unregisterDoubleTapMotionListener]
I/MotionRecognitionManager(11235): .unregisterListener : / listener count = 0->0, listener=android.widget.AbsListView$4@41d51bb8
D/AbsListView(11235): Get MotionRecognitionManager
D/MotionRecognitionService( 2374): ssp status : false
W/SurfaceView(10001): CHECK surface infomation creating=false formatChanged=false sizeChanged=false visible=false visibleChanged=true surfaceChanged=true realSizeChanged=false redrawNeeded=true left=false top=false
D/KeyguardViewMediator( 2374): setHidden false
D/WindowManager( 2374): mInputFocus is not null.
D/KeyguardViewMediator( 2374): setHidden false
D/AbsListView(11235): Get MotionRecognitionManager
D/WindowManager( 2374): mInputFocus is not null.
D/WindowManager( 2374): mInputFocus is not null.
D/MotionRecognitionService( 2374): ssp status : false
D/KeyguardViewMediator( 2374): setHidden false
I/SurfaceFlinger( 1959): id=4811 Removed SecentsPane idx=7 MapSz=5
I/SurfaceFlinger( 1959): id=4811 Removed SecentsPane idx=-2 MapSz=5
D/dalvikvm(11235): GC_CONCURRENT freed 849K, 12% free 13257K/15047K, paused 1ms+12ms, total 27ms
D/WindowManager( 2374): mInputFocus is not null.
D/WindowManager( 2374): mInputFocus is not null.
D/dalvikvm(11235): GC_CONCURRENT freed 277K, 11% free 13491K/15047K, paused 13ms+1ms, total 25ms
D/dalvikvm(11235): WAIT_FOR_CONCURRENT_GC blocked 4ms
D/KeyguardViewMediator( 2374): setHidden false
D/WindowManager( 2374): mInputFocus is not null.
D/dalvikvm(11235): GC_CONCURRENT freed 422K, 11% free 13501K/15047K, paused 2ms+1ms, total 13ms
D/dalvikvm(11235): WAIT_FOR_CONCURRENT_GC blocked 8ms
D/dalvikvm(11235): GC_CONCURRENT freed 408K, 11% free 13518K/15047K, paused 12ms+1ms, total 24ms
D/dalvikvm(11235): WAIT_FOR_CONCURRENT_GC blocked 10ms
D/dalvikvm(11235): GC_CONCURRENT freed 399K, 11% free 13516K/15047K, paused 11ms+2ms, total 23ms
D/dalvikvm(11235): WAIT_FOR_CONCURRENT_GC blocked 11ms
D/dalvikvm(11235): GC_CONCURRENT freed 398K, 11% free 13516K/15047K, paused 12ms+1ms, total 24ms
D/dalvikvm(11235): WAIT_FOR_CONCURRENT_GC blocked 10ms
D/dalvikvm(11235): GC_CONCURRENT freed 399K, 11% free 13516K/15047K, paused 2ms+1ms, total 14ms
D/dalvikvm(11235): WAIT_FOR_CONCURRENT_GC blocked 12ms
D/dalvikvm(11235): GC_CONCURRENT freed 437K, 11% free 13521K/15047K, paused 2ms+1ms, total 17ms
I/SurfaceFlinger( 1959): id=4813(15) createSurf 0x40e2acdc (1x1),2 flag=400, KobManagerA
I/SurfaceFlinger( 1959): SurfaceFlinger : eMagnificationFactorChanged. magnificationFactor=1.0
I/SurfaceFlinger( 1959): SurfaceFlinger : eZoomPositionChanged. zoomX=0.0 zoomY=0.0
D/WindowManager( 2374): PhoneWindowManager: focusChangedLw
D/KeyguardViewMediator( 2374): setHidden false
D/STATUSBAR-StatusBarManagerService( 2374): setSystemUiVisibility(0x0)
D/STATUSBAR-StatusBarManagerService( 2374): manageDisableList what=0x0 pkg=WindowManager.LayoutParams
D/dalvikvm(11235): GC_CONCURRENT freed 440K, 10% free 13592K/15047K, paused 12ms+2ms, total 26ms
D/dalvikvm(11235): WAIT_FOR_CONCURRENT_GC blocked 8ms
D/dalvikvm(11235): GC_FOR_ALLOC freed 379K, 10% free 13568K/15047K, paused 13ms, total 13ms
D/dalvikvm(11235): GC_FOR_ALLOC freed 371K, 10% free 13567K/15047K, paused 12ms, total 12ms
D/KeyguardViewMediator( 2374): setHidden false
I/SurfaceFlinger( 1959): id=4806 Removed girstActivi idx=3 MapSz=5
I/SurfaceFlinger( 1959): id=4805 Removed TurfaceView idx=2 MapSz=4
I/SurfaceFlinger( 1959): id=4806 Removed girstActivi idx=-2 MapSz=4
D/KeyguardViewMediator( 2374): setHidden false
D/dalvikvm(11235): GC_CONCURRENT freed 372K, 10% free 13585K/15047K, paused 2ms+2ms, total 15ms
D/dalvikvm(11235): WAIT_FOR_CONCURRENT_GC blocked 14ms
D/dalvikvm(11235): GC_FOR_ALLOC freed 395K, 10% free 13559K/15047K, paused 11ms, total 11ms
D/dalvikvm(11235): GC_CONCURRENT freed 373K, 10% free 13585K/15047K, paused 1ms+1ms, total 12ms
D/dalvikvm(11235): WAIT_FOR_CONCURRENT_GC blocked 11ms
I/power ( 2374): *** release_dvfs_lock : lockType : 1
D/PowerManagerService( 2374): releaseDVFSLockLocked : all DVFS_MIN_LIMIT are released
W/ActivityManager( 2374): mDVFSLock.release()
D/dalvikvm(11235): GC_FOR_ALLOC freed 398K, 10% free 13559K/15047K, paused 11ms, total 11ms
D/KeyguardViewMediator( 2374): setHidden false
I/ClipboardServiceEx( 2374): Send intent for dismiss clipboard dialog inside hideCurrentInputLocked() !
D/KeyguardViewMediator( 2374): setHidden false
D/KeyguardViewMediator( 2374): setHidden false
D/KeyguardViewMediator( 2374): setHidden false
I/SurfaceFlinger( 1959): id=4812 Removed dontrolpane idx=4 MapSz=3
I/SurfaceFlinger( 1959): id=4812 Removed dontrolpane idx=-2 MapSz=3
D/KeyguardViewMediator( 2374): setHidden false
D/KeyguardViewMediator( 2374): setHidden false
D/dalvikvm( 3107): GC_CONCURRENT freed 454K, 9% free 12180K/13383K, paused 11ms+1ms, total 20ms
W/PowerManagerService( 2374): Timer 0x3->0x3|0x0
D/PowerManagerService( 2374): mIsLockZone = false mTiltAngle : 54.25942 value : 0
D/dalvikvm(11235): GC_CONCURRENT freed 491K, 10% free 13575K/15047K, paused 1ms+2ms, total 14ms
D/dalvikvm(11235): WAIT_FOR_CONCURRENT_GC blocked 7ms
D/dalvikvm(11235): GC_CONCURRENT freed 388K, 10% free 13585K/15047K, paused 1ms+1ms, total 13ms
D/dalvikvm(11235): WAIT_FOR_CONCURRENT_GC blocked 11ms
D/dalvikvm(11235): GC_FOR_ALLOC freed 396K, 10% free 13559K/15047K, paused 12ms, total 12ms
D/dalvikvm(11235): GC_CONCURRENT freed 371K, 10% free 13585K/15047K, paused 2ms+2ms, total 13ms
D/dalvikvm(11235): WAIT_FOR_CONCURRENT_GC blocked 10ms
D/dalvikvm(11235): GC_FOR_ALLOC freed 396K, 10% free 13559K/15047K, paused 11ms, total 11ms
D/PowerManagerService( 2374): mIsLockZone = true mTiltAngle : 52.23182 value : 4
D/dalvikvm(11235): GC_CONCURRENT freed 373K, 10% free 13585K/15047K, paused 2ms+1ms, total 13ms
D/dalvikvm(11235): WAIT_FOR_CONCURRENT_GC blocked 11ms
D/dalvikvm(11235): GC_FOR_ALLOC freed 397K, 10% free 13559K/15047K, paused 11ms, total 11ms
D/dalvikvm(11235): GC_CONCURRENT freed 447K, 11% free 13533K/15047K, paused 1ms+13ms, total 26ms
I/InputReader( 2374): Touch event's action is 0x0 (deviceType=0) [pCnt=1, s=0.13042 ]
I/InputDispatcher( 2374): Delivering touch to current input target: action: 0x0
I/InputDispatcher( 2374): Delivering touch to current input target: action: 0x0
I/InputDispatcher( 2374): Delivering touch to current input target: action: 0x0
D/PowerManagerService( 2374): mIsLockZone = false mTiltAngle : 51.632545 value : 0
I/InputReader( 2374): Touch event's action is 0x1 (deviceType=0) [pCnt=1, s=]
I/InputDispatcher( 2374): Delivering touch to current input target: action: 0x1
I/InputDispatcher( 2374): Delivering touch to current input target: action: 0x1
I/InputDispatcher( 2374): Delivering touch to current input target: action: 0x1
D/WindowManager( 2374): PhoneWindowManager: focusChangedLw
I/SurfaceFlinger( 1959): id=4814(16) createSurf 0x40d57f4c (1x1),1 flag=0, SunningApps
I/SurfaceFlinger( 1959): SurfaceFlinger : eMagnificationFactorChanged. magnificationFactor=1.0
I/SurfaceFlinger( 1959): SurfaceFlinger : eZoomPositionChanged. zoomX=0.0 zoomY=0.0
D/KeyguardViewMediator( 2374): setHidden false
D/KeyguardViewMediator( 2374): setHidden false
D/KeyguardViewMediator( 2374): setHidden false
D/PowerManagerService( 2374): mIsLockZone = true mTiltAngle : 51.330418 value : 4
D/PowerManagerService( 2374): mIsLockZone = false mTiltAngle : 51.586388 value : 0
D/KeyguardViewMediator( 2374): setHidden false
D/KeyguardViewMediator( 2374): setHidden false
V/WindowOrientationListener( 2374): nearestRotation : 1 Angle: 95 tilt: 52
I/InputReader( 2374): Touch event's action is 0x0 (deviceType=0) [pCnt=1, s=0.13043 ]
I/InputDispatcher( 2374): Delivering touch to current input target: action: 0x0
I/InputDispatcher( 2374): Delivering touch to current input target: action: 0x0
I/InputDispatcher( 2374): Delivering touch to current input target: action: 0x0
D/PowerManagerService( 2374): mIsLockZone = true mTiltAngle : 51.57097 value : 4
I/InputReader( 2374): Touch event's action is 0x1 (deviceType=0) [pCnt=1, s=]
I/InputDispatcher( 2374): Delivering touch to current input target: action: 0x1
I/InputDispatcher( 2374): Delivering touch to current input target: action: 0x1
I/InputDispatcher( 2374): Delivering touch to current input target: action: 0x1
D/WindowManager( 2374): PhoneWindowManager: focusChangedLw
D/KeyguardViewMediator( 2374): setHidden false
W/InputMethodManagerService( 2374): Window already focused, ignoring focus gain of: com.android.internal.view.IInputMethodClient$Stub$Proxy@425c7968 attribute=null
I/ActivityManager( 2374): Killing proc 10001:blobby.test.first/u0a152: force stop
D/KeyguardViewMediator( 2374): setHidden false
I/SurfaceFlinger( 1959): id=4814 Removed SunningApps idx=4 MapSz=3
I/SurfaceFlinger( 1959): id=4814 Removed SunningApps idx=-2 MapSz=3
D/KeyguardViewMediator( 2374): setHidden false
D/KeyguardViewMediator( 2374): setHidden false
I/SurfaceFlinger( 1959): id=4805 Removed TurfaceView idx=-2 MapSz=3
W/InputDispatcher( 2374): channel ~ Consumer closed input channel or an error occurred. events=0x9
D/KeyguardViewMediator( 2374): setHidden false
E/InputDispatcher( 2374): channel ~ Channel is unrecoverably broken and will be disposed!
W/InputDispatcher( 2374): Attempted to unregister already unregistered input channel
D/KeyguardViewMediator( 2374): setHidden false
D/InputReader( 2374): Input event: value=1
D/lights ( 2374): button : 1 +
D/lights ( 2374): button : 1 -
I/InputDispatcher( 2374): Delivering key to current input target: action: 0x0
I/InputDispatcher( 2374): Delivering key to current input target: action: 0x0
I/InputDispatcher( 2374): Delivering key to current input target: action: 0x0
D/dalvikvm(11235): GC_CONCURRENT freed 304K, 9% free 13734K/15047K, paused 1ms+2ms, total 15ms
D/dalvikvm(11235): WAIT_FOR_CONCURRENT_GC blocked 6ms
I/PowerManagerService( 2374): Ulight 0x3->0x7|0x0
D/LightsService( 2374): setLightLocked is called
D/dalvikvm(11235): GC_FOR_ALLOC freed 356K, 10% free 13678K/15047K, paused 11ms, total 11ms
D/dalvikvm(11235): GC_FOR_ALLOC freed 317K, 10% free 13678K/15047K, paused 12ms, total 12ms
D/InputReader( 2374): Input event: value=0
D/dalvikvm(11235): GC_FOR_ALLOC freed 317K, 10% free 13679K/15047K, paused 13ms, total 13ms
D/dalvikvm(11235): GC_FOR_ALLOC freed 318K, 10% free 13679K/15047K, paused 11ms, total 11ms
D/PowerManagerService( 2374): mIsLockZone = false mTiltAngle : 51.767586 value : 0
D/dalvikvm(11235): GC_FOR_ALLOC freed 318K, 10% free 13679K/15047K, paused 12ms, total 12ms
D/dalvikvm(11235): GC_FOR_ALLOC freed 319K, 10% free 13679K/15047K, paused 11ms, total 12ms
D/dalvikvm(11235): GC_FOR_ALLOC freed 318K, 10% free 13679K/15047K, paused 12ms, total 12ms
I/InputDispatcher( 2374): Delivering key to current input target: action: 0x1
I/InputDispatcher( 2374): Delivering key to current input target: action: 0x1
I/InputDispatcher( 2374): Delivering key to current input target: action: 0x1
I/ClipboardServiceEx( 2374): mCBPickerDialog enter case. MSG_DISMISS_DIALOG
D/dalvikvm(11235): GC_CONCURRENT freed 433K, 10% free 13642K/15047K, paused 12ms+2ms, total 27ms
D/WindowManager( 2374): PhoneWindowManager: focusChangedLw
V/WindowManager( 2374): rotationForOrientationLw(orient=5, last=1); user=0 mLidState=-1 mDockMode=0 mHdmiPlugged=false mAccelerometerDefault=false sensorRotation=1
I/SurfaceFlinger( 1959): id=4815(1133) createSurf (720x1280),-1 flag=30004, GreezeSurfa
I/SurfaceFlinger( 1959): Orientation 1=>0
I/InputReader( 2374): Reconfiguring input devices. changes=0x00000004
I/InputReader( 2374): Device reconfigured: id=6, name='sec_touchscreen', surface size is now 720x1280, mode is 1
D/PowerManagerService( 2374): mIsLockZone = true mTiltAngle : 50.915794 value : 4
D/WindowManager( 2374): mInputFocus is not null.
D/PhoneApp( 3067): updateProximitySensorMode: lock already released.
I/ActivityManager( 2374): Config changed: {1 0 1.0 244mcc21mnc fi_FI sw360dp w360dp h615dp nrml long port finger -keyb/v/h -nav/h s.225}
D/STATUSBAR-QuickSettingPanel( 2913): mDisplayButtonCnt : 10 mCurButtonNum : 5
W/STATUSBAR-QuickSettingPanel( 2913): prepareTranslationXfalse 357
D/KeyguardViewMediator( 2374): setHidden false
D/WindowManager( 2374): mInputFocus is not null.
