V/AudioPolicyManagerBase( 1962): setOutputDevice() output 2 device 0002 force 0 delayMs 0
V/AudioPolicyManagerBase( 1962): setOutputDevice() prevDevice 0002
V/AudioPolicyManagerBase( 1962): setOutputDevice() setting same device 0002 or null device for output 2
E/MTPPlaObsrvr( 8599): inside setContext()
D/KeyguardViewMediator( 2374): setHidden false
D/PowerManagerService( 2374): ATT: mIsSecuredLock 1 in setScreenOffTimeoutsLocked()=0
D/PowerManagerService( 2374): setScreenOffTimeouts mKeylightDelay=1500 mDimDelay=291500 mScreenOffDelay=7000 mDimScreen=true
V/MediaPlayer-JNI( 2913): release
V/MediaPlayer( 2913): setListener
V/MediaPlayer( 2913): disconnect
V/MediaPlayerService( 1962): disconnect(55) from pid 2913
V/StagefrightPlayer( 1962): reset
I/AwesomePlayer( 1962): reset
I/AwesomePlayer( 1962): cancel player events
V/AwesomePlayer( 1962): mAudioTrackVector clear
V/AudioSink( 1962): stop
I/AudioSink( 1962): +++ close
V/AudioPolicyManagerBase( 1962): releaseOutput() 2
I/AudioSink( 1962): --- close
I/OMXCodec( 1962): [OMX.google.vorbis.decoder] stop() sendCommand(0x204, OMX_CommandStateSet, OMX_StateIdle)
I/OMXCodec( 1962): [OMX.google.vorbis.decoder] stopped in state 1
V/StagefrightPlayer( 1962): ~StagefrightPlayer
V/StagefrightPlayer( 1962): reset
I/AwesomePlayer( 1962): reset
I/AwesomePlayer( 1962): cancel player events
V/AwesomePlayer( 1962): mAudioTrackVector clear
I/AwesomePlayer( 1962): reset
I/AwesomePlayer( 1962): cancel player events
V/AwesomePlayer( 1962): mAudioTrackVector clear
V/AwesomePlayer( 1962): ~AwesomePlayer()
V/MediaPlayer( 2913): destructor
V/MediaPlayerService( 1962): Client(55) destructor pid = 2913
I/AudioSink( 1962): +++ close
I/AudioSink( 1962): --- close
V/MediaPlayerService( 1962): disconnect(55) from pid 2913
V/MediaPlayer( 2913): disconnect
I/MediaPlayer( 2913): Don't send intent. msg.arg1 = 0, msg.arg2 = 0
E/MTPPlaObsrvr( 8599): playlist count is1
E/MTPPlaObsrvr( 8599): Row ID is1062
W/InputMethodManagerService( 2374): Window already focused, ignoring focus gain of: com.android.internal.view.IInputMethodClient$Stub$Proxy@43607ad8 attribute=null
I/AudioMixer( 1962): setParameter(TRACK, FORMAT, 0x1)
E/AudioMixer( 1962): MOON > checkSEC_PCM ++ 1
E/MTPPlaObsrvr( 8599): Inside registerContentObserver
D/ ( 8599): In JNI_OnLoad
D/ ( 8599): Cashing the java instance. Lets fight with garbage collector
D/ ( 8599): The value of is_mtp_cb_ptr_register : 1
D/ ( 8599): Get Battery Level
D/ ( 8599): 000000000000000
D/ ( 8599): Opened file BATTERY_STATUS_FILE
D/ ( 8599): Battery status [4
D/ ( 8599): 000000000000000
D/ ( 8599): ]
D/ ( 8599): initClassHelper: clearing local reference3
D/ ( 8599): initClassHelper: clearing local reference obj
D/ ( 8599): initClassHelper: is done
D/ ( 8599): In register_android_MTP_StackInterface
E/MtpService( 8599): onCreate.
E/MtpService( 8599): onStartCommand.
E/MtpService( 8599): < MTP > Registering BroadCast receiver :::::
E/MtpService( 8599): handleMessage. msg= { what=0 when=0 arg1=1 obj=Intent { cmp=com.android.MtpApplication/.MtpService } }
W/MTPRx ( 8599): calling native method
E/MTPJNIInterface( 8599): < MTP > Registering BroadCast receiver :::::
E/MTPJNIInterface( 8599): noti = 10
D/ ( 8599): In Noti-handler, Notify type = [10]
D/ ( 8599): __mtp_handler_eh_notify is called.
D/ ( 8599): __mtp_handler_eh_notify noti type = 10
E/NotificationService( 2374): Ignoring notification with icon==0: Notification(pri=0 contentView=null vibrate=null sound=null defaults=0x0 flags=0x62 kind=[null]) tickerText=null contactCharSeq=null when=1387583276465 threadId=0
D/STATUSBAR-NotificationService( 2374): Noti Alert - mSystemReady:true, AlertEnabled:true
W/MTPRx ( 8599): calling native method
E/MTPJNIInterface( 8599): < MTP > Registering BroadCast receiver :::::
E/MTPRx ( 8599): Checking the driver time out
E/MTPJNIInterface( 8599): noti = 2
D/ ( 8599): In Noti-handler, Notify type = [2]
D/ ( 8599): __mtp_handler_eh_notify is called.
D/ ( 8599): __mtp_handler_eh_notify noti type = 2
D/ ( 8599): __mtp_handler_eh_notify: USB plugged in.
D/ ( 8599): mtp_main_cancel_initialization : MTP_SET_CANCELACTION! [FALSE]
D/ ( 8599): MTP_APP Callback : 21
D/ ( 8599): __mtp_handler_eh_notify: MTP_ALWAYS_TURN_ON. send start event
D/ ( 8599): Calling pthread_create of mtp_event_request_handler
D/ ( 8599): event handler thread is created, so set the flag
D/ ( 8599): mtp_main_send_start_event : action START MTP OPERATION
D/ ( 8599): mtp_send_event_request is called.
D/ ( 8599): mtp event request is started
D/ ( 8599): ***** sem_post error code =0
D/ ( 8599): Event type = [action = 8]
D/ ( 8599): __mtp_handler_process_request: Case MTP_EVENT_START_MAIN_OPERATION entered.
D/ ( 8599): mtp_main_cancel_initialization : MTP_SET_CANCELACTION! [FALSE]
D/ ( 8599): State change [0] -> [1]
D/ ( 8599): mtp_mq_initialize : mtp_mq_initialize is called
D/ ( 8599): TRUE with EventToHost
D/ ( 8599): socket success
D/ ( 8599): mtp_send_event_request is called.
D/ ( 8599): ***** sem_post error code =0
D/ ( 8599): Event type = [action = 9]
D/ ( 8599): __mtp_handler_process_request: Case MTP_EVENT_START_MAIN_OPERATION_FOR_UI entered.
D/ ( 8599): Inside media scanner status function
D/ ( 8599): MTP_APP Callback : 26
D/ ( 8599): void mtp_app_cb_func(mtp_cb_param_t*):953, MTP_CB_CHECK_SCANNER_STATUS calling media scanner update
D/ ( 8599): Inside check_media_scanner_status
D/ ( 8599): AttachCurrentThread() success
D/ ( 8599): Got ENV
D/ ( 8599): Got Object Class
D/ ( 8599): Object ID got is 1467096296
D/ ( 8599): Got Method ID
D/ ( 8599): Unable to get Object Class and clearing cls 2
E/MTPJNIInterface( 8599): Getting media scanner status0
D/ ( 8599): ***********int check_media_scanner_status() Return value 0
D/ ( 8599): bind success
D/ ( 8599): mqdes name EventToHost and socket id 42
D/ ( 8599): mtp message queue is created with [qId : 1074591044 msg id : EventToHost]
E/MTPRx ( 8599): called native method
E/MTPJNIInterface( 8599): setting Media scanner status0
D/ ( 8599): DetachCurrentThread() success
D/ ( 8599): void mtp_app_cb_func(mtp_cb_param_t*):955, MTP_CB_CHECK_SCANNER_STATUS calling media scanner update value= 0
D/ ( 8599): [media_scanner_status:797] cb value=0
E/MTPJNIInterface( 8599): After setting Media scanner status0
E/MtpService( 8599): onStartCommand.
E/MtpService( 8599): < MTP > Registering BroadCast receiver :::::
E/MtpService( 8599): handleMessage. msg= { what=0 when=0 arg1=2 obj=Intent { cmp=com.android.MtpApplication/.MtpService } }
E/MtpService( 8599): In MTPAPP onReceive:android.intent.action.BATTERY_CHANGED
E/MtpService( 8599): battPlugged Type : 2
W/MTPRx ( 8599): notification from stack 1
E/MtpService( 8599): In MTPAPP onReceive:android.intent.action.BATTERY_CHANGED
E/MtpService( 8599): battPlugged Type : 2
E/NotificationService( 2374): Ignoring notification with icon==0: Notification(pri=0 contentView=null vibrate=null sound=null defaults=0x0 flags=0x62 kind=[null]) tickerText=null contactCharSeq=null when=1387583276513 threadId=0
D/STATUSBAR-NotificationService( 2374): Noti Alert - mSystemReady:true, AlertEnabled:true
D/MtpService( 3306): addStorageLocked 65537 /storage/sdcard0
D/MtpService( 3306): addStorageLocked 131073 /storage/extSdCard
D/MtpService( 3306): starting MTP server in MTP mode
D/MediaScanner( 3306): Constructor set externalStorageSdPath : /storage/extSdCard
E/MtpServerJNI( 3306): could not open MTP driver, errno: 2
D/MtpService( 3306): addStorageLocked 131073 /storage/extSdCard
E/MtpServerJNI( 3306): server is null in add_storage
D/MtpService( 3306): addStorageLocked 65537 /storage/sdcard0
E/MtpServerJNI( 3306): server is null in add_storage
E/MtpServerJNI( 3306): server is null in run
E/MtpServerJNI( 3306): server is null in cleanup
D/TMSERVER/TMNetworkReceiver(15684): TMNetworkReceiver.TMNetworkReceiver() Enter 1 main
D/TMSERVER/TMNetworkReceiver(15684): TMNetworkReceiver.StartTMHandler - enter
D/TMSERVER/TMNetworkReceiver(15684): TMNetworkReceiver.StartTMHandler - exit
D/TMSERVER/TMNetworkReceiver(15684): TMNetworkReceiver.onReceive() Enter
D/TMSERVER/TMNetworkReceiver(15684): TMNetworkReceiver.onReceive() Action android.hardware.usb.action.USB_STATE
D/TMSERVER/TMNetworkReceiver(15684): TMNetworkReceiver.onReceive() on USB
D/TMSERVER/TMNetworkReceiver(15684): usbEventReceiver:onReceive(): connected = true
D/TMSERVER/TMNetworkReceiver(15684): usbEventReceiver:onReceive(): configured = true
D/TMSERVER/TMNetworkReceiver(15684): usbEventReceiver:onReceive(): isUsbCableConnected = false
D/TMSERVER/TMNetworkReceiver(15684): usbEventReceiver:onReceive(): isUsbCableConnected made to<<<= true
D/TMSERVER/TMNetworkReceiver(15684): TMNetworkReceiver.onReceive() USB CONNECTED
D/TMSERVER/TMNetworkReceiver(15684): TMNetworkReceiver.onReceive() usb file content is major 0 minor 0 vendor 0
D/TMSERVER/TMNetworkReceiver(15684): TMNetworkReceiver.onReceive() Major Version not equal to 1
D/TMSERVER/TMNetworkReceiver(15684): TMNetworkReceiver.onReceive() Retry reading the file..Sysfs might be updated after the Connected signal. counter -0
D/dalvikvm(18539): WAIT_FOR_CONCURRENT_GC blocked 0ms
I/InputReader( 2374): Touch event's action is 0x0 (deviceType=0) [pCnt=1, s=0.13023 ]
I/InputDispatcher( 2374): Delivering touch to current input target: action: 0x0
I/InputDispatcher( 2374): Delivering touch to current input target: action: 0x0
I/InputDispatcher( 2374): Delivering touch to current input target: action: 0x0
I/InputDispatcher( 2374): Delivering touch to current input target: action: 0x0
D/dalvikvm( 3306): GC_CONCURRENT freed 288K, 10% free 12831K/14215K, paused 12ms+4ms, total 40ms
D/dalvikvm(18539): GC_EXPLICIT freed 784K, 59% free 14306K/34503K, paused 3ms+3ms, total 47ms
D/KeyguardViewMediator( 2374): setHidden false
I/SurfaceFlinger( 1959): id=4768 Removed idx=4 MapSz=3
I/SurfaceFlinger( 1959): id=4768 Removed idx=-2 MapSz=3
D/dalvikvm( 3306): WAIT_FOR_CONCURRENT_GC blocked 0ms
D/KeyguardViewMediator( 2374): setHidden false
D/KeyguardViewMediator( 2374): setHidden false
D/dalvikvm( 3306): GC_EXPLICIT freed 205K, 11% free 12700K/14215K, paused 1ms+2ms, total 27ms
I/InputReader( 2374): Touch event's action is 0x1 (deviceType=0) [pCnt=1, s=]
I/InputDispatcher( 2374): Delivering touch to current input target: action: 0x1
I/InputDispatcher( 2374): Delivering touch to current input target: action: 0x1
I/InputDispatcher( 2374): Delivering touch to current input target: action: 0x1
I/InputDispatcher( 2374): Delivering touch to current input target: action: 0x1
I/power ( 2374): *** acquire_dvfs_lock : lockType : 1 freq : 1000000
D/PowerManagerService( 2374): acquireDVFSLockLocked : type : DVFS_MIN_LIMIT frequency : 1000000 uid : 1000 pid : 2374 tag : ActivityManager
W/ActivityManager( 2374): mDVFSLock.acquire()
D/Launcher.HomeFragment( 3156): onPause
D/Launcher( 3156): onPause, Launcher: 1104468464
E/OMXCodec( 1962): [OMX.google.vorbis.decoder] err = -1011
I/ApplicationUsage( 2374): handleMessage : MSG_UPDATE_USAGE_DB
I/ApplicationUsage( 2374): Updating Usage Statistics in DB @ 1387583276748
D/WindowManager( 2374): PhoneWindowManager: focusChangedLw
D/KeyguardViewMediator( 2374): setHidden false
D/WindowManager( 2374): mInputFocus is not null.
D/WindowManager( 2374): mInputFocus is not null.
D/WindowManager( 2374): mInputFocus is not null.
D/YouTube ( 4452): apps.youtube.app.honeycomb.Shell.a:54 App version = 5328
D/YouTube ( 4452): apps.youtube.app.honeycomb.Shell.a:55 Min app version = 0
D/YouTube ( 4452): apps.youtube.app.honeycomb.Shell.a:56 Target app version = 0
D/YouTube ( 4452): apps.youtube.app.honeycomb.Shell.a:57 Prompt shown ago = 1387583276781
D/dalvikvm( 2374): WAIT_FOR_CONCURRENT_GC blocked 0ms
D/dalvikvm( 4452): GC_CONCURRENT freed 327K, 8% free 13450K/14471K, paused 2ms+21ms, total 44ms
D/PowerManagerService( 2374): acquireDVFSLockLocked : type : DVFS_MIN_LIMIT frequency : 1000000 uid : 1000 pid : 2374 tag : ActivityManager
W/ActivityManager( 2374): mDVFSLock.acquire()
D/WindowManager( 2374): mInputFocus is not null.
I/SurfaceFlinger( 1959): id=4769(1108) createSurf (720x1280),-1 flag=30004, GreezeSurfa
I/SurfaceFlinger( 1959): Orientation 0=>1
I/InputReader( 2374): Reconfiguring input devices. changes=0x00000004
I/InputReader( 2374): Device reconfigured: id=6, name='sec_touchscreen', surface size is now 720x1280, mode is 1
V/WindowManager( 2374): rotationForOrientationLw(orient=-1, last=0); user=0 mLidState=-1 mDockMode=0 mHdmiPlugged=false mAccelerometerDefault=false sensorRotation=1
D/TMSERVER/TMNetworkReceiver(15684): TMNetworkReceiver.onReceive() usb file content is major 0 minor 0 vendor 0
D/TMSERVER/TMNetworkReceiver(15684): TMNetworkReceiver.onReceive() Major Version not equal to 1
D/TMSERVER/TMNetworkReceiver(15684): TMNetworkReceiver.onReceive() Retry reading the file..Sysfs might be updated after the Connected signal. counter -1
I/ActivityManager( 2374): Config changed: {1 0 1.0 244mcc21mnc fi_FI sw360dp w640dp h335dp nrml long land finger -keyb/v/h -nav/h s.220}
D/PhoneApp( 3067): updateProximitySensorMode: lock already released.
D/STATUSBAR-QuickSettingPanel( 2913): mDisplayButtonCnt : 10 mCurButtonNum : 8
W/STATUSBAR-QuickSettingPanel( 2913): prepareTranslationXfalse 318
D/KeyguardViewMediator( 2374): setHidden false
D/WindowManager( 2374): mInputFocus is not null.
D/KeyguardViewMediator( 2374): setHidden false
D/WindowManager( 2374): mInputFocus is not null.
D/WindowManager( 2374): mInputFocus is not null.
D/WindowManager( 2374): mInputFocus is not null.
D/KeyguardViewMediator( 2374): setHidden false
D/SharedManager(23304): getPrefIDs() : length = 1
D/SharedManager(23304): getPrefIDs() : Shared_DCIDs1 = 9
D/WindowManager( 2374): mInputFocus is not null.
D/WindowManager( 2374): mInputFocus is not null.
D/WindowManager( 2374): mInputFocus is not null.
D/STATUSBAR-PhoneStatusBar( 2913): Landscape - marquee statusbar
D/WfdService( 2374): intent recieved android.intent.action.CONFIGURATION_CHANGED
D/ClockAlarmWidgetService(19224): [ClockAlarmWidgetService] onReceive: action = android.intent.action.CONFIGURATION_CHANGED
E/ClockAlarmWidget(19224): [AlarmWidgetIdManager] getListItem() : itemIndex=0, widgetID:1
E/ClockAlarmWidget(19224): [AlarmWidgetIdManager] getListItem() : ItemIndex exceed ListItemCount. itemIndex=1
E/ClockAlarmWidget(19224): [AlarmWidgetIdManager] getListItem() : itemIndex=1, widgetID:1
D/KeyguardViewMediator( 2374): setHidden false
I/SurfaceFlinger( 1959): id=4763 Removed Mauncher idx=2 MapSz=2
D/WindowManager( 2374): mInputFocus is not null.
D/WindowManager( 2374): mInputFocus is not null.
D/dalvikvm( 2374): GC_EXPLICIT freed 567K, 46% free 32341K/59655K, paused 14ms+15ms, total 184ms
D/KeyguardViewMediator( 2374): setHidden false
D/WindowManager( 2374): mInputFocus is not null.
D/WindowManager( 2374): mInputFocus is not null.
I/SurfaceFlinger( 1959): id=4763 Removed Mauncher idx=-2 MapSz=2
D/ClockAlarmDataProvider(19224): getAlarm() - too many same ID alarm data. nCount: 0
D/Launcher( 3156): onTrimMemory. Level: 20
D/KeyguardViewMediator( 2374): setHidden false
D/KeyguardViewMediator( 2374): setHidden false
D/KeyguardViewMediator( 2374): setHidden false
D/WindowManager( 2374): mInputFocus is not null.
D/WindowManager( 2374): mInputFocus is not null.
D/WindowManager( 2374): mInputFocus is not null.
D/WindowManager( 2374): mInputFocus is not null.
D/WindowManager( 2374): mInputFocus is not null.
D/STATUSBAR-NetworkController( 2913): onReceive() - ACTION_CONFIGURATION_CHANGED
D/STATUSBAR-Clock( 2913): onReceive() - ACTION_CONFIGURATION_CHANGED
D/STATUSBAR-Clock( 2913): onReceive() - ACTION_CONFIGURATION_CHANGED
D/KeyguardViewMediator( 2374): setHidden false
D/WindowManager( 2374): mInputFocus is not null.
D/WindowManager( 2374): mInputFocus is not null.
D/evanjs (23304): evanjs DualClockAppWidgetProvider display.getOrientation(): 1
D/KeyguardViewMediator( 2374): setHidden false
D/WindowManager( 2374): mInputFocus is not null.
D/dalvikvm(23304): GC_CONCURRENT freed 1407K, 22% free 12388K/15751K, paused 14ms+3ms, total 43ms
D/dalvikvm(23304): WAIT_FOR_CONCURRENT_GC blocked 8ms
D/dalvikvm( 4452): GC_CONCURRENT freed 73K, 6% free 13798K/14663K, paused 2ms+3ms, total 27ms
D/dalvikvm( 4452): WAIT_FOR_CONCURRENT_GC blocked 21ms
D/KeyguardViewMediator( 2374): setHidden false
D/WindowManager( 2374): mInputFocus is not null.
D/dalvikvm(23304): GC_FOR_ALLOC freed 46K, 20% free 12666K/15751K, paused 38ms, total 39ms
I/dalvikvm-heap(23304): Grow heap (frag case) to 13.659MB for 649652-byte allocation
D/YouTube ( 4452): apps.youtube.core.player.Director.a:473 VideoStage: NEW
D/dalvikvm(23304): GC_CONCURRENT freed <1K, 16% free 13301K/15751K, paused 15ms+2ms, total 33ms
D/dalvikvm(23304): WAIT_FOR_CONCURRENT_GC blocked 15ms
D/TMSERVER/TMNetworkReceiver(15684): TMNetworkReceiver.onReceive() usb file content is major 0 minor 0 vendor 0
D/TMSERVER/TMNetworkReceiver(15684): TMNetworkReceiver.onReceive() Major Version not equal to 1
D/TMSERVER/TMNetworkReceiver(15684): TMNetworkReceiver.onReceive() Retry reading the file..Sysfs might be updated after the Connected signal. counter -2
V/AwesomePlayer( 1962): MEDIA_PLAYBACK_COMPLETE
V/AwesomePlayer( 1962): notifyListner_l() msg (2-MEDIA_PLAYBACK_COMPLETE), ext1 (0), ext2 (0)
V/MediaPlayerService( 1962): [56] notify (0x41ff5728, 2, 0, 0)
V/AudioSink( 1962): stop
V/LvOutput( 1962): initCheck: 0
V/MediaPlayer( 2913): message received msg=2, ext1=0, ext2=0
V/LvOutput( 1962): detachEffects: detach processing for output 2, stream 5, session 627
V/MediaPlayer( 2913): playback complete
V/LvOutput( 1962): detachEffects: no output processing was attached to this stream
V/MediaPlayer( 2913): callback application
V/AudioPolicyManagerBase( 1962): stopOutput() output 2, stream 5, session 627
V/AudioPolicyManagerBase( 1962): changeRefCount() stream 5, count 0
E/AudioPolicyManagerBase( 1962): unknown stream type
E/AudioPolicyManagerBase( 1962): unknown stream type
E/AudioPolicyManagerBase( 1962): unknown stream type
E/AudioPolicyManagerBase( 1962): unknown stream type
E/AudioPolicyManagerBase( 1962): unknown stream type
E/AudioPolicyManagerBase( 1962): unknown stream type
V/AudioPolicyManagerBase( 1962): getNewDevice() selected device 0
V/AudioPolicyManagerBase( 1962): setOutputDevice() output 2 device 0000 force 0 delayMs 184
V/AudioPolicyManagerBase( 1962): setOutputDevice() prevDevice 0002
V/AudioPolicyManagerBase( 1962): setOutputDevice() setting same device 0000 or null device for output 2
V/MediaPlayer( 2913): back from callback
I/AudioService( 2374): AudioFocus abandonAudioFocus() from 2913
D/dalvikvm(23304): GC_FOR_ALLOC freed 324K, 16% free 13301K/15751K, paused 18ms, total 19ms
D/dalvikvm(23304): GC_CONCURRENT freed <1K, 13% free 13759K/15751K, paused 13ms+2ms, total 33ms
D/dalvikvm( 4452): GC_CONCURRENT freed 118K, 6% free 14208K/15047K, paused 3ms+5ms, total 46ms
D/dalvikvm( 4452): WAIT_FOR_CONCURRENT_GC blocked 36ms
D/dalvikvm( 3156): GC_FOR_ALLOC freed 1533K, 29% free 27072K/37831K, paused 31ms, total 31ms
D/dalvikvm( 4452): GC_FOR_ALLOC freed 14K, 6% free 14792K/15623K, paused 24ms, total 24ms
D/dalvikvm( 3156): GC_FOR_ALLOC freed 2846K, 34% free 25324K/37831K, paused 30ms, total 30ms
D/dalvikvm( 4452): GC_FOR_ALLOC freed 7K, 6% free 15540K/16391K, paused 24ms, total 24ms
W/dalvikvm( 4452): Unable to resolve superclass of Lcom/google/android/apps/youtube/core/player/overlay/bm; (844)
W/dalvikvm( 4452): Link of class 'Lcom/google/android/apps/youtube/core/player/overlay/bm;' failed
E/dalvikvm( 4452): Could not find class 'com.google.android.apps.youtube.core.player.overlay.bm', referenced from method com.google.android.apps.youtube.core.player.overlay.SubtitlesPreferences.
W/dalvikvm( 4452): VFY: unable to resolve new-instance 3657 (Lcom/google/android/apps/youtube/core/player/overlay/bm;) in Lcom/google/android/apps/youtube/core/player/overlay/SubtitlesPreferences;
D/dalvikvm( 4452): VFY: replacing opcode 0x22 at 0x0019
E/dalvikvm( 4452): Could not find class 'android.view.accessibility.CaptioningManager', referenced from method com.google.android.apps.youtube.core.player.overlay.SubtitlesPreferences.c
W/dalvikvm( 4452): VFY: unable to resolve check-cast 845 (Landroid/view/accessibility/CaptioningManager;) in Lcom/google/android/apps/youtube/core/player/overlay/SubtitlesPreferences;
D/dalvikvm( 4452): VFY: replacing opcode 0x1f at 0x000c
W/dalvikvm( 4452): VFY: unable to find class referenced in signature (Landroid/view/accessibility/CaptioningManager;)
W/dalvikvm( 4452): VFY: unable to find class referenced in signature (Landroid/view/accessibility/CaptioningManager;)
I/dalvikvm( 4452): Could not find method android.view.accessibility.CaptioningManager.getFontScale, referenced from method com.google.android.apps.youtube.core.player.overlay.SubtitlesPreferences.a
W/dalvikvm( 4452): VFY: unable to resolve virtual method 5865: Landroid/view/accessibility/CaptioningManager;.getFontScale ()F
D/dalvikvm( 4452): VFY: replacing opcode 0x6e at 0x000a
W/dalvikvm( 4452): VFY: unable to find class referenced in signature (Landroid/view/accessibility/CaptioningManager;)
I/dalvikvm( 4452): Could not find method android.view.accessibility.CaptioningManager.getUserStyle, referenced from method com.google.android.apps.youtube.core.player.overlay.SubtitlesPreferences.b
W/dalvikvm( 4452): VFY: unable to resolve virtual method 5866: Landroid/view/accessibility/CaptioningManager;.getUserStyle ()Landroid/view/accessibility/CaptioningManager$CaptionStyle;
D/dalvikvm( 4452): VFY: replacing opcode 0x6e at 0x000c
W/dalvikvm( 4452): Unable to resolve superclass of Lcom/google/android/apps/youtube/core/player/overlay/bm; (844)
W/dalvikvm( 4452): Link of class 'Lcom/google/android/apps/youtube/core/player/overlay/bm;' failed
D/dalvikvm( 4452): DexOpt: unable to opt direct call 0x5b51 at 0x1c in Lcom/google/android/apps/youtube/core/player/overlay/SubtitlesPreferences;.
W/dalvikvm( 4452): VFY: unable to resolve instance field 1850
D/dalvikvm( 4452): VFY: replacing opcode 0x52 at 0x0003
I/dalvikvm( 4452): DexOpt: unable to optimize instance field ref 0x073b at 0x07 in Lcom/google/android/apps/youtube/core/model/SubtitlesStyle;.
I/dalvikvm( 4452): DexOpt: unable to optimize instance field ref 0x073c at 0x0b in Lcom/google/android/apps/youtube/core/model/SubtitlesStyle;.
I/dalvikvm( 4452): DexOpt: unable to optimize instance field ref 0x073d at 0x0f in Lcom/google/android/apps/youtube/core/model/SubtitlesStyle;.
W/YouTube ( 4452): apps.youtube.core.ui.YouTubeTextView.a:76 Missing or invalid font preference on a RobotoTextView.
D/TMSERVER/TMNetworkReceiver(15684): TMNetworkReceiver.onReceive() Exit
D/TMSERVER/TMNetworkReceiver(15684): TMNetworkReceiver.handleMessage - enter1 main
D/TMSERVER/TMNetworkReceiver(15684): TMNetworkReceiver.handleMessage - enter action = 0
D/TMSERVER/TMNetworkReceiver(15684): TMNetworkReceiver.handleMessage - finsihed case 0 mIsSCMInstalled = false
D/TMSERVER/TMNetworkReceiver(15684): TMNetworkReceiver.handleMessage - exit
D/TMSERVER/TMLogRemovalReceiver(15684): TMLogRemovalReceiver.onReceive() Enter isCalled =true
D/TMSERVER/TMLogRemovalReceiver(15684): TMLogRemovalReceiver.onReceive() Exit
D/dalvikvm( 4452): GC_CONCURRENT freed 259K, 6% free 16469K/17415K, paused 2ms+4ms, total 34ms
D/dalvikvm( 4452): WAIT_FOR_CONCURRENT_GC blocked 8ms
W/YouTube ( 4452): apps.youtube.core.ui.YouTubeTextView.a:76 Missing or invalid font preference on a RobotoTextView.
D/AbsListView( 4452): Get MotionRecognitionManager
D/MotionRecognitionService( 2374): ssp status : false
D/AbsListView( 4452): Get MotionRecognitionManager
D/PicasaUploaderSyncManager( 4423): battery info: true
D/AbsListView( 4452): Get MotionRecognitionManager
E/MTPRx ( 8599): In MtpReceiverandroid.intent.action.ACTION_POWER_CONNECTED
E/videowall-TranscodeReceiver(15584): broadcastMSG : android.intent.action.ACTION_POWER_CONNECTED
D/ ( 8599): MtpDBConnect is called ++++++++++++
E/SQLiteLog( 8599): (14) cannot open file at line 30241 of [00bb9c9ce4]
E/SQLiteLog( 8599): (14) os_unix.c:30241: (2) open(/opt/dbspace/inappdb_mtp) -
D/ ( 8599): __mtp_db_connect: Connection fail! ret = 14
D/ ( 8599): mtp_db_init_all_first_time: Connection fail!
D/ ( 8599): Mtp Initialization start! ------
D/ ( 8599): mtp_main_set_ref_db_is_loaded : set RefDB load [No]
D/ ( 8599): Now, Enter mtp_get_info_from_reg
D/ ( 8599): mtp_get_info_from_reg : device name [DEVICE NAME]
D/ ( 8599): -------------- mtp_initialize_mtp_device is called ----------
D/ ( 8599): ---------------- InitializeDeviceProperitesMtpDevice is called
D/ ( 8599): Opened file BATTERY_STATUS_FILE
D/ ( 8599): Battery status [4
D/ ( 8599): ]
D/ ( 8599): Get Battery level 4
D/ ( 8599): device name from system properties at 2 is GT-I9305
D/ ( 8599): Data read from UNICODE file
D/ ( 8599): DRM MGR initialisation.
E/ ( 8599): read fragmentNum chmod errer -1
D/videowall-TranscodeService(15584): service on
W/ActivityManager( 2374): Permission denied: checkComponentPermission() owningUid=10062
W/ActivityManager( 2374): Permission denied: checkComponentPermission() owningUid=10062
E/ ( 8599): read fragmentNum chmod errer -1
E/ ( 8599): read fragmentNum chmod errer -1
D/ ( 8599): After DRM MGR initialisation.
D/ ( 8599): DRM_MGR_GetSecureClock Entry1
E/ ( 8599): read fragmentNum chmod errer -1
D/ ( 8599): DRM_MGR_GetSecureClock Exit1
D/ ( 8599): DRM_MGR_GetSecureClock Entry2
E/ ( 8599): read fragmentNum chmod errer -1
D/ ( 8599): DRM_MGR_GetSecureClock Exit1
D/ ( 8599): Set SecureClock : SecureClock Set SUCCESS!
D/ ( 8599): Error Code returned 0x0.
D/ ( 8599): Inside setDevicePropDeviceCertificate
D/ ( 8599): setDevicePropDeviceCertificate: bset device cert 0
D/ ( 8599): Successfull in getting device prop from global struct
D/ ( 8599): Checking memory for the DRM manager contextt
D/ ( 8599): After zero mem function
D/ ( 8599): No multi HDS support
E/ ( 8599): read fragmentNum chmod errer -1
E/ ( 8599): read fragmentNum chmod errer -1
E/ ( 8599): read fragmentNum chmod errer -1
D/ ( 8599): Memory buffer is proper. 0x8007007a
D/ ( 8599): Memory allocation successful.
D/ ( 8599): Before Memset operation
D/ ( 8599): Get the devcert
D/ ( 8599): Set DeviceCertificate : SUCCESS!
D/ ( 8599): Error returned 0x0!
D/ ( 8599): Inside setDevicePropDeviceRevocationInfo
D/ ( 8599): Successfull in getting device prop from global struct
D/ ( 8599): Checking memory for the DRM manager contextt
D/ ( 8599): After zero mem function
D/ ( 8599): No multi HDS support
E/ ( 8599): read fragmentNum chmod errer -1
E/ ( 8599): read fragmentNum chmod errer -1
E/ ( 8599): read fragmentNum chmod errer -1
D/AbsListView( 4452): Get MotionRecognitionManager
D/videowall-TranscodeService(15584): Music is = false
E/ ( 8599): read fragmentNum chmod errer -1
D/videowall-TranscodeService(15584): power : true / screen off : false
D/videowall-TranscodeService(15584): releaseTransThread.
D/ ( 8599): DRM_SUCCESS
D/ ( 8599): Error returned 0x0!
D/ ( 8599): Inside setDevicePropDeviceBinaryCertificate
D/ ( 8599): Successfull in getting device prop from global struct
D/ ( 8599): Checking memory for the DRM manager contextt
D/ ( 8599): After zero mem function
D/ ( 8599): No multi HDS support
D/videowall-TranscodeService(15584): releaseTransThread.
E/ ( 8599): read fragmentNum chmod errer -1
E/ ( 8599): read fragmentNum chmod errer -1
E/ ( 8599): read fragmentNum chmod errer -1
D/ ( 8599): Shailesh::Dumping value of cbDevCert2060
D/ ( 8599): Memory buffer is proper. 0x8007007a
D/ ( 8599): Memory allocation successful.
D/ ( 8599): Before Memset operation
D/ ( 8599): Get the binary devcert
D/ ( 8599): Error returned 0x0!
D/ ( 8599): Inside setDevicePropDeviceRevocationInfoV2
D/ ( 8599): Successfull in getting device prop from global struct
D/ ( 8599): Checking memory for the DRM manager contextt
E/ ( 8599): read fragmentNum chmod errer -1
E/ ( 8599): read fragmentNum chmod errer -1
E/ ( 8599): read fragmentNum chmod errer -1
E/ ( 8599): read fragmentNum chmod errer -1
D/ ( 8599): Value of cbRevInfo:0
D/ ( 8599): Value of dwVersion0
D/ ( 8599): DRM_SUCCESS
D/ ( 8599): Error returned 0x0!
D/ ( 8599): --------------initializing the internal store----------
D/ ( 8599): inside mtp_init_mtp_store
D/ ( 8599): 65537 /storage/sdcard0 0
D/ ( 8599): [storePath : /storage/sdcard0]
D/ ( 8599): mtp_init_storage_info_run_time : maxcapacity[11642920960] freespace in bytes [8098648064]
D/ ( 8599): inside get_feature_xml function
D/ ( 8599): get_feature_xml : Get_feature_xml fopen error!
D/ ( 8599): inside get_kiesfeature_xml function
D/ ( 8599): get_kiesfeature_xml : It'sPhone!
D/ ( 8599): inside mtp_enumerate_objects_mtp_store
D/ ( 8599): ---------------- enumerateObjectMtpStore : called nested[1] ----------------
D/ ( 8599): [FolderName : /storage/sdcard0] [Parent : 0] INTERNAL[TRUE]
D/ ( 8599): inside mtp_ifind_first
D/ ( 8599): directory /storage/sdcard0
D/ ( 8599): type is DIR
D/ ( 8599): filename :.
D/ ( 8599): filename :..
D/ ( 8599): filename :Samsung
D/ ( 8599): inside mtp_init_mtp_object_params
D/ ( 8599): inside mtp_init_object_info_params
D/ ( 8599): inside initTime2PtpString:156 time array is 22
D/ ( 8599): [initTime2PtpString:162] wYear=2012 wMonth=1 wDay=1 wHour=2 wMinute=0 wSecond=24
D/ ( 8599): initTime2PtpString:171 lpTime != NULL
D/ ( 8599): initTime2PtpString:186 b4 calling mtp_utf8_to_utf16 fn
D/ ( 8599): initTime2PtpString:191 setting NumChars=17 and StringChars[16] to end
D/ ( 8599): inside initTime2PtpString:196
D/ ( 8599): inside mtp_update_property_values_mtp_object
D/ ( 8599): inside mtp_add_object_mtp_store
D/ ( 8599): object info.Object Handle:1
D/ ( 8599): object info.StorageID:65537
D/ ( 8599): filename :Music
D/ ( 8599): inside mtp_init_mtp_object_params
D/ ( 8599): inside mtp_init_object_info_params
D/ ( 8599): inside initTime2PtpString:156 time array is 22
D/ ( 8599): [initTime2PtpString:162] wYear=2012 wMonth=1 wDay=1 wHour=2 wMinute=1 wSecond=44
D/ ( 8599): initTime2PtpString:171 lpTime != NULL
D/ ( 8599): initTime2PtpString:186 b4 calling mtp_utf8_to_utf16 fn
D/ ( 8599): initTime2PtpString:191 setting NumChars=17 and StringChars[16] to end
D/ ( 8599): inside initTime2PtpString:196
D/ ( 8599): inside mtp_update_property_values_mtp_object
D/ ( 8599): inside mtp_add_object_mtp_store
D/ ( 8599): object info.Object Handle:2
D/ ( 8599): object info.StorageID:65537
D/ ( 8599): filename :Podcasts
D/ ( 8599): inside mtp_init_mtp_object_params
D/ ( 8599): inside mtp_init_object_info_params
D/ ( 8599): inside initTime2PtpString:156 time array is 22
D/ ( 8599): [initTime2PtpString:162] wYear=2012 wMonth=1 wDay=1 wHour=2 wMinute=1 wSecond=44
D/ ( 8599): initTime2PtpString:171 lpTime != NULL
D/ ( 8599): initTime2PtpString:186 b4 calling mtp_utf8_to_utf16 fn
D/ ( 8599): initTime2PtpString:191 setting NumChars=17 and StringChars[16] to end
D/ ( 8599): inside initTime2PtpString:196
D/ ( 8599): inside mtp_update_property_values_mtp_object
D/ ( 8599): inside mtp_add_object_mtp_store
D/ ( 8599): object info.Object Handle:3
D/ ( 8599): object info.StorageID:65537
D/ ( 8599): filename :Ringtones
D/ ( 8599): inside mtp_init_mtp_object_params
D/ ( 8599): inside mtp_init_object_info_params
D/ ( 8599): inside initTime2PtpString:156 time array is 22
D/ ( 8599): [initTime2PtpString:162] wYear=2013 wMonth=9 wDay=12 wHour=15 wMinute=29 wSecond=43
D/ ( 8599): initTime2PtpString:171 lpTime != NULL
D/ ( 8599): initTime2PtpString:186 b4 calling mtp_utf8_to_utf16 fn
D/ ( 8599): initTime2PtpString:191 setting NumChars=17 and StringChars[16] to end
D/ ( 8599): inside initTime2PtpString:196
D/ ( 8599): inside mtp_update_property_values_mtp_object
D/ ( 8599): inside mtp_add_object_mtp_store
D/ ( 8599): object info.Object Handle:4
D/ ( 8599): object info.StorageID:65537
D/ ( 8599): filename :Alarms
D/ ( 8599): inside mtp_init_mtp_object_params
D/ ( 8599): inside mtp_init_object_info_params
D/ ( 8599): inside initTime2PtpString:156 time array is 22
D/ ( 8599): [initTime2PtpString:162] wYear=2012 wMonth=1 wDay=1 wHour=2 wMinute=1 wSecond=44
D/ ( 8599): initTime2PtpString:171 lpTime != NULL
D/ ( 8599): initTime2PtpString:186 b4 calling mtp_utf8_to_utf16 fn
D/ ( 8599): initTime2PtpString:191 setting NumChars=17 and StringChars[16] to end
D/ ( 8599): inside initTime2PtpString:196
D/ ( 8599): inside mtp_update_property_values_mtp_object
D/ ( 8599): inside mtp_add_object_mtp_store
D/ ( 8599): object info.Object Handle:5
D/ ( 8599): object info.StorageID:65537
D/ ( 8599): filename :Notifications
D/ ( 8599): inside mtp_init_mtp_object_params
D/ ( 8599): inside mtp_init_object_info_params
D/ ( 8599): inside initTime2PtpString:156 time array is 22
D/ ( 8599): [initTime2PtpString:162] wYear=2012 wMonth=1 wDay=1 wHour=2 wMinute=1 wSecond=53
D/ ( 8599): initTime2PtpString:171 lpTime != NULL
D/ ( 8599): initTime2PtpString:186 b4 calling mtp_utf8_to_utf16 fn
D/ ( 8599): initTime2PtpString:191 setting NumChars=17 and StringChars[16] to end
D/ ( 8599): inside initTime2PtpString:196
D/ ( 8599): inside mtp_update_property_values_mtp_object
D/ ( 8599): inside mtp_add_object_mtp_store
D/ ( 8599): object info.Object Handle:6
D/ ( 8599): object info.StorageID:65537
D/ ( 8599): filename :Pictures
D/ ( 8599): inside mtp_init_mtp_object_params
D/ ( 8599): inside mtp_init_object_info_params
D/ ( 8599): inside initTime2PtpString:156 time array is 22
D/ ( 8599): [initTime2PtpString:162] wYear=2013 wMonth=12 wDay=11 wHour=7 wMinute=48 wSecond=14
D/ ( 8599): initTime2PtpString:171 lpTime != NULL
D/ ( 8599): initTime2PtpString:186 b4 calling mtp_utf8_to_utf16 fn
D/ ( 8599): initTime2PtpString:191 setting NumChars=17 and StringChars[16] to end
D/ ( 8599): inside initTime2PtpString:196
D/ ( 8599): inside mtp_update_property_values_mtp_object
D/ ( 8599): inside mtp_add_object_mtp_store
D/ ( 8599): object info.Object Handle:7
D/ ( 8599): object info.StorageID:65537
D/ ( 8599): filename :Movies
D/ ( 8599): inside mtp_init_mtp_object_params
D/ ( 8599): inside mtp_init_object_info_params
D/ ( 8599): inside initTime2PtpString:156 time array is 22
D/ ( 8599): [initTime2PtpString:162] wYear=2012 wMonth=1 wDay=1 wHour=2 wMinute=1 wSecond=44
D/ ( 8599): initTime2PtpString:171 lpTime != NULL
D/ ( 8599): initTime2PtpString:186 b4 calling mtp_utf8_to_utf16 fn
D/ ( 8599): initTime2PtpString:191 setting NumChars=17 and StringChars[16] to end
D/ ( 8599): inside initTime2PtpString:196
D/ ( 8599): inside mtp_update_property_values_mtp_object
D/ ( 8599): inside mtp_add_object_mtp_store
D/ ( 8599): object info.Object Handle:8
D/ ( 8599): object info.StorageID:65537
D/ ( 8599): filename :Download
D/ ( 8599): inside mtp_init_mtp_object_params
D/ ( 8599): inside mtp_init_object_info_params
D/ ( 8599): inside initTime2PtpString:156 time array is 22
D/ ( 8599): [initTime2PtpString:162] wYear=2013 wMonth=12 wDay=18 wHour=13 wMinute=29 wSecond=22
D/ ( 8599): initTime2PtpString:171 lpTime != NULL
D/ ( 8599): initTime2PtpString:186 b4 calling mtp_utf8_to_utf16 fn
D/ ( 8599): initTime2PtpString:191 setting NumChars=17 and StringChars[16] to end
D/ ( 8599): inside initTime2PtpString:196
D/ ( 8599): inside mtp_update_property_values_mtp_object
D/ ( 8599): inside mtp_add_object_mtp_store
D/ ( 8599): object info.Object Handle:9
D/ ( 8599): object info.StorageID:65537
D/ ( 8599): filename :DCIM
D/ ( 8599): inside mtp_init_mtp_object_params
D/ ( 8599): inside mtp_init_object_info_params
D/ ( 8599): inside initTime2PtpString:156 time array is 22
D/ ( 8599): [initTime2PtpString:162] wYear=2013 wMonth=10 wDay=5 wHour=21 wMinute=53 wSecond=17
D/ ( 8599): initTime2PtpString:171 lpTime != NULL
D/ ( 8599): initTime2PtpString:186 b4 calling mtp_utf8_to_utf16 fn
D/ ( 8599): initTime2PtpString:191 setting NumChars=17 and StringChars[16] to end
D/ ( 8599): inside initTime2PtpString:196
D/ ( 8599): inside mtp_update_property_values_mtp_object
D/ ( 8599): inside mtp_add_object_mtp_store
D/ ( 8599): object info.Object Handle:10
D/ ( 8599): object info.StorageID:65537
D/ ( 8599): filename :.face
D/ ( 8599): filename :Android
D/ ( 8599): inside mtp_init_mtp_object_params
D/ ( 8599): inside mtp_init_object_info_params
D/ ( 8599): inside initTime2PtpString:156 time array is 22
D/ ( 8599): [initTime2PtpString:162] wYear=2013 wMonth=11 wDay=7 wHour=15 wMinute=6 wSecond=57
D/ ( 8599): initTime2PtpString:171 lpTime != NULL
D/ ( 8599): initTime2PtpString:186 b4 calling mtp_utf8_to_utf16 fn
D/ ( 8599): initTime2PtpString:191 setting NumChars=17 and StringChars[16] to end
D/ ( 8599): inside initTime2PtpString:196
D/ ( 8599): inside mtp_update_property_values_mtp_object
D/ ( 8599): inside mtp_add_object_mtp_store
D/ ( 8599): object info.Object Handle:11
D/ ( 8599): object info.StorageID:65537
D/ ( 8599): filename :Application
D/ ( 8599): inside mtp_init_mtp_object_params
D/ ( 8599): inside mtp_init_object_info_params
D/ ( 8599): inside initTime2PtpString:156 time array is 22
D/ ( 8599): [initTime2PtpString:162] wYear=2012 wMonth=1 wDay=1 wHour=2 wMinute=1 wSecond=57
D/ ( 8599): initTime2PtpString:171 lpTime != NULL
D/ ( 8599): initTime2PtpString:186 b4 calling mtp_utf8_to_utf16 fn
D/ ( 8599): initTime2PtpString:191 setting NumChars=17 and StringChars[16] to end
D/ ( 8599): inside initTime2PtpString:196
D/ ( 8599): inside mtp_update_property_values_mtp_object
D/ ( 8599): inside mtp_add_object_mtp_store
D/ ( 8599): object info.Object Handle:12
D/ ( 8599): object info.StorageID:65537
D/ ( 8599): filename :Playlists
D/ ( 8599): inside mtp_init_mtp_object_params
D/ ( 8599): inside mtp_init_object_info_params
D/ ( 8599): inside initTime2PtpString:156 time array is 22
D/ ( 8599): [initTime2PtpString:162] wYear=2013 wMonth=10 wDay=13 wHour=12 wMinute=8 wSecond=42
D/ ( 8599): initTime2PtpString:171 lpTime != NULL
D/ ( 8599): initTime2PtpString:186 b4 calling mtp_utf8_to_utf16 fn
D/ ( 8599): initTime2PtpString:191 setting NumChars=17 and StringChars[16] to end
D/ ( 8599): inside initTime2PtpString:196
D/ ( 8599): inside mtp_update_property_values_mtp_object
D/ ( 8599): inside mtp_add_object_mtp_store
D/ ( 8599): object info.Object Handle:13
D/ ( 8599): object info.StorageID:65537
D/ ( 8599): filename :.thumbnails
D/ ( 8599): filename :media
D/ ( 8599): inside mtp_init_mtp_object_params
D/ ( 8599): inside mtp_init_object_info_params
D/ ( 8599): inside initTime2PtpString:156 time array is 22
D/ ( 8599): [initTime2PtpString:162] wYear=2013 wMonth=9 wDay=11 wHour=21 wMinute=33 wSecond=41
D/ ( 8599): initTime2PtpString:171 lpTime != NULL
D/ ( 8599): initTime2PtpString:186 b4 calling mtp_utf8_to_utf16 fn
D/ ( 8599): initTime2PtpString:191 setting NumChars=17 and StringChars[16] to end
D/ ( 8599): inside initTime2PtpString:196
D/ ( 8599): inside mtp_update_property_values_mtp_object
D/ ( 8599): inside mtp_add_object_mtp_store
D/ ( 8599): object info.Object Handle:14
D/ ( 8599): object info.StorageID:65537
D/ ( 8599): filename :wdh_update
D/ ( 8599): inside mtp_init_mtp_object_params
D/ ( 8599): inside mtp_init_object_info_params
D/ ( 8599): inside initTime2PtpString:156 time array is 22
D/ ( 8599): [initTime2PtpString:162] wYear=2013 wMonth=9 wDay=12 wHour=15 wMinute=27 wSecond=49
D/ ( 8599): initTime2PtpString:171 lpTime != NULL
D/ ( 8599): initTime2PtpString:186 b4 calling mtp_utf8_to_utf16 fn
D/ ( 8599): initTime2PtpString:191 setting NumChars=17 and StringChars[16] to end
D/ ( 8599): inside initTime2PtpString:196
D/ ( 8599): inside mtp_update_property_values_mtp_object
D/ ( 8599): inside mtp_add_object_mtp_store
D/ ( 8599): object info.Object Handle:15
D/ ( 8599): object info.StorageID:65537
D/ ( 8599): filename :AllsharePlayLog
D/ ( 8599): inside mtp_init_mtp_object_params
D/ ( 8599): inside mtp_init_object_info_params
D/ ( 8599): inside initTime2PtpString:156 time array is 22
D/ ( 8599): [initTime2PtpString:162] wYear=2013 wMonth=9 wDay=13 wHour=3 wMinute=53 wSecond=17
D/ ( 8599): initTime2PtpString:171 lpTime != NULL
D/ ( 8599): initTime2PtpString:186 b4 calling mtp_utf8_to_utf16 fn
D/ ( 8599): initTime2PtpString:191 setting NumChars=17 and StringChars[16] to end
D/ ( 8599): inside initTime2PtpString:196
D/ ( 8599): inside mtp_update_property_values_mtp_object
D/ ( 8599): inside mtp_add_object_mtp_store
D/ ( 8599): object info.Object Handle:16
D/ ( 8599): object info.StorageID:65537
D/ ( 8599): filename :.PolarisViewer4
D/ ( 8599): filename :.clipboard
D/ ( 8599): filename :samsungapps
D/ ( 8599): inside mtp_init_mtp_object_params
D/ ( 8599): inside mtp_init_object_info_params
D/ ( 8599): inside initTime2PtpString:156 time array is 22
D/ ( 8599): [initTime2PtpString:162] wYear=2013 wMonth=9 wDay=27 wHour=11 wMinute=37 wSecond=19
D/ ( 8599): initTime2PtpString:171 lpTime != NULL
D/ ( 8599): initTime2PtpString:186 b4 calling mtp_utf8_to_utf16 fn
D/ ( 8599): initTime2PtpString:191 setting NumChars=17 and StringChars[16] to end
D/ ( 8599): inside initTime2PtpString:196
D/ ( 8599): inside mtp_update_property_values_mtp_object
D/ ( 8599): inside mtp_add_object_mtp_store
D/ ( 8599): object info.Object Handle:17
D/ ( 8599): object info.StorageID:65537
D/ ( 8599): filename :Chord
D/ ( 8599): inside mtp_init_mtp_object_params
D/ ( 8599): inside mtp_init_object_info_params
D/ ( 8599): inside initTime2PtpString:156 time array is 22
D/ ( 8599): [initTime2PtpString:162] wYear=2013 wMonth=9 wDay=27 wHour=11 wMinute=38 wSecond=26
D/ ( 8599): initTime2PtpString:171 lpTime != NULL
D/ ( 8599): initTime2PtpString:186 b4 calling mtp_utf8_to_utf16 fn
D/ ( 8599): initTime2PtpString:191 setting NumChars=17 and StringChars[16] to end
D/ ( 8599): inside initTime2PtpString:196
D/ ( 8599): inside mtp_update_property_values_mtp_object
D/ ( 8599): inside mtp_add_object_mtp_store
D/ ( 8599): object info.Object Handle:18
D/ ( 8599): object info.StorageID:65537
D/ ( 8599): filename :Nearby
D/ ( 8599): inside mtp_init_mtp_object_params
D/ ( 8599): inside mtp_init_object_info_params
D/ ( 8599): inside initTime2PtpString:156 time array is 22
D/ ( 8599): [initTime2PtpString:162] wYear=2013 wMonth=9 wDay=27 wHour=11 wMinute=38 wSecond=51
D/ ( 8599): initTime2PtpString:171 lpTime != NULL
D/ ( 8599): initTime2PtpString:186 b4 calling mtp_utf8_to_utf16 fn
D/ ( 8599): initTime2PtpString:191 setting NumChars=17 and StringChars[16] to end
D/ ( 8599): inside initTime2PtpString:196
D/ ( 8599): inside mtp_update_property_values_mtp_object
D/ ( 8599): inside mtp_add_object_mtp_store
D/ ( 8599): object info.Object Handle:19
D/ ( 8599): object info.StorageID:65537
D/ ( 8599): filename :INDI
D/ ( 8599): inside mtp_init_mtp_object_params
D/ ( 8599): inside mtp_init_object_info_params
D/ ( 8599): inside initTime2PtpString:156 time array is 22
D/ ( 8599): [initTime2PtpString:162] wYear=2013 wMonth=9 wDay=27 wHour=11 wMinute=39 wSecond=24
D/ ( 8599): initTime2PtpString:171 lpTime != NULL
D/ ( 8599): initTime2PtpString:186 b4 calling mtp_utf8_to_utf16 fn
D/ ( 8599): initTime2PtpString:191 setting NumChars=17 and StringChars[16] to end
D/ ( 8599): inside initTime2PtpString:196
D/ ( 8599): inside mtp_update_property_values_mtp_object
D/ ( 8599): inside mtp_add_object_mtp_store
D/ ( 8599): object info.Object Handle:20
D/ ( 8599): object info.StorageID:65537
D/ ( 8599): filename :ShareViaWiFi
D/ ( 8599): inside mtp_init_mtp_object_params
D/ ( 8599): inside mtp_init_object_info_params
D/ ( 8599): inside initTime2PtpString:156 time array is 22
D/ ( 8599): [initTime2PtpString:162] wYear=2013 wMonth=11 wDay=7 wHour=15 wMinute=8 wSecond=8
D/ ( 8599): initTime2PtpString:171 lpTime != NULL
D/ ( 8599): initTime2PtpString:186 b4 calling mtp_utf8_to_utf16 fn
D/ ( 8599): initTime2PtpString:191 setting NumChars=17 and StringChars[16] to end
D/ ( 8599): inside initTime2PtpString:196
D/ ( 8599): inside mtp_update_property_values_mtp_object
D/ ( 8599): inside mtp_add_object_mtp_store
D/ ( 8599): object info.Object Handle:21
D/ ( 8599): object info.StorageID:65537
W/ResourceType( 4452): Failure getting entry for 0x7f090155 (t=8 e=341) in package 0 (error -75)
W/Resources( 4452): Converting to string: TypedValue{t=0x1/d=0x7f090155 a=-1 r=0x7f090155}
D/ ( 8599): filename :ShareShot
D/ ( 8599): inside mtp_init_mtp_object_params
D/ ( 8599): inside mtp_init_object_info_params
D/ ( 8599): inside initTime2PtpString:156 time array is 22
D/ ( 8599): [initTime2PtpString:162] wYear=2013 wMonth=9 wDay=27 wHour=11 wMinute=39 wSecond=25
D/ ( 8599): initTime2PtpString:171 lpTime != NULL
D/ ( 8599): initTime2PtpString:186 b4 calling mtp_utf8_to_utf16 fn
D/ ( 8599): initTime2PtpString:191 setting NumChars=17 and StringChars[16] to end
D/ ( 8599): inside initTime2PtpString:196
D/ ( 8599): inside mtp_update_property_values_mtp_object
D/ ( 8599): inside mtp_add_object_mtp_store
D/ ( 8599): object info.Object Handle:22
D/ ( 8599): object info.StorageID:65537
D/ ( 8599): filename :iconRecv
D/ ( 8599): inside mtp_init_mtp_object_params
D/ ( 8599): inside mtp_init_object_info_params
D/ ( 8599): inside initTime2PtpString:156 time array is 22
D/ ( 8599): [initTime2PtpString:162] wYear=2013 wMonth=12 wDay=11 wHour=8 wMinute=53 wSecond=21
D/ ( 8599): initTime2PtpString:171 lpTime != NULL
D/ ( 8599): initTime2PtpString:186 b4 calling mtp_utf8_to_utf16 fn
D/ ( 8599): initTime2PtpString:191 setting NumChars=17 and StringChars[16] to end
D/ ( 8599): inside initTime2PtpString:196
D/ ( 8599): inside mtp_update_property_values_mtp_object
D/ ( 8599): inside mtp_add_object_mtp_store
D/ ( 8599): object info.Object Handle:23
D/ ( 8599): object info.StorageID:65537
D/ ( 8599): filename :KingsoftOffice
D/ ( 8599): inside mtp_init_mtp_object_params
D/ ( 8599): inside mtp_init_object_info_params
D/ ( 8599): inside initTime2PtpString:156 time array is 22
D/ ( 8599): [initTime2PtpString:162] wYear=2013 wMonth=10 wDay=25 wHour=10 wMinute=3 wSecond=52
D/ ( 8599): initTime2PtpString:171 lpTime != NULL
D/ ( 8599): initTime2PtpString:186 b4 calling mtp_utf8_to_utf16 fn
D/ ( 8599): initTime2PtpString:191 setting NumChars=17 and StringChars[16] to end
D/ ( 8599): inside initTime2PtpString:196
D/ ( 8599): inside mtp_update_property_values_mtp_object
D/ ( 8599): inside mtp_add_object_mtp_store
D/ ( 8599): object info.Object Handle:24
D/ ( 8599): object info.StorageID:65537
D/ ( 8599): filename :documents
D/ ( 8599): inside mtp_init_mtp_object_params
D/ ( 8599): inside mtp_init_object_info_params
D/ ( 8599): inside initTime2PtpString:156 time array is 22
D/ ( 8599): [initTime2PtpString:162] wYear=2013 wMonth=10 wDay=17 wHour=9 wMinute=6 wSecond=39
D/ ( 8599): initTime2PtpString:171 lpTime != NULL
D/ ( 8599): initTime2PtpString:186 b4 calling mtp_utf8_to_utf16 fn
D/ ( 8599): initTime2PtpString:191 setting NumChars=17 and StringChars[16] to end
D/ ( 8599): inside initTime2PtpString:196
D/ ( 8599): inside mtp_update_property_values_mtp_object
D/ ( 8599): inside mtp_add_object_mtp_store
D/ ( 8599): object info.Object Handle:25
D/ ( 8599): object info.StorageID:65537
D/ ( 8599): filename :beam
D/ ( 8599): inside mtp_init_mtp_object_params
D/ ( 8599): inside mtp_init_object_info_params
D/ ( 8599): inside initTime2PtpString:156 time array is 22
D/ ( 8599): [initTime2PtpString:162] wYear=2013 wMonth=10 wDay=17 wHour=9 wMinute=6 wSecond=42
D/ ( 8599): initTime2PtpString:171 lpTime != NULL
D/ ( 8599): initTime2PtpString:186 b4 calling mtp_utf8_to_utf16 fn
D/ ( 8599): initTime2PtpString:191 setting NumChars=17 and StringChars[16] to end
D/ ( 8599): inside initTime2PtpString:196
D/ ( 8599): inside mtp_update_property_values_mtp_object
D/ ( 8599): inside mtp_add_object_mtp_store
D/ ( 8599): object info.Object Handle:26
D/ ( 8599): object info.StorageID:65537
D/ ( 8599): filename :.mmsyscache
D/ ( 8599): filename :.torque
D/ ( 8599): filename :torqueLogs
D/ ( 8599): inside mtp_init_mtp_object_params
D/ ( 8599): inside mtp_init_object_info_params
D/ ( 8599): inside initTime2PtpString:156 time array is 22
D/ ( 8599): [initTime2PtpString:162] wYear=2013 wMonth=10 wDay=28 wHour=19 wMinute=10 wSecond=8
D/ ( 8599): initTime2PtpString:171 lpTime != NULL
D/ ( 8599): initTime2PtpString:186 b4 calling mtp_utf8_to_utf16 fn
D/ ( 8599): initTime2PtpString:191 setting NumChars=17 and StringChars[16] to end
D/ ( 8599): inside initTime2PtpString:196
D/ ( 8599): inside mtp_update_property_values_mtp_object
D/ ( 8599): inside mtp_add_object_mtp_store
D/ ( 8599): object info.Object Handle:27
D/ ( 8599): object info.StorageID:65537
D/ ( 8599): filename :external_sd
D/ ( 8599): mtp_enumerate_objects_mtp_store:szFilePathname = [/],szFilename=[external_sd]
D/ ( 8599): filename :adhub
D/ ( 8599): inside mtp_init_mtp_object_params
W/ActivityManager( 2374): Permission denied: checkComponentPermission() owningUid=10062
W/ActivityManager( 2374): Permission denied: checkComponentPermission() owningUid=10062
D/ ( 8599): inside mtp_init_object_info_params
D/ ( 8599): inside initTime2PtpString:156 time array is 22
D/ ( 8599): [initTime2PtpString:162] wYear=2013 wMonth=12 wDay=4 wHour=13 wMinute=48 wSecond=22
D/ ( 8599): initTime2PtpString:171 lpTime != NULL
D/ ( 8599): initTime2PtpString:186 b4 calling mtp_utf8_to_utf16 fn
D/ ( 8599): initTime2PtpString:191 setting NumChars=17 and StringChars[16] to end
D/ ( 8599): inside initTime2PtpString:196
D/ ( 8599): inside mtp_update_property_values_mtp_object
D/ ( 8599): inside mtp_add_object_mtp_store
D/ ( 8599): object info.Object Handle:28
D/ ( 8599): object info.StorageID:65537
D/ ( 8599): filename :.rhmsoft
D/ ( 8599): filename :ApplifierVideoCache
D/ ( 8599): inside mtp_init_mtp_object_params
D/ ( 8599): inside mtp_init_object_info_params
D/ ( 8599): inside initTime2PtpString:156 time array is 22
D/ ( 8599): [initTime2PtpString:162] wYear=2013 wMonth=12 wDay=18 wHour=15 wMinute=12 wSecond=35
D/ ( 8599): initTime2PtpString:171 lpTime != NULL
D/ ( 8599): initTime2PtpString:186 b4 calling mtp_utf8_to_utf16 fn
D/ ( 8599): initTime2PtpString:191 setting NumChars=17 and StringChars[16] to end
D/ ( 8599): inside initTime2PtpString:196
D/ ( 8599): inside mtp_update_property_values_mtp_object
D/ ( 8599): inside mtp_add_object_mtp_store
D/ ( 8599): object info.Object Handle:29
D/ ( 8599): object info.StorageID:65537
D/ ( 8599): filename :S Memo
