V/TilannehuoneService$DownloaderTask(26295): insertCoordinates(), used coordinates from static map for location "Järvenpää": lat=60.473944, long=25.0904083
V/TilannehuoneContentProvider(26295): update()
V/TilannehuoneContentProvider(26295): update(), 1 rows updated
V/TilannehuoneService$DownloaderTask(26295): doInBackground(), row with GUID 52c05c87bc3bd8f306c1d28ddec043cc updated: true
V/TilannehuoneService$DownloaderTask(26295): insertCoordinates(), used coordinates from static map for location "Pornainen": lat=60.4758436, long=25.3749759
V/TilannehuoneContentProvider(26295): update()
V/TilannehuoneContentProvider(26295): update(), 1 rows updated
V/TilannehuoneService$DownloaderTask(26295): doInBackground(), row with GUID 8ce817429c2a1bc608985d8204a01628 updated: true
V/TilannehuoneService$DownloaderTask(26295): insertCoordinates(), used coordinates from static map for location "Tohmajärvi": lat=62.2251709, long=30.3353905
V/TilannehuoneContentProvider(26295): update()
V/TilannehuoneContentProvider(26295): update(), 1 rows updated
V/TilannehuoneService$DownloaderTask(26295): doInBackground(), row with GUID 0292b1d7a9fedeff6a2230374fbedd94 updated: true
V/TilannehuoneService$DownloaderTask(26295): insertCoordinates(), used coordinates from static map for location "Somero": lat=60.6285429, long=23.5145252
V/TilannehuoneContentProvider(26295): update()
V/TilannehuoneContentProvider(26295): update(), 1 rows updated
V/TilannehuoneService$DownloaderTask(26295): doInBackground(), row with GUID 7166f88bf0f38ace7d061457b5380afc updated: true
V/TilannehuoneService$DownloaderTask(26295): insertCoordinates(), used coordinates from static map for location "Sastamala": lat=61.3444047, long=22.9151332
V/TilannehuoneContentProvider(26295): update()
V/TilannehuoneContentProvider(26295): update(), 1 rows updated
V/TilannehuoneService$DownloaderTask(26295): doInBackground(), row with GUID a3fc3734fedf7056be5a21241d75eb14 updated: true
W/TilannehuoneService$DownloaderTask(26295): java.io.IOException: Service not Available
W/TilannehuoneService$DownloaderTask(26295): at android.location.Geocoder.getFromLocationName(Geocoder.java:251)
W/TilannehuoneService$DownloaderTask(26295): at com.npesoft.tilannehuone.DataUpdater$DownloaderTask.insertCoordinates(DataUpdater.java:224)
W/TilannehuoneService$DownloaderTask(26295): at com.npesoft.tilannehuone.DataUpdater$DownloaderTask.doInBackground(DataUpdater.java:144)
W/TilannehuoneService$DownloaderTask(26295): at com.npesoft.tilannehuone.DataUpdater$DownloaderTask.doInBackground(DataUpdater.java:1)
W/TilannehuoneService$DownloaderTask(26295): at android.os.AsyncTask$2.call(AsyncTask.java:287)
W/TilannehuoneService$DownloaderTask(26295): at java.util.concurrent.FutureTask$Sync.innerRun(FutureTask.java:305)
W/TilannehuoneService$DownloaderTask(26295): at java.util.concurrent.FutureTask.run(FutureTask.java:137)
W/TilannehuoneService$DownloaderTask(26295): at java.util.concurrent.ThreadPoolExecutor.runWorker(ThreadPoolExecutor.java:1076)
W/TilannehuoneService$DownloaderTask(26295): at java.util.concurrent.ThreadPoolExecutor$Worker.run(ThreadPoolExecutor.java:569)
W/TilannehuoneService$DownloaderTask(26295): at java.lang.Thread.run(Thread.java:856)
V/TilannehuoneContentProvider(26295): update()
V/TilannehuoneContentProvider(26295): update(), 1 rows updated
V/TilannehuoneService$DownloaderTask(26295): doInBackground(), row with GUID 0665734f02429b24f89a3c14b30edb90 updated: true
V/TilannehuoneService$DownloaderTask(26295): insertCoordinates(), used coordinates from static map for location "Helsinki": lat=60.169845, long=24.9385508
V/TilannehuoneContentProvider(26295): update()
V/TilannehuoneContentProvider(26295): update(), 1 rows updated
V/TilannehuoneService$DownloaderTask(26295): doInBackground(), row with GUID f49a51786ba7a09fa76e4d44fcd24e09 updated: true
V/TilannehuoneService$DownloaderTask(26295): insertCoordinates(), used coordinates from static map for location "Seinäjoki": lat=62.7952984, long=22.8332766
V/TilannehuoneContentProvider(26295): update()
V/TilannehuoneContentProvider(26295): update(), 1 rows updated
V/TilannehuoneService$DownloaderTask(26295): doInBackground(), row with GUID ce175f85ef1bf4f8d65e5c8fd5c0f578 updated: true
V/TilannehuoneService$DownloaderTask(26295): insertCoordinates(), used coordinates from static map for location "Seinäjoki": lat=62.7952984, long=22.8332766
V/TilannehuoneContentProvider(26295): update()
V/TilannehuoneContentProvider(26295): update(), 1 rows updated
V/TilannehuoneService$DownloaderTask(26295): doInBackground(), row with GUID f232f3141fe6ce8c07c3a4160e137e78 updated: true
V/TilannehuoneService$DownloaderTask(26295): insertCoordinates(), used coordinates from static map for location "Oulu": lat=65.0126148, long=25.4714526
V/TilannehuoneContentProvider(26295): update()
V/TilannehuoneContentProvider(26295): update(), 1 rows updated
V/TilannehuoneService$DownloaderTask(26295): doInBackground(), row with GUID e454bf9ece96ccdcacef988bb312b7c6 updated: true
V/TilannehuoneService$DownloaderTask(26295): insertCoordinates(), used coordinates from static map for location "Turku": lat=60.4493248, long=22.259231
V/TilannehuoneContentProvider(26295): update()
V/TilannehuoneContentProvider(26295): update(), 1 rows updated
V/TilannehuoneService$DownloaderTask(26295): doInBackground(), row with GUID 56b5d1031283d888c5dfc93a6cdc0a51 updated: true
V/TilannehuoneService$DownloaderTask(26295): insertCoordinates(), used coordinates from static map for location "Lohja": lat=60.251171, long=24.0674996
V/TilannehuoneContentProvider(26295): update()
V/TilannehuoneContentProvider(26295): update(), 1 rows updated
V/TilannehuoneService$DownloaderTask(26295): doInBackground(), row with GUID 04221d6c9e6a9b1934049334cd2c9f29 updated: true
V/TilannehuoneService$DownloaderTask(26295): insertCoordinates(), coordinates provided for location (Hämeenlinna: lat=61.118112568731, long=24.834371280669
V/TilannehuoneService$DownloaderTask(26295): insertCoordinates(), used coordinates from static map for location "Hämeenlinna": lat=60.993641, long=24.4672831
V/TilannehuoneContentProvider(26295): update()
V/TilannehuoneContentProvider(26295): update(), 1 rows updated
V/TilannehuoneService$DownloaderTask(26295): doInBackground(), row with GUID cf84f8e8911f27dc6b7ae498943bca56 updated: true
V/TilannehuoneService$DownloaderTask(26295): insertCoordinates(), used coordinates from static map for location "Hausjärvi": lat=60.7864735, long=25.0270946
V/TilannehuoneContentProvider(26295): update()
V/TilannehuoneContentProvider(26295): update(), 1 rows updated
V/TilannehuoneService$DownloaderTask(26295): doInBackground(), row with GUID 8120eee3beda9035d79e3403edeb790b updated: true
V/TilannehuoneService$DownloaderTask(26295): insertCoordinates(), used coordinates from static map for location "Suomussalmi": lat=64.9035265, long=29.0046805
V/TilannehuoneContentProvider(26295): update()
V/TilannehuoneContentProvider(26295): update(), 1 rows updated
V/TilannehuoneService$DownloaderTask(26295): doInBackground(), row with GUID 600f743cafc844a1f539f0e3f42dcfb5 updated: true
V/TilannehuoneService$DownloaderTask(26295): insertCoordinates(), used coordinates from static map for location "Sipoo": lat=60.3768165, long=25.2683187
V/TilannehuoneContentProvider(26295): update()
V/TilannehuoneContentProvider(26295): update(), 1 rows updated
V/TilannehuoneService$DownloaderTask(26295): doInBackground(), row with GUID b5551cd4b041edc7a2c8717e66ccb1b4 updated: true
V/TilannehuoneService$DownloaderTask(26295): insertCoordinates(), used coordinates from static map for location "Helsinki": lat=60.169845, long=24.9385508
V/TilannehuoneContentProvider(26295): update()
V/TilannehuoneContentProvider(26295): update(), 1 rows updated
V/TilannehuoneService$DownloaderTask(26295): doInBackground(), row with GUID f90db464bf3db1a0698abc23ca88a412 updated: true
V/TilannehuoneService$DownloaderTask(26295): insertCoordinates(), used coordinates from static map for location "Hämeenlinna": lat=60.993641, long=24.4672831
V/TilannehuoneContentProvider(26295): update()
V/TilannehuoneContentProvider(26295): update(), 1 rows updated
V/TilannehuoneService$DownloaderTask(26295): doInBackground(), row with GUID f1752253c926e74f3925eb3e6878a186 updated: true
V/TilannehuoneService$DownloaderTask(26295): insertCoordinates(), coordinates provided for location (Tampere: lat=61.454670912276, long=23.767982254027
V/TilannehuoneService$DownloaderTask(26295): insertCoordinates(), used coordinates from static map for location "Tampere": lat=61.4981508, long=23.7610254
V/TilannehuoneContentProvider(26295): update()
V/TilannehuoneContentProvider(26295): update(), 1 rows updated
V/TilannehuoneService$DownloaderTask(26295): doInBackground(), row with GUID f61b5139fa8bfdb6767ac317cf5d253f updated: true
V/TilannehuoneService$DownloaderTask(26295): insertCoordinates(), coordinates provided for location (Kalajoki: lat=64.299195929716, long=24.202900123595
V/TilannehuoneService$DownloaderTask(26295): insertCoordinates(), used coordinates from static map for location "Kalajoki": lat=64.2578332, long=23.9475943
V/TilannehuoneContentProvider(26295): update()
V/TilannehuoneContentProvider(26295): update(), 1 rows updated
V/TilannehuoneService$DownloaderTask(26295): doInBackground(), row with GUID f702606acc95a8fd1f0a0b014e3f1710 updated: true
V/TilannehuoneService$DownloaderTask(26295): insertCoordinates(), used coordinates from static map for location "Vaasa": lat=63.0951412, long=21.6165128
V/TilannehuoneContentProvider(26295): update()
V/TilannehuoneContentProvider(26295): update(), 1 rows updated
V/TilannehuoneService$DownloaderTask(26295): doInBackground(), row with GUID 19c01e41021dee1205ff2d77f07efb16 updated: true
V/TilannehuoneService$DownloaderTask(26295): insertCoordinates(), used coordinates from static map for location "Vaasa": lat=63.0951412, long=21.6165128
D/dalvikvm(26295): GC_CONCURRENT freed 543K, 31% free 14072K/20103K, paused 12ms+4ms, total 36ms
V/TilannehuoneContentProvider(26295): update()
V/TilannehuoneContentProvider(26295): update(), 1 rows updated
V/TilannehuoneService$DownloaderTask(26295): doInBackground(), row with GUID a779702bcf6633939d708b52305e0e19 updated: true
V/TilannehuoneService$DownloaderTask(26295): insertCoordinates(), coordinates provided for location (Jämsä: lat=61.822407325354, long=25.185921875027
V/TilannehuoneService$DownloaderTask(26295): insertCoordinates(), used coordinates from static map for location "Jämsä": lat=61.8638263, long=25.1896173
V/TilannehuoneContentProvider(26295): update()
V/TilannehuoneContentProvider(26295): update(), 1 rows updated
V/TilannehuoneService$DownloaderTask(26295): doInBackground(), row with GUID ae5a820e34135593b10d3afa0d70fa91 updated: true
V/TilannehuoneService$DownloaderTask(26295): insertCoordinates(), used coordinates from static map for location "Lahti": lat=60.9836925, long=25.6503169
V/TilannehuoneContentProvider(26295): update()
V/TilannehuoneContentProvider(26295): update(), 1 rows updated
V/TilannehuoneService$DownloaderTask(26295): doInBackground(), row with GUID 061d080a9ad71590880cd837ec591ca6 updated: true
V/TilannehuoneService$DownloaderTask(26295): insertCoordinates(), used coordinates from static map for location "Tampere": lat=61.4981508, long=23.7610254
V/TilannehuoneContentProvider(26295): update()
V/TilannehuoneContentProvider(26295): update(), 1 rows updated
V/TilannehuoneService$DownloaderTask(26295): doInBackground(), row with GUID f034ea2253f7209336131e08b80cb94c updated: true
V/TilannehuoneService$DownloaderTask(26295): insertCoordinates(), used coordinates from static map for location "Tampere": lat=61.4981508, long=23.7610254
V/TilannehuoneContentProvider(26295): update()
V/TilannehuoneContentProvider(26295): update(), 1 rows updated
V/TilannehuoneService$DownloaderTask(26295): doInBackground(), row with GUID de986c239ace75d0c915c79553186f76 updated: true
V/TilannehuoneService$DownloaderTask(26295): insertCoordinates(), used coordinates from static map for location "Iisalmi": lat=63.557773, long=27.1917194
V/TilannehuoneContentProvider(26295): update()
V/TilannehuoneContentProvider(26295): update(), 1 rows updated
V/TilannehuoneService$DownloaderTask(26295): doInBackground(), row with GUID 5e6162595217624ca189b0c4cfd84cf1 updated: true
V/TilannehuoneService$DownloaderTask(26295): insertCoordinates(), used coordinates from static map for location "Lahti": lat=60.9836925, long=25.6503169
V/TilannehuoneContentProvider(26295): update()
V/TilannehuoneContentProvider(26295): update(), 1 rows updated
V/TilannehuoneService$DownloaderTask(26295): doInBackground(), row with GUID c6f568e1cf46a4b11bbef48cc7f8a0ed updated: true
V/TilannehuoneService$DownloaderTask(26295): insertCoordinates(), used coordinates from static map for location "Pomarkku": lat=61.6934738, long=22.008515
V/TilannehuoneContentProvider(26295): update()
V/TilannehuoneContentProvider(26295): update(), 1 rows updated
V/TilannehuoneService$DownloaderTask(26295): doInBackground(), row with GUID f45b01a2006a8a7ca89afc02f53a0b9c updated: true
V/TilannehuoneService$DownloaderTask(26295): insertCoordinates(), used coordinates from static map for location "Oulu": lat=65.0126148, long=25.4714526
V/TilannehuoneContentProvider(26295): update()
V/TilannehuoneContentProvider(26295): update(), 1 rows updated
V/TilannehuoneService$DownloaderTask(26295): doInBackground(), row with GUID 4ce9ce0397a0fdb96ddad2781bb90c91 updated: true
V/TilannehuoneService$DownloaderTask(26295): insertCoordinates(), used coordinates from static map for location "Virrat": lat=62.2409048, long=23.7701706
V/TilannehuoneContentProvider(26295): update()
V/TilannehuoneContentProvider(26295): update(), 1 rows updated
V/TilannehuoneService$DownloaderTask(26295): doInBackground(), row with GUID 6f42becca1ac9d7435e0a2c8a057a308 updated: true
V/TilannehuoneService$DownloaderTask(26295): insertCoordinates(), used coordinates from static map for location "Espoo": lat=60.2054911, long=24.6559001
V/TilannehuoneContentProvider(26295): update()
V/TilannehuoneContentProvider(26295): update(), 1 rows updated
V/TilannehuoneService$DownloaderTask(26295): doInBackground(), row with GUID 800823e792cd5b5ffbbef797b1054e64 updated: true
V/TilannehuoneService$DownloaderTask(26295): insertCoordinates(), used coordinates from static map for location "Helsinki": lat=60.169845, long=24.9385508
V/TilannehuoneContentProvider(26295): update()
V/TilannehuoneContentProvider(26295): update(), 1 rows updated
V/TilannehuoneService$DownloaderTask(26295): doInBackground(), row with GUID 1eb0663409fa0dd5be0f3c0b9e6dfe61 updated: true
V/TilannehuoneService$DownloaderTask(26295): insertCoordinates(), coordinates provided for location (Rovaniemi: lat=66.542518024000, long=25.817931365966
V/TilannehuoneService$DownloaderTask(26295): insertCoordinates(), used coordinates from static map for location "Rovaniemi": lat=66.4970216, long=25.724999
V/TilannehuoneContentProvider(26295): update()
V/TilannehuoneContentProvider(26295): update(), 1 rows updated
V/TilannehuoneService$DownloaderTask(26295): doInBackground(), row with GUID dd59d5799e60ec3f65d45d1ec2d9a47a updated: true
V/TilannehuoneService$DownloaderTask(26295): insertCoordinates(), used coordinates from static map for location "Kuopio": lat=62.8933347, long=27.6793385
V/TilannehuoneContentProvider(26295): update()
V/TilannehuoneContentProvider(26295): update(), 1 rows updated
V/TilannehuoneService$DownloaderTask(26295): doInBackground(), row with GUID 945cec80420c9c73178daabd22431f16 updated: true
V/TilannehuoneService$DownloaderTask(26295): insertCoordinates(), used coordinates from static map for location "Hollola": lat=60.9887015, long=25.5163229
V/TilannehuoneContentProvider(26295): update()
V/TilannehuoneContentProvider(26295): update(), 1 rows updated
V/TilannehuoneService$DownloaderTask(26295): doInBackground(), row with GUID ad2ac5f4e91a8083b7e6037e9a8eae0c updated: true
V/TilannehuoneService$DownloaderTask(26295): insertCoordinates(), used coordinates from static map for location "Utajärvi": lat=64.7623927, long=26.4205628
V/TilannehuoneContentProvider(26295): update()
V/TilannehuoneContentProvider(26295): update(), 1 rows updated
V/TilannehuoneService$DownloaderTask(26295): doInBackground(), row with GUID efa27d49147ec469473c53245ac3e164 updated: true
V/TilannehuoneService$DownloaderTask(26295): insertCoordinates(), used coordinates from static map for location "Mustasaari": lat=63.1141149, long=21.6822203
V/TilannehuoneContentProvider(26295): update()
V/TilannehuoneContentProvider(26295): update(), 1 rows updated
V/TilannehuoneService$DownloaderTask(26295): doInBackground(), row with GUID 76f779c5a64f351e6147d7fcbc5ba9be updated: true
W/TilannehuoneService$DownloaderTask(26295): java.io.IOException: Service not Available
W/TilannehuoneService$DownloaderTask(26295): at android.location.Geocoder.getFromLocationName(Geocoder.java:251)
W/TilannehuoneService$DownloaderTask(26295): at com.npesoft.tilannehuone.DataUpdater$DownloaderTask.insertCoordinates(DataUpdater.java:224)
W/TilannehuoneService$DownloaderTask(26295): at com.npesoft.tilannehuone.DataUpdater$DownloaderTask.doInBackground(DataUpdater.java:144)
W/TilannehuoneService$DownloaderTask(26295): at com.npesoft.tilannehuone.DataUpdater$DownloaderTask.doInBackground(DataUpdater.java:1)
W/TilannehuoneService$DownloaderTask(26295): at android.os.AsyncTask$2.call(AsyncTask.java:287)
W/TilannehuoneService$DownloaderTask(26295): at java.util.concurrent.FutureTask$Sync.innerRun(FutureTask.java:305)
W/TilannehuoneService$DownloaderTask(26295): at java.util.concurrent.FutureTask.run(FutureTask.java:137)
W/TilannehuoneService$DownloaderTask(26295): at java.util.concurrent.ThreadPoolExecutor.runWorker(ThreadPoolExecutor.java:1076)
W/TilannehuoneService$DownloaderTask(26295): at java.util.concurrent.ThreadPoolExecutor$Worker.run(ThreadPoolExecutor.java:569)
W/TilannehuoneService$DownloaderTask(26295): at java.lang.Thread.run(Thread.java:856)
V/TilannehuoneContentProvider(26295): update()
V/TilannehuoneContentProvider(26295): update(), 1 rows updated
V/TilannehuoneService$DownloaderTask(26295): doInBackground(), row with GUID 038ce03421919c104a3206a3eb2cd06b updated: true
V/TilannehuoneService$DownloaderTask(26295): insertCoordinates(), used coordinates from static map for location "Espoo": lat=60.2054911, long=24.6559001
V/TilannehuoneContentProvider(26295): update()
V/TilannehuoneContentProvider(26295): update(), 1 rows updated
V/TilannehuoneService$DownloaderTask(26295): doInBackground(), row with GUID 869fd39c866a569c73fc68725688ca2f updated: true
V/TilannehuoneService$DownloaderTask(26295): insertCoordinates(), used coordinates from static map for location "Vihti": lat=60.4165735, long=24.3256379
V/TilannehuoneContentProvider(26295): update()
V/TilannehuoneContentProvider(26295): update(), 1 rows updated
V/TilannehuoneService$DownloaderTask(26295): doInBackground(), row with GUID 6c74dd7cffbfddb0926aa615e7b0c245 updated: true
V/TilannehuoneService$DownloaderTask(26295): insertCoordinates(), used coordinates from static map for location "Espoo": lat=60.2054911, long=24.6559001
V/TilannehuoneContentProvider(26295): update()
V/TilannehuoneContentProvider(26295): update(), 1 rows updated
V/TilannehuoneService$DownloaderTask(26295): doInBackground(), row with GUID c6a55f75640b683aa55ed04df252393f updated: true
V/TilannehuoneService$DownloaderTask(26295): insertCoordinates(), used coordinates from static map for location "Kruunupyy": lat=63.7279966, long=23.0337462
V/TilannehuoneContentProvider(26295): update()
V/TilannehuoneContentProvider(26295): update(), 1 rows updated
V/TilannehuoneService$DownloaderTask(26295): doInBackground(), row with GUID 812591498671b62c073c0397f57f2fa9 updated: true
V/TilannehuoneService$DownloaderTask(26295): insertCoordinates(), used coordinates from static map for location "Turku": lat=60.4493248, long=22.259231
V/TilannehuoneContentProvider(26295): update()
V/TilannehuoneContentProvider(26295): update(), 1 rows updated
V/TilannehuoneService$DownloaderTask(26295): doInBackground(), row with GUID a7ac9a2eb5a01314f511133efc649fa1 updated: true
V/TilannehuoneService$DownloaderTask(26295): insertCoordinates(), used coordinates from static map for location "Hollola": lat=60.9887015, long=25.5163229
V/TilannehuoneContentProvider(26295): update()
V/TilannehuoneContentProvider(26295): update(), 1 rows updated
V/TilannehuoneService$DownloaderTask(26295): doInBackground(), row with GUID 17469313672456799d67316a51367cac updated: true
V/TilannehuoneService$DownloaderTask(26295): insertCoordinates(), used coordinates from static map for location "Hamina": lat=60.5692028, long=27.1938458
V/TilannehuoneContentProvider(26295): update()
V/TilannehuoneContentProvider(26295): update(), 1 rows updated
V/TilannehuoneService$DownloaderTask(26295): doInBackground(), row with GUID 3a3a451e8e050c46e5207802505a91f2 updated: true
V/TilannehuoneService$DownloaderTask(26295): insertCoordinates(), used coordinates from static map for location "Helsinki": lat=60.169845, long=24.9385508
V/TilannehuoneContentProvider(26295): update()
V/TilannehuoneContentProvider(26295): update(), 1 rows updated
V/TilannehuoneService$DownloaderTask(26295): doInBackground(), row with GUID 3ae486c5f10495c3c14a41304e15e5ac updated: true
V/TilannehuoneService$DownloaderTask(26295): insertCoordinates(), used coordinates from static map for location "Rovaniemi": lat=66.4970216, long=25.724999
V/TilannehuoneContentProvider(26295): update()
V/TilannehuoneContentProvider(26295): update(), 1 rows updated
V/TilannehuoneService$DownloaderTask(26295): doInBackground(), row with GUID 89c26923937e82b6585cd825e025a18e updated: true
V/TilannehuoneService$DownloaderTask(26295): insertCoordinates(), used coordinates from static map for location "Loviisa": lat=60.4570666, long=26.2246714
V/TilannehuoneContentProvider(26295): update()
V/TilannehuoneContentProvider(26295): update(), 1 rows updated
V/TilannehuoneService$DownloaderTask(26295): doInBackground(), row with GUID f7a7d0492756ab02c80c0f31d53354be updated: true
V/TilannehuoneService$DownloaderTask(26295): insertCoordinates(), used coordinates from static map for location "Lohja": lat=60.251171, long=24.0674996
V/TilannehuoneContentProvider(26295): update()
V/TilannehuoneContentProvider(26295): update(), 1 rows updated
V/TilannehuoneService$DownloaderTask(26295): doInBackground(), row with GUID dde9e7392405f6f47bebf2ef27d9fff8 updated: true
V/TilannehuoneService$DownloaderTask(26295): insertCoordinates(), used coordinates from static map for location "Utsjoki": lat=69.9090465, long=27.0285297
V/TilannehuoneContentProvider(26295): update()
V/TilannehuoneContentProvider(26295): update(), 1 rows updated
V/TilannehuoneService$DownloaderTask(26295): doInBackground(), row with GUID b4aac0903d7660c3dbda19a0c1de90cd updated: true
V/TilannehuoneService$DownloaderTask(26295): insertCoordinates(), used coordinates from static map for location "Juankoski": lat=63.0660831, long=28.3308111
V/TilannehuoneContentProvider(26295): update()
V/TilannehuoneContentProvider(26295): update(), 1 rows updated
V/TilannehuoneService$DownloaderTask(26295): doInBackground(), row with GUID d9f229b1ddaa113fe6a3188f70481208 updated: true
V/TilannehuoneService$DownloaderTask(26295): insertCoordinates(), used coordinates from static map for location "Espoo": lat=60.2054911, long=24.6559001
V/TilannehuoneContentProvider(26295): update()
V/TilannehuoneContentProvider(26295): update(), 1 rows updated
V/TilannehuoneService$DownloaderTask(26295): doInBackground(), row with GUID 752cb1f6f2b4f2d33050791625411176 updated: true
V/TilannehuoneService$DownloaderTask(26295): insertCoordinates(), used coordinates from static map for location "Espoo": lat=60.2054911, long=24.6559001
V/TilannehuoneContentProvider(26295): update()
V/TilannehuoneContentProvider(26295): update(), 1 rows updated
V/TilannehuoneService$DownloaderTask(26295): doInBackground(), row with GUID 8e366160bef0f51af45b68e14f6f4980 updated: true
V/TilannehuoneService$DownloaderTask(26295): insertCoordinates(), used coordinates from static map for location "Uusikaupunki": lat=60.8002023, long=21.4225421
V/TilannehuoneContentProvider(26295): update()
V/TilannehuoneContentProvider(26295): update(), 1 rows updated
V/TilannehuoneService$DownloaderTask(26295): doInBackground(), row with GUID 2110f5ee72b94b0c72b4b2a60e75a516 updated: true
V/TilannehuoneService$DownloaderTask(26295): insertCoordinates(), used coordinates from static map for location "Pudasjärvi": lat=65.3618533, long=26.985855
V/TilannehuoneContentProvider(26295): update()
V/TilannehuoneContentProvider(26295): update(), 1 rows updated
V/TilannehuoneService$DownloaderTask(26295): doInBackground(), row with GUID 9520672c626e77ff91f16230bf192e72 updated: true
V/TilannehuoneService$DownloaderTask(26295): insertCoordinates(), used coordinates from static map for location "Järvenpää": lat=60.473944, long=25.0904083
V/TilannehuoneContentProvider(26295): update()
V/TilannehuoneContentProvider(26295): update(), 1 rows updated
V/TilannehuoneService$DownloaderTask(26295): doInBackground(), row with GUID a3dd0be9fac94592f997b28bdd309c51 updated: true
V/TilannehuoneService$DownloaderTask(26295): insertCoordinates(), coordinates provided for location (Helsinki: lat=60.1790938, long=24.960668899999
V/TilannehuoneService$DownloaderTask(26295): insertCoordinates(), used coordinates from static map for location "Helsinki": lat=60.169845, long=24.9385508
V/TilannehuoneContentProvider(26295): update()
V/TilannehuoneContentProvider(26295): update(), 1 rows updated
V/TilannehuoneService$DownloaderTask(26295): doInBackground(), row with GUID dfdfa5593254e4fc10b58145b2e22820 updated: true
V/TilannehuoneService$DownloaderTask(26295): insertCoordinates(), used coordinates from static map for location "Kemi": lat=65.7362771, long=24.5643979
V/TilannehuoneContentProvider(26295): update()
V/TilannehuoneContentProvider(26295): update(), 1 rows updated
V/TilannehuoneService$DownloaderTask(26295): doInBackground(), row with GUID e409ed1b8d8aa67ef05c8f272660c25d updated: true
V/TilannehuoneService$DownloaderTask(26295): insertCoordinates(), used coordinates from static map for location "Hartola": lat=61.5798138, long=26.0201798
V/TilannehuoneContentProvider(26295): update()
V/TilannehuoneContentProvider(26295): update(), 1 rows updated
V/TilannehuoneService$DownloaderTask(26295): doInBackground(), row with GUID 2bb28a0c15b5d40d7abc6df829fb9dde updated: true
W/TilannehuoneService$DownloaderTask(26295): java.io.IOException: Service not Available
W/TilannehuoneService$DownloaderTask(26295): at android.location.Geocoder.getFromLocationName(Geocoder.java:251)
W/TilannehuoneService$DownloaderTask(26295): at com.npesoft.tilannehuone.DataUpdater$DownloaderTask.insertCoordinates(DataUpdater.java:224)
W/TilannehuoneService$DownloaderTask(26295): at com.npesoft.tilannehuone.DataUpdater$DownloaderTask.doInBackground(DataUpdater.java:144)
W/TilannehuoneService$DownloaderTask(26295): at com.npesoft.tilannehuone.DataUpdater$DownloaderTask.doInBackground(DataUpdater.java:1)
W/TilannehuoneService$DownloaderTask(26295): at android.os.AsyncTask$2.call(AsyncTask.java:287)
W/TilannehuoneService$DownloaderTask(26295): at java.util.concurrent.FutureTask$Sync.innerRun(FutureTask.java:305)
W/TilannehuoneService$DownloaderTask(26295): at java.util.concurrent.FutureTask.run(FutureTask.java:137)
W/TilannehuoneService$DownloaderTask(26295): at java.util.concurrent.ThreadPoolExecutor.runWorker(ThreadPoolExecutor.java:1076)
W/TilannehuoneService$DownloaderTask(26295): at java.util.concurrent.ThreadPoolExecutor$Worker.run(ThreadPoolExecutor.java:569)
W/TilannehuoneService$DownloaderTask(26295): at java.lang.Thread.run(Thread.java:856)
V/TilannehuoneContentProvider(26295): update()
V/TilannehuoneContentProvider(26295): update(), 1 rows updated
V/TilannehuoneService$DownloaderTask(26295): doInBackground(), row with GUID f01f060209b7fe224dfcfbdbc1bcb376 updated: true
V/TilannehuoneService$DownloaderTask(26295): insertCoordinates(), used coordinates from static map for location "Pori": lat=61.4851997, long=21.7974444
V/TilannehuoneContentProvider(26295): update()
V/TilannehuoneContentProvider(26295): update(), 1 rows updated
V/TilannehuoneService$DownloaderTask(26295): doInBackground(), row with GUID 977b8924ae42927aa80fe59c80b6d9e4 updated: true
V/TilannehuoneService$DownloaderTask(26295): insertCoordinates(), coordinates provided for location (Jyväskylä: lat=62.255145592053, long=25.764526844024
V/TilannehuoneService$DownloaderTask(26295): insertCoordinates(), used coordinates from static map for location "Jyväskylä": lat=62.244747, long=25.7472184
V/TilannehuoneContentProvider(26295): update()
V/TilannehuoneContentProvider(26295): update(), 1 rows updated
V/TilannehuoneService$DownloaderTask(26295): doInBackground(), row with GUID 8011205af2fdd47304f3431d69c3f2c7 updated: true
V/TilannehuoneService$DownloaderTask(26295): insertCoordinates(), used coordinates from static map for location "Oulu": lat=65.0126148, long=25.4714526
V/TilannehuoneContentProvider(26295): update()
V/TilannehuoneContentProvider(26295): update(), 1 rows updated
V/TilannehuoneService$DownloaderTask(26295): doInBackground(), row with GUID 7635348a734ab25faf871945e8748ab8 updated: true
V/TilannehuoneService$DownloaderTask(26295): insertCoordinates(), used coordinates from static map for location "Turku": lat=60.4493248, long=22.259231
V/TilannehuoneContentProvider(26295): update()
V/TilannehuoneContentProvider(26295): update(), 1 rows updated
V/TilannehuoneService$DownloaderTask(26295): doInBackground(), row with GUID bab79a59e9c04ad600a7f8d79c17b970 updated: true
V/TilannehuoneService$DownloaderTask(26295): insertCoordinates(), used coordinates from static map for location "Kuopio": lat=62.8933347, long=27.6793385
V/TilannehuoneContentProvider(26295): update()
V/TilannehuoneContentProvider(26295): update(), 1 rows updated
V/TilannehuoneService$DownloaderTask(26295): doInBackground(), row with GUID a6e2812b560a2f81ace1db4321e8feae updated: true
V/TilannehuoneService$DownloaderTask(26295): insertCoordinates(), coordinates provided for location (Lempäälä: lat=61.375759843771, long=23.790758123396
V/TilannehuoneService$DownloaderTask(26295): insertCoordinates(), used coordinates from static map for location "Lempäälä": lat=61.3141111, long=23.7524484
V/TilannehuoneContentProvider(26295): update()
V/TilannehuoneContentProvider(26295): update(), 1 rows updated
V/TilannehuoneService$DownloaderTask(26295): doInBackground(), row with GUID f494dcc844119085f8bf671add46b5b9 updated: true
V/TilannehuoneService$DownloaderTask(26295): insertCoordinates(), used coordinates from static map for location "Jyväskylä": lat=62.244747, long=25.7472184
V/TilannehuoneContentProvider(26295): update()
V/TilannehuoneContentProvider(26295): update(), 1 rows updated
V/TilannehuoneService$DownloaderTask(26295): doInBackground(), row with GUID f5b475061e88d5902168e017dad8656f updated: true
V/TilannehuoneService$DownloaderTask(26295): insertCoordinates(), used coordinates from static map for location "Siilinjärvi": lat=63.0736826, long=27.661883
V/TilannehuoneContentProvider(26295): update()
V/TilannehuoneContentProvider(26295): update(), 1 rows updated
V/TilannehuoneService$DownloaderTask(26295): doInBackground(), row with GUID 102beab43c9055a1c55f4f7fd4ce6106 updated: true
W/TilannehuoneService$DownloaderTask(26295): java.io.IOException: Service not Available
W/TilannehuoneService$DownloaderTask(26295): at android.location.Geocoder.getFromLocationName(Geocoder.java:251)
W/TilannehuoneService$DownloaderTask(26295): at com.npesoft.tilannehuone.DataUpdater$DownloaderTask.insertCoordinates(DataUpdater.java:224)
W/TilannehuoneService$DownloaderTask(26295): at com.npesoft.tilannehuone.DataUpdater$DownloaderTask.doInBackground(DataUpdater.java:144)
W/TilannehuoneService$DownloaderTask(26295): at com.npesoft.tilannehuone.DataUpdater$DownloaderTask.doInBackground(DataUpdater.java:1)
W/TilannehuoneService$DownloaderTask(26295): at android.os.AsyncTask$2.call(AsyncTask.java:287)
W/TilannehuoneService$DownloaderTask(26295): at java.util.concurrent.FutureTask$Sync.innerRun(FutureTask.java:305)
W/TilannehuoneService$DownloaderTask(26295): at java.util.concurrent.FutureTask.run(FutureTask.java:137)
W/TilannehuoneService$DownloaderTask(26295): at java.util.concurrent.ThreadPoolExecutor.runWorker(ThreadPoolExecutor.java:1076)
W/TilannehuoneService$DownloaderTask(26295): at java.util.concurrent.ThreadPoolExecutor$Worker.run(ThreadPoolExecutor.java:569)
W/TilannehuoneService$DownloaderTask(26295): at java.lang.Thread.run(Thread.java:856)
V/TilannehuoneContentProvider(26295): update()
V/TilannehuoneContentProvider(26295): update(), 1 rows updated
V/TilannehuoneService$DownloaderTask(26295): doInBackground(), row with GUID 34522c770fc1960945f5da4170181edb updated: true
V/TilannehuoneService$DownloaderTask(26295): insertCoordinates(), used coordinates from static map for location "Helsinki": lat=60.169845, long=24.9385508
V/TilannehuoneContentProvider(26295): update()
V/TilannehuoneContentProvider(26295): update(), 1 rows updated
V/TilannehuoneService$DownloaderTask(26295): doInBackground(), row with GUID f86f94d0336353852be248a5f927f02b updated: true
V/TilannehuoneService$DownloaderTask(26295): insertCoordinates(), used coordinates from static map for location "Turku": lat=60.4493248, long=22.259231
V/TilannehuoneContentProvider(26295): update()
V/TilannehuoneContentProvider(26295): update(), 1 rows updated
V/TilannehuoneService$DownloaderTask(26295): doInBackground(), row with GUID e808d09b095117d41bac981cae9d9398 updated: true
V/TilannehuoneService$DownloaderTask(26295): insertCoordinates(), used coordinates from static map for location "Pietarsaari": lat=63.6742439, long=22.712569
V/TilannehuoneContentProvider(26295): update()
V/TilannehuoneContentProvider(26295): update(), 1 rows updated
V/TilannehuoneService$DownloaderTask(26295): doInBackground(), row with GUID 0e42c168d902c90908ce078e41b01e4f updated: true
V/TilannehuoneService$DownloaderTask(26295): insertCoordinates(), used coordinates from static map for location "Lappeenranta": lat=61.0549412, long=28.1896259
V/TilannehuoneContentProvider(26295): update()
V/TilannehuoneContentProvider(26295): update(), 1 rows updated
V/TilannehuoneService$DownloaderTask(26295): doInBackground(), row with GUID e423e2cc1193220a57e22ff3d179bf58 updated: true
V/TilannehuoneService$DownloaderTask(26295): insertCoordinates(), used coordinates from static map for location "Finström": lat=60.2657749, long=19.9316405
V/TilannehuoneContentProvider(26295): update()
V/TilannehuoneContentProvider(26295): update(), 1 rows updated
V/TilannehuoneService$DownloaderTask(26295): doInBackground(), row with GUID 946423cbd535873a024a6beb82802a8a updated: true
V/TilannehuoneService$DownloaderTask(26295): insertCoordinates(), used coordinates from static map for location "Oulu": lat=65.0126148, long=25.4714526
V/TilannehuoneContentProvider(26295): update()
V/TilannehuoneContentProvider(26295): update(), 1 rows updated
V/TilannehuoneService$DownloaderTask(26295): doInBackground(), row with GUID 10a052281ba6c75c3f4549a65dbd56e2 updated: true
W/TilannehuoneService$DownloaderTask(26295): java.io.IOException: Service not Available
W/TilannehuoneService$DownloaderTask(26295): at android.location.Geocoder.getFromLocationName(Geocoder.java:251)
W/TilannehuoneService$DownloaderTask(26295): at com.npesoft.tilannehuone.DataUpdater$DownloaderTask.insertCoordinates(DataUpdater.java:224)
W/TilannehuoneService$DownloaderTask(26295): at com.npesoft.tilannehuone.DataUpdater$DownloaderTask.doInBackground(DataUpdater.java:144)
W/TilannehuoneService$DownloaderTask(26295): at com.npesoft.tilannehuone.DataUpdater$DownloaderTask.doInBackground(DataUpdater.java:1)
W/TilannehuoneService$DownloaderTask(26295): at android.os.AsyncTask$2.call(AsyncTask.java:287)
W/TilannehuoneService$DownloaderTask(26295): at java.util.concurrent.FutureTask$Sync.innerRun(FutureTask.java:305)
W/TilannehuoneService$DownloaderTask(26295): at java.util.concurrent.FutureTask.run(FutureTask.java:137)
W/TilannehuoneService$DownloaderTask(26295): at java.util.concurrent.ThreadPoolExecutor.runWorker(ThreadPoolExecutor.java:1076)
W/TilannehuoneService$DownloaderTask(26295): at java.util.concurrent.ThreadPoolExecutor$Worker.run(ThreadPoolExecutor.java:569)
W/TilannehuoneService$DownloaderTask(26295): at java.lang.Thread.run(Thread.java:856)
V/TilannehuoneContentProvider(26295): update()
V/TilannehuoneContentProvider(26295): update(), 1 rows updated
V/TilannehuoneService$DownloaderTask(26295): doInBackground(), row with GUID 38339e7f25b218680332ed86a01143e4 updated: true
V/TilannehuoneService$DownloaderTask(26295): insertCoordinates(), used coordinates from static map for location "Oulu": lat=65.0126148, long=25.4714526
V/TilannehuoneContentProvider(26295): update()
V/TilannehuoneContentProvider(26295): update(), 1 rows updated
V/TilannehuoneService$DownloaderTask(26295): doInBackground(), row with GUID 185046f5921cd2fe6cfd2f1e1cd5eb8e updated: true
V/TilannehuoneService$DownloaderTask(26295): insertCoordinates(), used coordinates from static map for location "Oulu": lat=65.0126148, long=25.4714526
V/TilannehuoneContentProvider(26295): update()
V/TilannehuoneContentProvider(26295): update(), 1 rows updated
V/TilannehuoneService$DownloaderTask(26295): doInBackground(), row with GUID 05d8fd65b50d859ce329d23d7a6bbab2 updated: true
V/TilannehuoneService$DownloaderTask(26295): insertCoordinates(), used coordinates from static map for location "Rovaniemi": lat=66.4970216, long=25.724999
V/TilannehuoneContentProvider(26295): update()
V/TilannehuoneContentProvider(26295): update(), 1 rows updated
V/TilannehuoneService$DownloaderTask(26295): doInBackground(), row with GUID da08ca0392e2ad7819a5d12009b1e0bd updated: true
V/TilannehuoneService$DownloaderTask(26295): insertCoordinates(), used coordinates from static map for location "Pudasjärvi": lat=65.3618533, long=26.985855
V/TilannehuoneContentProvider(26295): update()
V/TilannehuoneContentProvider(26295): update(), 1 rows updated
V/TilannehuoneService$DownloaderTask(26295): doInBackground(), row with GUID 75cdd7b9490633c11c7da986a1b43896 updated: true
V/TilannehuoneService$DownloaderTask(26295): insertCoordinates(), used coordinates from static map for location "Kokkola": lat=63.8384908, long=23.1304813
V/TilannehuoneContentProvider(26295): update()
V/TilannehuoneContentProvider(26295): update(), 1 rows updated
V/TilannehuoneService$DownloaderTask(26295): doInBackground(), row with GUID b0d017763116c2567ff851fcbc18fd68 updated: true
V/TilannehuoneService$DownloaderTask(26295): insertCoordinates(), used coordinates from static map for location "Helsinki": lat=60.169845, long=24.9385508
V/TilannehuoneContentProvider(26295): update()
V/TilannehuoneContentProvider(26295): update(), 1 rows updated
V/TilannehuoneService$DownloaderTask(26295): doInBackground(), row with GUID 34531fad5e88faa9960d777471eca2cb updated: true
V/TilannehuoneService$DownloaderTask(26295): insertCoordinates(), used coordinates from static map for location "Järvenpää": lat=60.473944, long=25.0904083
V/TilannehuoneContentProvider(26295): update()
V/TilannehuoneContentProvider(26295): update(), 1 rows updated
V/TilannehuoneService$DownloaderTask(26295): doInBackground(), row with GUID bc744eca824502352e8a24defe7d684b updated: true
V/TilannehuoneService$DownloaderTask(26295): insertCoordinates(), used coordinates from static map for location "Nivala": lat=63.928431, long=24.9642446
V/TilannehuoneContentProvider(26295): update()
V/TilannehuoneContentProvider(26295): update(), 1 rows updated
V/TilannehuoneService$DownloaderTask(26295): doInBackground(), row with GUID ff761dc5cf045ca6e2fef368456cfbb4 updated: true
V/TilannehuoneService$DownloaderTask(26295): insertCoordinates(), used coordinates from static map for location "Tampere": lat=61.4981508, long=23.7610254
V/TilannehuoneContentProvider(26295): update()
V/TilannehuoneContentProvider(26295): update(), 0 rows updated
V/TilannehuoneService$DownloaderTask(26295): doInBackground(), row with GUID 9ed0a1d2d3570e34504dc6e6b759aecb updated: false
V/TilannehuoneContentProvider(26295): insert()
V/TilannehuoneContentProvider(26295): insert(), new row successfully inserted: true
V/TilannehuoneService$DownloaderTask(26295): doInBackground(), row with GUID 9ed0a1d2d3570e34504dc6e6b759aecb inserted: true
V/TilannehuoneService$DownloaderTask(26295): insertCoordinates(), used coordinates from static map for location "Helsinki": lat=60.169845, long=24.9385508
V/TilannehuoneContentProvider(26295): update()
V/TilannehuoneContentProvider(26295): update(), 0 rows updated
V/TilannehuoneService$DownloaderTask(26295): doInBackground(), row with GUID c7416a890623f354218e511ae7b09e90 updated: false
V/TilannehuoneContentProvider(26295): insert()
V/TilannehuoneContentProvider(26295): insert(), notifyChange triggered
V/TilannehuoneContentProvider(26295): insert(), new row successfully inserted: true
V/TilannehuoneService$DownloaderTask(26295): doInBackground(), row with GUID c7416a890623f354218e511ae7b09e90 inserted: true
V/TilannehuoneContentProvider(26295): delete()
V/TilannehuoneContentProvider(26295): delete(), 1 rows deleted
V/Utils (26295): updateWidgets(), updating small widgets:
V/Utils (26295): updateWidgets(), updating large widgets:
V/Utils (26295): updateWidgets(), updating generic widgets:
W/SignalStrength( 2374): getGsmLevel=2
W/SignalStrength( 2374): getLevel=2 (SignalStrength: 6 0 -120 -160 -120 -1 -1 99 2147483647 2147483647 2147483647 2147483647 gsm|lte 0x2)
W/SignalStrength( 2913): getGsmLevel=2
W/SignalStrength( 2913): getLevel=2 (SignalStrength: 6 0 -120 -160 -120 -1 -1 99 2147483647 2147483647 2147483647 2147483647 gsm|lte 0x2)
W/SignalStrength( 2913): getGsmLevel=2
W/SignalStrength( 2913): getLevel=2 (SignalStrength: 6 0 -120 -160 -120 -1 -1 99 2147483647 2147483647 2147483647 2147483647 gsm|lte 0x2)
W/SignalStrength( 2374): getDbm 1
W/SignalStrength( 2374): getGsmDbm=-101
W/SignalStrength( 2374): getDbm=-101
W/SignalStrength( 2374): getAsuLevel 1
W/SignalStrength( 2374): getGsmAsuLevel=6
W/SignalStrength( 2374): getAsuLevel=6
D/dalvikvm( 2374): GC_CONCURRENT freed 1878K, 47% free 31867K/59655K, paused 4ms+10ms, total 97ms
D/AlarmManagerService( 2374): Kernel timezone updated to -120 minutes west of GMT
W/SignalStrength( 2913): getGsmLevel=2
W/SignalStrength( 2913): getLevel=2 (SignalStrength: 6 0 -120 -160 -120 -1 -1 99 2147483647 2147483647 2147483647 2147483647 gsm|lte 0x2)
W/MessageQueue( 4909): Handler (android.telephony.PhoneStateListener$2) {41e04e30} sending message to a Handler on a dead thread
W/MessageQueue( 4909): java.lang.RuntimeException: Handler (android.telephony.PhoneStateListener$2) {41e04e30} sending message to a Handler on a dead thread
W/MessageQueue( 4909): at android.os.MessageQueue.enqueueMessage(MessageQueue.java:294)
W/MessageQueue( 4909): at android.os.Handler.sendMessageAtTime(Handler.java:473)
W/MessageQueue( 4909): at android.os.Handler.sendMessageDelayed(Handler.java:446)
W/MessageQueue( 4909): at android.os.Handler.sendMessage(Handler.java:383)
W/MessageQueue( 4909): at android.os.Message.sendToTarget(Message.java:360)
W/MessageQueue( 4909): at android.telephony.PhoneStateListener$1.onServiceStateChanged(PhoneStateListener.java:327)
W/MessageQueue( 4909): at com.android.internal.telephony.IPhoneStateListener$Stub.onTransact(IPhoneStateListener.java:55)
W/MessageQueue( 4909): at android.os.Binder.execTransact(Binder.java:367)
W/MessageQueue( 4909): at dalvik.system.NativeStart.run(Native Method)
D/PopupuiReceiver( 5399): onReceive() getAction : android.intent.action.NETWORK_SET_TIMEZONE
D/PopupuiReceiver( 5399): NETWORK_SET_TIME prevMCCvalue : 244
D/PopupuiReceiver( 5399): gsm.operator.numeric : 244
D/PopupuiReceiver( 5399): SAME to prevMCCvalue : mccstrcmp
I/WifiService( 2374): Booster FLAG : 1
I/WifiService( 2374): mBoosterFLAG : 1
I/WifiService( 2374): current booster mode : FullMode
D/ContextualPageReceiver( 3156): mContextualPageReceiver: ACTION_SERVICE_STATE_CHANGED isRoaming : false
D/StatusChecker( 3516): onReceive : android.intent.action.SERVICE_STATE
D/StatusChecker( 3516): Service state changed : 0
D/LTE_WIDGET( 3067): TelephonyManager.DATA_CONNECTED:,isConnectedData = true
D/PhoneApp( 3067): mReceiver: ACTION_ANY_DATA_CONNECTION_STATE_CHANGED
D/NotificationMgr( 3067): hideDataDisconnectedRoaming()...
E/MtpService( 3286): In MTPAPP onReceive:android.intent.action.BATTERY_CHANGED
D/videowall-TranscodeService(15584): releaseTransThread.
E/MtpService( 3286): battPlugged Type : 2
D/AlarmManagerService( 2374): Kernel timezone updated to -120 minutes west of GMT
D/PopupuiReceiver( 5399): onReceive() getAction : android.intent.action.NETWORK_SET_TIMEZONE
D/PopupuiReceiver( 5399): NETWORK_SET_TIME prevMCCvalue : 244
D/PopupuiReceiver( 5399): gsm.operator.numeric : 244
D/PopupuiReceiver( 5399): SAME to prevMCCvalue : mccstrcmp
W/MessageQueue( 4909): Handler (android.telephony.PhoneStateListener$2) {41e04e30} sending message to a Handler on a dead thread
W/MessageQueue( 4909): java.lang.RuntimeException: Handler (android.telephony.PhoneStateListener$2) {41e04e30} sending message to a Handler on a dead thread
W/MessageQueue( 4909): at android.os.MessageQueue.enqueueMessage(MessageQueue.java:294)
W/MessageQueue( 4909): at android.os.Handler.sendMessageAtTime(Handler.java:473)
W/MessageQueue( 4909): at android.os.Handler.sendMessageDelayed(Handler.java:446)
W/MessageQueue( 4909): at android.os.Handler.sendMessage(Handler.java:383)
W/MessageQueue( 4909): at android.os.Message.sendToTarget(Message.java:360)
W/MessageQueue( 4909): at android.telephony.PhoneStateListener$1.onServiceStateChanged(PhoneStateListener.java:327)
W/MessageQueue( 4909): at com.android.internal.telephony.IPhoneStateListener$Stub.onTransact(IPhoneStateListener.java:55)
W/MessageQueue( 4909): at android.os.Binder.execTransact(Binder.java:367)
W/MessageQueue( 4909): at dalvik.system.NativeStart.run(Native Method)
D/ContextualPageReceiver( 3156): mContextualPageReceiver: ACTION_SERVICE_STATE_CHANGED isRoaming : false
W/SignalStrength( 2913): getGsmLevel=2
W/SignalStrength( 2913): getLevel=2 (SignalStrength: 6 0 -120 -160 -120 -1 -1 99 2147483647 2147483647 2147483647 2147483647 gsm|lte 0x2)
D/StatusChecker( 3516): onReceive : android.intent.action.SERVICE_STATE
D/StatusChecker( 3516): Service state changed : 0
D/AlarmManagerService( 2374): Kernel timezone updated to -120 minutes west of GMT
W/SignalStrength( 2913): getGsmLevel=2
W/SignalStrength( 2913): getLevel=2 (SignalStrength: 6 0 -120 -160 -120 -1 -1 99 2147483647 2147483647 2147483647 2147483647 gsm|lte 0x2)
D/PopupuiReceiver( 5399): onReceive() getAction : android.intent.action.NETWORK_SET_TIMEZONE
D/PopupuiReceiver( 5399): NETWORK_SET_TIME prevMCCvalue : 244
D/PopupuiReceiver( 5399): gsm.operator.numeric : 244
D/PopupuiReceiver( 5399): SAME to prevMCCvalue : mccstrcmp
W/MessageQueue( 4909): Handler (android.telephony.PhoneStateListener$2) {41e04e30} sending message to a Handler on a dead thread
W/MessageQueue( 4909): java.lang.RuntimeException: Handler (android.telephony.PhoneStateListener$2) {41e04e30} sending message to a Handler on a dead thread
W/MessageQueue( 4909): at android.os.MessageQueue.enqueueMessage(MessageQueue.java:294)
W/MessageQueue( 4909): at android.os.Handler.sendMessageAtTime(Handler.java:473)
W/MessageQueue( 4909): at android.os.Handler.sendMessageDelayed(Handler.java:446)
W/MessageQueue( 4909): at android.os.Handler.sendMessage(Handler.java:383)
W/MessageQueue( 4909): at android.os.Message.sendToTarget(Message.java:360)
W/MessageQueue( 4909): at android.telephony.PhoneStateListener$1.onServiceStateChanged(PhoneStateListener.java:327)
W/MessageQueue( 4909): at com.android.internal.telephony.IPhoneStateListener$Stub.onTransact(IPhoneStateListener.java:55)
W/MessageQueue( 4909): at android.os.Binder.execTransact(Binder.java:367)
W/MessageQueue( 4909): at dalvik.system.NativeStart.run(Native Method)
D/ContextualPageReceiver( 3156): mContextualPageReceiver: ACTION_SERVICE_STATE_CHANGED isRoaming : false
D/StatusChecker( 3516): onReceive : android.intent.action.SERVICE_STATE
D/StatusChecker( 3516): Service state changed : 0
D/FastDormancy( 3067): [FD] ON default: true
D/FastDormancy( 3067): getDormancyFlag() return mDormFlag = true
D/FastDormancy( 3067): Before mDormFlag: true in getCapaDormancy()
D/FastDormancy( 3067): After mDormFlag: true in getCapaDormancy()
W/FastDormancy( 3067): ======= ENTER DORMANCY =======
D/FastDormancy( 3067): ======= FAST DORMANCY Enter =======
E/Watchdog( 2374): !@Sync 1445
W/SignalStrength( 2374): getGsmLevel=2
W/SignalStrength( 2374): getLevel=2 (SignalStrength: 5 0 -120 -160 -120 -1 -1 99 2147483647 2147483647 2147483647 2147483647 gsm|lte 0x2)
W/SignalStrength( 2913): getGsmLevel=2
W/SignalStrength( 2913): getLevel=2 (SignalStrength: 5 0 -120 -160 -120 -1 -1 99 2147483647 2147483647 2147483647 2147483647 gsm|lte 0x2)
W/SignalStrength( 2913): getGsmLevel=2
W/SignalStrength( 2913): getLevel=2 (SignalStrength: 5 0 -120 -160 -120 -1 -1 99 2147483647 2147483647 2147483647 2147483647 gsm|lte 0x2)
W/SignalStrength( 2374): getDbm 1
W/SignalStrength( 2374): getGsmDbm=-103
W/SignalStrength( 2374): getDbm=-103
W/SignalStrength( 2374): getAsuLevel 1
W/SignalStrength( 2374): getGsmAsuLevel=5
W/SignalStrength( 2374): getAsuLevel=5
W/SignalStrength( 2374): getGsmLevel=1
W/SignalStrength( 2374): getLevel=1 (SignalStrength: 5 0 -120 -160 -120 -1 -1 99 2147483647 2147483647 2147483647 2147483647 gsm|lte 0x1)
W/SignalStrength( 2913): getGsmLevel=1
W/SignalStrength( 2913): getLevel=1 (SignalStrength: 5 0 -120 -160 -120 -1 -1 99 2147483647 2147483647 2147483647 2147483647 gsm|lte 0x1)
W/SignalStrength( 2913): getGsmLevel=1
