D/WindowManager( 2374): PhoneWindowManager: focusChangedLw
D/KeyguardViewMediator( 2374): setHidden false --------- beginning of /dev/log/system
D/WindowManager( 2374): mInputFocus is not null.
D/WindowManager( 2374): mInputFocus is not null.
D/WindowManager( 2374): mInputFocus is not null.
D/AbsListView( 3199): Get MotionRecognitionManager
D/MotionRecognitionService( 2374): ssp status : false
D/AbsListView( 3199): Get MotionRecognitionManager
D/WindowManager( 2374): mInputFocus is not null.
D/AbsListView( 3199): Get MotionRecognitionManager
I/SurfaceFlinger( 1959): id=4635(38) createSurf 0x40d5682c (1x1),1 flag=400, TubSettings
I/SurfaceFlinger( 1959): SurfaceFlinger : eMagnificationFactorChanged. magnificationFactor=1.0
I/SurfaceFlinger( 1959): SurfaceFlinger : eZoomPositionChanged. zoomX=0.0 zoomY=0.0
D/WindowManager( 2374): PhoneWindowManager: focusChangedLw
D/KeyguardViewMediator( 2374): setHidden false
D/STATUSBAR-StatusBarManagerService( 2374): setSystemUiVisibility(0x0)
D/STATUSBAR-StatusBarManagerService( 2374): manageDisableList what=0x0 pkg=WindowManager.LayoutParams
W/System.err( 3199): Removed 2131428268
W/System.err( 3199): Removed 2131428281
D/KeyguardViewMediator( 2374): setHidden false
D/KeyguardViewMediator( 2374): setHidden false
I/ClipboardServiceEx( 2374): Send intent for dismiss clipboard dialog inside hideCurrentInputLocked() !
D/KeyguardViewMediator( 2374): setHidden false
W/System.err( 3199): Removed 2131428268
W/System.err( 3199): Removed 2131428281
D/dalvikvm(13053): GC_CONCURRENT freed 409K, 9% free 12160K/13319K, paused 12ms+1ms, total 26ms
D/KeyguardViewMediator( 2374): setHidden false
E/SpannableStringBuilder( 3199): SPAN_EXCLUSIVE_EXCLUSIVE spans cannot have a zero length
E/SpannableStringBuilder( 3199): SPAN_EXCLUSIVE_EXCLUSIVE spans cannot have a zero length
D/PowerManagerService( 2374): mIsLockZone = true mTiltAngle : 49.032043 value : 5
D/KeyguardViewMediator( 2374): setHidden false
D/VoldCmdListener( 1947): asec fspath org.dk.blobby-1
D/MountService( 2374): :::: getSecureContainerFilesystemPath :: id = org.dk.blobby-1, result = /data/app-asec/org.dk.blobby-1.asec
D/VoldCmdListener( 1947): asec fspath org.prowl.torque-2
D/MountService( 2374): :::: getSecureContainerFilesystemPath :: id = org.prowl.torque-2, result = /data/app-asec/org.prowl.torque-2.asec
I/power ( 2374): *** release_dvfs_lock : lockType : 1
D/KeyguardViewMediator( 2374): setHidden false
I/SurfaceFlinger( 1959): id=4634 Removed Tettings idx=2 MapSz=3
D/PowerManagerService( 2374): releaseDVFSLockLocked : all DVFS_MIN_LIMIT are released
W/ActivityManager( 2374): mDVFSLock.release()
I/SurfaceFlinger( 1959): id=4634 Removed Tettings idx=-2 MapSz=3
D/KeyguardViewMediator( 2374): setHidden false
V/WindowOrientationListener( 2374): nearestRotation : 0 Angle: 10 tilt: 48
D/PowerManagerService( 2374): mIsLockZone = false mTiltAngle : 48.21254 value : 1
W/PowerManagerService( 2374): Timer 0x11->0x3|0x0
D/dalvikvm( 2374): GC_CONCURRENT freed 2571K, 47% free 32098K/59655K, paused 9ms+10ms, total 167ms
D/dalvikvm( 2374): WAIT_FOR_CONCURRENT_GC blocked 21ms
D/dalvikvm(13053): GC_CONCURRENT freed 416K, 9% free 12156K/13319K, paused 1ms+2ms, total 16ms
I/InputReader( 2374): Touch event's action is 0x0 (deviceType=0) [pCnt=1, s=0.12962 ]
I/InputDispatcher( 2374): Delivering touch to current input target: action: 0x0
I/InputDispatcher( 2374): Delivering touch to current input target: action: 0x0
I/InputDispatcher( 2374): Delivering touch to current input target: action: 0x0
D/PowerManagerService( 2374): reactivateScreenLocksLocked mProxIgnoredBecauseScreenTurnedOff=false
I/DVFSHelper( 3199): acquire::
I/DVFSHelper( 3199): prepareIntent:: BOOST_TYPE_TOUCH
I/TwDVFSBroadcastReceiver( 3107): onListViewScrollIntent
D/PowerManager( 3107): DVFSLock : acquire : timeout : 15000
I/power ( 2374): *** acquire_dvfs_lock : lockType : 1 freq : 800000
D/PowerManagerService( 2374): acquireDVFSLockLocked : type : DVFS_MIN_LIMIT frequency : 800000 uid : 1000 pid : 3107 tag : TwDVFSBroadcastReceiver
D/dalvikvm( 3199): GC_CONCURRENT freed 1812K, 7% free 36430K/38983K, paused 13ms+10ms, total 76ms
W/PackageManager( 2374): Package named 'blobby.test.first' doesn't exist.
I/InputReader( 2374): Touch event's action is 0x1 (deviceType=0) [pCnt=1, s=]
I/InputDispatcher( 2374): Delivering touch to current input target: action: 0x1
I/InputDispatcher( 2374): Delivering touch to current input target: action: 0x1
I/InputDispatcher( 2374): Delivering touch to current input target: action: 0x1
I/InputReader( 2374): Touch event's action is 0x0 (deviceType=0) [pCnt=1, s=0.12963 ]
I/InputDispatcher( 2374): Delivering touch to current input target: action: 0x0
I/InputDispatcher( 2374): Delivering touch to current input target: action: 0x0
I/InputDispatcher( 2374): Delivering touch to current input target: action: 0x0
D/PowerManagerService( 2374): reactivateScreenLocksLocked mProxIgnoredBecauseScreenTurnedOff=false
I/DVFSHelper( 3199): release::
I/DVFSHelper( 3199): acquire::
I/DVFSHelper( 3199): prepareIntent:: BOOST_TYPE_TOUCH
I/power ( 2374): *** release_dvfs_lock : lockType : 1
D/PowerManagerService( 2374): releaseDVFSLockLocked : all DVFS_MIN_LIMIT are released
I/TwDVFSBroadcastReceiver( 3107): onListViewScrollIntent
D/PowerManager( 3107): DVFSLock : acquire : timeout : 15000
I/power ( 2374): *** acquire_dvfs_lock : lockType : 1 freq : 800000
D/PowerManagerService( 2374): acquireDVFSLockLocked : type : DVFS_MIN_LIMIT frequency : 800000 uid : 1000 pid : 3107 tag : TwDVFSBroadcastReceiver
D/PowerManagerService( 2374): reactivateScreenLocksLocked mProxIgnoredBecauseScreenTurnedOff=false
I/InputReader( 2374): Touch event's action is 0x1 (deviceType=0) [pCnt=1, s=]
I/InputDispatcher( 2374): Delivering touch to current input target: action: 0x1
I/InputDispatcher( 2374): Delivering touch to current input target: action: 0x1
I/InputDispatcher( 2374): Delivering touch to current input target: action: 0x1
D/AlarmManagerService( 2374): Kernel timezone updated to -120 minutes west of GMT
D/PopupuiReceiver( 5399): onReceive() getAction : android.intent.action.NETWORK_SET_TIMEZONE
D/PopupuiReceiver( 5399): NETWORK_SET_TIME prevMCCvalue : 244
D/PopupuiReceiver( 5399): gsm.operator.numeric : 244
W/SignalStrength( 2913): getGsmLevel=1
D/PopupuiReceiver( 5399): SAME to prevMCCvalue : mccstrcmp
W/SignalStrength( 2913): getLevel=1 (SignalStrength: 3 0 -120 -160 -120 -1 -1 99 2147483647 2147483647 2147483647 2147483647 gsm|lte 0x1)
W/MessageQueue( 4909): Handler (android.telephony.PhoneStateListener$2) {41e04e30} sending message to a Handler on a dead thread
W/MessageQueue( 4909): java.lang.RuntimeException: Handler (android.telephony.PhoneStateListener$2) {41e04e30} sending message to a Handler on a dead thread
W/MessageQueue( 4909): at android.os.MessageQueue.enqueueMessage(MessageQueue.java:294)
W/MessageQueue( 4909): at android.os.Handler.sendMessageAtTime(Handler.java:473)
W/MessageQueue( 4909): at android.os.Handler.sendMessageDelayed(Handler.java:446)
W/MessageQueue( 4909): at android.os.Handler.sendMessage(Handler.java:383)
W/MessageQueue( 4909): at android.os.Message.sendToTarget(Message.java:360)
W/MessageQueue( 4909): at android.telephony.PhoneStateListener$1.onServiceStateChanged(PhoneStateListener.java:327)
W/MessageQueue( 4909): at com.android.internal.telephony.IPhoneStateListener$Stub.onTransact(IPhoneStateListener.java:55)
W/MessageQueue( 4909): at android.os.Binder.execTransact(Binder.java:367)
W/MessageQueue( 4909): at dalvik.system.NativeStart.run(Native Method)
D/STATUSBAR-NetworkController( 2913): onServiceStateChanged state=0
D/STATUSBAR-NetworkController( 2913): updateDataNetType()
D/STATUSBAR-NetworkController( 2913): Nothing, mRoamingIconId = 0
D/ContextualPageReceiver( 3156): mContextualPageReceiver: ACTION_SERVICE_STATE_CHANGED isRoaming : false
D/StatusChecker( 3516): onReceive : android.intent.action.SERVICE_STATE
D/StatusChecker( 3516): Service state changed : 0
I/DVFSHelper( 3199): release::
I/power ( 2374): *** release_dvfs_lock : lockType : 1
D/PowerManagerService( 2374): releaseDVFSLockLocked : all DVFS_MIN_LIMIT are released
I/InputReader( 2374): Touch event's action is 0x0 (deviceType=0) [pCnt=1, s=0.12964 ]
I/InputDispatcher( 2374): Delivering touch to current input target: action: 0x0
I/InputDispatcher( 2374): Delivering touch to current input target: action: 0x0
I/InputDispatcher( 2374): Delivering touch to current input target: action: 0x0
D/PowerManagerService( 2374): reactivateScreenLocksLocked mProxIgnoredBecauseScreenTurnedOff=false
I/DVFSHelper( 3199): acquire::
I/DVFSHelper( 3199): prepareIntent:: BOOST_TYPE_TOUCH
I/TwDVFSBroadcastReceiver( 3107): onListViewScrollIntent
D/PowerManager( 3107): DVFSLock : acquire : timeout : 15000
I/power ( 2374): *** acquire_dvfs_lock : lockType : 1 freq : 800000
D/PowerManagerService( 2374): acquireDVFSLockLocked : type : DVFS_MIN_LIMIT frequency : 800000 uid : 1000 pid : 3107 tag : TwDVFSBroadcastReceiver
I/InputReader( 2374): Touch event's action is 0x1 (deviceType=0) [pCnt=1, s=]
I/InputDispatcher( 2374): Delivering touch to current input target: action: 0x1
I/InputDispatcher( 2374): Delivering touch to current input target: action: 0x1
I/InputDispatcher( 2374): Delivering touch to current input target: action: 0x1
D/PowerManagerService( 2374): mIsLockZone = true mTiltAngle : 54.775654 value : 5
W/SignalStrength( 2374): getGsmLevel=1
W/SignalStrength( 2913): getGsmLevel=1
W/SignalStrength( 2913): getLevel=1 (SignalStrength: 2 0 -120 -160 -120 -1 -1 99 2147483647 2147483647 2147483647 2147483647 gsm|lte 0x1)
W/SignalStrength( 2374): getLevel=1 (SignalStrength: 2 0 -120 -160 -120 -1 -1 99 2147483647 2147483647 2147483647 2147483647 gsm|lte 0x1)
W/SignalStrength( 2913): getGsmLevel=1
W/SignalStrength( 2913): getLevel=1 (SignalStrength: 2 0 -120 -160 -120 -1 -1 99 2147483647 2147483647 2147483647 2147483647 gsm|lte 0x1)
W/SignalStrength( 2374): getDbm 1
W/SignalStrength( 2374): getGsmDbm=-109
W/SignalStrength( 2374): getDbm=-109
W/SignalStrength( 2374): getAsuLevel 1
W/SignalStrength( 2374): getGsmAsuLevel=2
W/SignalStrength( 2374): getAsuLevel=2
D/STATUSBAR-NetworkController( 2913): onSignalStrengthsChanged signalStrength=SignalStrength: 2 0 -120 -160 -120 -1 -1 99 2147483647 2147483647 2147483647 2147483647 gsm|lte 0x1 level=1
I/DVFSHelper( 3199): release::
I/power ( 2374): *** release_dvfs_lock : lockType : 1
D/PowerManagerService( 2374): releaseDVFSLockLocked : all DVFS_MIN_LIMIT are released
I/InputReader( 2374): Touch event's action is 0x0 (deviceType=0) [pCnt=1, s=0.12965 ]
I/InputDispatcher( 2374): Delivering touch to current input target: action: 0x0
I/InputDispatcher( 2374): Delivering touch to current input target: action: 0x0
I/InputDispatcher( 2374): Delivering touch to current input target: action: 0x0
D/PowerManagerService( 2374): reactivateScreenLocksLocked mProxIgnoredBecauseScreenTurnedOff=false
I/DVFSHelper( 3199): acquire::
I/DVFSHelper( 3199): prepareIntent:: BOOST_TYPE_TOUCH
W/SignalStrength( 2913): getGsmLevel=0
W/SignalStrength( 2913): getLevel=0 (SignalStrength: 2 0 -120 -160 -120 -1 -1 99 2147483647 2147483647 2147483647 2147483647 gsm|lte 0x0)
W/SignalStrength( 2374): getGsmLevel=0
W/SignalStrength( 2374): getLevel=0 (SignalStrength: 2 0 -120 -160 -120 -1 -1 99 2147483647 2147483647 2147483647 2147483647 gsm|lte 0x0)
W/SignalStrength( 2913): getGsmLevel=0
W/SignalStrength( 2913): getLevel=0 (SignalStrength: 2 0 -120 -160 -120 -1 -1 99 2147483647 2147483647 2147483647 2147483647 gsm|lte 0x0)
I/TwDVFSBroadcastReceiver( 3107): onListViewScrollIntent
D/STATUSBAR-NetworkController( 2913): onSignalStrengthsChanged signalStrength=SignalStrength: 2 0 -120 -160 -120 -1 -1 99 2147483647 2147483647 2147483647 2147483647 gsm|lte 0x0 level=0
D/STATUSBAR-NetworkController( 2913): refreshSignalCluster: data=2 bt=false
D/STATUSBAR-SignalClusterView( 2913): mSeparateMobileGroup=0
D/PowerManager( 3107): DVFSLock : acquire : timeout : 15000
I/power ( 2374): *** acquire_dvfs_lock : lockType : 1 freq : 800000
W/SignalStrength( 2374): getDbm 1
W/SignalStrength( 2374): getGsmDbm=-109
W/SignalStrength( 2374): getDbm=-109
W/SignalStrength( 2374): getAsuLevel 1
W/SignalStrength( 2374): getGsmAsuLevel=2
W/SignalStrength( 2374): getAsuLevel=2
D/PowerManagerService( 2374): acquireDVFSLockLocked : type : DVFS_MIN_LIMIT frequency : 800000 uid : 1000 pid : 3107 tag : TwDVFSBroadcastReceiver
D/STATUSBAR-SignalClusterView( 2913): mSeparateMobileGroup=0
D/STATUSBAR-SignalClusterView( 2913): mSeparateMobileGroup=0
I/InputReader( 2374): Touch event's action is 0x1 (deviceType=0) [pCnt=1, s=]
I/InputDispatcher( 2374): Delivering touch to current input target: action: 0x1
I/InputDispatcher( 2374): Delivering touch to current input target: action: 0x1
I/InputDispatcher( 2374): Delivering touch to current input target: action: 0x1
I/DVFSHelper( 3199): release::
I/power ( 2374): *** release_dvfs_lock : lockType : 1
D/PowerManagerService( 2374): releaseDVFSLockLocked : all DVFS_MIN_LIMIT are released
I/InputReader( 2374): Touch event's action is 0x0 (deviceType=0) [pCnt=1, s=0.12966 ]
I/InputDispatcher( 2374): Delivering touch to current input target: action: 0x0
I/InputDispatcher( 2374): Delivering touch to current input target: action: 0x0
I/InputDispatcher( 2374): Delivering touch to current input target: action: 0x0
D/PowerManagerService( 2374): reactivateScreenLocksLocked mProxIgnoredBecauseScreenTurnedOff=false
I/DVFSHelper( 3199): acquire::
I/DVFSHelper( 3199): prepareIntent:: BOOST_TYPE_TOUCH
I/TwDVFSBroadcastReceiver( 3107): onListViewScrollIntent
D/PowerManager( 3107): DVFSLock : acquire : timeout : 15000
I/power ( 2374): *** acquire_dvfs_lock : lockType : 1 freq : 800000
D/PowerManagerService( 2374): acquireDVFSLockLocked : type : DVFS_MIN_LIMIT frequency : 800000 uid : 1000 pid : 3107 tag : TwDVFSBroadcastReceiver
D/PowerManagerService( 2374): reactivateScreenLocksLocked mProxIgnoredBecauseScreenTurnedOff=false
I/InputReader( 2374): Touch event's action is 0x1 (deviceType=0) [pCnt=1, s=]
I/InputDispatcher( 2374): Delivering touch to current input target: action: 0x1
I/InputDispatcher( 2374): Delivering touch to current input target: action: 0x1
I/InputDispatcher( 2374): Delivering touch to current input target: action: 0x1
I/DVFSHelper( 3199): release::
I/power ( 2374): *** release_dvfs_lock : lockType : 1
D/PowerManagerService( 2374): releaseDVFSLockLocked : all DVFS_MIN_LIMIT are released
W/SignalStrength( 2374): getGsmLevel=0
W/SignalStrength( 2374): getLevel=0 (SignalStrength: 1 0 -120 -160 -120 -1 -1 99 2147483647 2147483647 2147483647 2147483647 gsm|lte 0x0)
W/SignalStrength( 2913): getGsmLevel=0
W/SignalStrength( 2913): getLevel=0 (SignalStrength: 1 0 -120 -160 -120 -1 -1 99 2147483647 2147483647 2147483647 2147483647 gsm|lte 0x0)
W/SignalStrength( 2913): getGsmLevel=0
W/SignalStrength( 2913): getLevel=0 (SignalStrength: 1 0 -120 -160 -120 -1 -1 99 2147483647 2147483647 2147483647 2147483647 gsm|lte 0x0)
W/SignalStrength( 2374): getDbm 1
W/SignalStrength( 2374): getGsmDbm=-111
W/SignalStrength( 2374): getDbm=-111
W/SignalStrength( 2374): getAsuLevel 1
W/SignalStrength( 2374): getGsmAsuLevel=1
W/SignalStrength( 2374): getAsuLevel=1
D/STATUSBAR-NetworkController( 2913): onSignalStrengthsChanged signalStrength=SignalStrength: 1 0 -120 -160 -120 -1 -1 99 2147483647 2147483647 2147483647 2147483647 gsm|lte 0x0 level=0
I/InputReader( 2374): Touch event's action is 0x0 (deviceType=0) [pCnt=1, s=0.12967 ]
I/InputDispatcher( 2374): Delivering touch to current input target: action: 0x0
I/InputDispatcher( 2374): Delivering touch to current input target: action: 0x0
I/InputDispatcher( 2374): Delivering touch to current input target: action: 0x0
D/PowerManagerService( 2374): reactivateScreenLocksLocked mProxIgnoredBecauseScreenTurnedOff=false
I/InputReader( 2374): Touch event's action is 0x1 (deviceType=0) [pCnt=1, s=]
I/InputDispatcher( 2374): Delivering touch to current input target: action: 0x1
I/InputDispatcher( 2374): Delivering touch to current input target: action: 0x1
I/InputDispatcher( 2374): Delivering touch to current input target: action: 0x1
I/power ( 2374): *** acquire_dvfs_lock : lockType : 1 freq : 1000000
D/PowerManagerService( 2374): acquireDVFSLockLocked : type : DVFS_MIN_LIMIT frequency : 1000000 uid : 1000 pid : 2374 tag : ActivityManager
W/ActivityManager( 2374): mDVFSLock.acquire()
D/WindowManager( 2374): PhoneWindowManager: focusChangedLw
D/KeyguardViewMediator( 2374): setHidden false
D/WindowManager( 2374): mInputFocus is not null.
D/WindowManager( 2374): mInputFocus is not null.
D/WindowManager( 2374): mInputFocus is not null.
D/AbsListView( 3199): Get MotionRecognitionManager
D/MotionRecognitionService( 2374): ssp status : false
D/dalvikvm( 2374): GC_CONCURRENT freed 1639K, 46% free 32485K/59655K, paused 4ms+10ms, total 114ms
I/ApplicationPolicy( 2374): getApplicationUninstallationEnabled
D/WindowManager( 2374): mInputFocus is not null.
I/SurfaceFlinger( 1959): id=4636(39) createSurf 0x40d91de4 (1x1),1 flag=400, TubSettings
I/SurfaceFlinger( 1959): SurfaceFlinger : eMagnificationFactorChanged. magnificationFactor=1.0
I/SurfaceFlinger( 1959): SurfaceFlinger : eZoomPositionChanged. zoomX=0.0 zoomY=0.0
D/WindowManager( 2374): PhoneWindowManager: focusChangedLw
D/KeyguardViewMediator( 2374): setHidden false
D/STATUSBAR-StatusBarManagerService( 2374): setSystemUiVisibility(0x0)
D/STATUSBAR-StatusBarManagerService( 2374): manageDisableList what=0x0 pkg=WindowManager.LayoutParams
W/System.err( 3199): Removed 2131428268
W/System.err( 3199): Removed 2131428281
D/KeyguardViewMediator( 2374): setHidden false
D/KeyguardViewMediator( 2374): setHidden false
D/KeyguardViewMediator( 2374): setHidden false
I/ClipboardServiceEx( 2374): Send intent for dismiss clipboard dialog inside hideCurrentInputLocked() !
W/IInputConnectionWrapper( 3199): getSelectedText on inactive InputConnection
W/System.err( 3199): Removed 2131428268
W/System.err( 3199): Removed 2131428281
D/VoldCmdListener( 1947): asec fspath org.dk.blobby-1
D/MountService( 2374): :::: getSecureContainerFilesystemPath :: id = org.dk.blobby-1, result = /data/app-asec/org.dk.blobby-1.asec
D/KeyguardViewMediator( 2374): setHidden false
W/IInputConnectionWrapper( 3199): setComposingText on inactive InputConnection
W/IInputConnectionWrapper( 3199): getExtractedText on inactive InputConnection
D/VoldCmdListener( 1947): asec fspath org.prowl.torque-2
D/MountService( 2374): :::: getSecureContainerFilesystemPath :: id = org.prowl.torque-2, result = /data/app-asec/org.prowl.torque-2.asec
D/KeyguardViewMediator( 2374): setHidden false
I/power ( 2374): *** release_dvfs_lock : lockType : 1
D/KeyguardViewMediator( 2374): setHidden false
I/SurfaceFlinger( 1959): id=4635 Removed TubSettings idx=3 MapSz=3
I/SurfaceFlinger( 1959): id=4635 Removed TubSettings idx=-2 MapSz=3
D/KeyguardViewMediator( 2374): setHidden false
D/PowerManagerService( 2374): releaseDVFSLockLocked : all DVFS_MIN_LIMIT are released
W/ActivityManager( 2374): mDVFSLock.release()
D/dalvikvm(13053): GC_CONCURRENT freed 419K, 9% free 12156K/13319K, paused 13ms+4ms, total 42ms
I/InputReader( 2374): Touch event's action is 0x0 (deviceType=0) [pCnt=1, s=0.12968 ]
I/InputDispatcher( 2374): Delivering touch to current input target: action: 0x0
I/InputDispatcher( 2374): Delivering touch to current input target: action: 0x0
I/InputDispatcher( 2374): Delivering touch to current input target: action: 0x0
D/PowerManagerService( 2374): reactivateScreenLocksLocked mProxIgnoredBecauseScreenTurnedOff=false
I/InputReader( 2374): Touch event's action is 0x1 (deviceType=0) [pCnt=1, s=]
I/InputDispatcher( 2374): Delivering touch to current input target: action: 0x1
I/InputDispatcher( 2374): Delivering touch to current input target: action: 0x1
I/InputDispatcher( 2374): Delivering touch to current input target: action: 0x1
I/power ( 2374): *** acquire_dvfs_lock : lockType : 1 freq : 1000000
D/PowerManagerService( 2374): acquireDVFSLockLocked : type : DVFS_MIN_LIMIT frequency : 1000000 uid : 1000 pid : 2374 tag : ActivityManager
W/ActivityManager( 2374): mDVFSLock.acquire()
D/WindowManager( 2374): PhoneWindowManager: focusChangedLw
D/WindowManager( 2374): mInputFocus is not null.
D/KeyguardViewMediator( 2374): setHidden false
D/WindowManager( 2374): mInputFocus is not null.
D/WindowManager( 2374): mInputFocus is not null.
I/SurfaceFlinger( 1959): id=4637(40) createSurf 0x40e2bb64 (720x1280),1 flag=400, TubSettings
I/SurfaceFlinger( 1959): SurfaceFlinger : eMagnificationFactorChanged. magnificationFactor=1.0
I/SurfaceFlinger( 1959): SurfaceFlinger : eZoomPositionChanged. zoomX=0.0 zoomY=0.0
D/KeyguardViewMediator( 2374): setHidden false
D/WindowManager( 2374): mInputFocus is not null.
D/WindowManager( 2374): mInputFocus is not null.
D/WindowManager( 2374): mInputFocus is not null.
I/SurfaceFlinger( 1959): id=4638(8) createSurf 0x40d54fc4 (1x1),1 flag=0, Vninstaller
W/PackageManager( 2374): Package named 'blobby.test.first' doesn't exist.
I/SurfaceFlinger( 1959): SurfaceFlinger : eMagnificationFactorChanged. magnificationFactor=1.0
I/SurfaceFlinger( 1959): SurfaceFlinger : eZoomPositionChanged. zoomX=0.0 zoomY=0.0
D/WindowManager( 2374): PhoneWindowManager: focusChangedLw
D/KeyguardViewMediator( 2374): setHidden false
D/STATUSBAR-StatusBarManagerService( 2374): setSystemUiVisibility(0x0)
D/STATUSBAR-StatusBarManagerService( 2374): manageDisableList what=0x0 pkg=WindowManager.LayoutParams
D/KeyguardViewMediator( 2374): setHidden false
I/ClipboardServiceEx( 2374): Send intent for dismiss clipboard dialog inside hideCurrentInputLocked() !
D/KeyguardViewMediator( 2374): setHidden false
D/KeyguardViewMediator( 2374): setHidden false
D/KeyguardViewMediator( 2374): setHidden false
D/KeyguardViewMediator( 2374): setHidden false
D/KeyguardViewMediator( 2374): setHidden false
D/KeyguardViewMediator( 2374): setHidden false
I/power ( 2374): *** release_dvfs_lock : lockType : 1
D/KeyguardViewMediator( 2374): setHidden false
I/SurfaceFlinger( 1959): id=4636 Removed TubSettings idx=3 MapSz=4
I/SurfaceFlinger( 1959): id=4636 Removed TubSettings idx=-2 MapSz=4
D/PowerManagerService( 2374): releaseDVFSLockLocked : all DVFS_MIN_LIMIT are released
W/ActivityManager( 2374): mDVFSLock.release()
D/KeyguardViewMediator( 2374): setHidden false
D/KeyguardViewMediator( 2374): setHidden false
D/KeyguardViewMediator( 2374): setHidden false
I/InputReader( 2374): Touch event's action is 0x0 (deviceType=0) [pCnt=1, s=0.12969 ]
I/InputDispatcher( 2374): Delivering touch to current input target: action: 0x0
I/InputDispatcher( 2374): Delivering touch to current input target: action: 0x0
I/InputDispatcher( 2374): Delivering touch to current input target: action: 0x0
D/PowerManagerService( 2374): reactivateScreenLocksLocked mProxIgnoredBecauseScreenTurnedOff=false
I/InputReader( 2374): Touch event's action is 0x1 (deviceType=0) [pCnt=1, s=]
I/InputDispatcher( 2374): Delivering touch to current input target: action: 0x1
I/InputDispatcher( 2374): Delivering touch to current input target: action: 0x1
I/InputDispatcher( 2374): Delivering touch to current input target: action: 0x1
I/power ( 2374): *** acquire_dvfs_lock : lockType : 1 freq : 1000000
D/PowerManagerService( 2374): acquireDVFSLockLocked : type : DVFS_MIN_LIMIT frequency : 1000000 uid : 1000 pid : 2374 tag : ActivityManager
W/ActivityManager( 2374): mDVFSLock.acquire()
D/dalvikvm( 2374): GC_FOR_ALLOC freed 2260K, 47% free 32091K/59655K, paused 96ms, total 96ms
D/WindowManager( 2374): PhoneWindowManager: focusChangedLw
D/WindowManager( 2374): mInputFocus is not null.
D/KeyguardViewMediator( 2374): setHidden false
D/WindowManager( 2374): mInputFocus is not null.
D/WindowManager( 2374): mInputFocus is not null.
D/KeyguardViewMediator( 2374): setHidden false
D/WindowManager( 2374): mInputFocus is not null.
D/WindowManager( 2374): mInputFocus is not null.
I/ApplicationPolicy( 2374): getApplicationUninstallationEnabled
I/PackageManager( 2374): Removing non-system package:blobby.test.second
I/ActivityManager( 2374): Killing proc 31322:blobby.test.second/u0a152: force stop
D/WindowManager( 2374): mInputFocus is not null.
D/PowerManagerService( 2374): mIsLockZone = false mTiltAngle : 42.853645 value : 1
D/KeyguardViewMediator( 2374): setHidden false
D/KeyguardViewMediator( 2374): setHidden false
D/WindowManager( 2374): mInputFocus is not null.
D/WindowManager( 2374): mInputFocus is not null.
D/KeyguardViewMediator( 2374): setHidden false
D/WindowManager( 2374): mInputFocus is not null.
D/WindowManager( 2374): mInputFocus is not null.
I/SurfaceFlinger( 1959): id=4639(9) createSurf 0x40d91c9c (1x1),1 flag=400, VninstallAp
I/SurfaceFlinger( 1959): SurfaceFlinger : eMagnificationFactorChanged. magnificationFactor=1.0
I/SurfaceFlinger( 1959): SurfaceFlinger : eZoomPositionChanged. zoomX=0.0 zoomY=0.0
D/WindowManager( 2374): PhoneWindowManager: focusChangedLw
D/KeyguardViewMediator( 2374): setHidden false
D/STATUSBAR-StatusBarManagerService( 2374): setSystemUiVisibility(0x0)
D/STATUSBAR-StatusBarManagerService( 2374): manageDisableList what=0x0 pkg=WindowManager.LayoutParams
D/KeyguardViewMediator( 2374): setHidden false
I/SurfaceFlinger( 1959): id=4629 Removed TurfaceView idx=-2 MapSz=5
W/InputDispatcher( 2374): channel ~ Consumer closed input channel or an error occurred. events=0x9
E/InputDispatcher( 2374): channel ~ Channel is unrecoverably broken and will be disposed!
W/InputDispatcher( 2374): Attempted to unregister already unregistered input channel
D/KeyguardViewMediator( 2374): setHidden false
D/KeyguardViewMediator( 2374): setHidden false
D/dalvikvm( 2913): WAIT_FOR_CONCURRENT_GC blocked 0ms
D/dalvikvm( 3199): WAIT_FOR_CONCURRENT_GC blocked 0ms
D/dalvikvm( 2913): GC_EXPLICIT freed 5850K, 36% free 23072K/35783K, paused 5ms+6ms, total 60ms
I/FlashBarService( 2991): mPkgManagerReceiver : onReceive
I/InputReader( 2374): Reconfiguring input devices. changes=0x00000010
I/InputReader( 2374): Device reconfigured: id=6, name='sec_touchscreen', surface size is now 720x1280, mode is 1
I/RegisteredComponentCache( 3123): ComponentInfo: ResolveInfo{41e28378 com.android.apps.tag.TagViewer p=0 o=0 m=0x108000}, techs: android.nfc.tech.Ndef,
D/CapabilityManagerService(16780): Receiver Broadcast:android.intent.action.PACKAGE_REMOVED
D/CapabilityManagerService(16780): The package(blobby.test.second) removed
D/KeyguardViewMediator( 2374): setHidden false
D/KeyguardViewMediator( 2374): setHidden false
D/dalvikvm( 3199): GC_EXPLICIT freed 604K, 7% free 36547K/38983K, paused 6ms+8ms, total 104ms
I/BackGroundService( 4083): BackGroundService:패키지 삭제 BR 수신 처리 오류
W/System.err( 4083): android.database.sqlite.SQLiteConstraintException: column packagename is not unique (code 19)
W/System.err( 4083): at android.database.sqlite.SQLiteConnection.nativeExecuteForChangedRowCount(Native Method)
W/System.err( 4083): at android.database.sqlite.SQLiteConnection.executeForChangedRowCount(SQLiteConnection.java:857)
W/System.err( 4083): at android.database.sqlite.SQLiteSession.executeForChangedRowCount(SQLiteSession.java:754)
W/System.err( 4083): at android.database.sqlite.SQLiteStatement.executeUpdateDelete(SQLiteStatement.java:64)
W/System.err( 4083): at android.database.sqlite.SQLiteDatabase.executeSql(SQLiteDatabase.java:1665)
W/System.err( 4083): at android.database.sqlite.SQLiteDatabase.execSQL(SQLiteDatabase.java:1594)
W/System.err( 4083): at com.tgrape.android.radar.service.BackGroundService.handleReceiveDeletePackage(BackGroundService.java:707)
W/System.err( 4083): at com.tgrape.android.radar.service.BackGroundService.access$5(BackGroundService.java:690)
W/System.err( 4083): at com.tgrape.android.radar.service.BackGroundService$3.onReceive(BackGroundService.java:137)
W/System.err( 4083): at android.app.LoadedApk$ReceiverDispatcher$Args.run(LoadedApk.java:755)
W/System.err( 4083): at android.os.Handler.handleCallback(Handler.java:615)
W/System.err( 4083): at android.os.Handler.dispatchMessage(Handler.java:92)
W/System.err( 4083): at android.os.Looper.loop(Looper.java:137)
W/System.err( 4083): at android.app.ActivityThread.main(ActivityThread.java:4898)
W/System.err( 4083): at java.lang.reflect.Method.invokeNative(Native Method)
W/System.err( 4083): at java.lang.reflect.Method.invoke(Method.java:511)
W/System.err( 4083): at com.android.internal.os.ZygoteInit$MethodAndArgsCaller.run(ZygoteInit.java:1006)
W/System.err( 4083): at com.android.internal.os.ZygoteInit.main(ZygoteInit.java:773)
W/System.err( 4083): at dalvik.system.NativeStart.main(Native Method)
I/ContextualPageManager( 3156): awareHotseatItemsReload from CA
W/PluginManager( 3199): Can't find plugin: blobby.test.second
W/PluginManager( 6306): Can't find plugin: blobby.test.second
W/GeofencerStateMachine(15807): Ignoring removeGeofence because network location is disabled.
D/KeyguardViewMediator( 2374): setHidden false
W/ResourceType( 3766): Failure getting entry for 0x7f02031c (t=1 e=796) in package 0 (error -75)
D/dalvikvm( 2374): WAIT_FOR_CONCURRENT_GC blocked 0ms
I/ClipboardServiceEx( 2374): Send intent for dismiss clipboard dialog inside hideCurrentInputLocked() !
D/dalvikvm( 3123): GC_CONCURRENT freed 611K, 11% free 12532K/13959K, paused 12ms+2ms, total 29ms
D/KeyguardViewMediator( 2374): setHidden false
I/SurfaceFlinger( 1959): id=4638 Removed Vninstaller idx=3 MapSz=4
I/SurfaceFlinger( 1959): id=4638 Removed Vninstaller idx=-2 MapSz=4
D/KeyguardViewMediator( 2374): setHidden false
D/KeyguardViewMediator( 2374): setHidden false
I/PCWCLIENTTRACE_SPPReceiver(16824): [onReceive] - android.intent.action.PACKAGE_REMOVED
D/PowerManagerService( 2374): mIsLockZone = true mTiltAngle : 55.076042 value : 7
D/dalvikvm(16676): WAIT_FOR_CONCURRENT_GC blocked 0ms
D/PackageManager( 2374): generateServicesMap(android.accounts.AccountAuthenticator): 10 services unchanged
D/dalvikvm(11235): GC_CONCURRENT freed 341K, 10% free 13641K/15047K, paused 2ms+25ms, total 84ms
D/dalvikvm(16676): GC_EXPLICIT freed 273K, 8% free 13057K/14151K, paused 12ms+3ms, total 42ms
E/SpannableStringBuilder(16676): SPAN_EXCLUSIVE_EXCLUSIVE spans cannot have a zero length
E/SpannableStringBuilder(16676): SPAN_EXCLUSIVE_EXCLUSIVE spans cannot have a zero length
D/PowerManagerService( 2374): mIsLockZone = false mTiltAngle : 54.733 value : 1
D/dalvikvm( 2374): GC_EXPLICIT freed 1830K, 46% free 32309K/59655K, paused 3ms+13ms, total 276ms
D/dalvikvm( 2374): WAIT_FOR_CONCURRENT_GC blocked 90ms
D/dalvikvm( 2374): WAIT_FOR_CONCURRENT_GC blocked 90ms
D/dalvikvm( 2374): WAIT_FOR_CONCURRENT_GC blocked 94ms
D/dalvikvm( 2374): WAIT_FOR_CONCURRENT_GC blocked 89ms
D/dalvikvm( 2374): WAIT_FOR_CONCURRENT_GC blocked 92ms
D/PackageManager( 2374): generateServicesMap(android.content.SyncAdapter): 34 services unchanged
V/BackupManagerService( 2374): removePackageParticipantsLocked: uid=10152 #1
D/dalvikvm( 2374): WAIT_FOR_CONCURRENT_GC blocked 0ms
D/VoicemailCleanupService( 3383): Cleaning up data for package: blobby.test.second
I/power ( 2374): *** release_dvfs_lock : lockType : 1
D/KeyguardViewMediator( 2374): setHidden false
I/SurfaceFlinger( 1959): id=4637 Removed TubSettings idx=2 MapSz=3
I/SurfaceFlinger( 1959): id=4637 Removed TubSettings idx=-2 MapSz=3
D/PowerManagerService( 2374): releaseDVFSLockLocked : all DVFS_MIN_LIMIT are released
W/ActivityManager( 2374): mDVFSLock.release()
D/KeyguardViewMediator( 2374): setHidden false
D/dalvikvm( 2374): GC_EXPLICIT freed 1433K, 46% free 32305K/59655K, paused 14ms+13ms, total 137ms
I/Icing.InternalIcingCorporaProvider(11259): Updating corpora: A: blobby.test.second, C: MAYBE
V/GelStubAppWatcher(11259): onReceive: android.intent.action.PACKAGE_REMOVED
I/SA ( 3827): [SUR] onReceive log=[SA = 1.4.0363 V = 16 HWD = 1280X720 2.0 dpi = 320 SIZE = 2 LOCALE = fi_FI CSC = NEE MCC = 0 MNC 0 T = user DEVICE = m3 P = m3xx I = JZO54K M = GT-I9305 OKLEFT false DIS JZO54K.I9305XXBMI3 ]
I/SA ( 3827): [SUR] onReceive Intent=[ action_PACKAGE_REMOVED package ]
D/SystemBroadcastService(15767): Received broadcast action=android.intent.action.PACKAGE_REMOVED and uri=
W/AlarmManager( 2374): FACTORY_ON= 0
D/dalvikvm(11259): GC_CONCURRENT freed 815K, 11% free 13624K/15175K, paused 12ms+2ms, total 33ms
D/dalvikvm( 2374): GC_CONCURRENT freed 2240K, 47% free 32112K/59655K, paused 14ms+8ms, total 98ms
D/dalvikvm( 2374): WAIT_FOR_CONCURRENT_GC blocked 30ms
D/PowerManagerService( 2374): mIsLockZone = true mTiltAngle : 53.251583 value : 6
D/dalvikvm( 2374): WAIT_FOR_CONCURRENT_GC blocked 72ms
D/dalvikvm( 2374): WAIT_FOR_CONCURRENT_GC blocked 77ms
D/dalvikvm( 2374): WAIT_FOR_CONCURRENT_GC blocked 78ms
D/dalvikvm( 2374): WAIT_FOR_CONCURRENT_GC blocked 0ms
D/dalvikvm( 2374): GC_EXPLICIT freed 552K, 47% free 32121K/59655K, paused 13ms+12ms, total 112ms
D/MobileDataStateTracker( 2374): default: setPolicyDataEnable(enabled=true)
D/PowerManagerService( 2374): mIsLockZone = false mTiltAngle : 52.03172 value : 1
W/PowerManagerService( 2374): Timer 0x11->0x3|0x0
V/WindowOrientationListener( 2374): nearestRotation : 0 Angle: 4 tilt: 53
D/dalvikvm( 3383): GC_CONCURRENT freed 499K, 9% free 13059K/14279K, paused 12ms+2ms, total 32ms
I/InputReader( 2374): Touch event's action is 0x0 (deviceType=0) [pCnt=1, s=0.12970 ]
I/InputDispatcher( 2374): Delivering touch to current input target: action: 0x0
I/InputDispatcher( 2374): Delivering touch to current input target: action: 0x0
I/InputDispatcher( 2374): Delivering touch to current input target: action: 0x0
D/PowerManagerService( 2374): reactivateScreenLocksLocked mProxIgnoredBecauseScreenTurnedOff=false
I/InputReader( 2374): Touch event's action is 0x1 (deviceType=0) [pCnt=1, s=]
I/InputDispatcher( 2374): Delivering touch to current input target: action: 0x1
I/InputDispatcher( 2374): Delivering touch to current input target: action: 0x1
I/InputDispatcher( 2374): Delivering touch to current input target: action: 0x1
E/Watchdog( 2374): !@Sync 1453
I/UninstallAppProgress(16676): Finished uninstalling pkg: blobby.test.second
I/power ( 2374): *** acquire_dvfs_lock : lockType : 1 freq : 1000000
D/PowerManagerService( 2374): acquireDVFSLockLocked : type : DVFS_MIN_LIMIT frequency : 1000000 uid : 1000 pid : 2374 tag : ActivityManager
W/ActivityManager( 2374): mDVFSLock.acquire()
D/WindowManager( 2374): PhoneWindowManager: focusChangedLw
D/KeyguardViewMediator( 2374): setHidden false
D/WindowManager( 2374): mInputFocus is not null.
D/WindowManager( 2374): mInputFocus is not null.
D/KeyguardViewMediator( 2374): setHidden false
D/WindowManager( 2374): mInputFocus is not null.
D/WindowManager( 2374): mInputFocus is not null.
W/PackageManager( 2374): Package named 'blobby.test.second' doesn't exist.
I/SurfaceFlinger( 1959): id=4640(41) createSurf 0x40d54fc4 (720x1280),1 flag=400, TubSettings
I/SurfaceFlinger( 1959): SurfaceFlinger : eMagnificationFactorChanged. magnificationFactor=1.0
I/SurfaceFlinger( 1959): SurfaceFlinger : eZoomPositionChanged. zoomX=0.0 zoomY=0.0
D/WindowManager( 2374): PhoneWindowManager: focusChangedLw
D/KeyguardViewMediator( 2374): setHidden false
D/STATUSBAR-StatusBarManagerService( 2374): setSystemUiVisibility(0x0)
D/STATUSBAR-StatusBarManagerService( 2374): manageDisableList what=0x0 pkg=WindowManager.LayoutParams
W/System.err( 3199): Removed 2131428268
W/System.err( 3199): Removed 2131428281
D/KeyguardViewMediator( 2374): setHidden false
D/KeyguardViewMediator( 2374): setHidden false
D/KeyguardViewMediator( 2374): setHidden false
I/ClipboardServiceEx( 2374): Send intent for dismiss clipboard dialog inside hideCurrentInputLocked() !
D/KeyguardViewMediator( 2374): setHidden false
D/KeyguardViewMediator( 2374): setHidden false
D/PowerManagerService( 2374): mIsLockZone = true mTiltAngle : 53.708485 value : 6
D/VoldCmdListener( 1947): asec fspath org.dk.blobby-1
D/MountService( 2374): :::: getSecureContainerFilesystemPath :: id = org.dk.blobby-1, result = /data/app-asec/org.dk.blobby-1.asec
D/PowerManagerService( 2374): releaseDVFSLockLocked : all DVFS_MIN_LIMIT are released
I/power ( 2374): *** release_dvfs_lock : lockType : 1
D/KeyguardViewMediator( 2374): setHidden false
I/SurfaceFlinger( 1959): id=4639 Removed VninstallAp idx=4 MapSz=3
I/SurfaceFlinger( 1959): id=4639 Removed VninstallAp idx=-2 MapSz=3
D/KeyguardViewMediator( 2374): setHidden false
D/KeyguardViewMediator( 2374): setHidden false
W/ActivityManager( 2374): mDVFSLock.release()
D/VoldCmdListener( 1947): asec fspath org.prowl.torque-2
D/MountService( 2374): :::: getSecureContainerFilesystemPath :: id = org.prowl.torque-2, result = /data/app-asec/org.prowl.torque-2.asec
D/InputReader( 2374): Input event: value=1
I/InputDispatcher( 2374): Delivering key to current input target: action: 0x0
I/InputDispatcher( 2374): Delivering key to current input target: action: 0x0
I/InputDispatcher( 2374): Delivering key to current input target: action: 0x0
D/PowerManagerService( 2374): reactivateScreenLocksLocked mProxIgnoredBecauseScreenTurnedOff=false
D/PowerManagerService( 2374): mIsLockZone = false mTiltAngle : 53.39113 value : 1
D/dalvikvm(13053): GC_CONCURRENT freed 419K, 9% free 12156K/13319K, paused 1ms+1ms, total 11ms
W/ActivityManager( 2374): Permission denied: checkComponentPermission() owningUid=10115
W/ActivityManager( 2374): Permission denied: checkComponentPermission() owningUid=10115
W/ActivityManager( 2374): Permission denied: checkComponentPermission() owningUid=10115
W/ActivityManager( 2374): Permission denied: checkComponentPermission() owningUid=10115
W/ActivityManager( 2374): Permission denied: checkComponentPermission() owningUid=10115
W/ActivityManager( 2374): Permission denied: checkComponentPermission() owningUid=10115
W/ActivityManager( 2374): Permission denied: checkComponentPermission() owningUid=10115
W/ActivityManager( 2374): Permission denied: checkComponentPermission() owningUid=10115
W/ActivityManager( 2374): Permission denied: checkComponentPermission() owningUid=10115
W/ActivityManager( 2374): Permission denied: checkComponentPermission() owningUid=10115
D/InputReader( 2374): Input event: value=0
I/InputDispatcher( 2374): Delivering key to current input target: action: 0x1
I/InputDispatcher( 2374): Delivering key to current input target: action: 0x1
I/InputDispatcher( 2374): Delivering key to current input target: action: 0x1
I/ClipboardServiceEx( 2374): mCBPickerDialog enter case. MSG_DISMISS_DIALOG
I/power ( 2374): *** acquire_dvfs_lock : lockType : 1 freq : 1000000
D/PowerManagerService( 2374): acquireDVFSLockLocked : type : DVFS_MIN_LIMIT frequency : 1000000 uid : 1000 pid : 2374 tag : ActivityManager
W/ActivityManager( 2374): mDVFSLock.acquire()
D/KeyguardViewMediator( 2374): setHidden false
I/WifiEnabler( 3199): Resume : 1
I/BluetoothPolicyService( 2374): isBluetoothEnabled
I/SurfaceFlinger( 1959): id=4641(42) createSurf 0x40e2acdc (720x1280),1 flag=400, Tettings
I/SurfaceFlinger( 1959): SurfaceFlinger : eMagnificationFactorChanged. magnificationFactor=1.0
I/SurfaceFlinger( 1959): SurfaceFlinger : eZoomPositionChanged. zoomX=0.0 zoomY=0.0
D/WindowManager( 2374): PhoneWindowManager: focusChangedLw
D/KeyguardViewMediator( 2374): setHidden false
D/STATUSBAR-StatusBarManagerService( 2374): setSystemUiVisibility(0x0)
D/STATUSBAR-StatusBarManagerService( 2374): manageDisableList what=0x0 pkg=WindowManager.LayoutParams
W/System.err( 3199): Removed 2131428268
W/System.err( 3199): Removed 2131428281
D/InputReader( 2374): Input event: value=1
I/InputDispatcher( 2374): Delivering key to current input target: action: 0x0
I/InputDispatcher( 2374): Delivering key to current input target: action: 0x0
I/InputDispatcher( 2374): Delivering key to current input target: action: 0x0
I/ClipboardServiceEx( 2374): Send intent for dismiss clipboard dialog inside hideCurrentInputLocked() !
D/PowerManagerService( 2374): mIsLockZone = true mTiltAngle : 54.071365 value : 6
D/KeyguardViewMediator( 2374): setHidden false
D/KeyguardViewMediator( 2374): setHidden false
W/IInputConnectionWrapper( 3199): getSelectedText on inactive InputConnection
D/KeyguardViewMediator( 2374): setHidden false
D/InputReader( 2374): Input event: value=0
D/KeyguardViewMediator( 2374): setHidden false
W/IInputConnectionWrapper( 3199): setComposingText on inactive InputConnection
W/IInputConnectionWrapper( 3199): getExtractedText on inactive InputConnection
D/KeyguardViewMediator( 2374): setHidden false
I/InputDispatcher( 2374): Delivering key to current input target: action: 0x1
I/InputDispatcher( 2374): Delivering key to current input target: action: 0x1
I/InputDispatcher( 2374): Delivering key to current input target: action: 0x1
I/ClipboardServiceEx( 2374): mCBPickerDialog enter case. MSG_DISMISS_DIALOG
D/InputReader( 2374): Input event: value=1
D/dalvikvm( 2374): GC_CONCURRENT freed 2086K, 47% free 32085K/59655K, paused 3ms+10ms, total 113ms
D/dalvikvm( 2374): WAIT_FOR_CONCURRENT_GC blocked 48ms
I/WifiEnabler( 3199): Pause : 1
I/BluetoothPolicyService( 2374): isBluetoothEnabled
D/InputReader( 2374): Input event: value=0
D/WindowManager( 2374): PhoneWindowManager: focusChangedLw
D/KeyguardViewMediator( 2374): setHidden false
V/WindowManager( 2374): rotationForOrientationLw(orient=5, last=0); user=0 mLidState=-1 mDockMode=0 mHdmiPlugged=false mAccelerometerDefault=false sensorRotation=0
D/WindowManager( 2374): mInputFocus is not null.
D/WindowManager( 2374): mInputFocus is not null.
D/Launcher( 3156): onRestart, Launcher: 1104468464
D/Launcher( 3156): onStart, Launcher: 1104468464
D/Launcher.HomeFragment( 3156): onStart
D/Launcher( 3156): onResume, Launcher: 1104468464
D/KeyguardViewMediator( 2374): setHidden false
D/WindowManager( 2374): mInputFocus is not null.
D/WindowManager( 2374): mInputFocus is not null.
I/FlashBarService( 2991): mPkgManagerReceiver : onReceive
I/power ( 2374): *** release_dvfs_lock : lockType : 1
D/PowerManagerService( 2374): releaseDVFSLockLocked : all DVFS_MIN_LIMIT are released
W/ActivityManager( 2374): mDVFSLock.release()
D/KeyguardViewMediator( 2374): setHidden false
W/WindowManager( 2374): Rebuild removed 9 windows but added 8
I/SurfaceFlinger( 1959): id=4640 Removed TubSettings idx=4 MapSz=3
I/SurfaceFlinger( 1959): id=4640 Removed TubSettings idx=-2 MapSz=3
W/WindowManager( 2374): Current app token list:
W/WindowManager( 2374): Final window list:
D/WindowManager( 2374): mInputFocus is not null.
D/WindowManager( 2374): mInputFocus is not null.
D/KeyguardViewMediator( 2374): setHidden false
D/KeyguardViewMediator( 2374): setHidden false
D/WindowManager( 2374): mInputFocus is not null.
D/WindowManager( 2374): mInputFocus is not null.
D/InputReader( 2374): Input event: value=1
E/Launcher( 3156): Error finding setting, default accessibility to not found: accessibility_enabled
D/Launcher.HomeFragment( 3156): onResume
D/MenuAppsGridFragment( 3156): onResume
D/Launcher.MenuAppsGrid( 3156): StateObj::getAppsList() item count = 59
D/CellLayoutChildren( 3156): setCellDimensions. width: 164, height: 188, gapX: 8, gapY: 4
D/CellLayout( 3156): setGridSize(4, 5)
D/CellLayoutChildren( 3156): setCellDimensions. width: 164, height: 188, gapX: 8, gapY: 4
D/CellLayout( 3156): setGridSize(4, 5)
D/CellLayoutChildren( 3156): setCellDimensions. width: 164, height: 188, gapX: 8, gapY: 4
D/CellLayout( 3156): setGridSize(4, 5)
D/InputReader( 2374): Input event: value=0
I/SurfaceFlinger( 1959): id=4642(170) createSurf 0x428f795c (720x1280),1 flag=0, Mauncher
I/SurfaceFlinger( 1959): SurfaceFlinger : eMagnificationFactorChanged. magnificationFactor=1.0
I/SurfaceFlinger( 1959): SurfaceFlinger : eZoomPositionChanged. zoomX=0.0 zoomY=0.0
D/WindowManager( 2374): PhoneWindowManager: focusChangedLw
D/KeyguardViewMediator( 2374): setHidden false
I/InputDispatcher( 2374): Delivering key to current input target: action: 0x0
I/InputDispatcher( 2374): Delivering key to current input target: action: 0x0
I/InputDispatcher( 2374): Delivering key to current input target: action: 0x0
D/STATUSBAR-StatusBarManagerService( 2374): setSystemUiVisibility(0x0)
D/STATUSBAR-StatusBarManagerService( 2374): manageDisableList what=0x0 pkg=WindowManager.LayoutParams
I/ClipboardServiceEx( 2374): Send intent for dismiss clipboard dialog inside hideCurrentInputLocked() !
I/InputDispatcher( 2374): Delivering key to current input target: action: 0x1
I/InputDispatcher( 2374): Delivering key to current input target: action: 0x1
I/InputDispatcher( 2374): Delivering key to current input target: action: 0x1
I/ClipboardServiceEx( 2374): mCBPickerDialog enter case. MSG_DISMISS_DIALOG
D/PowerManagerService( 2374): reactivateScreenLocksLocked mProxIgnoredBecauseScreenTurnedOff=false
I/InputDispatcher( 2374): Delivering key to current input target: action: 0x0
I/InputDispatcher( 2374): Delivering key to current input target: action: 0x0
I/InputDispatcher( 2374): Delivering key to current input target: action: 0x0
D/KeyguardViewMediator( 2374): setHidden false
D/KeyguardViewMediator( 2374): setHidden false
I/InputDispatcher( 2374): Delivering key to current input target: action: 0x1
I/InputDispatcher( 2374): Delivering key to current input target: action: 0x1
I/InputDispatcher( 2374): Delivering key to current input target: action: 0x1
D/KeyguardViewMediator( 2374): setHidden false
W/PackageManager( 2374): Package named 'blobby.test.first' doesn't exist.
D/KeyguardViewMediator( 2374): setHidden false
I/ClipboardServiceEx( 2374): mCBPickerDialog enter case. MSG_DISMISS_DIALOG
D/KeyguardViewMediator( 2374): setHidden false
D/KeyguardViewMediator( 2374): setHidden false
I/SurfaceFlinger( 1959): id=4641 Removed Tettings idx=4 MapSz=3
I/SurfaceFlinger( 1959): id=4641 Removed Tettings idx=-2 MapSz=3
D/KeyguardViewMediator( 2374): setHidden false
D/KeyguardViewMediator( 2374): setHidden false
D/KeyguardViewMediator( 2374): setHidden false
D/PowerManagerService( 2374): mIsLockZone = false mTiltAngle : 40.105125 value : 1
D/PowerManagerService( 2374): mIsLockZone = true mTiltAngle : 37.603626 value : 6
D/AlarmManagerService( 2374): Kernel timezone updated to -120 minutes west of GMT
W/SignalStrength( 2913): getGsmLevel=0
W/SignalStrength( 2913): getLevel=0 (SignalStrength: 1 0 -120 -160 -120 -1 -1 99 2147483647 2147483647 2147483647 2147483647 gsm|lte 0x0)
W/MessageQueue( 4909): Handler (android.telephony.PhoneStateListener$2) {41e04e30} sending message to a Handler on a dead thread
W/MessageQueue( 4909): java.lang.RuntimeException: Handler (android.telephony.PhoneStateListener$2) {41e04e30} sending message to a Handler on a dead thread
W/MessageQueue( 4909): at android.os.MessageQueue.enqueueMessage(MessageQueue.java:294)
W/MessageQueue( 4909): at android.os.Handler.sendMessageAtTime(Handler.java:473)
W/MessageQueue( 4909): at android.os.Handler.sendMessageDelayed(Handler.java:446)
W/MessageQueue( 4909): at android.os.Handler.sendMessage(Handler.java:383)
W/MessageQueue( 4909): at android.os.Message.sendToTarget(Message.java:360)
W/MessageQueue( 4909): at android.telephony.PhoneStateListener$1.onServiceStateChanged(PhoneStateListener.java:327)
W/MessageQueue( 4909): at com.android.internal.telephony.IPhoneStateListener$Stub.onTransact(IPhoneStateListener.java:55)
W/MessageQueue( 4909): at android.os.Binder.execTransact(Binder.java:367)
W/MessageQueue( 4909): at dalvik.system.NativeStart.run(Native Method)
D/PowerManagerService( 2374): mIsLockZone = false mTiltAngle : 45.425156 value : 1
D/STATUSBAR-NetworkController( 2913): onServiceStateChanged state=0
D/STATUSBAR-NetworkController( 2913): updateDataNetType()
D/STATUSBAR-NetworkController( 2913): Nothing, mRoamingIconId = 0
D/PopupuiReceiver( 5399): onReceive() getAction : android.intent.action.NETWORK_SET_TIMEZONE
D/PopupuiReceiver( 5399): NETWORK_SET_TIME prevMCCvalue : 244
D/PopupuiReceiver( 5399): gsm.operator.numeric : 244
D/PopupuiReceiver( 5399): SAME to prevMCCvalue : mccstrcmp
D/ContextualPageReceiver( 3156): mContextualPageReceiver: ACTION_SERVICE_STATE_CHANGED isRoaming : false
D/StatusChecker( 3516): onReceive : android.intent.action.SERVICE_STATE
D/StatusChecker( 3516): Service state changed : 0
W/PowerManagerService( 2374): Timer 0x11->0x3|0x0
D/PowerManagerService( 2374): mIsLockZone = true mTiltAngle : 46.830685 value : 6
D/PowerManagerService( 2374): mIsLockZone = false mTiltAngle : 46.565548 value : 1
I/InputReader( 2374): Touch event's action is 0x0 (deviceType=0) [pCnt=1, s=0.12971 ]
I/InputDispatcher( 2374): Delivering touch to current input target: action: 0x0
I/InputDispatcher( 2374): Delivering touch to current input target: action: 0x0
I/InputDispatcher( 2374): Delivering touch to current input target: action: 0x0
I/InputDispatcher( 2374): Delivering touch to current input target: action: 0x0
D/PowerManagerService( 2374): reactivateScreenLocksLocked mProxIgnoredBecauseScreenTurnedOff=false
I/TwDVFSBroadcastReceiver( 3107): onLauncherIntent
D/PowerManager( 3107): DVFSLock : acquire : timeout : 1000
I/power ( 2374): *** acquire_dvfs_lock : lockType : 1 freq : 1400000
D/PowerManagerService( 2374): acquireDVFSLockLocked : type : DVFS_MIN_LIMIT frequency : 1400000 uid : 1000 pid : 3107 tag : TwDVFSBroadcastReceiver
I/InputReader( 2374): Touch event's action is 0x1 (deviceType=0) [pCnt=1, s=]
I/InputDispatcher( 2374): Delivering touch to current input target: action: 0x1
I/InputDispatcher( 2374): Delivering touch to current input target: action: 0x1
I/InputDispatcher( 2374): Delivering touch to current input target: action: 0x1
I/InputDispatcher( 2374): Delivering touch to current input target: action: 0x1
D/KeyguardViewMediator( 2374): setHidden false
D/PowerManagerService( 2374): acquireDVFSLockLocked : type : DVFS_MIN_LIMIT frequency : 1000000 uid : 1000 pid : 2374 tag : ActivityManager
W/ActivityManager( 2374): mDVFSLock.acquire()
D/WindowManager( 2374): PhoneWindowManager: focusChangedLw
D/WindowManager( 2374): mInputFocus is not null.
D/Launcher.HomeFragment( 3156): onPause
D/Launcher( 3156): onPause, Launcher: 1104468464
D/KeyguardViewMediator( 2374): setHidden false
D/KeyguardViewMediator( 2374): setHidden false
