I/InputDispatcher( 2374): Delivering touch to current input target: action: 0x0
I/InputDispatcher( 2374): Delivering touch to current input target: action: 0x0
I/InputDispatcher( 2374): Delivering touch to current input target: action: 0x0
I/TwDVFSBroadcastReceiver( 3107): onLauncherIntent
D/PowerManager( 3107): DVFSLock : acquire : timeout : 1000
I/power ( 2374): *** acquire_dvfs_lock : lockType : 1 freq : 1400000
D/PowerManagerService( 2374): acquireDVFSLockLocked : type : DVFS_MIN_LIMIT frequency : 1400000 uid : 1000 pid : 3107 tag : TwDVFSBroadcastReceiver
W/SignalStrength( 2374): getGsmLevel=2
W/SignalStrength( 2374): getLevel=2 (SignalStrength: 7 0 -120 -160 -120 -1 -1 99 2147483647 2147483647 2147483647 2147483647 gsm|lte 0x2)
W/SignalStrength( 2374): getDbm 1
W/SignalStrength( 2374): getGsmDbm=-99
W/SignalStrength( 2374): getDbm=-99
W/SignalStrength( 2374): getAsuLevel 1
W/SignalStrength( 2374): getGsmAsuLevel=7
W/SignalStrength( 2374): getAsuLevel=7
W/SignalStrength( 2913): getGsmLevel=2
W/SignalStrength( 2913): getLevel=2 (SignalStrength: 7 0 -120 -160 -120 -1 -1 99 2147483647 2147483647 2147483647 2147483647 gsm|lte 0x2)
W/SignalStrength( 2913): getGsmLevel=2
W/SignalStrength( 2913): getLevel=2 (SignalStrength: 7 0 -120 -160 -120 -1 -1 99 2147483647 2147483647 2147483647 2147483647 gsm|lte 0x2)
D/STATUSBAR-NetworkController( 2913): onSignalStrengthsChanged signalStrength=SignalStrength: 7 0 -120 -160 -120 -1 -1 99 2147483647 2147483647 2147483647 2147483647 gsm|lte 0x2 level=2
I/InputReader( 2374): Touch event's action is 0x1 (deviceType=0) [pCnt=1, s=]
I/InputDispatcher( 2374): Delivering touch to current input target: action: 0x1
I/InputDispatcher( 2374): Delivering touch to current input target: action: 0x1
I/InputDispatcher( 2374): Delivering touch to current input target: action: 0x1
I/InputDispatcher( 2374): Delivering touch to current input target: action: 0x1
D/STATUSBAR-NetworkController( 2913): onDataActivity: direction=0
D/STATUSBAR-NetworkController( 2913): refreshSignalCluster: data=2 bt=false
D/STATUSBAR-SignalClusterView( 2913): mSeparateMobileGroup=0
D/STATUSBAR-SignalClusterView( 2913): mSeparateMobileGroup=0
D/STATUSBAR-SignalClusterView( 2913): mSeparateMobileGroup=0
D/AudioHardwareTinyALSA( 1962): Entering AudioStreamOutALSA standby mode
I/AudioHardwareTinyALSA( 1962): Close mHandle:420971c8
I/power ( 2374): *** release_dvfs_lock : lockType : 1
D/PowerManagerService( 2374): releaseDVFSLockLocked : all DVFS_MIN_LIMIT are released
I/InputReader( 2374): Touch event's action is 0x0 (deviceType=0) [pCnt=1, s=0.13009 ]
I/InputDispatcher( 2374): Delivering touch to current input target: action: 0x0
I/InputDispatcher( 2374): Delivering touch to current input target: action: 0x0
I/InputDispatcher( 2374): Delivering touch to current input target: action: 0x0
I/InputDispatcher( 2374): Delivering touch to current input target: action: 0x0
I/TwDVFSBroadcastReceiver( 3107): onLauncherIntent
D/PowerManager( 3107): DVFSLock : acquire : timeout : 1000
I/power ( 2374): *** acquire_dvfs_lock : lockType : 1 freq : 1400000
D/PowerManagerService( 2374): acquireDVFSLockLocked : type : DVFS_MIN_LIMIT frequency : 1400000 uid : 1000 pid : 3107 tag : TwDVFSBroadcastReceiver
I/InputReader( 2374): Touch event's action is 0x1 (deviceType=0) [pCnt=1, s=]
I/InputDispatcher( 2374): Delivering touch to current input target: action: 0x1
I/InputDispatcher( 2374): Delivering touch to current input target: action: 0x1
I/InputDispatcher( 2374): Delivering touch to current input target: action: 0x1
I/InputDispatcher( 2374): Delivering touch to current input target: action: 0x1
D/PowerManagerService( 2374): lightSensorChangedLocked value=9 immediate=false
D/PowerManagerService( 2374): getAutoBrightnessValue : in bound ( 0 < 9 <= 19 )
D/PowerManagerService( 2374): getAutoBrightnessValue : in bound ( 0 < 9 <= 19 )
D/PowerManagerService( 2374): lcdValue 21
D/PowerManagerService( 2374): buttonValue 21
D/PowerManagerService( 2374): keyboardValue 0
D/PowerManagerService( 2374): lightSensorChangedLocked : mKeyboardLight : 0
W/SignalStrength( 2374): getGsmLevel=2
W/SignalStrength( 2374): getLevel=2 (SignalStrength: 6 0 -120 -160 -120 -1 -1 99 2147483647 2147483647 2147483647 2147483647 gsm|lte 0x2)
W/SignalStrength( 2913): getGsmLevel=2
W/SignalStrength( 2913): getLevel=2 (SignalStrength: 6 0 -120 -160 -120 -1 -1 99 2147483647 2147483647 2147483647 2147483647 gsm|lte 0x2)
W/SignalStrength( 2913): getGsmLevel=2
W/SignalStrength( 2913): getLevel=2 (SignalStrength: 6 0 -120 -160 -120 -1 -1 99 2147483647 2147483647 2147483647 2147483647 gsm|lte 0x2)
D/STATUSBAR-NetworkController( 2913): onSignalStrengthsChanged signalStrength=SignalStrength: 6 0 -120 -160 -120 -1 -1 99 2147483647 2147483647 2147483647 2147483647 gsm|lte 0x2 level=2
W/SignalStrength( 2374): getDbm 1
W/SignalStrength( 2374): getGsmDbm=-101
W/SignalStrength( 2374): getDbm=-101
W/SignalStrength( 2374): getAsuLevel 1
W/SignalStrength( 2374): getGsmAsuLevel=6
W/SignalStrength( 2374): getAsuLevel=6
D/dalvikvm( 2374): JIT code cache reset in 3 ms (1048456 bytes 55/3)
D/dalvikvm( 2374): GC_CONCURRENT freed 16012K, 46% free 32283K/59655K, paused 13ms+12ms, total 100ms
I/power ( 2374): *** release_dvfs_lock : lockType : 1
D/PowerManagerService( 2374): releaseDVFSLockLocked : all DVFS_MIN_LIMIT are released
W/PowerManagerService( 2374): Timer 0x3->0x3|0x0
W/SignalStrength( 2374): getGsmLevel=2
W/SignalStrength( 2374): getLevel=2 (SignalStrength: 5 0 -120 -160 -120 -1 -1 99 2147483647 2147483647 2147483647 2147483647 gsm|lte 0x2)
W/SignalStrength( 2913): getGsmLevel=2
W/SignalStrength( 2913): getLevel=2 (SignalStrength: 5 0 -120 -160 -120 -1 -1 99 2147483647 2147483647 2147483647 2147483647 gsm|lte 0x2)
W/SignalStrength( 2913): getGsmLevel=2
W/SignalStrength( 2913): getLevel=2 (SignalStrength: 5 0 -120 -160 -120 -1 -1 99 2147483647 2147483647 2147483647 2147483647 gsm|lte 0x2)
W/SignalStrength( 2374): getDbm 1
W/SignalStrength( 2374): getGsmDbm=-103
W/SignalStrength( 2374): getDbm=-103
W/SignalStrength( 2374): getAsuLevel 1
W/SignalStrength( 2374): getGsmAsuLevel=5
W/SignalStrength( 2374): getAsuLevel=5
D/STATUSBAR-NetworkController( 2913): onSignalStrengthsChanged signalStrength=SignalStrength: 5 0 -120 -160 -120 -1 -1 99 2147483647 2147483647 2147483647 2147483647 gsm|lte 0x2 level=2
D/BatteryService( 2374): update start
D/BatteryService( 2374): level:4 scale:100 status:2 health:2 present:true voltage: 3693 temperature: 316 technology: Li-ion AC powered:false USB powered:true icon:17303231 invalid charger:0
D/STATUSBAR-BatteryController( 2913): onReceive() - ACTION_BATTERY_CHANGED
D/STATUSBAR-BatteryController( 2913): onReceive() - level:4
D/STATUSBAR-BatteryController( 2913): onReceive() - plugged:2
D/STATUSBAR-BatteryController( 2913): onReceive() - BATTERY_STATUS_CHARGING:
E/MtpService(27139): In MTPAPP onReceive:android.intent.action.BATTERY_CHANGED
E/MtpService(27139): battPlugged Type : 2
D/videowall-TranscodeService(15584): releaseTransThread.
D/STATUSBAR-PhoneStatusBar( 2913): ACTION_BATTERY_CHANGED
D/FastDormancy( 3067): [FD] ON default: true
D/FastDormancy( 3067): getDormancyFlag() return mDormFlag = true
D/FastDormancy( 3067): Before mDormFlag: true in getCapaDormancy()
D/FastDormancy( 3067): After mDormFlag: true in getCapaDormancy()
W/FastDormancy( 3067): ======= ENTER DORMANCY =======
D/FastDormancy( 3067): ======= FAST DORMANCY Enter =======
W/SignalStrength( 2374): getGsmLevel=1
W/SignalStrength( 2374): getLevel=1 (SignalStrength: 5 0 -120 -160 -120 -1 -1 99 2147483647 2147483647 2147483647 2147483647 gsm|lte 0x1)
W/SignalStrength( 2913): getGsmLevel=1
W/SignalStrength( 2913): getLevel=1 (SignalStrength: 5 0 -120 -160 -120 -1 -1 99 2147483647 2147483647 2147483647 2147483647 gsm|lte 0x1)
W/SignalStrength( 2913): getGsmLevel=1
W/SignalStrength( 2913): getLevel=1 (SignalStrength: 5 0 -120 -160 -120 -1 -1 99 2147483647 2147483647 2147483647 2147483647 gsm|lte 0x1)
D/STATUSBAR-NetworkController( 2913): onSignalStrengthsChanged signalStrength=SignalStrength: 5 0 -120 -160 -120 -1 -1 99 2147483647 2147483647 2147483647 2147483647 gsm|lte 0x1 level=1
D/STATUSBAR-NetworkController( 2913): refreshSignalCluster: data=2 bt=false
D/STATUSBAR-SignalClusterView( 2913): mSeparateMobileGroup=0
D/STATUSBAR-SignalClusterView( 2913): mSeparateMobileGroup=0
D/STATUSBAR-SignalClusterView( 2913): mSeparateMobileGroup=0
W/SignalStrength( 2374): getDbm 1
W/SignalStrength( 2374): getGsmDbm=-103
W/SignalStrength( 2374): getDbm=-103
W/SignalStrength( 2374): getAsuLevel 1
W/SignalStrength( 2374): getGsmAsuLevel=5
W/SignalStrength( 2374): getAsuLevel=5
D/KeyguardViewMediator( 2374): handleTimeout
E/Watchdog( 2374): !@Sync 1463
W/SignalStrength( 2374): getGsmLevel=2
W/SignalStrength( 2374): getLevel=2 (SignalStrength: 5 0 -120 -160 -120 -1 -1 99 2147483647 2147483647 2147483647 2147483647 gsm|lte 0x2)
W/SignalStrength( 2913): getGsmLevel=2
W/SignalStrength( 2913): getLevel=2 (SignalStrength: 5 0 -120 -160 -120 -1 -1 99 2147483647 2147483647 2147483647 2147483647 gsm|lte 0x2)
W/SignalStrength( 2913): getGsmLevel=2
W/SignalStrength( 2913): getLevel=2 (SignalStrength: 5 0 -120 -160 -120 -1 -1 99 2147483647 2147483647 2147483647 2147483647 gsm|lte 0x2)
W/SignalStrength( 2374): getDbm 1
W/SignalStrength( 2374): getGsmDbm=-103
W/SignalStrength( 2374): getDbm=-103
W/SignalStrength( 2374): getAsuLevel 1
W/SignalStrength( 2374): getGsmAsuLevel=5
W/SignalStrength( 2374): getAsuLevel=5
D/STATUSBAR-NetworkController( 2913): onSignalStrengthsChanged signalStrength=SignalStrength: 5 0 -120 -160 -120 -1 -1 99 2147483647 2147483647 2147483647 2147483647 gsm|lte 0x2 level=2
D/STATUSBAR-NetworkController( 2913): refreshSignalCluster: data=2 bt=false
D/STATUSBAR-SignalClusterView( 2913): mSeparateMobileGroup=0
D/STATUSBAR-SignalClusterView( 2913): mSeparateMobileGroup=0
D/STATUSBAR-SignalClusterView( 2913): mSeparateMobileGroup=0
W/SignalStrength( 2374): getGsmLevel=2
W/SignalStrength( 2374): getLevel=2 (SignalStrength: 6 0 -120 -160 -120 -1 -1 99 2147483647 2147483647 2147483647 2147483647 gsm|lte 0x2)
W/SignalStrength( 2913): getGsmLevel=2
W/SignalStrength( 2913): getLevel=2 (SignalStrength: 6 0 -120 -160 -120 -1 -1 99 2147483647 2147483647 2147483647 2147483647 gsm|lte 0x2)
W/SignalStrength( 2913): getGsmLevel=2
W/SignalStrength( 2913): getLevel=2 (SignalStrength: 6 0 -120 -160 -120 -1 -1 99 2147483647 2147483647 2147483647 2147483647 gsm|lte 0x2)
W/SignalStrength( 2374): getDbm 1
W/SignalStrength( 2374): getGsmDbm=-101
W/SignalStrength( 2374): getDbm=-101
W/SignalStrength( 2374): getAsuLevel 1
W/SignalStrength( 2374): getGsmAsuLevel=6
W/SignalStrength( 2374): getAsuLevel=6
D/STATUSBAR-NetworkController( 2913): onSignalStrengthsChanged signalStrength=SignalStrength: 6 0 -120 -160 -120 -1 -1 99 2147483647 2147483647 2147483647 2147483647 gsm|lte 0x2 level=2
D/PowerManagerService( 2374): lightSensorChangedLocked value=5 immediate=false
D/PowerManagerService( 2374): getAutoBrightnessValue : in bound ( 0 < 5 <= 19 )
D/PowerManagerService( 2374): getAutoBrightnessValue : in bound ( 0 < 5 <= 19 )
D/PowerManagerService( 2374): lcdValue 21
D/PowerManagerService( 2374): buttonValue 21
D/PowerManagerService( 2374): keyboardValue 0
D/PowerManagerService( 2374): lightSensorChangedLocked : mKeyboardLight : 0
D/STATUSBAR-NetworkController( 2913): onDataActivity: direction=3
D/STATUSBAR-NetworkController( 2913): refreshSignalCluster: data=2 bt=false
D/STATUSBAR-SignalClusterView( 2913): mSeparateMobileGroup=0
D/STATUSBAR-SignalClusterView( 2913): mSeparateMobileGroup=0
D/STATUSBAR-SignalClusterView( 2913): mSeparateMobileGroup=0
D/STATUSBAR-NetworkController( 2913): onDataActivity: direction=0
D/STATUSBAR-NetworkController( 2913): refreshSignalCluster: data=2 bt=false
D/STATUSBAR-SignalClusterView( 2913): mSeparateMobileGroup=0
D/STATUSBAR-SignalClusterView( 2913): mSeparateMobileGroup=0
D/STATUSBAR-SignalClusterView( 2913): mSeparateMobileGroup=0
D/BatteryService( 2374): update start
D/BatteryService( 2374): level:4 scale:100 status:2 health:2 present:true voltage: 3685 temperature: 309 technology: Li-ion AC powered:false USB powered:true icon:17303231 invalid charger:0
D/STATUSBAR-BatteryController( 2913): onReceive() - ACTION_BATTERY_CHANGED
D/STATUSBAR-BatteryController( 2913): onReceive() - level:4
D/STATUSBAR-BatteryController( 2913): onReceive() - plugged:2
D/STATUSBAR-BatteryController( 2913): onReceive() - BATTERY_STATUS_CHARGING:
E/MtpService(27139): In MTPAPP onReceive:android.intent.action.BATTERY_CHANGED
E/MtpService(27139): battPlugged Type : 2
D/videowall-TranscodeService(15584): releaseTransThread.
D/STATUSBAR-PhoneStatusBar( 2913): ACTION_BATTERY_CHANGED
D/FastDormancy( 3067): [FD] ON default: true
D/FastDormancy( 3067): getDormancyFlag() return mDormFlag = true
D/FastDormancy( 3067): Before mDormFlag: true in getCapaDormancy()
D/FastDormancy( 3067): After mDormFlag: true in getCapaDormancy()
W/FastDormancy( 3067): ======= ENTER DORMANCY =======
D/FastDormancy( 3067): ======= FAST DORMANCY Enter =======
E/Watchdog( 2374): !@Sync 1464
V/AlarmManager( 2374): ClockReceiver onReceive() ACTION_TIME_TICK
W/AlarmManager( 2374): FACTORY_ON= 0
V/AlarmManager( 2374): waitForAlarm result :8
D/STATUSBAR-Clock( 2913): onReceive() - ACTION_TIME_TICK
D/STATUSBAR-Clock( 2913): onReceive() - ACTION_TIME_TICK
D/ClockAlarmWidgetService(19224): [ClockAlarmWidgetService] onReceive: action = android.intent.action.TIME_TICK
E/ClockAlarmWidget(19224): [AlarmWidgetIdManager] getListItem() : itemIndex=0, widgetID:1
E/ClockAlarmWidget(19224): [AlarmWidgetIdManager] getListItem() : ItemIndex exceed ListItemCount. itemIndex=1
E/ClockAlarmWidget(19224): [AlarmWidgetIdManager] getListItem() : itemIndex=1, widgetID:1
D/ClockAlarmDataProvider(19224): getAlarm() - too many same ID alarm data. nCount: 0
D/SharedManager(23304): getPrefIDs() : length = 1
D/SharedManager(23304): getPrefIDs() : Shared_DCIDs1 = 9
D/evanjs (23304): evanjs DualClockAppWidgetProvider display.getOrientation(): 0
D/dalvikvm(23304): GC_CONCURRENT freed 1384K, 22% free 12346K/15751K, paused 2ms+2ms, total 14ms
D/dalvikvm(23304): WAIT_FOR_CONCURRENT_GC blocked 6ms
D/dalvikvm(23304): GC_FOR_ALLOC freed 3K, 20% free 12667K/15751K, paused 10ms, total 10ms
I/dalvikvm-heap(23304): Grow heap (frag case) to 13.660MB for 649652-byte allocation
D/dalvikvm(23304): GC_CONCURRENT freed <1K, 16% free 13301K/15751K, paused 12ms+1ms, total 20ms
D/dalvikvm(23304): WAIT_FOR_CONCURRENT_GC blocked 4ms
D/dalvikvm( 3156): GC_FOR_ALLOC freed 1903K, 36% free 24423K/37831K, paused 20ms, total 20ms
V/AlarmManager( 2374): waitForAlarm result :8
W/AlarmManager( 2374): FACTORY_ON= 0
D/PowerManagerService( 2374): lcdValue 21
D/PowerManagerService( 2374): buttonValue 21
D/PowerManagerService( 2374): keyboardValue 0
D/PowerManagerService( 2374): lightSensorChangedLocked : mKeyboardLight : 0
D/PowerManagerService( 2374): lightSensorChangedLocked value=8 immediate=false
D/PowerManagerService( 2374): getAutoBrightnessValue : in bound ( 0 < 8 <= 19 )
D/PowerManagerService( 2374): getAutoBrightnessValue : in bound ( 0 < 8 <= 19 )
D/STATUSBAR-NetworkController( 2913): refreshSignalCluster: data=2 bt=false
D/STATUSBAR-SignalClusterView( 2913): mSeparateMobileGroup=0
D/STATUSBAR-SignalClusterView( 2913): mSeparateMobileGroup=0
D/STATUSBAR-SignalClusterView( 2913): mSeparateMobileGroup=0
D/STATUSBAR-NetworkController( 2913): onDataActivity: direction=1
D/BatteryService( 2374): update start
D/BatteryService( 2374): level:4 scale:100 status:2 health:2 present:true voltage: 3690 temperature: 317 technology: Li-ion AC powered:false USB powered:true icon:17303231 invalid charger:0
D/STATUSBAR-BatteryController( 2913): onReceive() - ACTION_BATTERY_CHANGED
D/STATUSBAR-BatteryController( 2913): onReceive() - level:4
D/STATUSBAR-BatteryController( 2913): onReceive() - plugged:2
D/STATUSBAR-BatteryController( 2913): onReceive() - BATTERY_STATUS_CHARGING:
E/MtpService(27139): In MTPAPP onReceive:android.intent.action.BATTERY_CHANGED
E/MtpService(27139): battPlugged Type : 2
D/videowall-TranscodeService(15584): releaseTransThread.
D/STATUSBAR-PhoneStatusBar( 2913): ACTION_BATTERY_CHANGED
D/STATUSBAR-NetworkController( 2913): onDataActivity: direction=0
D/STATUSBAR-NetworkController( 2913): refreshSignalCluster: data=2 bt=false
D/STATUSBAR-SignalClusterView( 2913): mSeparateMobileGroup=0
D/STATUSBAR-SignalClusterView( 2913): mSeparateMobileGroup=0
D/STATUSBAR-SignalClusterView( 2913): mSeparateMobileGroup=0
D/PowerManagerService( 2374): mIsLockZone = true mTiltAngle : 39.66177 value : 8
I/InputReader( 2374): Touch event's action is 0x0 (deviceType=0) [pCnt=1, s=0.13010 ]
I/InputDispatcher( 2374): Delivering touch to current input target: action: 0x0
I/InputDispatcher( 2374): Delivering touch to current input target: action: 0x0
I/InputDispatcher( 2374): Delivering touch to current input target: action: 0x0
I/InputDispatcher( 2374): Delivering touch to current input target: action: 0x0
I/TwDVFSBroadcastReceiver( 3107): onLauncherIntent
D/PowerManager( 3107): DVFSLock : acquire : timeout : 1000
I/power ( 2374): *** acquire_dvfs_lock : lockType : 1 freq : 1400000
D/PowerManagerService( 2374): acquireDVFSLockLocked : type : DVFS_MIN_LIMIT frequency : 1400000 uid : 1000 pid : 3107 tag : TwDVFSBroadcastReceiver
I/InputReader( 2374): Touch event's action is 0x1 (deviceType=0) [pCnt=1, s=]
I/InputDispatcher( 2374): Delivering touch to current input target: action: 0x1
I/InputDispatcher( 2374): Delivering touch to current input target: action: 0x1
I/InputDispatcher( 2374): Delivering touch to current input target: action: 0x1
I/InputDispatcher( 2374): Delivering touch to current input target: action: 0x1
D/Launcher.HomeFragment( 3156): onPause
D/Launcher( 3156): onPause, Launcher: 1104468464
D/PowerManagerService( 2374): acquireDVFSLockLocked : type : DVFS_MIN_LIMIT frequency : 1000000 uid : 1000 pid : 2374 tag : ActivityManager
W/ActivityManager( 2374): mDVFSLock.acquire()
I/SurfaceFlinger( 1959): id=4702(432) createSurf 0x4296ef34 (1x1),1 flag=400, girst
I/SurfaceFlinger( 1959): SurfaceFlinger : eMagnificationFactorChanged. magnificationFactor=1.0
I/SurfaceFlinger( 1959): SurfaceFlinger : eZoomPositionChanged. zoomX=0.0 zoomY=0.0
D/KeyguardViewMediator( 2374): setHidden false
D/dalvikvm( 5784): Late-enabling CheckJNI
I/dalvikvm( 5784): Turning on JNI app bug workarounds for target SDK version 12...
V/WindowManager( 2374): rotationForOrientationLw(orient=-1, last=0); user=0 mLidState=-1 mDockMode=0 mHdmiPlugged=false mAccelerometerDefault=false sensorRotation=0
D/WindowManager( 2374): PhoneWindowManager: focusChangedLw
D/KeyguardViewMediator( 2374): setHidden false
D/WindowManager( 2374): mInputFocus is not null.
D/WindowManager( 2374): mInputFocus is not null.
D/Launcher( 3156): onTrimMemory. Level: 20
D/KeyguardViewMediator( 2374): setHidden false
D/KeyguardViewMediator( 2374): setHidden false
D/KeyguardViewMediator( 2374): setHidden false
D/WindowManager( 2374): mInputFocus is not null.
D/WindowManager( 2374): mInputFocus is not null.
D/WindowManager( 2374): mInputFocus is not null.
D/KeyguardViewMediator( 2374): setHidden false
D/WindowManager( 2374): mInputFocus is not null.
D/WindowManager( 2374): mInputFocus is not null.
D/KeyguardViewMediator( 2374): setHidden false
D/dalvikvm( 5784): Trying to load lib /data/data/blobby.test.first/lib/libSDL2.so 0x41d574b0
D/WindowManager( 2374): mInputFocus is not null.
D/dalvikvm( 5784): Added shared lib /data/data/blobby.test.first/lib/libSDL2.so 0x41d574b0
D/dalvikvm( 5784): Trying to load lib /data/data/blobby.test.first/lib/libmain.so 0x41d574b0
D/dalvikvm( 5784): Added shared lib /data/data/blobby.test.first/lib/libmain.so 0x41d574b0
D/dalvikvm( 5784): No JNI_OnLoad found in /data/data/blobby.test.first/lib/libmain.so 0x41d574b0, skipping init
D/dalvikvm( 3139): GC_CONCURRENT freed 476K, 9% free 12298K/13511K, paused 1ms+2ms, total 19ms
V/SDL ( 5784): onResume()
D/WindowManager( 2374): mInputFocus is not null.
D/KeyguardViewMediator( 2374): setHidden false
D/WindowManager( 2374): mInputFocus is not null.
D/WindowManager( 2374): mInputFocus is not null.
I/SurfaceFlinger( 1959): id=4703(1) createSurf 0x40e2c5f4 (720x1280),1 flag=0, girstActivi
I/SurfaceFlinger( 1959): SurfaceFlinger : eMagnificationFactorChanged. magnificationFactor=1.0
I/SurfaceFlinger( 1959): SurfaceFlinger : eZoomPositionChanged. zoomX=0.0 zoomY=0.0
D/WindowManager( 2374): PhoneWindowManager: focusChangedLw
D/KeyguardViewMediator( 2374): setHidden false
D/STATUSBAR-StatusBarManagerService( 2374): setSystemUiVisibility(0x0)
D/STATUSBAR-StatusBarManagerService( 2374): manageDisableList what=0x0 pkg=WindowManager.LayoutParams
V/PhoneStatusBar( 2913): setLightsOn(true)
D/libEGL ( 5784): loaded /system/lib/egl/libEGL_mali.so
D/libEGL ( 5784): loaded /system/lib/egl/libGLESv1_CM_mali.so
D/libEGL ( 5784): loaded /system/lib/egl/libGLESv2_mali.so
D/ ( 5784): Device driver API match
D/ ( 5784): Device driver API version: 10
D/ ( 5784): User space API version: 10
D/ ( 5784): mali: REVISION=Linux-r2p4-02rel0 BUILD_DATE=Tue Oct 16 15:37:13 KST 2012
D/OpenGLRenderer( 5784): Enabling debug mode 0
I/SurfaceFlinger( 1959): id=4704(2) createSurf 0x428f795c (720x1280),4 flag=400, TurfaceView
I/SurfaceFlinger( 1959): SurfaceFlinger : eMagnificationFactorChanged. magnificationFactor=1.0
I/SurfaceFlinger( 1959): SurfaceFlinger : eZoomPositionChanged. zoomX=0.0 zoomY=0.0
D/KeyguardViewMediator( 2374): setHidden false
V/SDL ( 5784): surfaceCreated()
V/SDL ( 5784): surfaceChanged()
V/SDL ( 5784): pixel format RGB_565
V/SDL ( 5784): Window size:720x1280
E/SensorManager( 5784): thread start
D/SensorService( 2374): info.rates.add, set DEFAULT_EVENTS_PERIOD
D/SensorService( 2374): SensorDevice::activating sensor handle=0 ns=200000000
D/iNemoSensor( 2374): setDelay(): handle(0), en(200000000)
I/iNemoSensor( 2374): skip update_delay wanted_accel = 200000000 current delay = 200000000
I/SensorService( 2374): info.selectDelay() ns=20000000
D/iNemoSensor( 2374): setDelay(): handle(0), en(20000000)
I/iNemoSensor( 2374): update_delay wanted_accel = 20000000
D/SensorService( 2374): SensorDevice::setDelay, Return(true 1, false 0) = 1
D/SensorManager( 5784): registerListener :: handle = 0 name= LSM330DLC 3-axis Accelerometer delay= 20000 Listener= org.libsdl.app.SDLSurface@41d5e3b8
I/SDL ( 5784): SDL_Android_Init()
I/SDL ( 5784): SDL_Android_Init() finished!
D/KeyguardViewMediator( 2374): setHidden false
D/KeyguardViewMediator( 2374): setHidden false
D/KeyguardViewMediator( 2374): setHidden false
D/KeyguardViewMediator( 2374): setHidden false
V/SDL ( 5784): onWindowFocusChanged(): true
I/ClipboardServiceEx( 2374): Send intent for dismiss clipboard dialog inside hideCurrentInputLocked() !
D/KeyguardViewMediator( 2374): setHidden false
D/KeyguardViewMediator( 2374): setHidden false
D/Launcher.HomeFragment( 3156): onStop
D/Launcher( 3156): onStop, Launcher: 1104468464
D/KeyguardViewMediator( 2374): setHidden false
I/SurfaceFlinger( 1959): id=4699 Removed Mauncher idx=1 MapSz=5
I/SurfaceFlinger( 1959): id=4699 Removed Mauncher idx=-2 MapSz=5
W/ActivityManager( 2374): mDVFSLock.release()
D/AkmSensor( 2374): MeasureSNGLoop: interval.interval = 20000000, doze_max = 19600, prms->enabled = 2
D/KeyguardViewMediator( 2374): setHidden false
D/KeyguardViewMediator( 2374): setHidden false
I/SurfaceFlinger( 1959): id=4702 Removed girst idx=5 MapSz=4
I/SurfaceFlinger( 1959): id=4702 Removed girst idx=-2 MapSz=4
D/KeyguardViewMediator( 2374): setHidden false
D/KeyguardViewMediator( 2374): setHidden false
I/power ( 2374): *** release_dvfs_lock : lockType : 1
D/PowerManagerService( 2374): releaseDVFSLockLocked : all DVFS_MIN_LIMIT are released
E/Watchdog( 2374): !@Sync 1465
W/PowerManagerService( 2374): Timer 0x3->0x3|0x0
D/FastDormancy( 3067): [FD] ON default: true
D/FastDormancy( 3067): getDormancyFlag() return mDormFlag = true
D/FastDormancy( 3067): Before mDormFlag: true in getCapaDormancy()
D/FastDormancy( 3067): After mDormFlag: true in getCapaDormancy()
W/FastDormancy( 3067): ======= ENTER DORMANCY =======
D/FastDormancy( 3067): ======= FAST DORMANCY Enter =======
W/SignalStrength( 2913): getGsmLevel=1
W/SignalStrength( 2374): getGsmLevel=1
W/SignalStrength( 2913): getLevel=1 (SignalStrength: 5 0 -120 -160 -120 -1 -1 99 2147483647 2147483647 2147483647 2147483647 gsm|lte 0x1)
W/SignalStrength( 2374): getLevel=1 (SignalStrength: 5 0 -120 -160 -120 -1 -1 99 2147483647 2147483647 2147483647 2147483647 gsm|lte 0x1)
W/SignalStrength( 2913): getGsmLevel=1
W/SignalStrength( 2913): getLevel=1 (SignalStrength: 5 0 -120 -160 -120 -1 -1 99 2147483647 2147483647 2147483647 2147483647 gsm|lte 0x1)
W/SignalStrength( 2374): getDbm 1
W/SignalStrength( 2374): getGsmDbm=-103
W/SignalStrength( 2374): getDbm=-103
W/SignalStrength( 2374): getAsuLevel 1
W/SignalStrength( 2374): getGsmAsuLevel=5
W/SignalStrength( 2374): getAsuLevel=5
D/STATUSBAR-NetworkController( 2913): onSignalStrengthsChanged signalStrength=SignalStrength: 5 0 -120 -160 -120 -1 -1 99 2147483647 2147483647 2147483647 2147483647 gsm|lte 0x1 level=1
D/STATUSBAR-NetworkController( 2913): refreshSignalCluster: data=2 bt=false
D/STATUSBAR-SignalClusterView( 2913): mSeparateMobileGroup=0
D/STATUSBAR-SignalClusterView( 2913): mSeparateMobileGroup=0
D/STATUSBAR-SignalClusterView( 2913): mSeparateMobileGroup=0
D/InputReader( 2374): Input event: value=1
D/RestrictionPolicy( 2374): isHomeKeyEnabled :true
D/RestrictionPolicy( 2374): isHomeKeyEnabled :true
D/KeyguardViewMediator( 2374): setHidden false
D/dalvikvm( 2913): GC_FOR_ALLOC freed 6454K, 36% free 23245K/35783K, paused 20ms, total 20ms
V/MediaPlayer-JNI( 2913): native_finalize
V/MediaPlayer-JNI( 2913): release
D/InputReader( 2374): Input event: value=0
D/RestrictionPolicy( 2374): isHomeKeyEnabled :true
D/VoIPInterfaceManager( 2374): isVoIPRinging()...
D/VoIPInterfaceManager( 2374): Not exist call session
D/KeyguardViewMediator( 2374): setHidden false
D/dalvikvm( 2374): GC_FOR_ALLOC freed 1774K, 46% free 32356K/59655K, paused 95ms, total 95ms
V/SDL ( 5784): onPause()
V/SDL ( 5784): nativePause()
D/WindowManager( 2374): PhoneWindowManager: focusChangedLw
D/WindowManager( 2374): mInputFocus is not null.
D/SensorManager( 5784): unregisterListener:: Listener= org.libsdl.app.SDLSurface@41d5e3b8
D/Sensors ( 5784): Remain listener = Sending .. normal delay 200ms
I/Sensors ( 5784): sendDelay --- 200000000
I/SensorService( 2374): info.selectDelay() ns=200000000
D/iNemoSensor( 2374): setDelay(): handle(0), en(200000000)
I/iNemoSensor( 2374): update_delay wanted_accel = 200000000
D/SensorService( 2374): SensorDevice::setDelay, Return(true 1, false 0) = 1
D/SensorManager( 5784): JNI - sendDelay
I/SensorManager( 5784): Set normal delay = true
D/SensorService( 2374): SensorDevice::activating sensor handle=0 ns=200000000
D/iNemoSensor( 2374): setDelay(): handle(0), en(200000000)
I/iNemoSensor( 2374): skip update_delay wanted_accel = 200000000 current delay = 200000000
V/WindowManager( 2374): rotationForOrientationLw(orient=5, last=0); user=0 mLidState=-1 mDockMode=0 mHdmiPlugged=false mAccelerometerDefault=false sensorRotation=0
D/KeyguardViewMediator( 2374): setHidden false
D/WindowManager( 2374): mInputFocus is not null.
D/WindowManager( 2374): mInputFocus is not null.
D/AkmSensor( 2374): MeasureSNGLoop: interval.interval = 200000000, doze_max = 196000, prms->enabled = 2
D/KeyguardViewMediator( 2374): setHidden false
V/SDL ( 5784): onWindowFocusChanged(): false
D/WindowManager( 2374): mInputFocus is not null.
D/WindowManager( 2374): mInputFocus is not null.
I/Launcher.StuckInEdit( 3156): exitWidgetResizeMode State NORMAL
D/Launcher( 3156): onRestart, Launcher: 1104468464
D/Launcher( 3156): onStart, Launcher: 1104468464
D/Launcher.HomeFragment( 3156): onStart
D/Launcher( 3156): onResume, Launcher: 1104468464
I/FlashBarService( 2991): mPkgManagerReceiver : onReceive
E/Launcher( 3156): Error finding setting, default accessibility to not found: accessibility_enabled
D/Launcher.HomeFragment( 3156): onResume
D/MenuAppsGridFragment( 3156): onResume
I/SurfaceFlinger( 1959): id=4705(177) createSurf 0x40d57b1c (720x1280),1 flag=0, Mauncher
I/SurfaceFlinger( 1959): SurfaceFlinger : eMagnificationFactorChanged. magnificationFactor=1.0
I/SurfaceFlinger( 1959): SurfaceFlinger : eZoomPositionChanged. zoomX=0.0 zoomY=0.0
D/WindowManager( 2374): PhoneWindowManager: focusChangedLw
D/KeyguardViewMediator( 2374): setHidden false
D/STATUSBAR-StatusBarManagerService( 2374): setSystemUiVisibility(0x0)
D/STATUSBAR-StatusBarManagerService( 2374): manageDisableList what=0x0 pkg=WindowManager.LayoutParams
I/ClipboardServiceEx( 2374): Send intent for dismiss clipboard dialog inside hideCurrentInputLocked() !
D/KeyguardViewMediator( 2374): setHidden false
D/KeyguardViewMediator( 2374): setHidden false
D/KeyguardViewMediator( 2374): setHidden false
D/KeyguardViewMediator( 2374): setHidden false
D/KeyguardViewMediator( 2374): setHidden false
V/SDL ( 5784): surfaceDestroyed()
W/SurfaceView( 5784): CHECK surface infomation creating=false formatChanged=false sizeChanged=false visible=false visibleChanged=true surfaceChanged=true realSizeChanged=false redrawNeeded=false left=false top=false
D/KeyguardViewMediator( 2374): setHidden false
W/SignalStrength( 2374): getGsmLevel=1
W/SignalStrength( 2913): getGsmLevel=1
W/SignalStrength( 2913): getLevel=1 (SignalStrength: 4 0 -120 -160 -120 -1 -1 99 2147483647 2147483647 2147483647 2147483647 gsm|lte 0x1)
W/SignalStrength( 2374): getLevel=1 (SignalStrength: 4 0 -120 -160 -120 -1 -1 99 2147483647 2147483647 2147483647 2147483647 gsm|lte 0x1)
W/SignalStrength( 2913): getGsmLevel=1
W/SignalStrength( 2913): getLevel=1 (SignalStrength: 4 0 -120 -160 -120 -1 -1 99 2147483647 2147483647 2147483647 2147483647 gsm|lte 0x1)
D/STATUSBAR-NetworkController( 2913): onSignalStrengthsChanged signalStrength=SignalStrength: 4 0 -120 -160 -120 -1 -1 99 2147483647 2147483647 2147483647 2147483647 gsm|lte 0x1 level=1
W/SignalStrength( 2374): getDbm 1
W/SignalStrength( 2374): getGsmDbm=-105
W/SignalStrength( 2374): getDbm=-105
W/SignalStrength( 2374): getAsuLevel 1
W/SignalStrength( 2374): getGsmAsuLevel=4
W/SignalStrength( 2374): getAsuLevel=4
D/KeyguardViewMediator( 2374): setHidden false
D/KeyguardViewMediator( 2374): setHidden false
I/SurfaceFlinger( 1959): id=4703 Removed girstActivi idx=5 MapSz=4
I/SurfaceFlinger( 1959): id=4703 Removed girstActivi idx=-2 MapSz=4
I/SurfaceFlinger( 1959): id=4704 Removed TurfaceView idx=4 MapSz=3
D/KeyguardViewMediator( 2374): setHidden false
D/KeyguardViewMediator( 2374): setHidden false
W/PowerManagerService( 2374): Timer 0x3->0x3|0x0
V/WindowOrientationListener( 2374): nearestRotation : 0 Angle: 6 tilt: 39
D/PowerManagerService( 2374): mIsLockZone = false mTiltAngle : 44.432903 value : 1
D/KeyguardViewMediator( 2374): setHidden false
V/WindowOrientationListener( 2374): Proposed rotation changed! proposedRotation=1, oldProposedRotation=-1currentRotation = 0
V/WindowManager( 2374): rotationForOrientationLw(orient=5, last=0); user=0 mLidState=-1 mDockMode=0 mHdmiPlugged=false mAccelerometerDefault=false sensorRotation=1
W/SignalStrength( 2374): getGsmLevel=1
W/SignalStrength( 2374): getLevel=1 (SignalStrength: 2 0 -120 -160 -120 -1 -1 99 2147483647 2147483647 2147483647 2147483647 gsm|lte 0x1)
W/SignalStrength( 2913): getGsmLevel=1
W/SignalStrength( 2913): getLevel=1 (SignalStrength: 2 0 -120 -160 -120 -1 -1 99 2147483647 2147483647 2147483647 2147483647 gsm|lte 0x1)
W/SignalStrength( 2913): getGsmLevel=1
W/SignalStrength( 2913): getLevel=1 (SignalStrength: 2 0 -120 -160 -120 -1 -1 99 2147483647 2147483647 2147483647 2147483647 gsm|lte 0x1)
W/SignalStrength( 2374): getDbm 1
W/SignalStrength( 2374): getGsmDbm=-109
W/SignalStrength( 2374): getDbm=-109
W/SignalStrength( 2374): getAsuLevel 1
W/SignalStrength( 2374): getGsmAsuLevel=2
W/SignalStrength( 2374): getAsuLevel=2
D/STATUSBAR-NetworkController( 2913): onSignalStrengthsChanged signalStrength=SignalStrength: 2 0 -120 -160 -120 -1 -1 99 2147483647 2147483647 2147483647 2147483647 gsm|lte 0x1 level=1
D/InputReader( 2374): Input event: value=1
D/RestrictionPolicy( 2374): isHomeKeyEnabled :true
D/RestrictionPolicy( 2374): isHomeKeyEnabled :true
D/dalvikvm( 2913): GC_FOR_ALLOC freed 1059K, 34% free 23907K/35783K, paused 15ms, total 15ms
D/dalvikvm( 2913): GC_FOR_ALLOC freed 64K, 29% free 25552K/35783K, paused 25ms, total 25ms
D/dalvikvm( 2913): GC_FOR_ALLOC freed 57K, 25% free 27184K/35783K, paused 15ms, total 15ms
D/RestrictionPolicy( 2374): isHomeKeyEnabled :true
D/WindowManager( 2374): Home long press behavior, keyguardOn = false
D/RestrictionPolicy( 2374): isHomeKeyEnabled :true
D/RestrictionPolicy( 2374): isHomeKeyEnabled :true
D/RestrictionPolicy( 2374): isHomeKeyEnabled :true
W/WindowManager( 2374): interceptKeyBeforeDispatching with IVoIPInterface
D/VoIPInterfaceManager( 2374): isVoIPRinging()...
D/VoIPInterfaceManager( 2374): Not exist call session
I/SurfaceFlinger( 1959): id=4706(38) createSurf 0x410abed4 (720x1280),1 flag=0, SecentsPane
I/SurfaceFlinger( 1959): SurfaceFlinger : eMagnificationFactorChanged. magnificationFactor=1.0
I/SurfaceFlinger( 1959): SurfaceFlinger : eZoomPositionChanged. zoomX=0.0 zoomY=0.0
D/WindowManager( 2374): PhoneWindowManager: focusChangedLw
D/KeyguardViewMediator( 2374): setHidden false
D/STATUSBAR-StatusBarManagerService( 2374): setSystemUiVisibility(0x0)
D/STATUSBAR-StatusBarManagerService( 2374): manageDisableList what=0x0 pkg=WindowManager.LayoutParams
D/RestrictionPolicy( 2374): isHomeKeyEnabled :true
D/KeyguardViewMediator( 2374): setHidden false
D/RestrictionPolicy( 2374): isHomeKeyEnabled :true
D/RestrictionPolicy( 2374): isHomeKeyEnabled :true
D/RestrictionPolicy( 2374): isHomeKeyEnabled :true
D/KeyguardViewMediator( 2374): setHidden false
D/KeyguardViewMediator( 2374): setHidden false
D/RestrictionPolicy( 2374): isHomeKeyEnabled :true
D/RestrictionPolicy( 2374): isHomeKeyEnabled :true
D/RestrictionPolicy( 2374): isHomeKeyEnabled :true
D/InputReader( 2374): Input event: value=0
D/RestrictionPolicy( 2374): isHomeKeyEnabled :true
W/SignalStrength( 2374): getGsmLevel=0
W/SignalStrength( 2374): getLevel=0 (SignalStrength: 2 0 -120 -160 -120 -1 -1 99 2147483647 2147483647 2147483647 2147483647 gsm|lte 0x0)
W/SignalStrength( 2913): getGsmLevel=0
W/SignalStrength( 2913): getLevel=0 (SignalStrength: 2 0 -120 -160 -120 -1 -1 99 2147483647 2147483647 2147483647 2147483647 gsm|lte 0x0)
W/SignalStrength( 2913): getGsmLevel=0
W/SignalStrength( 2913): getLevel=0 (SignalStrength: 2 0 -120 -160 -120 -1 -1 99 2147483647 2147483647 2147483647 2147483647 gsm|lte 0x0)
W/SignalStrength( 2374): getDbm 1
W/SignalStrength( 2374): getGsmDbm=-109
W/SignalStrength( 2374): getDbm=-109
W/SignalStrength( 2374): getAsuLevel 1
W/SignalStrength( 2374): getGsmAsuLevel=2
W/SignalStrength( 2374): getAsuLevel=2
D/STATUSBAR-NetworkController( 2913): onSignalStrengthsChanged signalStrength=SignalStrength: 2 0 -120 -160 -120 -1 -1 99 2147483647 2147483647 2147483647 2147483647 gsm|lte 0x0 level=0
D/STATUSBAR-NetworkController( 2913): refreshSignalCluster: data=2 bt=false
D/STATUSBAR-SignalClusterView( 2913): mSeparateMobileGroup=0
D/STATUSBAR-SignalClusterView( 2913): mSeparateMobileGroup=0
D/STATUSBAR-SignalClusterView( 2913): mSeparateMobileGroup=0
I/InputReader( 2374): Touch event's action is 0x0 (deviceType=0) [pCnt=1, s=0.13011 ]
I/InputDispatcher( 2374): Delivering touch to current input target: action: 0x0
I/InputDispatcher( 2374): Delivering touch to current input target: action: 0x0
I/InputDispatcher( 2374): Delivering touch to current input target: action: 0x0
I/InputReader( 2374): Touch event's action is 0x1 (deviceType=0) [pCnt=1, s=]
I/InputDispatcher( 2374): Delivering touch to current input target: action: 0x1
I/InputDispatcher( 2374): Delivering touch to current input target: action: 0x1
I/InputDispatcher( 2374): Delivering touch to current input target: action: 0x1
D/dalvikvm( 2913): WAIT_FOR_CONCURRENT_GC blocked 0ms
D/dalvikvm( 2913): GC_EXPLICIT freed 65K, 21% free 28566K/35783K, paused 1ms+4ms, total 27ms
D/KeyguardViewMediator( 2374): setHidden false
D/Launcher.HomeFragment( 3156): onPause
D/Launcher( 3156): onPause, Launcher: 1104468464
I/power ( 2374): *** acquire_dvfs_lock : lockType : 1 freq : 1000000
D/PowerManagerService( 2374): acquireDVFSLockLocked : type : DVFS_MIN_LIMIT frequency : 1000000 uid : 1000 pid : 2374 tag : ActivityManager
W/ActivityManager( 2374): mDVFSLock.acquire()
I/SurfaceFlinger( 1959): id=4707(1067) createSurf (720x1280),-1 flag=30004, GreezeSurfa
I/InputReader( 2374): Reconfiguring input devices. changes=0x00000004
I/InputReader( 2374): Device reconfigured: id=6, name='sec_touchscreen', surface size is now 720x1280, mode is 1
I/SurfaceFlinger( 1959): Orientation 0=>1
V/WindowManager( 2374): rotationForOrientationLw(orient=-1, last=0); user=0 mLidState=-1 mDockMode=0 mHdmiPlugged=false mAccelerometerDefault=false sensorRotation=1
I/ActivityManager( 2374): Config changed: {1 0 1.0 244mcc21mnc fi_FI sw360dp w640dp h335dp nrml long land finger -keyb/v/h -nav/h s.212}
D/PhoneApp( 3067): updateProximitySensorMode: lock already released.
D/KeyguardViewMediator( 2374): setHidden false
D/KeyguardViewMediator( 2374): setHidden false
D/WfdService( 2374): intent recieved android.intent.action.CONFIGURATION_CHANGED
D/ClockAlarmWidgetService(19224): [ClockAlarmWidgetService] onReceive: action = android.intent.action.CONFIGURATION_CHANGED
E/ClockAlarmWidget(19224): [AlarmWidgetIdManager] getListItem() : itemIndex=0, widgetID:1
E/ClockAlarmWidget(19224): [AlarmWidgetIdManager] getListItem() : ItemIndex exceed ListItemCount. itemIndex=1
E/ClockAlarmWidget(19224): [AlarmWidgetIdManager] getListItem() : itemIndex=1, widgetID:1
D/SharedManager(23304): getPrefIDs() : length = 1
D/SharedManager(23304): getPrefIDs() : Shared_DCIDs1 = 9
D/KeyguardViewMediator( 2374): setHidden false
V/SDL ( 5784): onResume()
D/STATUSBAR-QuickSettingPanel( 2913): mDisplayButtonCnt : 10 mCurButtonNum : 8
W/STATUSBAR-QuickSettingPanel( 2913): prepareTranslationXfalse 318
D/ClockAlarmDataProvider(19224): getAlarm() - too many same ID alarm data. nCount: 0
D/evanjs (23304): evanjs DualClockAppWidgetProvider display.getOrientation(): 1
D/dalvikvm(23304): GC_CONCURRENT freed 1375K, 22% free 12389K/15751K, paused 39ms+8ms, total 74ms
D/dalvikvm(23304): WAIT_FOR_CONCURRENT_GC blocked 2ms
I/SurfaceFlinger( 1959): id=4708(3) createSurf 0x40e2bc8c (720x1280),4 flag=400, TurfaceView
I/SurfaceFlinger( 1959): SurfaceFlinger : eMagnificationFactorChanged. magnificationFactor=1.0
I/SurfaceFlinger( 1959): SurfaceFlinger : eZoomPositionChanged. zoomX=0.0 zoomY=0.0
D/KeyguardViewMediator( 2374): setHidden false
I/SurfaceFlinger( 1959): id=4705 Removed Mauncher idx=1 MapSz=4
D/KeyguardViewMediator( 2374): setHidden false
V/SDL ( 5784): surfaceCreated()
V/SDL ( 5784): surfaceChanged()
V/SDL ( 5784): pixel format RGB_565
V/SDL ( 5784): Window size:720x1280
I/SurfaceFlinger( 1959): id=4704 Removed TurfaceView idx=-2 MapSz=4
I/SurfaceFlinger( 1959): id=4709(4) createSurf 0x40e79bbc (1280x720),1 flag=0, girstActivi
I/SurfaceFlinger( 1959): id=4705 Removed Mauncher idx=-2 MapSz=5
I/SurfaceFlinger( 1959): SurfaceFlinger : eMagnificationFactorChanged. magnificationFactor=1.0
I/SurfaceFlinger( 1959): SurfaceFlinger : eZoomPositionChanged. zoomX=0.0 zoomY=0.0
D/KeyguardViewMediator( 2374): setHidden false
D/KeyguardViewMediator( 2374): setHidden false
D/Launcher( 3156): onTrimMemory. Level: 20
D/KeyguardViewMediator( 2374): setHidden false
D/STATUSBAR-PhoneStatusBar( 2913): Landscape - marquee statusbar
V/SDL ( 5784): surfaceChanged()
V/SDL ( 5784): pixel format RGB_565
V/SDL ( 5784): Window size:1280x720
D/dalvikvm(23304): GC_FOR_ALLOC freed 47K, 20% free 12666K/15751K, paused 54ms, total 54ms
D/KeyguardViewMediator( 2374): setHidden false
I/dalvikvm-heap(23304): Grow heap (frag case) to 13.659MB for 649652-byte allocation
D/KeyguardViewMediator( 2374): setHidden false
D/KeyguardViewMediator( 2374): setHidden false
D/KeyguardViewMediator( 2374): setHidden false
D/KeyguardViewMediator( 2374): setHidden false
I/power ( 2374): *** release_dvfs_lock : lockType : 1
D/KeyguardViewMediator( 2374): setHidden false
D/PowerManagerService( 2374): releaseDVFSLockLocked : all DVFS_MIN_LIMIT are released
W/ActivityManager( 2374): mDVFSLock.release()
D/KeyguardViewMediator( 2374): setHidden false
D/Launcher.HomeFragment( 3156): onStop
D/Launcher( 3156): onStop, Launcher: 1104468464
D/KeyguardViewMediator( 2374): setHidden false
D/KeyguardViewMediator( 2374): setHidden false
D/STATUSBAR-NetworkController( 2913): onReceive() - ACTION_CONFIGURATION_CHANGED
D/STATUSBAR-Clock( 2913): onReceive() - ACTION_CONFIGURATION_CHANGED
D/STATUSBAR-Clock( 2913): onReceive() - ACTION_CONFIGURATION_CHANGED
I/SurfaceFlinger( 1959): id=4706 Removed SecentsPane idx=6 MapSz=4
I/SurfaceFlinger( 1959): id=4706 Removed SecentsPane idx=-2 MapSz=4
D/KeyguardViewMediator( 2374): setHidden false
D/WindowManager( 2374): PhoneWindowManager: focusChangedLw
D/dalvikvm(23304): GC_CONCURRENT freed <1K, 16% free 13300K/15751K, paused 11ms+13ms, total 58ms
D/dalvikvm(23304): WAIT_FOR_CONCURRENT_GC blocked 38ms
D/STATUSBAR-StatusBarManagerService( 2374): setSystemUiVisibility(0x0)
D/STATUSBAR-StatusBarManagerService( 2374): manageDisableList what=0x0 pkg=WindowManager.LayoutParams
V/SDL ( 5784): onWindowFocusChanged(): true
V/SDL ( 5784): nativeResume()
D/SensorService( 2374): info.rates.add, set DEFAULT_EVENTS_PERIOD
D/SensorService( 2374): SensorDevice::activating sensor handle=0 ns=200000000
D/iNemoSensor( 2374): setDelay(): handle(0), en(200000000)
I/iNemoSensor( 2374): skip update_delay wanted_accel = 200000000 current delay = 200000000
D/KeyguardViewMediator( 2374): setHidden false
I/SensorService( 2374): info.selectDelay() ns=20000000
D/iNemoSensor( 2374): setDelay(): handle(0), en(20000000)
I/iNemoSensor( 2374): update_delay wanted_accel = 20000000
D/SensorService( 2374): SensorDevice::setDelay, Return(true 1, false 0) = 1
D/SensorManager( 5784): registerListener :: handle = 0 name= LSM330DLC 3-axis Accelerometer delay= 20000 Listener= org.libsdl.app.SDLSurface@41d5e3b8
I/SurfaceFlinger( 1959): id=4710(1068) createSurf (1440x1280),-1 flag=20000, ClackSurfac
I/SurfaceFlinger( 1959): id=4711(1069) createSurf (720x2560),-1 flag=20000, ClackSurfac
I/SurfaceFlinger( 1959): id=4712(1070) createSurf (1440x1280),-1 flag=20000, ClackSurfac
I/SurfaceFlinger( 1959): id=4713(1071) createSurf (720x2560),-1 flag=20000, ClackSurfac
I/ClipboardServiceEx( 2374): Send intent for dismiss clipboard dialog inside hideCurrentInputLocked() !
W/IInputConnectionWrapper( 3156): showStatusIcon on inactive InputConnection
D/dalvikvm(23304): GC_FOR_ALLOC freed 324K, 16% free 13301K/15751K, paused 14ms, total 14ms
D/KeyguardViewMediator( 2374): setHidden false
D/KeyguardViewMediator( 2374): setHidden false
V/PhoneStatusBar( 2913): setLightsOn(true)
D/dalvikvm(23304): GC_CONCURRENT freed <1K, 14% free 13694K/15751K, paused 17ms+6ms, total 88ms
D/AkmSensor( 2374): MeasureSNGLoop: interval.interval = 20000000, doze_max = 19600, prms->enabled = 2
D/dalvikvm( 2374): GC_FOR_ALLOC freed 1917K, 47% free 31918K/59655K, paused 115ms, total 117ms
D/PowerManagerService( 2374): lightSensorChangedLocked value=1 immediate=false
D/PowerManagerService( 2374): getAutoBrightnessValue : in bound ( 0 < 1 <= 19 )
D/PowerManagerService( 2374): getAutoBrightnessValue : in bound ( 0 < 1 <= 19 )
D/PowerManagerService( 2374): lcdValue 21
D/PowerManagerService( 2374): buttonValue 21
D/PowerManagerService( 2374): keyboardValue 0
D/PowerManagerService( 2374): lightSensorChangedLocked : mKeyboardLight : 0
D/dalvikvm( 3156): GC_FOR_ALLOC freed 1023K, 34% free 25261K/37831K, paused 29ms, total 30ms
D/PowerManagerService( 2374): mIsLockZone = true mTiltAngle : 42.822083 value : 5
I/SurfaceFlinger( 1959): id=4707 Removed GreezeSurfa idx=6 MapSz=4
I/SurfaceFlinger( 1959): id=4707 Removed GreezeSurfa idx=-2 MapSz=4
I/SurfaceFlinger( 1959): id=4710 Removed ClackSurfac idx=6 MapSz=4
I/SurfaceFlinger( 1959): id=4710 Removed ClackSurfac idx=-2 MapSz=4
I/SurfaceFlinger( 1959): id=4711 Removed ClackSurfac idx=6 MapSz=4
I/SurfaceFlinger( 1959): id=4711 Removed ClackSurfac idx=-2 MapSz=4
I/SurfaceFlinger( 1959): id=4712 Removed ClackSurfac idx=6 MapSz=4
I/SurfaceFlinger( 1959): id=4713 Removed ClackSurfac idx=6 MapSz=4
I/SurfaceFlinger( 1959): id=4712 Removed ClackSurfac idx=-2 MapSz=4
I/SurfaceFlinger( 1959): id=4713 Removed ClackSurfac idx=-2 MapSz=4
D/KeyguardViewMediator( 2374): setHidden false
D/KeyguardViewMediator( 2374): setHidden false
V/WindowManager( 2374): rotationForOrientationLw(orient=-1, last=1); user=0 mLidState=-1 mDockMode=0 mHdmiPlugged=false mAccelerometerDefault=false sensorRotation=1
W/PowerManagerService( 2374): Timer 0x3->0x3|0x0
W/SignalStrength( 2374): getGsmLevel=0
W/SignalStrength( 2374): getLevel=0 (SignalStrength: 1 0 -120 -160 -120 -1 -1 99 2147483647 2147483647 2147483647 2147483647 gsm|lte 0x0)
W/SignalStrength( 2913): getGsmLevel=0
W/SignalStrength( 2913): getLevel=0 (SignalStrength: 1 0 -120 -160 -120 -1 -1 99 2147483647 2147483647 2147483647 2147483647 gsm|lte 0x0)
W/SignalStrength( 2913): getGsmLevel=0
W/SignalStrength( 2913): getLevel=0 (SignalStrength: 1 0 -120 -160 -120 -1 -1 99 2147483647 2147483647 2147483647 2147483647 gsm|lte 0x0)
W/SignalStrength( 2374): getDbm 1
W/SignalStrength( 2374): getGsmDbm=-111
W/SignalStrength( 2374): getDbm=-111
W/SignalStrength( 2374): getAsuLevel 1
W/SignalStrength( 2374): getGsmAsuLevel=1
W/SignalStrength( 2374): getAsuLevel=1
D/STATUSBAR-NetworkController( 2913): onSignalStrengthsChanged signalStrength=SignalStrength: 1 0 -120 -160 -120 -1 -1 99 2147483647 2147483647 2147483647 2147483647 gsm|lte 0x0 level=0
D/PowerManagerService( 2374): mIsLockZone = false mTiltAngle : 41.95291 value : 1
D/dalvikvm( 2374): WAIT_FOR_CONCURRENT_GC blocked 0ms
W/SignalStrength( 2374): getGsmLevel=0
W/SignalStrength( 2374): getLevel=0 (SignalStrength: 2 0 -120 -160 -120 -1 -1 99 2147483647 2147483647 2147483647 2147483647 gsm|lte 0x0)
W/SignalStrength( 2374): getDbm 1
W/SignalStrength( 2374): getGsmDbm=-109
W/SignalStrength( 2374): getDbm=-109
W/SignalStrength( 2374): getAsuLevel 1
W/SignalStrength( 2374): getGsmAsuLevel=2
W/SignalStrength( 2374): getAsuLevel=2
W/SignalStrength( 2913): getGsmLevel=0
W/SignalStrength( 2913): getLevel=0 (SignalStrength: 2 0 -120 -160 -120 -1 -1 99 2147483647 2147483647 2147483647 2147483647 gsm|lte 0x0)
W/SignalStrength( 2913): getGsmLevel=0
W/SignalStrength( 2913): getLevel=0 (SignalStrength: 2 0 -120 -160 -120 -1 -1 99 2147483647 2147483647 2147483647 2147483647 gsm|lte 0x0)
D/STATUSBAR-NetworkController( 2913): onSignalStrengthsChanged signalStrength=SignalStrength: 2 0 -120 -160 -120 -1 -1 99 2147483647 2147483647 2147483647 2147483647 gsm|lte 0x0 level=0
D/dalvikvm( 2374): GC_EXPLICIT freed 1000K, 47% free 32196K/59655K, paused 4ms+10ms, total 110ms
W/SignalStrength( 2374): getGsmLevel=0
W/SignalStrength( 2374): getLevel=0 (SignalStrength: 1 0 -120 -160 -120 -1 -1 99 2147483647 2147483647 2147483647 2147483647 gsm|lte 0x0)
W/SignalStrength( 2913): getGsmLevel=0
W/SignalStrength( 2913): getLevel=0 (SignalStrength: 1 0 -120 -160 -120 -1 -1 99 2147483647 2147483647 2147483647 2147483647 gsm|lte 0x0)
W/SignalStrength( 2913): getGsmLevel=0
W/SignalStrength( 2913): getLevel=0 (SignalStrength: 1 0 -120 -160 -120 -1 -1 99 2147483647 2147483647 2147483647 2147483647 gsm|lte 0x0)
W/SignalStrength( 2374): getDbm 1
W/SignalStrength( 2374): getGsmDbm=-111
W/SignalStrength( 2374): getDbm=-111
W/SignalStrength( 2374): getAsuLevel 1
W/SignalStrength( 2374): getGsmAsuLevel=1
W/SignalStrength( 2374): getAsuLevel=1
D/STATUSBAR-NetworkController( 2913): onSignalStrengthsChanged signalStrength=SignalStrength: 1 0 -120 -160 -120 -1 -1 99 2147483647 2147483647 2147483647 2147483647 gsm|lte 0x0 level=0
D/InputReader( 2374): Input event: value=1
D/RestrictionPolicy( 2374): isHomeKeyEnabled :true
D/RestrictionPolicy( 2374): isHomeKeyEnabled :true
D/InputReader( 2374): Input event: value=0
D/RestrictionPolicy( 2374): isHomeKeyEnabled :true
D/KeyguardViewMediator( 2374): setHidden false
D/dalvikvm( 2913): GC_FOR_ALLOC freed 5560K, 31% free 24924K/35783K, paused 29ms, total 29ms
D/dalvikvm( 2913): GC_FOR_ALLOC freed 691K, 28% free 25926K/35783K, paused 18ms, total 18ms
D/dalvikvm( 2913): GC_FOR_ALLOC freed 58K, 23% free 27563K/35783K, paused 29ms, total 29ms
D/PowerManagerService( 2374): mIsLockZone = true mTiltAngle : 44.651814 value : 7
D/PowerManagerService( 2374): mIsLockZone = false mTiltAngle : 43.9614 value : 1
D/VoIPInterfaceManager( 2374): isVoIPRinging()...
D/VoIPInterfaceManager( 2374): Not exist call session
D/KeyguardViewMediator( 2374): setHidden false
V/SDL ( 5784): onPause()
V/SDL ( 5784): nativePause()
D/WindowManager( 2374): PhoneWindowManager: focusChangedLw
D/WindowManager( 2374): mInputFocus is not null.
D/SensorManager( 5784): unregisterListener:: Listener= org.libsdl.app.SDLSurface@41d5e3b8
D/Sensors ( 5784): Remain listener = Sending .. normal delay 200ms
I/Sensors ( 5784): sendDelay --- 200000000
I/SensorService( 2374): info.selectDelay() ns=200000000
D/iNemoSensor( 2374): setDelay(): handle(0), en(200000000)
I/iNemoSensor( 2374): update_delay wanted_accel = 200000000
D/SensorService( 2374): SensorDevice::setDelay, Return(true 1, false 0) = 1
D/SensorManager( 5784): JNI - sendDelay
I/SensorManager( 5784): Set normal delay = true
D/SensorService( 2374): SensorDevice::activating sensor handle=0 ns=200000000
D/iNemoSensor( 2374): setDelay(): handle(0), en(200000000)
I/iNemoSensor( 2374): skip update_delay wanted_accel = 200000000 current delay = 200000000
V/WindowManager( 2374): rotationForOrientationLw(orient=5, last=1); user=0 mLidState=-1 mDockMode=0 mHdmiPlugged=false mAccelerometerDefault=false sensorRotation=1
