D/WindowManager( 2374): mInputFocus is not null.
D/KeyguardViewMediator( 2374): setHidden false
D/WfdService( 2374): intent recieved android.intent.action.CONFIGURATION_CHANGED
D/WindowManager( 2374): mInputFocus is not null.
D/WindowManager( 2374): mInputFocus is not null.
D/STATUSBAR-PhoneStatusBar( 2913): onConfigurationChanged
D/WindowManager( 2374): mInputFocus is not null.
D/WindowManager( 2374): mInputFocus is not null.
D/SharedManager(23304): getPrefIDs() : length = 1
D/SharedManager(23304): getPrefIDs() : Shared_DCIDs1 = 9
D/ClockAlarmWidgetService(19224): [ClockAlarmWidgetService] onReceive: action = android.intent.action.CONFIGURATION_CHANGED
D/KeyguardViewMediator( 2374): setHidden false
D/WindowManager( 2374): mInputFocus is not null.
D/WindowManager( 2374): mInputFocus is not null.
E/ClockAlarmWidget(19224): [AlarmWidgetIdManager] getListItem() : itemIndex=0, widgetID:1
E/ClockAlarmWidget(19224): [AlarmWidgetIdManager] getListItem() : ItemIndex exceed ListItemCount. itemIndex=1
E/ClockAlarmWidget(19224): [AlarmWidgetIdManager] getListItem() : itemIndex=1, widgetID:1
D/KeyguardViewMediator( 2374): setHidden false
D/WindowManager( 2374): mInputFocus is not null.
D/WindowManager( 2374): mInputFocus is not null.
D/KeyguardViewMediator( 2374): setHidden false
D/Launcher( 3156): onRestart, Launcher: 1104468464
D/Launcher( 3156): onStart, Launcher: 1104468464
D/Launcher.HomeFragment( 3156): onStart
D/Launcher( 3156): onResume, Launcher: 1104468464
D/WindowManager( 2374): mInputFocus is not null.
D/STATUSBAR-NetworkController( 2913): onReceive() - ACTION_CONFIGURATION_CHANGED
D/STATUSBAR-Clock( 2913): onReceive() - ACTION_CONFIGURATION_CHANGED
D/STATUSBAR-Clock( 2913): onReceive() - ACTION_CONFIGURATION_CHANGED
I/FlashBarService( 2991): mPkgManagerReceiver : onReceive
D/evanjs (23304): evanjs DualClockAppWidgetProvider display.getOrientation(): 0
D/ClockAlarmDataProvider(19224): getAlarm() - too many same ID alarm data. nCount: 0
I/SurfaceFlinger( 1959): id=4813 Removed KobManagerA idx=2 MapSz=2
D/KeyguardViewMediator( 2374): setHidden false
D/KeyguardViewMediator( 2374): setHidden false
I/SurfaceFlinger( 1959): id=4813 Removed KobManagerA idx=-2 MapSz=2
D/WindowManager( 2374): mInputFocus is not null.
D/WindowManager( 2374): mInputFocus is not null.
D/WindowManager( 2374): mInputFocus is not null.
D/WindowManager( 2374): mInputFocus is not null.
D/dalvikvm( 2931): WAIT_FOR_CONCURRENT_GC blocked 0ms
D/dalvikvm(23304): GC_FOR_ALLOC freed 1954K, 22% free 12345K/15751K, paused 15ms, total 15ms
D/KeyguardViewMediator( 2374): setHidden false
D/WindowManager( 2374): mInputFocus is not null.
D/dalvikvm( 2931): GC_EXPLICIT freed 209K, 7% free 12281K/13191K, paused 1ms+2ms, total 22ms
D/dalvikvm(23304): GC_FOR_ALLOC freed 3K, 20% free 12666K/15751K, paused 12ms, total 13ms
I/dalvikvm-heap(23304): Grow heap (frag case) to 13.650MB for 640016-byte allocation
E/Launcher( 3156): Error finding setting, default accessibility to not found: accessibility_enabled
D/Launcher.HomeFragment( 3156): onResume
D/MenuAppsGridFragment( 3156): onResume
D/dalvikvm(23304): GC_CONCURRENT freed <1K, 16% free 13291K/15751K, paused 13ms+1ms, total 24ms
D/dalvikvm(23304): WAIT_FOR_CONCURRENT_GC blocked 11ms
I/SurfaceFlinger( 1959): id=4816(185) createSurf 0x4296eb3c (720x1280),1 flag=0, Mauncher
I/SurfaceFlinger( 1959): SurfaceFlinger : eMagnificationFactorChanged. magnificationFactor=1.0
I/SurfaceFlinger( 1959): SurfaceFlinger : eZoomPositionChanged. zoomX=0.0 zoomY=0.0
D/WindowManager( 2374): PhoneWindowManager: focusChangedLw
D/KeyguardViewMediator( 2374): setHidden false
D/STATUSBAR-StatusBarManagerService( 2374): setSystemUiVisibility(0x0)
D/STATUSBAR-StatusBarManagerService( 2374): manageDisableList what=0x0 pkg=WindowManager.LayoutParams
D/PowerManagerService( 2374): mIsLockZone = false mTiltAngle : 50.023518 value : 0
D/dalvikvm( 2374): GC_FOR_ALLOC freed 1188K, 45% free 33250K/59655K, paused 83ms, total 83ms
I/ClipboardServiceEx( 2374): Send intent for dismiss clipboard dialog inside hideCurrentInputLocked() !
W/IInputConnectionWrapper(11235): showStatusIcon on inactive InputConnection
D/KeyguardViewMediator( 2374): setHidden false
D/KeyguardViewMediator( 2374): setHidden false
D/KeyguardViewMediator( 2374): setHidden false
D/KeyguardViewMediator( 2374): setHidden false
D/KeyguardViewMediator( 2374): setHidden false
I/SurfaceFlinger( 1959): id=4817(1134) createSurf (2560x720),-1 flag=20000, ClackSurfac
I/SurfaceFlinger( 1959): id=4818(1135) createSurf (1280x1440),-1 flag=20000, ClackSurfac
I/SurfaceFlinger( 1959): id=4819(1136) createSurf (2560x720),-1 flag=20000, ClackSurfac
I/SurfaceFlinger( 1959): id=4820(1137) createSurf (1280x1440),-1 flag=20000, ClackSurfac
D/dalvikvm( 3156): GC_CONCURRENT freed 3050K, 31% free 26469K/37831K, paused 2ms+5ms, total 35ms
D/dalvikvm( 3156): WAIT_FOR_CONCURRENT_GC blocked 33ms
D/KeyguardViewMediator( 2374): setHidden false
I/SurfaceFlinger( 1959): id=4815 Removed GreezeSurfa idx=5 MapSz=3
I/SurfaceFlinger( 1959): id=4815 Removed GreezeSurfa idx=-2 MapSz=3
I/SurfaceFlinger( 1959): id=4817 Removed ClackSurfac idx=5 MapSz=3
I/SurfaceFlinger( 1959): id=4817 Removed ClackSurfac idx=-2 MapSz=3
I/SurfaceFlinger( 1959): id=4818 Removed ClackSurfac idx=5 MapSz=3
I/SurfaceFlinger( 1959): id=4819 Removed ClackSurfac idx=5 MapSz=3
I/SurfaceFlinger( 1959): id=4818 Removed ClackSurfac idx=-2 MapSz=3
I/SurfaceFlinger( 1959): id=4819 Removed ClackSurfac idx=-2 MapSz=3
I/SurfaceFlinger( 1959): id=4820 Removed ClackSurfac idx=5 MapSz=3
I/SurfaceFlinger( 1959): id=4820 Removed ClackSurfac idx=-2 MapSz=3
D/KeyguardViewMediator( 2374): setHidden false
D/KeyguardViewMediator( 2374): setHidden false
V/WindowManager( 2374): rotationForOrientationLw(orient=5, last=0); user=0 mLidState=-1 mDockMode=0 mHdmiPlugged=false mAccelerometerDefault=false sensorRotation=1
D/PowerManagerService( 2374): mIsLockZone = true mTiltAngle : 50.298416 value : 4
D/lights ( 2374): button : 2 +
D/lights ( 2374): button : 2 -
W/PowerManagerService( 2374): Timer 0x7->0x3|0x0
I/PowerManagerService( 2374): Ulight 0x7->0x3|0x0
D/LightsService( 2374): setLightLocked is called
I/InputReader( 2374): Touch event's action is 0x0 (deviceType=0) [pCnt=1, s=0.13044 ]
I/InputDispatcher( 2374): Delivering touch to current input target: action: 0x0
I/InputDispatcher( 2374): Delivering touch to current input target: action: 0x0
I/InputDispatcher( 2374): Delivering touch to current input target: action: 0x0
I/InputDispatcher( 2374): Delivering touch to current input target: action: 0x0
I/InputReader( 2374): Touch event's action is 0x1 (deviceType=0) [pCnt=1, s=]
I/InputDispatcher( 2374): Delivering touch to current input target: action: 0x1
I/InputDispatcher( 2374): Delivering touch to current input target: action: 0x1
I/InputDispatcher( 2374): Delivering touch to current input target: action: 0x1
I/InputDispatcher( 2374): Delivering touch to current input target: action: 0x1
I/Launcher.StuckInEdit( 3156): exitWidgetResizeMode State NORMAL
D/PowerManagerService( 2374): mIsLockZone = false mTiltAngle : 50.68196 value : 0
I/TwDVFSBroadcastReceiver( 3107): onLauncherIntent
D/PowerManager( 3107): DVFSLock : acquire : timeout : 1000
I/power ( 2374): *** acquire_dvfs_lock : lockType : 1 freq : 1400000
D/PowerManagerService( 2374): acquireDVFSLockLocked : type : DVFS_MIN_LIMIT frequency : 1400000 uid : 1000 pid : 3107 tag : TwDVFSBroadcastReceiver
D/Launcher.MenuAppsGrid( 3156): StateObj::getAppsList() item count = 60
D/CellLayoutChildren( 3156): setCellDimensions. width: 164, height: 188, gapX: 8, gapY: 4
D/CellLayout( 3156): setGridSize(4, 5)
D/CellLayoutChildren( 3156): setCellDimensions. width: 164, height: 188, gapX: 8, gapY: 4
D/CellLayout( 3156): setGridSize(4, 5)
D/CellLayoutChildren( 3156): setCellDimensions. width: 164, height: 188, gapX: 8, gapY: 4
D/CellLayout( 3156): setGridSize(4, 5)
E/SpannableStringBuilder( 3156): SPAN_EXCLUSIVE_EXCLUSIVE spans cannot have a zero length
E/SpannableStringBuilder( 3156): SPAN_EXCLUSIVE_EXCLUSIVE spans cannot have a zero length
D/PowerManagerService( 2374): mIsLockZone = true mTiltAngle : 50.135433 value : 4
D/dalvikvm( 2374): WAIT_FOR_CONCURRENT_GC blocked 0ms
D/dalvikvm( 2374): GC_EXPLICIT freed 2027K, 46% free 32335K/59655K, paused 3ms+7ms, total 91ms
I/power ( 2374): *** release_dvfs_lock : lockType : 1
D/PowerManagerService( 2374): releaseDVFSLockLocked : all DVFS_MIN_LIMIT are released
W/PowerManagerService( 2374): Timer 0x3->0x3|0x0
D/PowerManagerService( 2374): mIsLockZone = false mTiltAngle : 60.458267 value : 1
D/PowerManagerService( 2374): mIsLockZone = true mTiltAngle : 40.628395 value : 6
D/PowerManagerService( 2374): mIsLockZone = false mTiltAngle : 33.18182 value : 1
E/Watchdog( 2374): !@Sync 1479
D/PowerManagerService( 2374): mIsLockZone = true mTiltAngle : 44.813652 value : 4
I/InputReader( 2374): Touch event's action is 0x0 (deviceType=0) [pCnt=1, s=0.13045 ]
I/InputDispatcher( 2374): Delivering touch to current input target: action: 0x0
I/InputDispatcher( 2374): Delivering touch to current input target: action: 0x0
I/InputDispatcher( 2374): Delivering touch to current input target: action: 0x0
I/InputDispatcher( 2374): Delivering touch to current input target: action: 0x0
I/TwDVFSBroadcastReceiver( 3107): onLauncherIntent
D/PowerManager( 3107): DVFSLock : acquire : timeout : 1000
I/power ( 2374): *** acquire_dvfs_lock : lockType : 1 freq : 1400000
D/PowerManagerService( 2374): acquireDVFSLockLocked : type : DVFS_MIN_LIMIT frequency : 1400000 uid : 1000 pid : 3107 tag : TwDVFSBroadcastReceiver
I/InputReader( 2374): Touch event's action is 0x1 (deviceType=0) [pCnt=1, s=]
I/InputDispatcher( 2374): Delivering touch to current input target: action: 0x1
I/InputDispatcher( 2374): Delivering touch to current input target: action: 0x1
I/InputDispatcher( 2374): Delivering touch to current input target: action: 0x1
I/InputDispatcher( 2374): Delivering touch to current input target: action: 0x1
D/PowerManagerService( 2374): acquireDVFSLockLocked : type : DVFS_MIN_LIMIT frequency : 1000000 uid : 1000 pid : 2374 tag : ActivityManager
W/ActivityManager( 2374): mDVFSLock.acquire()
D/Launcher.HomeFragment( 3156): onPause
D/Launcher( 3156): onPause, Launcher: 1104468464
D/dalvikvm(12185): Late-enabling CheckJNI
I/SurfaceFlinger( 1959): id=4821(437) createSurf 0x40d924ec (1x1),1 flag=400, girst
I/SurfaceFlinger( 1959): SurfaceFlinger : eMagnificationFactorChanged. magnificationFactor=1.0
I/SurfaceFlinger( 1959): SurfaceFlinger : eZoomPositionChanged. zoomX=0.0 zoomY=0.0
D/KeyguardViewMediator( 2374): setHidden false
I/dalvikvm(12185): Turning on JNI app bug workarounds for target SDK version 12...
V/WindowManager( 2374): rotationForOrientationLw(orient=-1, last=0); user=0 mLidState=-1 mDockMode=0 mHdmiPlugged=false mAccelerometerDefault=false sensorRotation=0
D/WindowManager( 2374): PhoneWindowManager: focusChangedLw
D/Launcher( 3156): onTrimMemory. Level: 20
D/KeyguardViewMediator( 2374): setHidden false
D/WindowManager( 2374): mInputFocus is not null.
D/WindowManager( 2374): mInputFocus is not null.
D/dalvikvm(12185): Trying to load lib /data/data/blobby.test.first/lib/libSDL2.so 0x41d549c8
D/dalvikvm(12185): Added shared lib /data/data/blobby.test.first/lib/libSDL2.so 0x41d549c8
D/dalvikvm(12185): Trying to load lib /data/data/blobby.test.first/lib/libmain.so 0x41d549c8
D/dalvikvm(12185): Added shared lib /data/data/blobby.test.first/lib/libmain.so 0x41d549c8
D/dalvikvm(12185): No JNI_OnLoad found in /data/data/blobby.test.first/lib/libmain.so 0x41d549c8, skipping init
D/KeyguardViewMediator( 2374): setHidden false
D/WindowManager( 2374): mInputFocus is not null.
D/WindowManager( 2374): mInputFocus is not null.
D/WindowManager( 2374): mInputFocus is not null.
D/KeyguardViewMediator( 2374): setHidden false
D/KeyguardViewMediator( 2374): setHidden false
D/KeyguardViewMediator( 2374): setHidden false
D/WindowManager( 2374): mInputFocus is not null.
D/WindowManager( 2374): mInputFocus is not null.
D/KeyguardViewMediator( 2374): setHidden false
D/WindowManager( 2374): mInputFocus is not null.
V/SDL (12185): onResume()
D/WindowManager( 2374): mInputFocus is not null.
I/SurfaceFlinger( 1959): id=4822(1) createSurf 0x40d9af8c (1x1),1 flag=0, girstActivi
I/SurfaceFlinger( 1959): SurfaceFlinger : eMagnificationFactorChanged. magnificationFactor=1.0
I/SurfaceFlinger( 1959): SurfaceFlinger : eZoomPositionChanged. zoomX=0.0 zoomY=0.0
D/WindowManager( 2374): PhoneWindowManager: focusChangedLw
D/KeyguardViewMediator( 2374): setHidden false
V/PhoneStatusBar( 2913): setLightsOn(true)
D/STATUSBAR-StatusBarManagerService( 2374): setSystemUiVisibility(0x0)
D/STATUSBAR-StatusBarManagerService( 2374): manageDisableList what=0x0 pkg=WindowManager.LayoutParams
D/KeyguardViewMediator( 2374): setHidden false
D/libEGL (12185): loaded /system/lib/egl/libEGL_mali.so
D/libEGL (12185): loaded /system/lib/egl/libGLESv1_CM_mali.so
D/libEGL (12185): loaded /system/lib/egl/libGLESv2_mali.so
D/ (12185): Device driver API match
D/ (12185): Device driver API version: 10
D/ (12185): User space API version: 10
D/ (12185): mali: REVISION=Linux-r2p4-02rel0 BUILD_DATE=Tue Oct 16 15:37:13 KST 2012
D/OpenGLRenderer(12185): Enabling debug mode 0
I/SurfaceFlinger( 1959): id=4823(2) createSurf 0x40f5c15c (720x1280),4 flag=400, TurfaceView
I/SurfaceFlinger( 1959): SurfaceFlinger : eMagnificationFactorChanged. magnificationFactor=1.0
I/SurfaceFlinger( 1959): SurfaceFlinger : eZoomPositionChanged. zoomX=0.0 zoomY=0.0
D/KeyguardViewMediator( 2374): setHidden false
V/SDL (12185): surfaceCreated()
V/SDL (12185): surfaceChanged()
V/SDL (12185): pixel format RGB_565
V/SDL (12185): Window size:720x1280
E/SensorManager(12185): thread start
D/SensorService( 2374): info.rates.add, set DEFAULT_EVENTS_PERIOD
D/SensorService( 2374): SensorDevice::activating sensor handle=0 ns=200000000
D/iNemoSensor( 2374): setDelay(): handle(0), en(200000000)
I/iNemoSensor( 2374): skip update_delay wanted_accel = 200000000 current delay = 200000000
I/SensorService( 2374): info.selectDelay() ns=20000000
D/iNemoSensor( 2374): setDelay(): handle(0), en(20000000)
I/iNemoSensor( 2374): update_delay wanted_accel = 20000000
D/SensorService( 2374): SensorDevice::setDelay, Return(true 1, false 0) = 1
D/SensorManager(12185): registerListener :: handle = 0 name= LSM330DLC 3-axis Accelerometer delay= 20000 Listener= org.libsdl.app.SDLSurface@41d5b8d0
I/SDL (12185): SDL_Android_Init()
I/SDL (12185): SDL_Android_Init() finished!
D/KeyguardViewMediator( 2374): setHidden false
D/KeyguardViewMediator( 2374): setHidden false
D/KeyguardViewMediator( 2374): setHidden false
D/KeyguardViewMediator( 2374): setHidden false
V/SDL (12185): onWindowFocusChanged(): true
I/ClipboardServiceEx( 2374): Send intent for dismiss clipboard dialog inside hideCurrentInputLocked() !
D/KeyguardViewMediator( 2374): setHidden false
D/KeyguardViewMediator( 2374): setHidden false
D/Launcher.HomeFragment( 3156): onStop
D/Launcher( 3156): onStop, Launcher: 1104468464
W/ActivityManager( 2374): mDVFSLock.release()
D/KeyguardViewMediator( 2374): setHidden false
I/SurfaceFlinger( 1959): id=4816 Removed Mauncher idx=2 MapSz=5
I/SurfaceFlinger( 1959): id=4816 Removed Mauncher idx=-2 MapSz=5
D/AkmSensor( 2374): MeasureSNGLoop: interval.interval = 20000000, doze_max = 19600, prms->enabled = 2
D/KeyguardViewMediator( 2374): setHidden false
D/KeyguardViewMediator( 2374): setHidden false
I/SurfaceFlinger( 1959): id=4821 Removed girst idx=4 MapSz=4
I/SurfaceFlinger( 1959): id=4821 Removed girst idx=-2 MapSz=4
D/KeyguardViewMediator( 2374): setHidden false
D/KeyguardViewMediator( 2374): setHidden false
V/WindowOrientationListener( 2374): nearestRotation : 0 Angle: 8 tilt: 41
I/power ( 2374): *** release_dvfs_lock : lockType : 1
D/PowerManagerService( 2374): releaseDVFSLockLocked : all DVFS_MIN_LIMIT are released
W/PowerManagerService( 2374): Timer 0x3->0x3|0x0
D/PowerManagerService( 2374): mIsLockZone = false mTiltAngle : 49.205517 value : 1
V/WindowOrientationListener( 2374): Proposed rotation changed! proposedRotation=1, oldProposedRotation=-1currentRotation = 0
V/WindowManager( 2374): rotationForOrientationLw(orient=-1, last=0); user=0 mLidState=-1 mDockMode=0 mHdmiPlugged=false mAccelerometerDefault=false sensorRotation=1
I/SurfaceFlinger( 1959): id=4824(1138) createSurf (720x1280),-1 flag=30004, GreezeSurfa
I/InputReader( 2374): Reconfiguring input devices. changes=0x00000004
I/InputReader( 2374): Device reconfigured: id=6, name='sec_touchscreen', surface size is now 720x1280, mode is 1
I/SurfaceFlinger( 1959): Orientation 0=>1
I/ActivityManager( 2374): Config changed: {1 0 1.0 244mcc21mnc fi_FI sw360dp w640dp h335dp nrml long land finger -keyb/v/h -nav/h s.226}
D/PhoneApp( 3067): updateProximitySensorMode: lock already released.
D/STATUSBAR-QuickSettingPanel( 2913): mDisplayButtonCnt : 10 mCurButtonNum : 8
D/KeyguardViewMediator( 2374): setHidden false
W/STATUSBAR-QuickSettingPanel( 2913): prepareTranslationXfalse 318
D/WfdService( 2374): intent recieved android.intent.action.CONFIGURATION_CHANGED
D/KeyguardViewMediator( 2374): setHidden false
D/KeyguardViewMediator( 2374): setHidden false
D/KeyguardViewMediator( 2374): setHidden false
D/SharedManager(23304): getPrefIDs() : length = 1
D/SharedManager(23304): getPrefIDs() : Shared_DCIDs1 = 9
D/KeyguardViewMediator( 2374): setHidden false
D/PowerManagerService( 2374): mIsLockZone = true mTiltAngle : 31.388422 value : 5
D/ClockAlarmWidgetService(19224): [ClockAlarmWidgetService] onReceive: action = android.intent.action.CONFIGURATION_CHANGED
E/ClockAlarmWidget(19224): [AlarmWidgetIdManager] getListItem() : itemIndex=0, widgetID:1
E/ClockAlarmWidget(19224): [AlarmWidgetIdManager] getListItem() : ItemIndex exceed ListItemCount. itemIndex=1
E/ClockAlarmWidget(19224): [AlarmWidgetIdManager] getListItem() : itemIndex=1, widgetID:1
D/KeyguardViewMediator( 2374): setHidden false
D/STATUSBAR-PhoneStatusBar( 2913): Landscape - marquee statusbar
D/ClockAlarmDataProvider(19224): getAlarm() - too many same ID alarm data. nCount: 0
D/KeyguardViewMediator( 2374): setHidden false
D/KeyguardViewMediator( 2374): setHidden false
V/SDL (12185): surfaceChanged()
V/SDL (12185): pixel format RGB_565
V/SDL (12185): Window size:1280x720
D/KeyguardViewMediator( 2374): setHidden false
D/STATUSBAR-NetworkController( 2913): onReceive() - ACTION_CONFIGURATION_CHANGED
D/KeyguardViewMediator( 2374): setHidden false
D/STATUSBAR-Clock( 2913): onReceive() - ACTION_CONFIGURATION_CHANGED
D/STATUSBAR-Clock( 2913): onReceive() - ACTION_CONFIGURATION_CHANGED
D/dalvikvm(23304): GC_CONCURRENT freed 1421K, 22% free 12382K/15751K, paused 13ms+6ms, total 39ms
D/dalvikvm(23304): WAIT_FOR_CONCURRENT_GC blocked 14ms
D/evanjs (23304): evanjs DualClockAppWidgetProvider display.getOrientation(): 1
D/KeyguardViewMediator( 2374): setHidden false
D/KeyguardViewMediator( 2374): setHidden false
D/dalvikvm(23304): GC_CONCURRENT freed 120K, 20% free 12667K/15751K, paused 2ms+2ms, total 19ms
D/dalvikvm(23304): WAIT_FOR_CONCURRENT_GC blocked 16ms
D/KeyguardViewMediator( 2374): setHidden false
I/SurfaceFlinger( 1959): id=4825(1139) createSurf (1440x1280),-1 flag=20000, ClackSurfac
D/dalvikvm(23304): GC_FOR_ALLOC freed <1K, 20% free 12667K/15751K, paused 16ms, total 17ms
I/dalvikvm-heap(23304): Grow heap (frag case) to 13.651MB for 640016-byte allocation
D/dalvikvm(23304): GC_CONCURRENT freed <1K, 16% free 13292K/15751K, paused 13ms+2ms, total 30ms
D/dalvikvm(23304): WAIT_FOR_CONCURRENT_GC blocked 14ms
I/SurfaceFlinger( 1959): id=4826(1140) createSurf (720x2560),-1 flag=20000, ClackSurfac
D/dalvikvm(23304): GC_FOR_ALLOC freed 324K, 16% free 13293K/15751K, paused 14ms, total 14ms
I/dalvikvm-heap(23304): Grow heap (frag case) to 14.283MB for 662612-byte allocation
D/dalvikvm(23304): GC_CONCURRENT freed <1K, 12% free 13939K/15751K, paused 12ms+2ms, total 26ms
D/dalvikvm(23304): WAIT_FOR_CONCURRENT_GC blocked 14ms
I/SurfaceFlinger( 1959): id=4827(1141) createSurf (1440x1280),-1 flag=20000, ClackSurfac
I/SurfaceFlinger( 1959): id=4828(1142) createSurf (720x2560),-1 flag=20000, ClackSurfac
D/dalvikvm( 3156): GC_FOR_ALLOC freed 156K, 27% free 27967K/37831K, paused 19ms, total 19ms
D/KeyguardViewMediator( 2374): setHidden false
D/dalvikvm( 3156): GC_FOR_ALLOC freed 3027K, 30% free 26783K/37831K, paused 18ms, total 18ms
D/dalvikvm( 2374): GC_CONCURRENT freed 1414K, 45% free 32852K/59655K, paused 3ms+8ms, total 95ms
I/SurfaceFlinger( 1959): id=4824 Removed GreezeSurfa idx=6 MapSz=4
I/SurfaceFlinger( 1959): id=4825 Removed ClackSurfac idx=6 MapSz=4
I/SurfaceFlinger( 1959): id=4824 Removed GreezeSurfa idx=-2 MapSz=4
I/SurfaceFlinger( 1959): id=4826 Removed ClackSurfac idx=6 MapSz=4
I/SurfaceFlinger( 1959): id=4825 Removed ClackSurfac idx=-2 MapSz=4
I/SurfaceFlinger( 1959): id=4826 Removed ClackSurfac idx=-2 MapSz=4
I/SurfaceFlinger( 1959): id=4827 Removed ClackSurfac idx=6 MapSz=4
I/SurfaceFlinger( 1959): id=4827 Removed ClackSurfac idx=-2 MapSz=4
I/SurfaceFlinger( 1959): id=4828 Removed ClackSurfac idx=6 MapSz=4
I/SurfaceFlinger( 1959): id=4828 Removed ClackSurfac idx=-2 MapSz=4
D/KeyguardViewMediator( 2374): setHidden false
D/KeyguardViewMediator( 2374): setHidden false
V/WindowManager( 2374): rotationForOrientationLw(orient=-1, last=1); user=0 mLidState=-1 mDockMode=0 mHdmiPlugged=false mAccelerometerDefault=false sensorRotation=1
D/InputReader( 2374): Input event: value=1
D/RestrictionPolicy( 2374): isHomeKeyEnabled :true
D/InputReader( 2374): Input event: value=0
D/RestrictionPolicy( 2374): isHomeKeyEnabled :true
D/RestrictionPolicy( 2374): isHomeKeyEnabled :true
D/KeyguardViewMediator( 2374): setHidden false
D/dalvikvm( 2913): GC_FOR_ALLOC freed 5553K, 40% free 23737K/39175K, paused 21ms, total 21ms
D/dalvikvm( 2913): GC_FOR_ALLOC freed 378K, 36% free 25107K/39175K, paused 19ms, total 19ms
D/dalvikvm( 2913): GC_FOR_ALLOC freed 54K, 32% free 26785K/39175K, paused 17ms, total 17ms
D/VoIPInterfaceManager( 2374): isVoIPRinging()...
D/VoIPInterfaceManager( 2374): Not exist call session
D/KeyguardViewMediator( 2374): setHidden false
V/SDL (12185): onPause()
V/SDL (12185): nativePause()
D/WindowManager( 2374): PhoneWindowManager: focusChangedLw
D/WindowManager( 2374): mInputFocus is not null.
D/SensorManager(12185): unregisterListener:: Listener= org.libsdl.app.SDLSurface@41d5b8d0
D/Sensors (12185): Remain listener = Sending .. normal delay 200ms
I/Sensors (12185): sendDelay --- 200000000
I/SensorService( 2374): info.selectDelay() ns=200000000
D/iNemoSensor( 2374): setDelay(): handle(0), en(200000000)
I/iNemoSensor( 2374): update_delay wanted_accel = 200000000
D/SensorService( 2374): SensorDevice::setDelay, Return(true 1, false 0) = 1
D/SensorManager(12185): JNI - sendDelay
I/SensorManager(12185): Set normal delay = true
D/SensorService( 2374): SensorDevice::activating sensor handle=0 ns=200000000
D/iNemoSensor( 2374): setDelay(): handle(0), en(200000000)
I/iNemoSensor( 2374): skip update_delay wanted_accel = 200000000 current delay = 200000000
V/WindowManager( 2374): rotationForOrientationLw(orient=5, last=1); user=0 mLidState=-1 mDockMode=0 mHdmiPlugged=false mAccelerometerDefault=false sensorRotation=1
I/SurfaceFlinger( 1959): id=4829(1143) createSurf (720x1280),-1 flag=30004, GreezeSurfa
I/InputReader( 2374): Reconfiguring input devices. changes=0x00000004
I/InputReader( 2374): Device reconfigured: id=6, name='sec_touchscreen', surface size is now 720x1280, mode is 1
I/SurfaceFlinger( 1959): Orientation 1=>0
D/AkmSensor( 2374): MeasureSNGLoop: interval.interval = 200000000, doze_max = 196000, prms->enabled = 2
I/ActivityManager( 2374): Config changed: {1 0 1.0 244mcc21mnc fi_FI sw360dp w360dp h615dp nrml long port finger -keyb/v/h -nav/h s.227}
D/WindowManager( 2374): mInputFocus is not null.
D/STATUSBAR-QuickSettingPanel( 2913): mDisplayButtonCnt : 10 mCurButtonNum : 5
D/PhoneApp( 3067): updateProximitySensorMode: lock already released.
W/STATUSBAR-QuickSettingPanel( 2913): prepareTranslationXfalse 357
D/KeyguardViewMediator( 2374): setHidden false
D/WindowManager( 2374): mInputFocus is not null.
D/WindowManager( 2374): mInputFocus is not null.
D/KeyguardViewMediator( 2374): setHidden false
D/WindowManager( 2374): mInputFocus is not null.
D/KeyguardViewMediator( 2374): setHidden false
D/KeyguardViewMediator( 2374): setHidden false
V/SDL (12185): onWindowFocusChanged(): false
D/WfdService( 2374): intent recieved android.intent.action.CONFIGURATION_CHANGED
D/WindowManager( 2374): mInputFocus is not null.
D/WindowManager( 2374): mInputFocus is not null.
D/WindowManager( 2374): mInputFocus is not null.
D/WindowManager( 2374): mInputFocus is not null.
D/WindowManager( 2374): mInputFocus is not null.
D/SharedManager(23304): getPrefIDs() : length = 1
D/ClockAlarmWidgetService(19224): [ClockAlarmWidgetService] onReceive: action = android.intent.action.CONFIGURATION_CHANGED
E/ClockAlarmWidget(19224): [AlarmWidgetIdManager] getListItem() : itemIndex=0, widgetID:1
E/ClockAlarmWidget(19224): [AlarmWidgetIdManager] getListItem() : ItemIndex exceed ListItemCount. itemIndex=1
E/ClockAlarmWidget(19224): [AlarmWidgetIdManager] getListItem() : itemIndex=1, widgetID:1
D/SharedManager(23304): getPrefIDs() : Shared_DCIDs1 = 9
D/ClockAlarmDataProvider(19224): getAlarm() - too many same ID alarm data. nCount: 0
D/KeyguardViewMediator( 2374): setHidden false
D/WindowManager( 2374): mInputFocus is not null.
V/SDL (12185): surfaceDestroyed()
D/KeyguardViewMediator( 2374): setHidden false
D/STATUSBAR-PhoneStatusBar( 2913): onConfigurationChanged
D/WindowManager( 2374): mInputFocus is not null.
D/WindowManager( 2374): mInputFocus is not null.
D/WindowManager( 2374): mInputFocus is not null.
D/WindowManager( 2374): mInputFocus is not null.
D/evanjs (23304): evanjs DualClockAppWidgetProvider display.getOrientation(): 0
D/KeyguardViewMediator( 2374): setHidden false
D/WindowManager( 2374): mInputFocus is not null.
D/WindowManager( 2374): mInputFocus is not null.
D/dalvikvm(23304): GC_FOR_ALLOC freed 1954K, 22% free 12345K/15751K, paused 23ms, total 24ms
D/dalvikvm( 3156): WAIT_FOR_CONCURRENT_GC blocked 0ms
D/STATUSBAR-NetworkController( 2913): onReceive() - ACTION_CONFIGURATION_CHANGED
D/STATUSBAR-Clock( 2913): onReceive() - ACTION_CONFIGURATION_CHANGED
D/STATUSBAR-Clock( 2913): onReceive() - ACTION_CONFIGURATION_CHANGED
W/SurfaceView(12185): CHECK surface infomation creating=false formatChanged=false sizeChanged=false visible=false visibleChanged=true surfaceChanged=true realSizeChanged=false redrawNeeded=false left=false top=false
I/SurfaceFlinger( 1959): id=4823 Removed TurfaceView idx=2 MapSz=3
D/KeyguardViewMediator( 2374): setHidden false
I/SurfaceFlinger( 1959): id=4822 Removed girstActivi idx=2 MapSz=2
D/KeyguardViewMediator( 2374): setHidden false
I/SurfaceFlinger( 1959): id=4822 Removed girstActivi idx=-2 MapSz=2
D/WindowManager( 2374): mInputFocus is not null.
D/WindowManager( 2374): mInputFocus is not null.
D/WindowManager( 2374): mInputFocus is not null.
D/WindowManager( 2374): mInputFocus is not null.
D/dalvikvm(23304): GC_FOR_ALLOC freed 3K, 20% free 12666K/15751K, paused 30ms, total 30ms
I/dalvikvm-heap(23304): Grow heap (frag case) to 13.650MB for 640016-byte allocation
D/KeyguardViewMediator( 2374): setHidden false
D/WindowManager( 2374): mInputFocus is not null.
D/dalvikvm( 3156): GC_EXPLICIT freed 38K, 28% free 27326K/37831K, paused 4ms+5ms, total 39ms
D/dalvikvm(23304): GC_CONCURRENT freed <1K, 16% free 13291K/15751K, paused 11ms+2ms, total 24ms
D/dalvikvm(23304): WAIT_FOR_CONCURRENT_GC blocked 12ms
I/Launcher.StuckInEdit( 3156): exitWidgetResizeMode State NORMAL
D/Launcher( 3156): onRestart, Launcher: 1104468464
D/Launcher( 3156): onStart, Launcher: 1104468464
D/Launcher.HomeFragment( 3156): onStart
D/Launcher( 3156): onResume, Launcher: 1104468464
I/FlashBarService( 2991): mPkgManagerReceiver : onReceive
E/Launcher( 3156): Error finding setting, default accessibility to not found: accessibility_enabled
D/Launcher.HomeFragment( 3156): onResume
D/MenuAppsGridFragment( 3156): onResume
I/SurfaceFlinger( 1959): id=4830(186) createSurf 0x4296eb3c (720x1280),1 flag=0, Mauncher
I/SurfaceFlinger( 1959): SurfaceFlinger : eMagnificationFactorChanged. magnificationFactor=1.0
I/SurfaceFlinger( 1959): SurfaceFlinger : eZoomPositionChanged. zoomX=0.0 zoomY=0.0
D/WindowManager( 2374): PhoneWindowManager: focusChangedLw
D/KeyguardViewMediator( 2374): setHidden false
D/KeyguardViewMediator( 2374): setHidden false
D/STATUSBAR-StatusBarManagerService( 2374): setSystemUiVisibility(0x0)
D/STATUSBAR-StatusBarManagerService( 2374): manageDisableList what=0x0 pkg=WindowManager.LayoutParams
D/KeyguardViewMediator( 2374): setHidden false
D/KeyguardViewMediator( 2374): setHidden false
D/KeyguardViewMediator( 2374): setHidden false
D/KeyguardViewMediator( 2374): setHidden false
I/SurfaceFlinger( 1959): id=4831(1144) createSurf (2560x720),-1 flag=20000, ClackSurfac
I/SurfaceFlinger( 1959): id=4832(1145) createSurf (1280x1440),-1 flag=20000, ClackSurfac
I/SurfaceFlinger( 1959): id=4833(1146) createSurf (2560x720),-1 flag=20000, ClackSurfac
I/SurfaceFlinger( 1959): id=4834(1147) createSurf (1280x1440),-1 flag=20000, ClackSurfac
I/ClipboardServiceEx( 2374): Send intent for dismiss clipboard dialog inside hideCurrentInputLocked() !
W/IInputConnectionWrapper(12185): showStatusIcon on inactive InputConnection
D/PowerManagerService( 2374): lightSensorChangedLocked value=4 immediate=false
D/PowerManagerService( 2374): getAutoBrightnessValue : in bound ( 0 < 4 <= 15 )
D/PowerManagerService( 2374): getAutoBrightnessValue : in bound ( 0 < 4 <= 15 )
D/PowerManagerService( 2374): lcdValue 20
D/PowerManagerService( 2374): buttonValue 20
D/PowerManagerService( 2374): keyboardValue 0
D/PowerManagerService( 2374): lightSensorChangedLocked : mKeyboardLight : 0
W/PowerManagerService( 2374): Timer 0x3->0x3|0x0
I/SurfaceFlinger( 1959): id=4829 Removed GreezeSurfa idx=5 MapSz=3
I/SurfaceFlinger( 1959): id=4829 Removed GreezeSurfa idx=-2 MapSz=3
I/SurfaceFlinger( 1959): id=4831 Removed ClackSurfac idx=5 MapSz=3
I/SurfaceFlinger( 1959): id=4831 Removed ClackSurfac idx=-2 MapSz=3
I/SurfaceFlinger( 1959): id=4832 Removed ClackSurfac idx=5 MapSz=3
I/SurfaceFlinger( 1959): id=4832 Removed ClackSurfac idx=-2 MapSz=3
I/SurfaceFlinger( 1959): id=4833 Removed ClackSurfac idx=5 MapSz=3
I/SurfaceFlinger( 1959): id=4833 Removed ClackSurfac idx=-2 MapSz=3
I/SurfaceFlinger( 1959): id=4834 Removed ClackSurfac idx=5 MapSz=3
I/SurfaceFlinger( 1959): id=4834 Removed ClackSurfac idx=-2 MapSz=3
D/KeyguardViewMediator( 2374): setHidden false
D/KeyguardViewMediator( 2374): setHidden false
V/WindowManager( 2374): rotationForOrientationLw(orient=5, last=0); user=0 mLidState=-1 mDockMode=0 mHdmiPlugged=false mAccelerometerDefault=false sensorRotation=1
D/InputReader( 2374): Input event: value=1
D/RestrictionPolicy( 2374): isHomeKeyEnabled :true
D/RestrictionPolicy( 2374): isHomeKeyEnabled :true
D/KeyguardViewMediator( 2374): setHidden false
D/dalvikvm( 2913): GC_CONCURRENT freed 158K, 27% free 28645K/39175K, paused 2ms+5ms, total 24ms
D/dalvikvm( 2913): WAIT_FOR_CONCURRENT_GC blocked 16ms
D/dalvikvm( 2913): WAIT_FOR_CONCURRENT_GC blocked 6ms
D/dalvikvm( 2913): GC_FOR_ALLOC freed 5718K, 37% free 24717K/39175K, paused 16ms, total 16ms
D/dalvikvm( 2913): GC_FOR_ALLOC freed 96K, 33% free 26394K/39175K, paused 14ms, total 14ms
D/dalvikvm( 2913): GC_CONCURRENT freed 28K, 28% free 28414K/39175K, paused 2ms+3ms, total 20ms
D/dalvikvm( 2913): WAIT_FOR_CONCURRENT_GC blocked 6ms
D/RestrictionPolicy( 2374): isHomeKeyEnabled :true
D/WindowManager( 2374): Home long press behavior, keyguardOn = false
D/RestrictionPolicy( 2374): isHomeKeyEnabled :true
D/RestrictionPolicy( 2374): isHomeKeyEnabled :true
D/RestrictionPolicy( 2374): isHomeKeyEnabled :true
W/WindowManager( 2374): interceptKeyBeforeDispatching with IVoIPInterface
D/VoIPInterfaceManager( 2374): isVoIPRinging()...
D/VoIPInterfaceManager( 2374): Not exist call session
I/SurfaceFlinger( 1959): id=4835(48) createSurf 0x428f795c (720x1280),1 flag=0, SecentsPane
I/SurfaceFlinger( 1959): SurfaceFlinger : eMagnificationFactorChanged. magnificationFactor=1.0
I/SurfaceFlinger( 1959): SurfaceFlinger : eZoomPositionChanged. zoomX=0.0 zoomY=0.0
D/WindowManager( 2374): PhoneWindowManager: focusChangedLw
D/KeyguardViewMediator( 2374): setHidden false
D/STATUSBAR-StatusBarManagerService( 2374): setSystemUiVisibility(0x0)
D/STATUSBAR-StatusBarManagerService( 2374): manageDisableList what=0x0 pkg=WindowManager.LayoutParams
D/RestrictionPolicy( 2374): isHomeKeyEnabled :true
D/KeyguardViewMediator( 2374): setHidden false
D/RestrictionPolicy( 2374): isHomeKeyEnabled :true
D/RestrictionPolicy( 2374): isHomeKeyEnabled :true
D/RestrictionPolicy( 2374): isHomeKeyEnabled :true
D/KeyguardViewMediator( 2374): setHidden false
D/KeyguardViewMediator( 2374): setHidden false
D/RestrictionPolicy( 2374): isHomeKeyEnabled :true
D/RestrictionPolicy( 2374): isHomeKeyEnabled :true
D/RestrictionPolicy( 2374): isHomeKeyEnabled :true
D/InputReader( 2374): Input event: value=0
D/RestrictionPolicy( 2374): isHomeKeyEnabled :true
W/SignalStrength( 2374): getGsmLevel=1
W/SignalStrength( 2374): getLevel=1 (SignalStrength: 3 0 -120 -160 -120 -1 -1 99 2147483647 2147483647 2147483647 2147483647 gsm|lte 0x1)
W/SignalStrength( 2913): getGsmLevel=1
W/SignalStrength( 2913): getLevel=1 (SignalStrength: 3 0 -120 -160 -120 -1 -1 99 2147483647 2147483647 2147483647 2147483647 gsm|lte 0x1)
W/SignalStrength( 2913): getGsmLevel=1
W/SignalStrength( 2913): getLevel=1 (SignalStrength: 3 0 -120 -160 -120 -1 -1 99 2147483647 2147483647 2147483647 2147483647 gsm|lte 0x1)
D/STATUSBAR-NetworkController( 2913): onSignalStrengthsChanged signalStrength=SignalStrength: 3 0 -120 -160 -120 -1 -1 99 2147483647 2147483647 2147483647 2147483647 gsm|lte 0x1 level=1
W/SignalStrength( 2374): getDbm 1
W/SignalStrength( 2374): getGsmDbm=-107
W/SignalStrength( 2374): getDbm=-107
W/SignalStrength( 2374): getAsuLevel 1
W/SignalStrength( 2374): getGsmAsuLevel=3
W/SignalStrength( 2374): getAsuLevel=3
D/dalvikvm( 2374): WAIT_FOR_CONCURRENT_GC blocked 0ms
D/dalvikvm( 2374): GC_EXPLICIT freed 2376K, 46% free 32385K/59655K, paused 3ms+8ms, total 94ms
I/InputReader( 2374): Touch event's action is 0x0 (deviceType=0) [pCnt=1, s=0.13046 ]
I/InputDispatcher( 2374): Delivering touch to current input target: action: 0x0
I/InputDispatcher( 2374): Delivering touch to current input target: action: 0x0
I/InputDispatcher( 2374): Delivering touch to current input target: action: 0x0
I/InputReader( 2374): Touch event's action is 0x1 (deviceType=0) [pCnt=1, s=]
I/InputDispatcher( 2374): Delivering touch to current input target: action: 0x1
I/InputDispatcher( 2374): Delivering touch to current input target: action: 0x1
I/InputDispatcher( 2374): Delivering touch to current input target: action: 0x1
D/KeyguardViewMediator( 2374): setHidden false
D/Launcher.HomeFragment( 3156): onPause
D/Launcher( 3156): onPause, Launcher: 1104468464
I/power ( 2374): *** acquire_dvfs_lock : lockType : 1 freq : 1000000
D/PowerManagerService( 2374): acquireDVFSLockLocked : type : DVFS_MIN_LIMIT frequency : 1000000 uid : 1000 pid : 2374 tag : ActivityManager
W/ActivityManager( 2374): mDVFSLock.acquire()
I/SurfaceFlinger( 1959): id=4836(1148) createSurf (720x1280),-1 flag=30004, GreezeSurfa
I/SurfaceFlinger( 1959): Orientation 0=>1
I/InputReader( 2374): Reconfiguring input devices. changes=0x00000004
I/InputReader( 2374): Device reconfigured: id=6, name='sec_touchscreen', surface size is now 720x1280, mode is 1
V/WindowManager( 2374): rotationForOrientationLw(orient=-1, last=0); user=0 mLidState=-1 mDockMode=0 mHdmiPlugged=false mAccelerometerDefault=false sensorRotation=1
I/ActivityManager( 2374): Config changed: {1 0 1.0 244mcc21mnc fi_FI sw360dp w640dp h335dp nrml long land finger -keyb/v/h -nav/h s.228}
D/PhoneApp( 3067): updateProximitySensorMode: lock already released.
D/KeyguardViewMediator( 2374): setHidden false
D/KeyguardViewMediator( 2374): setHidden false
D/WfdService( 2374): intent recieved android.intent.action.CONFIGURATION_CHANGED
D/ClockAlarmWidgetService(19224): [ClockAlarmWidgetService] onReceive: action = android.intent.action.CONFIGURATION_CHANGED
E/ClockAlarmWidget(19224): [AlarmWidgetIdManager] getListItem() : itemIndex=0, widgetID:1
E/ClockAlarmWidget(19224): [AlarmWidgetIdManager] getListItem() : ItemIndex exceed ListItemCount. itemIndex=1
E/ClockAlarmWidget(19224): [AlarmWidgetIdManager] getListItem() : itemIndex=1, widgetID:1
D/SharedManager(23304): getPrefIDs() : length = 1
D/SharedManager(23304): getPrefIDs() : Shared_DCIDs1 = 9
D/STATUSBAR-QuickSettingPanel( 2913): mDisplayButtonCnt : 10 mCurButtonNum : 8
W/STATUSBAR-QuickSettingPanel( 2913): prepareTranslationXfalse 318
D/KeyguardViewMediator( 2374): setHidden false
V/SDL (12185): onResume()
D/ClockAlarmDataProvider(19224): getAlarm() - too many same ID alarm data. nCount: 0
I/SurfaceFlinger( 1959): id=4837(3) createSurf 0x40e798dc (1280x720),4 flag=400, TurfaceView
I/SurfaceFlinger( 1959): SurfaceFlinger : eMagnificationFactorChanged. magnificationFactor=1.0
I/SurfaceFlinger( 1959): SurfaceFlinger : eZoomPositionChanged. zoomX=0.0 zoomY=0.0
D/KeyguardViewMediator( 2374): setHidden false
V/SDL (12185): surfaceCreated()
V/SDL (12185): surfaceChanged()
V/SDL (12185): pixel format RGB_565
V/SDL (12185): Window size:1280x720
I/SurfaceFlinger( 1959): id=4823 Removed TurfaceView idx=-2 MapSz=5
I/SurfaceFlinger( 1959): id=4838(4) createSurf 0x40d90fac (1280x720),1 flag=0, girstActivi
I/SurfaceFlinger( 1959): SurfaceFlinger : eMagnificationFactorChanged. magnificationFactor=1.0
I/SurfaceFlinger( 1959): SurfaceFlinger : eZoomPositionChanged. zoomX=0.0 zoomY=0.0
D/KeyguardViewMediator( 2374): setHidden false
D/KeyguardViewMediator( 2374): setHidden false
D/dalvikvm(23304): GC_CONCURRENT freed 1420K, 22% free 12382K/15751K, paused 16ms+3ms, total 38ms
D/dalvikvm(23304): WAIT_FOR_CONCURRENT_GC blocked 11ms
D/evanjs (23304): evanjs DualClockAppWidgetProvider display.getOrientation(): 1
D/KeyguardViewMediator( 2374): setHidden false
D/dalvikvm(23304): GC_CONCURRENT freed 119K, 20% free 12668K/15751K, paused 2ms+2ms, total 17ms
D/dalvikvm(23304): WAIT_FOR_CONCURRENT_GC blocked 14ms
D/KeyguardViewMediator( 2374): setHidden false
D/KeyguardViewMediator( 2374): setHidden false
D/KeyguardViewMediator( 2374): setHidden false
D/dalvikvm(23304): GC_FOR_ALLOC freed <1K, 20% free 12668K/15751K, paused 16ms, total 16ms
I/dalvikvm-heap(23304): Grow heap (frag case) to 13.651MB for 640016-byte allocation
I/power ( 2374): *** release_dvfs_lock : lockType : 1
D/KeyguardViewMediator( 2374): setHidden false
D/PowerManagerService( 2374): releaseDVFSLockLocked : all DVFS_MIN_LIMIT are released
W/ActivityManager( 2374): mDVFSLock.release()
I/SurfaceFlinger( 1959): id=4830 Removed Mauncher idx=2 MapSz=5
D/KeyguardViewMediator( 2374): setHidden false
I/SurfaceFlinger( 1959): id=4830 Removed Mauncher idx=-2 MapSz=5
D/Launcher( 3156): onTrimMemory. Level: 20
D/dalvikvm(23304): GC_FOR_ALLOC freed 0K, 16% free 13293K/15751K, paused 18ms, total 18ms
D/Launcher.HomeFragment( 3156): onStop
D/Launcher( 3156): onStop, Launcher: 1104468464
D/dalvikvm(23304): GC_CONCURRENT freed <1K, 14% free 13617K/15751K, paused 11ms+1ms, total 27ms
D/dalvikvm(23304): GC_FOR_ALLOC freed 324K, 16% free 13293K/15751K, paused 12ms, total 12ms
I/dalvikvm-heap(23304): Grow heap (frag case) to 14.284MB for 662612-byte allocation
D/dalvikvm(23304): GC_FOR_ALLOC freed <1K, 12% free 13940K/15751K, paused 20ms, total 20ms
D/STATUSBAR-PhoneStatusBar( 2913): Landscape - marquee statusbar
D/dalvikvm(23304): GC_CONCURRENT freed <1K, 12% free 13941K/15751K, paused 12ms+1ms, total 24ms
D/KeyguardViewMediator( 2374): setHidden false
D/KeyguardViewMediator( 2374): setHidden false
D/KeyguardViewMediator( 2374): setHidden false
D/STATUSBAR-NetworkController( 2913): onReceive() - ACTION_CONFIGURATION_CHANGED
D/STATUSBAR-Clock( 2913): onReceive() - ACTION_CONFIGURATION_CHANGED
D/STATUSBAR-Clock( 2913): onReceive() - ACTION_CONFIGURATION_CHANGED
I/SurfaceFlinger( 1959): id=4835 Removed SecentsPane idx=6 MapSz=4
I/SurfaceFlinger( 1959): id=4835 Removed SecentsPane idx=-2 MapSz=4
D/KeyguardViewMediator( 2374): setHidden false
D/WindowManager( 2374): PhoneWindowManager: focusChangedLw
V/SDL (12185): onWindowFocusChanged(): true
V/SDL (12185): nativeResume()
D/SensorService( 2374): info.rates.add, set DEFAULT_EVENTS_PERIOD
D/SensorService( 2374): SensorDevice::activating sensor handle=0 ns=200000000
D/iNemoSensor( 2374): setDelay(): handle(0), en(200000000)
I/iNemoSensor( 2374): skip update_delay wanted_accel = 200000000 current delay = 200000000
I/SensorService( 2374): info.selectDelay() ns=20000000
D/iNemoSensor( 2374): setDelay(): handle(0), en(20000000)
I/iNemoSensor( 2374): update_delay wanted_accel = 20000000
D/SensorService( 2374): SensorDevice::setDelay, Return(true 1, false 0) = 1
D/SensorManager(12185): registerListener :: handle = 0 name= LSM330DLC 3-axis Accelerometer delay= 20000 Listener= org.libsdl.app.SDLSurface@41d5b8d0
D/STATUSBAR-StatusBarManagerService( 2374): setSystemUiVisibility(0x0)
D/STATUSBAR-StatusBarManagerService( 2374): manageDisableList what=0x0 pkg=WindowManager.LayoutParams
I/ClipboardServiceEx( 2374): Send intent for dismiss clipboard dialog inside hideCurrentInputLocked() !
D/KeyguardViewMediator( 2374): setHidden false
D/dalvikvm( 3156): GC_FOR_ALLOC freed 1553K, 28% free 27329K/37831K, paused 34ms, total 34ms
W/IInputConnectionWrapper( 3156): showStatusIcon on inactive InputConnection
I/SurfaceFlinger( 1959): id=4839(1149) createSurf (1440x1280),-1 flag=20000, ClackSurfac
I/SurfaceFlinger( 1959): id=4840(1150) createSurf (720x2560),-1 flag=20000, ClackSurfac
I/SurfaceFlinger( 1959): id=4841(1151) createSurf (1440x1280),-1 flag=20000, ClackSurfac
I/SurfaceFlinger( 1959): id=4842(1152) createSurf (720x2560),-1 flag=20000, ClackSurfac
D/KeyguardViewMediator( 2374): setHidden false
D/AkmSensor( 2374): MeasureSNGLoop: interval.interval = 20000000, doze_max = 19600, prms->enabled = 2
D/dalvikvm( 3156): GC_FOR_ALLOC freed 3009K, 33% free 25598K/37831K, paused 29ms, total 30ms
D/KeyguardViewMediator( 2374): setHidden false
V/PhoneStatusBar( 2913): setLightsOn(true)
D/PowerManagerService( 2374): mIsLockZone = false mTiltAngle : 41.556324 value : 0
D/dalvikvm( 2374): GC_CONCURRENT freed 1893K, 46% free 32426K/59655K, paused 5ms+9ms, total 110ms
I/SurfaceFlinger( 1959): id=4836 Removed GreezeSurfa idx=6 MapSz=4
I/SurfaceFlinger( 1959): id=4836 Removed GreezeSurfa idx=-2 MapSz=4
I/SurfaceFlinger( 1959): id=4839 Removed ClackSurfac idx=6 MapSz=4
I/SurfaceFlinger( 1959): id=4839 Removed ClackSurfac idx=-2 MapSz=4
I/SurfaceFlinger( 1959): id=4840 Removed ClackSurfac idx=6 MapSz=4
I/SurfaceFlinger( 1959): id=4840 Removed ClackSurfac idx=-2 MapSz=4
I/SurfaceFlinger( 1959): id=4841 Removed ClackSurfac idx=6 MapSz=4
I/SurfaceFlinger( 1959): id=4842 Removed ClackSurfac idx=6 MapSz=4
I/SurfaceFlinger( 1959): id=4841 Removed ClackSurfac idx=-2 MapSz=4
I/SurfaceFlinger( 1959): id=4842 Removed ClackSurfac idx=-2 MapSz=4
D/KeyguardViewMediator( 2374): setHidden false
D/KeyguardViewMediator( 2374): setHidden false
V/WindowManager( 2374): rotationForOrientationLw(orient=-1, last=1); user=0 mLidState=-1 mDockMode=0 mHdmiPlugged=false mAccelerometerDefault=false sensorRotation=1
W/PowerManagerService( 2374): Timer 0x3->0x3|0x0
V/WindowOrientationListener( 2374): nearestRotation : 1 Angle: 92 tilt: 44
D/PowerManagerService( 2374): mIsLockZone = true mTiltAngle : 44.799015 value : 4
D/dalvikvm( 2374): WAIT_FOR_CONCURRENT_GC blocked 0ms
D/PowerManagerService( 2374): mIsLockZone = false mTiltAngle : 37.970043 value : 0
D/dalvikvm( 2374): GC_EXPLICIT freed 224K, 46% free 32423K/59655K, paused 4ms+9ms, total 105ms
D/PowerManagerService( 2374): mIsLockZone = true mTiltAngle : 40.45219 value : 4
D/PowerManagerService( 2374): mIsLockZone = false mTiltAngle : 41.617855 value : 0
D/PowerManagerService( 2374): mIsLockZone = true mTiltAngle : 42.759895 value : 4