D/STATUSBAR-NetworkController( 2913): onSignalStrengthsChanged signalStrength=SignalStrength: 5 0 -120 -160 -120 -1 -1 99 2147483647 2147483647 2147483647 2147483647 gsm|lte 0x2 level=2
I/power ( 2374): *** release_dvfs_lock : lockType : 1
D/PowerManagerService( 2374): releaseDVFSLockLocked : all DVFS_MIN_LIMIT are released
W/PowerManagerService( 2374): Timer 0x3->0x3|0x0
I/kickstart( 2666): EVENT: RECEIVED <-- SAHARA_HELLO
I/kickstart( 2666): EVENT: SENDING --> SAHARA_HELLO_RESPONSE
I/kickstart( 2666): EVENT: sahara_mode = 2
I/kickstart( 2666): EVENT: m_comm->sahara_hello_packet_rx.mode = 2
I/kickstart( 2666): EVENT: helloRx.mode = 2
I/kickstart( 2666): EVENT: RECEIVED <-- SAHARA_MEMORY_DEBUG
I/kickstart( 2666): EVENT: STATE <-- SAHARA_WAIT_MEMORY_TABLE
I/kickstart( 2666): EVENT: 0x46980000, len=000C0000, "m9kefs2", ""
I/kickstart( 2666): EVENT: STATE <-- SAHARA_WAIT_MEMORY_REGION
I/kickstart( 2666): EVENT: Saving "/dev/block/platform/dw_mmc/by-name/m9kefs2"
I/kickstart( 2666): EVENT: Received: 16384 bytes
I/kickstart( 2666): EVENT: Received: 16384 bytes
I/kickstart( 2666): EVENT: Received: 16384 bytes
I/kickstart( 2666): EVENT: Received: 16384 bytes
I/kickstart( 2666): EVENT: Received: 16384 bytes
I/kickstart( 2666): EVENT: Received: 16384 bytes
I/kickstart( 2666): EVENT: Received: 16384 bytes
I/kickstart( 2666): EVENT: Received: 16384 bytes
I/kickstart( 2666): EVENT: Received: 16384 bytes
I/kickstart( 2666): EVENT: Received: 16384 bytes
I/kickstart( 2666): EVENT: Received: 16384 bytes
I/kickstart( 2666): EVENT: Received: 16384 bytes
I/kickstart( 2666): EVENT: Received: 16384 bytes
I/kickstart( 2666): EVENT: Received: 16384 bytes
I/kickstart( 2666): EVENT: Received: 16384 bytes
I/kickstart( 2666): EVENT: Received: 16384 bytes
I/kickstart( 2666): EVENT: Received: 16384 bytes
I/kickstart( 2666): EVENT: Received: 16384 bytes
I/kickstart( 2666): EVENT: Received: 16384 bytes
I/kickstart( 2666): EVENT: Received: 16384 bytes
I/kickstart( 2666): EVENT: Received: 16384 bytes
I/kickstart( 2666): EVENT: Received: 16384 bytes
I/kickstart( 2666): EVENT: Received: 16384 bytes
I/kickstart( 2666): EVENT: Received: 16384 bytes
I/kickstart( 2666): EVENT: Received: 16384 bytes
I/kickstart( 2666): EVENT: Received: 16384 bytes
I/kickstart( 2666): EVENT: Received: 16384 bytes
I/kickstart( 2666): EVENT: Received: 16384 bytes
I/kickstart( 2666): EVENT: Received: 16384 bytes
I/kickstart( 2666): EVENT: Received: 16384 bytes
I/kickstart( 2666): EVENT: Received: 16384 bytes
I/kickstart( 2666): EVENT: Received: 16384 bytes
I/kickstart( 2666): EVENT: Received: 16384 bytes
I/kickstart( 2666): EVENT: Received: 16384 bytes
I/kickstart( 2666): EVENT: Received: 16384 bytes
I/kickstart( 2666): EVENT: Received: 16384 bytes
I/kickstart( 2666): EVENT: Received: 16384 bytes
I/kickstart( 2666): EVENT: Received: 16384 bytes
I/kickstart( 2666): EVENT: Received: 16384 bytes
I/kickstart( 2666): EVENT: Received: 16384 bytes
I/kickstart( 2666): EVENT: Received: 16384 bytes
I/kickstart( 2666): EVENT: Received: 16384 bytes
I/kickstart( 2666): EVENT: Received: 16384 bytes
I/kickstart( 2666): EVENT: Received: 16384 bytes
I/kickstart( 2666): EVENT: Received: 16384 bytes
I/kickstart( 2666): EVENT: Received: 16384 bytes
I/kickstart( 2666): EVENT: Received: 16384 bytes
I/kickstart( 2666): EVENT: Received: 16384 bytes
E/kickstart( 2666): Received file "m9kefs2"
E/kickstart( 2666): Sync finish Received file "m9kefs2"
V/AlarmManager( 2374): waitForAlarm result :8
V/AlarmManager( 2374): ClockReceiver onReceive() ACTION_TIME_TICK
W/AlarmManager( 2374): FACTORY_ON= 0
D/STATUSBAR-Clock( 2913): onReceive() - ACTION_TIME_TICK
D/STATUSBAR-Clock( 2913): onReceive() - ACTION_TIME_TICK
D/ClockAlarmWidgetService(19224): [ClockAlarmWidgetService] onReceive: action = android.intent.action.TIME_TICK
E/ClockAlarmWidget(19224): [AlarmWidgetIdManager] getListItem() : itemIndex=0, widgetID:1
E/ClockAlarmWidget(19224): [AlarmWidgetIdManager] getListItem() : ItemIndex exceed ListItemCount. itemIndex=1
E/ClockAlarmWidget(19224): [AlarmWidgetIdManager] getListItem() : itemIndex=1, widgetID:1
D/dalvikvm( 3880): WAIT_FOR_CONCURRENT_GC blocked 0ms
D/dalvikvm(19224): GC_CONCURRENT freed 335K, 8% free 12232K/13255K, paused 3ms+2ms, total 16ms
D/dalvikvm( 3880): GC_EXPLICIT freed 275K, 48% free 16875K/31879K, paused 2ms+4ms, total 29ms
D/ClockAlarmDataProvider(19224): getAlarm() - too many same ID alarm data. nCount: 0
D/SharedManager(23304): getPrefIDs() : length = 1
D/SharedManager(23304): getPrefIDs() : Shared_DCIDs1 = 9
D/dalvikvm(23304): GC_CONCURRENT freed 1418K, 22% free 12387K/15751K, paused 11ms+2ms, total 22ms
D/evanjs (23304): evanjs DualClockAppWidgetProvider display.getOrientation(): 0
D/dalvikvm(23304): GC_FOR_ALLOC freed 99K, 20% free 12667K/15751K, paused 9ms, total 9ms
I/dalvikvm-heap(23304): Grow heap (frag case) to 13.666MB for 656116-byte allocation
D/dalvikvm(23304): GC_CONCURRENT freed <1K, 16% free 13308K/15751K, paused 11ms+1ms, total 19ms
D/dalvikvm(23304): WAIT_FOR_CONCURRENT_GC blocked 9ms
D/AlarmManagerService( 2374): Kernel timezone updated to -120 minutes west of GMT
W/SignalStrength( 2913): getGsmLevel=2
W/SignalStrength( 2913): getLevel=2 (SignalStrength: 5 0 -120 -160 -120 -1 -1 99 2147483647 2147483647 2147483647 2147483647 gsm|lte 0x2)
D/STATUSBAR-NetworkController( 2913): onServiceStateChanged state=0
D/STATUSBAR-NetworkController( 2913): updateDataNetType()
D/STATUSBAR-NetworkController( 2913): Nothing, mRoamingIconId = 0
W/MessageQueue( 4909): Handler (android.telephony.PhoneStateListener$2) {41e04e30} sending message to a Handler on a dead thread
W/MessageQueue( 4909): java.lang.RuntimeException: Handler (android.telephony.PhoneStateListener$2) {41e04e30} sending message to a Handler on a dead thread
W/MessageQueue( 4909): at android.os.MessageQueue.enqueueMessage(MessageQueue.java:294)
W/MessageQueue( 4909): at android.os.Handler.sendMessageAtTime(Handler.java:473)
W/MessageQueue( 4909): at android.os.Handler.sendMessageDelayed(Handler.java:446)
W/MessageQueue( 4909): at android.os.Handler.sendMessage(Handler.java:383)
W/MessageQueue( 4909): at android.os.Message.sendToTarget(Message.java:360)
W/MessageQueue( 4909): at android.telephony.PhoneStateListener$1.onServiceStateChanged(PhoneStateListener.java:327)
W/MessageQueue( 4909): at com.android.internal.telephony.IPhoneStateListener$Stub.onTransact(IPhoneStateListener.java:55)
W/MessageQueue( 4909): at android.os.Binder.execTransact(Binder.java:367)
W/MessageQueue( 4909): at dalvik.system.NativeStart.run(Native Method)
D/PopupuiReceiver( 5399): onReceive() getAction : android.intent.action.NETWORK_SET_TIMEZONE
D/PopupuiReceiver( 5399): NETWORK_SET_TIME prevMCCvalue : 244
D/PopupuiReceiver( 5399): gsm.operator.numeric : 244
D/PopupuiReceiver( 5399): SAME to prevMCCvalue : mccstrcmp
D/ContextualPageReceiver( 3156): mContextualPageReceiver: ACTION_SERVICE_STATE_CHANGED isRoaming : false
I/WifiService( 2374): Booster FLAG : 1
I/WifiService( 2374): mBoosterFLAG : 1
I/WifiService( 2374): current booster mode : FullMode
D/WifiService( 2374): onDataConnectionStateChanged: state -2, networkType - UMTS
D/STATUSBAR-NetworkController( 2913): onDataConnectionStateChanged: state=2 type=3
D/STATUSBAR-NetworkController( 2913): updateDataNetType()
D/STATUSBAR-NetworkController( 2913): Nothing, mRoamingIconId = 0
D/STATUSBAR-NetworkController( 2913): refreshSignalCluster: data=2 bt=false
D/STATUSBAR-SignalClusterView( 2913): mSeparateMobileGroup=0
D/STATUSBAR-SignalClusterView( 2913): mSeparateMobileGroup=0
D/STATUSBAR-SignalClusterView( 2913): mSeparateMobileGroup=0
D/StatusChecker( 3516): onReceive : android.intent.action.SERVICE_STATE
D/StatusChecker( 3516): Service state changed : 0
D/LTE_WIDGET( 3067): TelephonyManager.DATA_CONNECTED:,isConnectedData = true
D/MobileDataStateTracker( 2374): default: Received state=CONNECTED, old=CONNECTED, reason=nwTypeChanged
E/kickstart( 2666): 786432 bytes transferred in 1.036s (0.72 MBps)
I/kickstart( 2666): EVENT: num_debug_entries not >=0
E/kickstart( 2666): Successfully downloaded files from target
I/kickstart( 2666): EVENT: RECEIVED <-- SAHARA_RESET_RESP
E/kickstart( 2666): Sahara protocol completed
I/kickstart( 2666): EVENT: STATE <-- SAHARA_WAIT_HELLO
D/dalvikvm( 2374): GC_CONCURRENT freed 1942K, 46% free 32509K/59655K, paused 13ms+9ms, total 104ms
D/dalvikvm( 2374): WAIT_FOR_CONCURRENT_GC blocked 69ms
D/dalvikvm( 2374): WAIT_FOR_CONCURRENT_GC blocked 64ms
D/PhoneApp( 3067): mReceiver: ACTION_ANY_DATA_CONNECTION_STATE_CHANGED
D/NotificationMgr( 3067): hideDataDisconnectedRoaming()...
D/AlarmManagerService( 2374): Kernel timezone updated to -120 minutes west of GMT
D/PopupuiReceiver( 5399): onReceive() getAction : android.intent.action.NETWORK_SET_TIMEZONE
D/PopupuiReceiver( 5399): NETWORK_SET_TIME prevMCCvalue : 244
D/PopupuiReceiver( 5399): gsm.operator.numeric : 244
D/PopupuiReceiver( 5399): SAME to prevMCCvalue : mccstrcmp
W/MessageQueue( 4909): Handler (android.telephony.PhoneStateListener$2) {41e04e30} sending message to a Handler on a dead thread
W/MessageQueue( 4909): java.lang.RuntimeException: Handler (android.telephony.PhoneStateListener$2) {41e04e30} sending message to a Handler on a dead thread
W/MessageQueue( 4909): at android.os.MessageQueue.enqueueMessage(MessageQueue.java:294)
W/MessageQueue( 4909): at android.os.Handler.sendMessageAtTime(Handler.java:473)
W/MessageQueue( 4909): at android.os.Handler.sendMessageDelayed(Handler.java:446)
W/MessageQueue( 4909): at android.os.Handler.sendMessage(Handler.java:383)
W/MessageQueue( 4909): at android.os.Message.sendToTarget(Message.java:360)
W/MessageQueue( 4909): at android.telephony.PhoneStateListener$1.onServiceStateChanged(PhoneStateListener.java:327)
W/MessageQueue( 4909): at com.android.internal.telephony.IPhoneStateListener$Stub.onTransact(IPhoneStateListener.java:55)
W/MessageQueue( 4909): at android.os.Binder.execTransact(Binder.java:367)
W/MessageQueue( 4909): at dalvik.system.NativeStart.run(Native Method)
W/SignalStrength( 2913): getGsmLevel=2
W/SignalStrength( 2913): getLevel=2 (SignalStrength: 5 0 -120 -160 -120 -1 -1 99 2147483647 2147483647 2147483647 2147483647 gsm|lte 0x2)
D/STATUSBAR-NetworkController( 2913): onServiceStateChanged state=0
D/STATUSBAR-NetworkController( 2913): updateDataNetType()
D/STATUSBAR-NetworkController( 2913): Nothing, mRoamingIconId = 0
D/ContextualPageReceiver( 3156): mContextualPageReceiver: ACTION_SERVICE_STATE_CHANGED isRoaming : false
D/StatusChecker( 3516): onReceive : android.intent.action.SERVICE_STATE
D/StatusChecker( 3516): Service state changed : 0
D/FastDormancy( 3067): [FD] ON default: true
D/FastDormancy( 3067): getDormancyFlag() return mDormFlag = true
D/FastDormancy( 3067): Before mDormFlag: true in getCapaDormancy()
D/FastDormancy( 3067): After mDormFlag: true in getCapaDormancy()
W/FastDormancy( 3067): ======= ENTER DORMANCY =======
D/FastDormancy( 3067): ======= FAST DORMANCY Enter =======
D/AlarmManagerService( 2374): Kernel timezone updated to -120 minutes west of GMT
W/SignalStrength( 2913): getGsmLevel=2
W/SignalStrength( 2913): getLevel=2 (SignalStrength: 5 0 -120 -160 -120 -1 -1 99 2147483647 2147483647 2147483647 2147483647 gsm|lte 0x2)
W/MessageQueue( 4909): Handler (android.telephony.PhoneStateListener$2) {41e04e30} sending message to a Handler on a dead thread
W/MessageQueue( 4909): java.lang.RuntimeException: Handler (android.telephony.PhoneStateListener$2) {41e04e30} sending message to a Handler on a dead thread
W/MessageQueue( 4909): at android.os.MessageQueue.enqueueMessage(MessageQueue.java:294)
W/MessageQueue( 4909): at android.os.Handler.sendMessageAtTime(Handler.java:473)
W/MessageQueue( 4909): at android.os.Handler.sendMessageDelayed(Handler.java:446)
W/MessageQueue( 4909): at android.os.Handler.sendMessage(Handler.java:383)
W/MessageQueue( 4909): at android.os.Message.sendToTarget(Message.java:360)
W/MessageQueue( 4909): at android.telephony.PhoneStateListener$1.onServiceStateChanged(PhoneStateListener.java:327)
W/MessageQueue( 4909): at com.android.internal.telephony.IPhoneStateListener$Stub.onTransact(IPhoneStateListener.java:55)
W/MessageQueue( 4909): at android.os.Binder.execTransact(Binder.java:367)
W/MessageQueue( 4909): at dalvik.system.NativeStart.run(Native Method)
D/PopupuiReceiver( 5399): onReceive() getAction : android.intent.action.NETWORK_SET_TIMEZONE
D/PopupuiReceiver( 5399): NETWORK_SET_TIME prevMCCvalue : 244
D/PopupuiReceiver( 5399): gsm.operator.numeric : 244
D/PopupuiReceiver( 5399): SAME to prevMCCvalue : mccstrcmp
D/ContextualPageReceiver( 3156): mContextualPageReceiver: ACTION_SERVICE_STATE_CHANGED isRoaming : false
D/STATUSBAR-NetworkController( 2913): onServiceStateChanged state=0
D/STATUSBAR-NetworkController( 2913): updateDataNetType()
D/STATUSBAR-NetworkController( 2913): Nothing, mRoamingIconId = 0
D/StatusChecker( 3516): onReceive : android.intent.action.SERVICE_STATE
D/StatusChecker( 3516): Service state changed : 0
I/InputReader( 2374): Touch event's action is 0x0 (deviceType=0) [pCnt=1, s=0.12999 ]
I/InputDispatcher( 2374): Delivering touch to current input target: action: 0x0
I/InputDispatcher( 2374): Delivering touch to current input target: action: 0x0
I/InputDispatcher( 2374): Delivering touch to current input target: action: 0x0
I/InputReader( 2374): Touch event's action is 0x1 (deviceType=0) [pCnt=1, s=]
I/InputDispatcher( 2374): Delivering touch to current input target: action: 0x1
I/InputDispatcher( 2374): Delivering touch to current input target: action: 0x1
I/InputDispatcher( 2374): Delivering touch to current input target: action: 0x1
I/power ( 2374): *** acquire_dvfs_lock : lockType : 1 freq : 1000000
D/PowerManagerService( 2374): acquireDVFSLockLocked : type : DVFS_MIN_LIMIT frequency : 1000000 uid : 1000 pid : 2374 tag : ActivityManager
W/ActivityManager( 2374): mDVFSLock.acquire()
I/WifiEnabler( 3199): Pause : 1
I/BluetoothPolicyService( 2374): isBluetoothEnabled
D/WindowManager( 2374): PhoneWindowManager: focusChangedLw
D/KeyguardViewMediator( 2374): setHidden false
D/WindowManager( 2374): mInputFocus is not null.
D/WindowManager( 2374): mInputFocus is not null.
D/WindowManager( 2374): mInputFocus is not null.
D/AbsListView( 3199): Get MotionRecognitionManager
D/MotionRecognitionService( 2374): ssp status : false
D/AbsListView( 3199): Get MotionRecognitionManager
D/RestrictionPolicy( 2374): isVpnAllowed():ret:true
D/WindowManager( 2374): mInputFocus is not null.
I/SurfaceFlinger( 1959): id=4694(44) createSurf 0x40ddbbc4 (1x1),1 flag=400, TubSettings
I/SurfaceFlinger( 1959): SurfaceFlinger : eMagnificationFactorChanged. magnificationFactor=1.0
I/SurfaceFlinger( 1959): SurfaceFlinger : eZoomPositionChanged. zoomX=0.0 zoomY=0.0
D/WindowManager( 2374): PhoneWindowManager: focusChangedLw
D/KeyguardViewMediator( 2374): setHidden false
D/STATUSBAR-StatusBarManagerService( 2374): setSystemUiVisibility(0x0)
D/STATUSBAR-StatusBarManagerService( 2374): manageDisableList what=0x0 pkg=WindowManager.LayoutParams
W/System.err( 3199): Removed 2131428268
W/System.err( 3199): Removed 2131428281
D/KeyguardViewMediator( 2374): setHidden false
D/KeyguardViewMediator( 2374): setHidden false
W/SignalStrength( 2374): getGsmLevel=1
W/SignalStrength( 2374): getLevel=1 (SignalStrength: 5 0 -120 -160 -120 -1 -1 99 2147483647 2147483647 2147483647 2147483647 gsm|lte 0x1)
W/SignalStrength( 2913): getGsmLevel=1
W/SignalStrength( 2913): getLevel=1 (SignalStrength: 5 0 -120 -160 -120 -1 -1 99 2147483647 2147483647 2147483647 2147483647 gsm|lte 0x1)
W/SignalStrength( 2913): getGsmLevel=1
W/SignalStrength( 2913): getLevel=1 (SignalStrength: 5 0 -120 -160 -120 -1 -1 99 2147483647 2147483647 2147483647 2147483647 gsm|lte 0x1)
W/SignalStrength( 2374): getDbm 1
W/SignalStrength( 2374): getGsmDbm=-103
W/SignalStrength( 2374): getDbm=-103
W/SignalStrength( 2374): getAsuLevel 1
W/SignalStrength( 2374): getGsmAsuLevel=5
W/SignalStrength( 2374): getAsuLevel=5
I/ClipboardServiceEx( 2374): Send intent for dismiss clipboard dialog inside hideCurrentInputLocked() !
D/STATUSBAR-NetworkController( 2913): onSignalStrengthsChanged signalStrength=SignalStrength: 5 0 -120 -160 -120 -1 -1 99 2147483647 2147483647 2147483647 2147483647 gsm|lte 0x1 level=1
D/STATUSBAR-NetworkController( 2913): refreshSignalCluster: data=2 bt=false
D/STATUSBAR-SignalClusterView( 2913): mSeparateMobileGroup=0
D/STATUSBAR-SignalClusterView( 2913): mSeparateMobileGroup=0
D/STATUSBAR-SignalClusterView( 2913): mSeparateMobileGroup=0
D/KeyguardViewMediator( 2374): setHidden false
W/System.err( 3199): Removed 2131428268
W/System.err( 3199): Removed 2131428281
D/KeyguardViewMediator( 2374): setHidden false
E/SpannableStringBuilder( 3199): SPAN_EXCLUSIVE_EXCLUSIVE spans cannot have a zero length
E/SpannableStringBuilder( 3199): SPAN_EXCLUSIVE_EXCLUSIVE spans cannot have a zero length
D/KeyguardViewMediator( 2374): setHidden false
I/power ( 2374): *** release_dvfs_lock : lockType : 1
D/KeyguardViewMediator( 2374): setHidden false
I/SurfaceFlinger( 1959): id=4693 Removed Tettings idx=2 MapSz=3
I/SurfaceFlinger( 1959): id=4693 Removed Tettings idx=-2 MapSz=3
D/KeyguardViewMediator( 2374): setHidden false
D/PowerManagerService( 2374): releaseDVFSLockLocked : all DVFS_MIN_LIMIT are released
W/ActivityManager( 2374): mDVFSLock.release()
W/PowerManagerService( 2374): Timer 0x3->0x3|0x0
D/InputReader( 2374): Input event: value=1
D/lights ( 2374): button : 1 +
D/lights ( 2374): button : 1 -
I/InputDispatcher( 2374): Delivering key to current input target: action: 0x0
I/InputDispatcher( 2374): Delivering key to current input target: action: 0x0
I/InputDispatcher( 2374): Delivering key to current input target: action: 0x0
I/PowerManagerService( 2374): Ulight 0x3->0x7|0x0
D/LightsService( 2374): setLightLocked is called
D/InputReader( 2374): Input event: value=0
I/InputDispatcher( 2374): Delivering key to current input target: action: 0x1
I/InputDispatcher( 2374): Delivering key to current input target: action: 0x1
I/InputDispatcher( 2374): Delivering key to current input target: action: 0x1
I/ClipboardServiceEx( 2374): mCBPickerDialog enter case. MSG_DISMISS_DIALOG
I/power ( 2374): *** acquire_dvfs_lock : lockType : 1 freq : 1000000
D/PowerManagerService( 2374): acquireDVFSLockLocked : type : DVFS_MIN_LIMIT frequency : 1000000 uid : 1000 pid : 2374 tag : ActivityManager
W/ActivityManager( 2374): mDVFSLock.acquire()
D/KeyguardViewMediator( 2374): setHidden false
I/WifiEnabler( 3199): Resume : 1
I/BluetoothPolicyService( 2374): isBluetoothEnabled
I/SurfaceFlinger( 1959): id=4695(45) createSurf 0x4296d77c (720x1280),1 flag=400, Tettings
I/SurfaceFlinger( 1959): SurfaceFlinger : eMagnificationFactorChanged. magnificationFactor=1.0
I/SurfaceFlinger( 1959): SurfaceFlinger : eZoomPositionChanged. zoomX=0.0 zoomY=0.0
D/WindowManager( 2374): PhoneWindowManager: focusChangedLw
D/KeyguardViewMediator( 2374): setHidden false
D/STATUSBAR-StatusBarManagerService( 2374): setSystemUiVisibility(0x0)
D/STATUSBAR-StatusBarManagerService( 2374): manageDisableList what=0x0 pkg=WindowManager.LayoutParams
W/System.err( 3199): Removed 2131428268
W/System.err( 3199): Removed 2131428281
I/ClipboardServiceEx( 2374): Send intent for dismiss clipboard dialog inside hideCurrentInputLocked() !
I/BluetoothPolicyService( 2374): isBluetoothEnabled
D/KeyguardViewMediator( 2374): setHidden false
D/KeyguardViewMediator( 2374): setHidden false
D/KeyguardViewMediator( 2374): setHidden false
D/KeyguardViewMediator( 2374): setHidden false
E/SpannableStringBuilder( 3199): SPAN_EXCLUSIVE_EXCLUSIVE spans cannot have a zero length
E/SpannableStringBuilder( 3199): SPAN_EXCLUSIVE_EXCLUSIVE spans cannot have a zero length
D/KeyguardViewMediator( 2374): setHidden false
W/SignalStrength( 2913): getGsmLevel=1
W/SignalStrength( 2913): getLevel=1 (SignalStrength: 4 0 -120 -160 -120 -1 -1 99 2147483647 2147483647 2147483647 2147483647 gsm|lte 0x1)
W/SignalStrength( 2913): getGsmLevel=1
W/SignalStrength( 2913): getLevel=1 (SignalStrength: 4 0 -120 -160 -120 -1 -1 99 2147483647 2147483647 2147483647 2147483647 gsm|lte 0x1)
W/SignalStrength( 2374): getGsmLevel=1
W/SignalStrength( 2374): getLevel=1 (SignalStrength: 4 0 -120 -160 -120 -1 -1 99 2147483647 2147483647 2147483647 2147483647 gsm|lte 0x1)
W/SignalStrength( 2374): getDbm 1
W/SignalStrength( 2374): getGsmDbm=-105
W/SignalStrength( 2374): getDbm=-105
W/SignalStrength( 2374): getAsuLevel 1
W/SignalStrength( 2374): getGsmAsuLevel=4
W/SignalStrength( 2374): getAsuLevel=4
D/STATUSBAR-NetworkController( 2913): onSignalStrengthsChanged signalStrength=SignalStrength: 4 0 -120 -160 -120 -1 -1 99 2147483647 2147483647 2147483647 2147483647 gsm|lte 0x1 level=1
I/power ( 2374): *** release_dvfs_lock : lockType : 1
D/KeyguardViewMediator( 2374): setHidden false
I/SurfaceFlinger( 1959): id=4694 Removed TubSettings idx=4 MapSz=3
I/SurfaceFlinger( 1959): id=4694 Removed TubSettings idx=-2 MapSz=3
D/KeyguardViewMediator( 2374): setHidden false
D/KeyguardViewMediator( 2374): setHidden false
D/PowerManagerService( 2374): releaseDVFSLockLocked : all DVFS_MIN_LIMIT are released
W/ActivityManager( 2374): mDVFSLock.release()
D/STATUSBAR-NetworkController( 2913): onDataActivity: direction=3
D/STATUSBAR-NetworkController( 2913): refreshSignalCluster: data=2 bt=false
D/STATUSBAR-SignalClusterView( 2913): mSeparateMobileGroup=0
D/STATUSBAR-SignalClusterView( 2913): mSeparateMobileGroup=0
D/STATUSBAR-SignalClusterView( 2913): mSeparateMobileGroup=0
I/InputReader( 2374): Touch event's action is 0x0 (deviceType=0) [pCnt=1, s=0.13000 ]
I/InputDispatcher( 2374): Delivering touch to current input target: action: 0x0
I/InputDispatcher( 2374): Delivering touch to current input target: action: 0x0
I/InputDispatcher( 2374): Delivering touch to current input target: action: 0x0
I/InputReader( 2374): Touch event's action is 0x1 (deviceType=0) [pCnt=1, s=]
I/InputDispatcher( 2374): Delivering touch to current input target: action: 0x1
I/InputDispatcher( 2374): Delivering touch to current input target: action: 0x1
I/InputDispatcher( 2374): Delivering touch to current input target: action: 0x1
I/DVFSHelper( 3199): acquire::
I/DVFSHelper( 3199): prepareIntent:: BOOST_TYPE_TOUCH
I/TwDVFSBroadcastReceiver( 3107): onListViewScrollIntent
D/PowerManager( 3107): DVFSLock : acquire : timeout : 15000
I/power ( 2374): *** acquire_dvfs_lock : lockType : 1 freq : 800000
D/PowerManagerService( 2374): acquireDVFSLockLocked : type : DVFS_MIN_LIMIT frequency : 800000 uid : 1000 pid : 3107 tag : TwDVFSBroadcastReceiver
D/STATUSBAR-NetworkController( 2913): onDataActivity: direction=0
D/STATUSBAR-NetworkController( 2913): refreshSignalCluster: data=2 bt=false
D/STATUSBAR-SignalClusterView( 2913): mSeparateMobileGroup=0
D/STATUSBAR-SignalClusterView( 2913): mSeparateMobileGroup=0
D/STATUSBAR-SignalClusterView( 2913): mSeparateMobileGroup=0
I/InputReader( 2374): Touch event's action is 0x0 (deviceType=0) [pCnt=1, s=0.13001 ]
I/InputDispatcher( 2374): Delivering touch to current input target: action: 0x0
I/InputDispatcher( 2374): Delivering touch to current input target: action: 0x0
I/InputDispatcher( 2374): Delivering touch to current input target: action: 0x0
I/DVFSHelper( 3199): release::
I/DVFSHelper( 3199): acquire::
I/DVFSHelper( 3199): prepareIntent:: BOOST_TYPE_TOUCH
I/power ( 2374): *** release_dvfs_lock : lockType : 1
D/PowerManagerService( 2374): releaseDVFSLockLocked : all DVFS_MIN_LIMIT are released
I/TwDVFSBroadcastReceiver( 3107): onListViewScrollIntent
D/PowerManager( 3107): DVFSLock : acquire : timeout : 15000
I/power ( 2374): *** acquire_dvfs_lock : lockType : 1 freq : 800000
D/PowerManagerService( 2374): acquireDVFSLockLocked : type : DVFS_MIN_LIMIT frequency : 800000 uid : 1000 pid : 3107 tag : TwDVFSBroadcastReceiver
I/InputReader( 2374): Touch event's action is 0x1 (deviceType=0) [pCnt=1, s=]
I/InputDispatcher( 2374): Delivering touch to current input target: action: 0x1
I/InputDispatcher( 2374): Delivering touch to current input target: action: 0x1
I/InputDispatcher( 2374): Delivering touch to current input target: action: 0x1
D/dalvikvm( 3199): GC_CONCURRENT freed 1214K, 5% free 37278K/39239K, paused 1ms+11ms, total 45ms
D/AbsListView( 3199): [unregisterDoubleTapMotionListener]
I/MotionRecognitionManager( 3199): .unregisterListener : / listener count = 0->0, listener=android.widget.AbsListView$4@41f67228
D/AbsListView( 3199): [unregisterDoubleTapMotionListener]
I/MotionRecognitionManager( 3199): .unregisterListener : / listener count = 0->0, listener=android.widget.AbsListView$4@41dcc8d0
D/AbsListView( 3199): [unregisterDoubleTapMotionListener]
I/MotionRecognitionManager( 3199): .unregisterListener : / listener count = 0->0, listener=android.widget.AbsListView$4@41efb050
I/DVFSHelper( 3199): release::
I/power ( 2374): *** release_dvfs_lock : lockType : 1
D/PowerManagerService( 2374): releaseDVFSLockLocked : all DVFS_MIN_LIMIT are released
D/lights ( 2374): button : 2 +
D/lights ( 2374): button : 2 -
W/PowerManagerService( 2374): Timer 0x7->0x3|0x0
I/PowerManagerService( 2374): Ulight 0x7->0x3|0x0
D/LightsService( 2374): setLightLocked is called
I/InputReader( 2374): Touch event's action is 0x0 (deviceType=0) [pCnt=1, s=0.13002 ]
I/InputDispatcher( 2374): Delivering touch to current input target: action: 0x0
I/InputDispatcher( 2374): Delivering touch to current input target: action: 0x0
I/InputDispatcher( 2374): Delivering touch to current input target: action: 0x0
I/DVFSHelper( 3199): acquire::
I/DVFSHelper( 3199): prepareIntent:: BOOST_TYPE_TOUCH
I/TwDVFSBroadcastReceiver( 3107): onListViewScrollIntent
D/PowerManager( 3107): DVFSLock : acquire : timeout : 15000
I/power ( 2374): *** acquire_dvfs_lock : lockType : 1 freq : 800000
D/PowerManagerService( 2374): acquireDVFSLockLocked : type : DVFS_MIN_LIMIT frequency : 800000 uid : 1000 pid : 3107 tag : TwDVFSBroadcastReceiver
D/dalvikvm( 2374): GC_CONCURRENT freed 2462K, 47% free 32031K/59655K, paused 3ms+9ms, total 100ms
D/FastDormancy( 3067): [FD] ON default: true
D/FastDormancy( 3067): getDormancyFlag() return mDormFlag = true
D/FastDormancy( 3067): Before mDormFlag: true in getCapaDormancy()
D/FastDormancy( 3067): After mDormFlag: true in getCapaDormancy()
W/FastDormancy( 3067): ======= ENTER DORMANCY =======
D/FastDormancy( 3067): ======= FAST DORMANCY Enter =======
I/InputReader( 2374): Touch event's action is 0x1 (deviceType=0) [pCnt=1, s=]
I/InputDispatcher( 2374): Delivering touch to current input target: action: 0x1
I/InputDispatcher( 2374): Delivering touch to current input target: action: 0x1
I/InputDispatcher( 2374): Delivering touch to current input target: action: 0x1
I/DVFSHelper( 3199): release::
I/power ( 2374): *** release_dvfs_lock : lockType : 1
D/PowerManagerService( 2374): releaseDVFSLockLocked : all DVFS_MIN_LIMIT are released
W/PowerManagerService( 2374): Timer 0x3->0x3|0x0
I/InputReader( 2374): Touch event's action is 0x0 (deviceType=0) [pCnt=1, s=0.13003 ]
I/InputDispatcher( 2374): Delivering touch to current input target: action: 0x0
I/InputDispatcher( 2374): Delivering touch to current input target: action: 0x0
I/InputDispatcher( 2374): Delivering touch to current input target: action: 0x0
I/InputReader( 2374): Touch event's action is 0x1 (deviceType=0) [pCnt=1, s=]
I/InputDispatcher( 2374): Delivering touch to current input target: action: 0x1
I/InputDispatcher( 2374): Delivering touch to current input target: action: 0x1
I/InputDispatcher( 2374): Delivering touch to current input target: action: 0x1
I/power ( 2374): *** acquire_dvfs_lock : lockType : 1 freq : 1000000
D/PowerManagerService( 2374): acquireDVFSLockLocked : type : DVFS_MIN_LIMIT frequency : 1000000 uid : 1000 pid : 2374 tag : ActivityManager
W/ActivityManager( 2374): mDVFSLock.acquire()
I/WifiEnabler( 3199): Pause : 1
I/BluetoothPolicyService( 2374): isBluetoothEnabled
D/WindowManager( 2374): PhoneWindowManager: focusChangedLw
D/KeyguardViewMediator( 2374): setHidden false
D/WindowManager( 2374): mInputFocus is not null.
D/WindowManager( 2374): mInputFocus is not null.
D/WindowManager( 2374): mInputFocus is not null.
D/AbsListView( 3199): Get MotionRecognitionManager
D/MotionRecognitionService( 2374): ssp status : false
D/AbsListView( 3199): Get MotionRecognitionManager
D/VoldCmdListener( 1947): cryptfs cryptocomplete
E/Cryptfs ( 1947): not running with encryption, aborting
D/WindowManager( 2374): mInputFocus is not null.
I/SurfaceFlinger( 1959): id=4696(46) createSurf 0x4296eb3c (1x1),1 flag=400, TubSettings
I/SurfaceFlinger( 1959): SurfaceFlinger : eMagnificationFactorChanged. magnificationFactor=1.0
I/SurfaceFlinger( 1959): SurfaceFlinger : eZoomPositionChanged. zoomX=0.0 zoomY=0.0
D/WindowManager( 2374): PhoneWindowManager: focusChangedLw
D/KeyguardViewMediator( 2374): setHidden false
D/STATUSBAR-StatusBarManagerService( 2374): setSystemUiVisibility(0x0)
D/STATUSBAR-StatusBarManagerService( 2374): manageDisableList what=0x0 pkg=WindowManager.LayoutParams
W/System.err( 3199): Removed 2131428268
W/System.err( 3199): Removed 2131428281
D/KeyguardViewMediator( 2374): setHidden false
D/KeyguardViewMediator( 2374): setHidden false
I/ClipboardServiceEx( 2374): Send intent for dismiss clipboard dialog inside hideCurrentInputLocked() !
D/KeyguardViewMediator( 2374): setHidden false
W/System.err( 3199): Removed 2131428268
W/System.err( 3199): Removed 2131428281
D/KeyguardViewMediator( 2374): setHidden false
E/SpannableStringBuilder( 3199): SPAN_EXCLUSIVE_EXCLUSIVE spans cannot have a zero length
E/SpannableStringBuilder( 3199): SPAN_EXCLUSIVE_EXCLUSIVE spans cannot have a zero length
D/KeyguardViewMediator( 2374): setHidden false
I/power ( 2374): *** release_dvfs_lock : lockType : 1
D/KeyguardViewMediator( 2374): setHidden false
I/SurfaceFlinger( 1959): id=4695 Removed Tettings idx=2 MapSz=3
I/SurfaceFlinger( 1959): id=4695 Removed Tettings idx=-2 MapSz=3
D/KeyguardViewMediator( 2374): setHidden false
D/PowerManagerService( 2374): releaseDVFSLockLocked : all DVFS_MIN_LIMIT are released
W/ActivityManager( 2374): mDVFSLock.release()
W/PowerManagerService( 2374): Timer 0x3->0x3|0x0
I/InputReader( 2374): Touch event's action is 0x0 (deviceType=0) [pCnt=1, s=0.13004 ]
I/InputDispatcher( 2374): Delivering touch to current input target: action: 0x0
I/InputDispatcher( 2374): Delivering touch to current input target: action: 0x0
I/InputDispatcher( 2374): Delivering touch to current input target: action: 0x0
I/InputReader( 2374): Touch event's action is 0x1 (deviceType=0) [pCnt=1, s=]
I/InputDispatcher( 2374): Delivering touch to current input target: action: 0x1
I/InputDispatcher( 2374): Delivering touch to current input target: action: 0x1
I/InputDispatcher( 2374): Delivering touch to current input target: action: 0x1
D/WindowManager( 2374): PhoneWindowManager: focusChangedLw
I/SurfaceFlinger( 1959): id=4697(47) createSurf 0x4296d77c (1x1),1 flag=0, TubSettings
I/SurfaceFlinger( 1959): SurfaceFlinger : eMagnificationFactorChanged. magnificationFactor=1.0
I/SurfaceFlinger( 1959): SurfaceFlinger : eZoomPositionChanged. zoomX=0.0 zoomY=0.0
D/KeyguardViewMediator( 2374): setHidden false
D/KeyguardViewMediator( 2374): setHidden false
D/KeyguardViewMediator( 2374): setHidden false
D/KeyguardViewMediator( 2374): setHidden false
D/KeyguardViewMediator( 2374): setHidden false
I/InputReader( 2374): Touch event's action is 0x0 (deviceType=0) [pCnt=1, s=0.13005 ]
I/InputDispatcher( 2374): Delivering touch to current input target: action: 0x0
I/InputDispatcher( 2374): Delivering touch to current input target: action: 0x0
I/InputDispatcher( 2374): Delivering touch to current input target: action: 0x0
I/InputReader( 2374): Touch event's action is 0x1 (deviceType=0) [pCnt=1, s=]
I/InputDispatcher( 2374): Delivering touch to current input target: action: 0x1
I/InputDispatcher( 2374): Delivering touch to current input target: action: 0x1
I/InputDispatcher( 2374): Delivering touch to current input target: action: 0x1
D/VoldCmdListener( 1947): cryptfs cryptocomplete
E/Cryptfs ( 1947): not running with encryption, aborting
D/WindowManager( 2374): PhoneWindowManager: focusChangedLw
D/KeyguardViewMediator( 2374): setHidden false
W/InputMethodManagerService( 2374): Window already focused, ignoring focus gain of: com.android.internal.view.IInputMethodClient$Stub$Proxy@42d84d90 attribute=null
D/KeyguardViewMediator( 2374): setHidden false
I/SurfaceFlinger( 1959): id=4697 Removed TubSettings idx=4 MapSz=3
I/SurfaceFlinger( 1959): id=4697 Removed TubSettings idx=-2 MapSz=3
D/KeyguardViewMediator( 2374): setHidden false
D/KeyguardViewMediator( 2374): setHidden false
D/InputReader( 2374): Input event: value=1
D/lights ( 2374): button : 1 +
D/lights ( 2374): button : 1 -
I/InputDispatcher( 2374): Delivering key to current input target: action: 0x0
I/InputDispatcher( 2374): Delivering key to current input target: action: 0x0
I/InputDispatcher( 2374): Delivering key to current input target: action: 0x0
I/PowerManagerService( 2374): Ulight 0x3->0x7|0x0
D/LightsService( 2374): setLightLocked is called
D/InputReader( 2374): Input event: value=0
I/InputDispatcher( 2374): Delivering key to current input target: action: 0x1
I/InputDispatcher( 2374): Delivering key to current input target: action: 0x1
I/InputDispatcher( 2374): Delivering key to current input target: action: 0x1
I/ClipboardServiceEx( 2374): mCBPickerDialog enter case. MSG_DISMISS_DIALOG
I/power ( 2374): *** acquire_dvfs_lock : lockType : 1 freq : 1000000
D/PowerManagerService( 2374): acquireDVFSLockLocked : type : DVFS_MIN_LIMIT frequency : 1000000 uid : 1000 pid : 2374 tag : ActivityManager
W/ActivityManager( 2374): mDVFSLock.acquire()
D/KeyguardViewMediator( 2374): setHidden false
I/WifiEnabler( 3199): Resume : 1
I/BluetoothPolicyService( 2374): isBluetoothEnabled
I/SurfaceFlinger( 1959): id=4698(48) createSurf 0x4296d77c (720x1280),1 flag=400, Tettings
I/SurfaceFlinger( 1959): SurfaceFlinger : eMagnificationFactorChanged. magnificationFactor=1.0
I/SurfaceFlinger( 1959): SurfaceFlinger : eZoomPositionChanged. zoomX=0.0 zoomY=0.0
D/WindowManager( 2374): PhoneWindowManager: focusChangedLw
D/KeyguardViewMediator( 2374): setHidden false
D/STATUSBAR-StatusBarManagerService( 2374): setSystemUiVisibility(0x0)
D/STATUSBAR-StatusBarManagerService( 2374): manageDisableList what=0x0 pkg=WindowManager.LayoutParams
W/System.err( 3199): Removed 2131428268
W/System.err( 3199): Removed 2131428281
I/ClipboardServiceEx( 2374): Send intent for dismiss clipboard dialog inside hideCurrentInputLocked() !
D/KeyguardViewMediator( 2374): setHidden false
D/KeyguardViewMediator( 2374): setHidden false
D/KeyguardViewMediator( 2374): setHidden false
D/KeyguardViewMediator( 2374): setHidden false
E/SpannableStringBuilder( 3199): SPAN_EXCLUSIVE_EXCLUSIVE spans cannot have a zero length
E/SpannableStringBuilder( 3199): SPAN_EXCLUSIVE_EXCLUSIVE spans cannot have a zero length
D/KeyguardViewMediator( 2374): setHidden false
D/InputReader( 2374): Input event: value=1
I/InputDispatcher( 2374): Delivering key to current input target: action: 0x0
I/InputDispatcher( 2374): Delivering key to current input target: action: 0x0
I/InputDispatcher( 2374): Delivering key to current input target: action: 0x0
D/InputReader( 2374): Input event: value=0
I/InputDispatcher( 2374): Delivering key to current input target: action: 0x1
I/InputDispatcher( 2374): Delivering key to current input target: action: 0x1
I/InputDispatcher( 2374): Delivering key to current input target: action: 0x1
I/ClipboardServiceEx( 2374): mCBPickerDialog enter case. MSG_DISMISS_DIALOG
I/WifiEnabler( 3199): Pause : 1
I/BluetoothPolicyService( 2374): isBluetoothEnabled
D/WindowManager( 2374): PhoneWindowManager: focusChangedLw
D/KeyguardViewMediator( 2374): setHidden false
V/WindowManager( 2374): rotationForOrientationLw(orient=5, last=0); user=0 mLidState=-1 mDockMode=0 mHdmiPlugged=false mAccelerometerDefault=false sensorRotation=-1
D/Launcher( 3156): onRestart, Launcher: 1104468464
D/Launcher( 3156): onStart, Launcher: 1104468464
D/Launcher.HomeFragment( 3156): onStart
D/Launcher( 3156): onResume, Launcher: 1104468464
D/KeyguardViewMediator( 2374): setHidden false
I/FlashBarService( 2991): mPkgManagerReceiver : onReceive
D/WindowManager( 2374): mInputFocus is not null.
D/WindowManager( 2374): mInputFocus is not null.
D/WindowManager( 2374): mInputFocus is not null.
D/WindowManager( 2374): mInputFocus is not null.
D/InputReader( 2374): Input event: value=1
D/dalvikvm( 2374): GC_CONCURRENT freed 1685K, 46% free 32393K/59655K, paused 3ms+9ms, total 99ms
D/dalvikvm( 2374): WAIT_FOR_CONCURRENT_GC blocked 50ms
D/dalvikvm( 2374): WAIT_FOR_CONCURRENT_GC blocked 50ms
D/dalvikvm( 2374): WAIT_FOR_CONCURRENT_GC blocked 54ms
D/KeyguardViewMediator( 2374): setHidden false
I/SurfaceFlinger( 1959): id=4696 Removed TubSettings idx=4 MapSz=3
I/SurfaceFlinger( 1959): id=4696 Removed TubSettings idx=-2 MapSz=3
W/WindowManager( 2374): Rebuild removed 9 windows but added 8
W/WindowManager( 2374): Current app token list:
W/WindowManager( 2374): Final window list:
D/WindowManager( 2374): mInputFocus is not null.
D/WindowManager( 2374): mInputFocus is not null.
D/KeyguardViewMediator( 2374): setHidden false
D/KeyguardViewMediator( 2374): setHidden false
W/SignalStrength( 2374): getGsmLevel=1
W/SignalStrength( 2374): getLevel=1 (SignalStrength: 3 0 -120 -160 -120 -1 -1 99 2147483647 2147483647 2147483647 2147483647 gsm|lte 0x1)
W/SignalStrength( 2913): getGsmLevel=1
W/SignalStrength( 2913): getLevel=1 (SignalStrength: 3 0 -120 -160 -120 -1 -1 99 2147483647 2147483647 2147483647 2147483647 gsm|lte 0x1)
W/SignalStrength( 2913): getGsmLevel=1
W/SignalStrength( 2913): getLevel=1 (SignalStrength: 3 0 -120 -160 -120 -1 -1 99 2147483647 2147483647 2147483647 2147483647 gsm|lte 0x1)
D/WindowManager( 2374): mInputFocus is not null.
D/WindowManager( 2374): mInputFocus is not null.
D/STATUSBAR-NetworkController( 2913): onSignalStrengthsChanged signalStrength=SignalStrength: 3 0 -120 -160 -120 -1 -1 99 2147483647 2147483647 2147483647 2147483647 gsm|lte 0x1 level=1
W/SignalStrength( 2374): getDbm 1
W/SignalStrength( 2374): getGsmDbm=-107
W/SignalStrength( 2374): getDbm=-107
W/SignalStrength( 2374): getAsuLevel 1
W/SignalStrength( 2374): getGsmAsuLevel=3
W/SignalStrength( 2374): getAsuLevel=3
D/InputReader( 2374): Input event: value=0
E/Launcher( 3156): Error finding setting, default accessibility to not found: accessibility_enabled
D/Launcher.HomeFragment( 3156): onResume
D/MenuAppsGridFragment( 3156): onResume
I/SurfaceFlinger( 1959): id=4699(176) createSurf 0x4296eb3c (720x1280),1 flag=0, Mauncher
I/SurfaceFlinger( 1959): SurfaceFlinger : eMagnificationFactorChanged. magnificationFactor=1.0
I/SurfaceFlinger( 1959): SurfaceFlinger : eZoomPositionChanged. zoomX=0.0 zoomY=0.0
D/WindowManager( 2374): PhoneWindowManager: focusChangedLw
D/KeyguardViewMediator( 2374): setHidden false
I/InputDispatcher( 2374): Delivering key to current input target: action: 0x0
I/InputDispatcher( 2374): Delivering key to current input target: action: 0x0
I/InputDispatcher( 2374): Delivering key to current input target: action: 0x0
D/STATUSBAR-StatusBarManagerService( 2374): setSystemUiVisibility(0x0)
D/STATUSBAR-StatusBarManagerService( 2374): manageDisableList what=0x0 pkg=WindowManager.LayoutParams
I/ClipboardServiceEx( 2374): Send intent for dismiss clipboard dialog inside hideCurrentInputLocked() !
I/InputDispatcher( 2374): Delivering key to current input target: action: 0x1
I/InputDispatcher( 2374): Delivering key to current input target: action: 0x1
I/InputDispatcher( 2374): Delivering key to current input target: action: 0x1
I/ClipboardServiceEx( 2374): mCBPickerDialog enter case. MSG_DISMISS_DIALOG
D/KeyguardViewMediator( 2374): setHidden false
D/KeyguardViewMediator( 2374): setHidden false
D/KeyguardViewMediator( 2374): setHidden false
D/KeyguardViewMediator( 2374): setHidden false
D/KeyguardViewMediator( 2374): setHidden false
I/power ( 2374): *** release_dvfs_lock : lockType : 1
D/PowerManagerService( 2374): releaseDVFSLockLocked : all DVFS_MIN_LIMIT are released
W/ActivityManager( 2374): mDVFSLock.release()
D/KeyguardViewMediator( 2374): setHidden false
I/SurfaceFlinger( 1959): id=4698 Removed Tettings idx=4 MapSz=3
I/SurfaceFlinger( 1959): id=4698 Removed Tettings idx=-2 MapSz=3
D/KeyguardViewMediator( 2374): setHidden false
D/KeyguardViewMediator( 2374): setHidden false
D/KeyguardViewMediator( 2374): setHidden false
D/InputReader( 2374): Input event: value=1
D/InputReader( 2374): Input event: value=0
D/SensorManager( 2374): unregisterListener:: Listener= com.android.server.PowerManagerService$17@41e90d70
D/SurfaceFlinger( 1959): About to give-up screen, flinger = 0x410cf008
D/SensorService( 2374): SensorDevice::activate (enable 1, disable 0) = 0
D/SensorService( 2374): activating sensor disable handle=3
D/SensorService( 2374): activating sensor disable, Done!
D/SensorService( 2374): SensorDevice::activating sensor handle=3 ns=200000000
D/SensorManager( 2374): unregisterListener:: Listener= com.android.server.PowerManagerService$18@41de9228
I/SensorManager( 2374): Set min delay = 200000
I/SensorManager( 2374): Before sending... delay = 200000
D/Sensors ( 2374): Remain listener = android.view.WindowOrientationListener$SensorEventListenerImpl@423d0b28
I/Sensors ( 2374): sendDelay --- 200000000
I/SensorService( 2374): info.selectDelay() ns=200000000
D/iNemoSensor( 2374): setDelay(): handle(0), en(200000000)
I/iNemoSensor( 2374): skip update_delay wanted_accel = 200000000 current delay = 200000000
D/SensorService( 2374): SensorDevice::setDelay, Return(true 1, false 0) = 1
D/SensorManager( 2374): JNI - sendDelay
D/lights ( 2374): button : 2 +
D/lights ( 2374): button : 2 -
E/lights ( 2374): write_int failed to open /sys/class/leds/keyboard-backlight/brightness
I/power ( 2374): *** acquire_dvfs_lock : lockType : 1 freq : 1400000
D/lights ( 2374): button : 2 +
D/lights ( 2374): button : 2 -
D/WindowManager( 2374): mSetIgnore
D/KeyguardViewMediator( 2374): onScreenTurnedOff(2)
D/KeyguardViewMediator( 2374): Not factory mode
D/PowerManagerService( 2374): goToSleepWithReason : time : 43805265 reason : 2
D/PowerManagerService( 2374): Screen__Off : goToSleepLocked : uid : 1000 pid : 2374 reason : 2
D/PowerManagerService( 2374): setting mProxIgnoredBecauseScreenTurnedOff
I/PowerManagerService( 2374): Ulight 0x7->0x0|0x0
W/PowerManagerService( 2374): CurLockF mPS:7 mUS=0
W/PowerManagerService( 2374): mPokeLocks.size=0:
D/PowerManagerService( 2374): enableLightSensorLocked enable=false mLightSensorEnabled=true mAutoBrightessEnabled=true mWaitingForFirstLightSensor=false
D/LightsService( 2374): setLightLocked is called
D/LightsService( 2374): setLightLocked is called
D/PowerManagerService( 2374): sendNotificationLocked on=false
D/PowerManagerService( 2374): acquireDVFSLockLocked : type : DVFS_MIN_LIMIT frequency : 1400000 uid : 1000 pid : 2374 tag : AMOLED_Animation
D/LightsService( 2374): setLightLocked is called
D/PowerManagerService( 2374): mNotificationTask : off
D/SecTVOutService( 1959): virtual void android::SecTVOutService::setSuspendMode(uint32_t) TV suspend mode = 1
D/SecTVOutService( 1959): virtual void android::SecTVOutService::setHdmiStatus(uint32_t) HDMI cable status = 0
D/LockPatternUtils( 2374): isPcwEnable = null
D/KeyguardViewMediator( 2374): doKeyguard: showing the lock screen
D/KeyguardViewMediator( 2374): showLocked
D/KeyguardViewMediator( 2374): handleShow
D/SensorManager( 2374): unregisterListener:: Listener= android.view.WindowOrientationListener$SensorEventListenerImpl@423d0b28
D/Sensors ( 2374): Remain listener = Sending .. normal delay 200ms
I/Sensors ( 2374): sendDelay --- 200000000
I/SensorService( 2374): info.selectDelay() ns=200000000
D/iNemoSensor( 2374): setDelay(): handle(0), en(200000000)
I/iNemoSensor( 2374): skip update_delay wanted_accel = 200000000 current delay = 200000000
D/SensorService( 2374): SensorDevice::setDelay, Return(true 1, false 0) = 1
D/SensorManager( 2374): JNI - sendDelay
I/SensorManager( 2374): Set normal delay = true
I/iNemoSensor( 2374): enable(): handle(0), en(0), what(0)
D/AkmSensor( 2374): akm_disable_sensor: Accel is disabled. (orien = 0)
I/AkmSensor( 2374): enable_accelerometer, mEnabled = 1, enable = 0
E/AudioPolicyService( 1962): getOutput() tid 2329 ++
E/AudioPolicyService( 1962): getOutput() tid 2329 --
V/AudioPolicyManagerBase( 1962): getOutput() stream 1, samplingRate 0, format 0, channelMask 3, flags 0
V/AudioPolicyManagerBase( 1962): getOutputsForDevice device 0002 -> 0002
V/AudioPolicyManagerBase( 1962): getOutput() returns output 2
E/AudioPolicyService( 1962): getOutput() tid 2327 ++
E/AudioPolicyService( 1962): getOutput() tid 2327 --
V/AudioPolicyManagerBase( 1962): getOutput() stream 1, samplingRate 0, format 0, channelMask 3, flags 0
V/AudioPolicyManagerBase( 1962): getOutputsForDevice device 0002 -> 0002
V/AudioPolicyManagerBase( 1962): getOutput() returns output 2
D/iNemoSensor( 2374): enable(): MASK_ACC (0) MASK_MAG (0) MASK_GYR (0)
E/AudioPolicyService( 1962): getOutput() tid 29207 ++
E/AudioPolicyService( 1962): getOutput() tid 29207 --
V/AudioPolicyManagerBase( 1962): getOutput() stream 1, samplingRate 44100, format 1, channelMask 1, flags 4
V/AudioPolicyManagerBase( 1962): getOutputsForDevice device 0002 -> 0002
V/AudioPolicyManagerBase( 1962): getOutput() returns output 2
D/iNemoSensor( 2374): enable(): mEnAcc(0) mEnMag(0) mEnGyr(0)
D/SensorService( 2374): SensorDevice::activate (enable 1, disable 0) = 0
D/SensorService( 2374): activating sensor disable handle=0
D/SensorService( 2374): activating sensor disable, Done!
D/SensorService( 2374): SensorDevice::activating sensor handle=0 ns=200000000
D/iNemoSensor( 2374): setDelay(): handle(0), en(200000000)
V/LvOutput( 1962): initCheck: 0
V/LvOutput( 1962): attachEffects: attach processing to output 2, stream 1, session 622, mode 0
V/LvOutput( 1962): attachEffects: no output processing needs to be attached to this stream
V/LvOutput( 1962): LvOutput::setAllProcessorEnabled(false) mOutputs.size(2)
V/AudioPolicyManagerBase( 1962): startOutput() output 2, stream 1, session 622
V/AudioPolicyManagerBase( 1962): changeRefCount() stream 1, count 1
E/AudioPolicyManagerBase( 1962): unknown stream type
E/AudioPolicyManagerBase( 1962): unknown stream type
E/AudioPolicyManagerBase( 1962): unknown stream type
E/AudioPolicyManagerBase( 1962): unknown stream type
E/AudioPolicyManagerBase( 1962): unknown stream type
V/AudioPolicyManagerBase( 1962): getNewDevice() selected device 2
V/AudioPolicyManagerBase( 1962): setOutputDevice() output 2 device 0002 force 0 delayMs 0
V/AudioPolicyManagerBase( 1962): setOutputDevice() prevDevice 0002
V/AudioPolicyManagerBase( 1962): setOutputDevice() setting same device 0002 or null device for output 2
V/WindowOrientationListener( 2374): WindowOrientationListener disabled
V/AudioPolicyManagerBase( 1962): releaseOutput() 2
D/LockPatternKeyguardView( 2374): phone state: 0
V/LockPatternKeyguardView( 2374): Set visibility on com.android.internal.policy.impl.LockPatternKeyguardView$4@42477388 to 0
E/LockPatternKeyguardView( 2374): mIsVoiceUnlockOn=false
D/LockPatternKeyguardView( 2374): mIsTalkbackDrvModeOn=false
D/LockPatternUtils( 2374): isPcwEnable = null
D/Launcher.HomeFragment( 3156): onPause
D/Launcher( 3156): onPause, Launcher: 1104468464
D/lights ( 2374): LCD : 19 +
D/lights ( 2374): LCD : 19 -
D/LightsService( 2374): setLightLocked is called
D/CircleLockScreen( 2374): drv mode off
D/CircleLockScreen( 2374): mTalkbackEnabled =false
D/CircleLockScreen( 2374): explore by touch mode off
D/LightsService( 2374): [SvcLED] setSvcLedStateLocked:: id = 3, color = 0, mode = 10, set = On
D/BatteryService( 2374): turn on LED for charging
W/AlarmManager( 2374): FACTORY_ON= 0
V/AlarmManager( 2374): waitForAlarm result :4
D/LightsService( 2374): [SvcLED] SvcLEDTask
I/AudioMixer( 1962): setParameter(TRACK, FORMAT, 0x1)
E/AudioMixer( 1962): MOON > checkSEC_PCM ++ 1
I/AudioHardwareTinyALSA( 1962): AudioStreamOutALSA::write setDevice
D/AudioHardwareTinyALSA( 1962): OutALSA::setDevice: mode = 0, newDevice=0x2, currentDevice=0x2 ,force= 0
D/AudioHardwareTinyALSA( 1962): OutALSA::setDevice: mDevice 0x2, newDevice = 0x2
D/AudioHardwareTinyALSA( 1962): setOutputVolume
D/TinyUCM ( 1962): setModifier Normal, en=1
D/CircleUnlockRippleRenderer( 2374): CircleUnlockRippleRenderer Constructor
I/AudioHardwareTinyALSA( 1962): OutALSA::setDevice: mHandle NULL mode[0], Device[00000002]
I/AudioHardwareTinyALSA( 1962): Open: mDefaults->direction=0 device=0
D/AudioHardwareTinyALSA( 1962): Channel: 2, Samplerate: 44100, Format: 0, Peroid Size: 1024, Period Count: 4
D/CircleUnlockRippleRenderer( 2374): isRippleLightEnable = false
D/CircleUnlockRippleRenderer( 2374): isInkEnable = false
D/CircleUnlockRippleRenderer( 2374): isUseLCD = true
D/CircleUnlockRippleRenderer( 2374): Def.MODE = RIPPLE_ONLY
D/AudioHardwareTinyALSA( 1962): setPcmInterface: Stream=0x1, iSamplerate=16000++
D/AudioHardwareTinyALSA( 1962): setPcmInterface--
D/lights ( 2374): LCD : 18 +
D/lights ( 2374): LCD : 18 -
V/AlarmManager( 2374): trigger ELAPSED_REALTIME_WAKEUP or RTC_WAKEUP
D/LightsService( 2374): setLightLocked is called
V/SoundPoolThread( 2374): beginThread
V/SoundPoolThread( 2374): run
V/SoundPoolThread( 2374): Got message m=2, mData=1
V/MediaPlayer( 2374): decode(345, 20758104, 11571)
V/MediaPlayerService( 1962): decode(71, 20758104, 11571)
V/MediaPlayerService( 1962): player type = 3
V/MediaPlayerService( 1962): create StagefrightPlayer
V/AwesomePlayer( 1962): setDefault
V/AwesomePlayer( 1962): constructor
D/Launcher.HomeFragment( 3156): onStop
D/Launcher( 3156): onStop, Launcher: 1104468464
V/AwesomePlayer( 1962): setDefault
I/AwesomePlayer( 1962): reset
I/AwesomePlayer( 1962): cancel player events
V/AwesomePlayer( 1962): mAudioTrackVector clear
V/StagefrightPlayer( 1962): StagefrightPlayer
V/AwesomePlayer( 1962): setListener
V/StagefrightPlayer( 1962): initCheck
V/StagefrightPlayer( 1962): setDataSource(71, 20758104, 11571)
