D/ ( 8599): initTime2PtpString:191 setting NumChars=17 and StringChars[16] to end
D/ ( 8599): inside initTime2PtpString:196
D/ ( 8599): inside mtp_update_property_values_mtp_object
D/ ( 8599): inside mtp_add_object_mtp_store
D/ ( 8599): object info.Object Handle:92
D/ ( 8599): object info.StorageID:327681
D/ ( 8599): filename :vsc
D/ ( 8599): inside mtp_init_mtp_object_params
D/ ( 8599): inside mtp_init_object_info_params
D/ ( 8599): inside initTime2PtpString:156 time array is 22
D/ ( 8599): [initTime2PtpString:162] wYear=2013 wMonth=5 wDay=29 wHour=11 wMinute=52 wSecond=16
D/ ( 8599): initTime2PtpString:171 lpTime != NULL
D/ ( 8599): initTime2PtpString:186 b4 calling mtp_utf8_to_utf16 fn
D/ ( 8599): initTime2PtpString:191 setting NumChars=17 and StringChars[16] to end
D/ ( 8599): inside initTime2PtpString:196
D/ ( 8599): inside mtp_update_property_values_mtp_object
D/ ( 8599): inside mtp_add_object_mtp_store
D/ ( 8599): object info.Object Handle:93
D/ ( 8599): object info.StorageID:327681
D/ ( 8599): filename :wakeupdata
D/ ( 8599): inside mtp_init_mtp_object_params
D/ ( 8599): inside mtp_init_object_info_params
D/ ( 8599): inside initTime2PtpString:156 time array is 22
D/ ( 8599): [initTime2PtpString:162] wYear=2013 wMonth=5 wDay=29 wHour=11 wMinute=52 wSecond=16
D/ ( 8599): initTime2PtpString:171 lpTime != NULL
D/ ( 8599): initTime2PtpString:186 b4 calling mtp_utf8_to_utf16 fn
D/ ( 8599): initTime2PtpString:191 setting NumChars=17 and StringChars[16] to end
D/ ( 8599): inside initTime2PtpString:196
D/ ( 8599): inside mtp_update_property_values_mtp_object
D/ ( 8599): inside mtp_add_object_mtp_store
D/ ( 8599): object info.Object Handle:94
D/ ( 8599): object info.StorageID:327681
D/ ( 8599): filename :xbin
D/ ( 8599): inside mtp_init_mtp_object_params
D/ ( 8599): inside mtp_init_object_info_params
D/ ( 8599): inside initTime2PtpString:156 time array is 22
D/ ( 8599): [initTime2PtpString:162] wYear=2013 wMonth=5 wDay=29 wHour=11 wMinute=52 wSecond=16
D/ ( 8599): initTime2PtpString:171 lpTime != NULL
D/ ( 8599): initTime2PtpString:186 b4 calling mtp_utf8_to_utf16 fn
D/ ( 8599): initTime2PtpString:191 setting NumChars=17 and StringChars[16] to end
D/ ( 8599): inside initTime2PtpString:196
D/ ( 8599): inside mtp_update_property_values_mtp_object
D/ ( 8599): inside mtp_add_object_mtp_store
D/ ( 8599): object info.Object Handle:95
D/ ( 8599): object info.StorageID:327681
D/ ( 8599): filename :CSCVersion.txt
D/ ( 8599): MTP_APP Callback : 7
D/ ( 8599): inside mtp_add_file_mtp_store
D/ ( 8599): inside mtp_init_mtp_object_params
D/ ( 8599): inside mtp_init_object_info_params
D/ ( 8599): inside initTime2PtpString:156 time array is 22
D/ ( 8599): [initTime2PtpString:162] wYear=2008 wMonth=8 wDay=1 wHour=15 wMinute=0 wSecond=0
D/ ( 8599): initTime2PtpString:171 lpTime != NULL
D/ ( 8599): initTime2PtpString:186 b4 calling mtp_utf8_to_utf16 fn
D/ ( 8599): initTime2PtpString:191 setting NumChars=17 and StringChars[16] to end
D/ ( 8599): inside initTime2PtpString:196
D/ ( 8599): inside mtp_update_property_values_mtp_object
D/ ( 8599): inside mtp_add_object_mtp_store
D/ ( 8599): object info.Object Handle:96
D/ ( 8599): object info.StorageID:327681
D/ ( 8599): filename :SW_Configuration.xml
D/ ( 8599): MTP_APP Callback : 7
D/ ( 8599): inside mtp_add_file_mtp_store
D/ ( 8599): inside mtp_init_mtp_object_params
D/ ( 8599): inside mtp_init_object_info_params
D/ ( 8599): inside initTime2PtpString:156 time array is 22
D/ ( 8599): [initTime2PtpString:162] wYear=2013 wMonth=10 wDay=19 wHour=12 wMinute=8 wSecond=17
D/ ( 8599): initTime2PtpString:171 lpTime != NULL
D/ ( 8599): initTime2PtpString:186 b4 calling mtp_utf8_to_utf16 fn
D/ ( 8599): initTime2PtpString:191 setting NumChars=17 and StringChars[16] to end
D/ ( 8599): inside initTime2PtpString:196
D/ ( 8599): inside mtp_update_property_values_mtp_object
D/ ( 8599): inside mtp_add_object_mtp_store
D/ ( 8599): object info.Object Handle:97
D/ ( 8599): object info.StorageID:327681
D/ ( 8599): filename :csc
D/ ( 8599): inside mtp_init_mtp_object_params
D/ ( 8599): inside mtp_init_object_info_params
D/ ( 8599): inside initTime2PtpString:156 time array is 22
D/ ( 8599): [initTime2PtpString:162] wYear=2013 wMonth=10 wDay=19 wHour=12 wMinute=8 wSecond=45
D/ ( 8599): initTime2PtpString:171 lpTime != NULL
D/ ( 8599): initTime2PtpString:186 b4 calling mtp_utf8_to_utf16 fn
D/ ( 8599): initTime2PtpString:191 setting NumChars=17 and StringChars[16] to end
D/ ( 8599): inside initTime2PtpString:196
D/ ( 8599): inside mtp_update_property_values_mtp_object
D/ ( 8599): inside mtp_add_object_mtp_store
D/ ( 8599): object info.Object Handle:98
D/ ( 8599): object info.StorageID:327681
D/ ( 8599): filename :sipdb
D/ ( 8599): inside mtp_init_mtp_object_params
D/ ( 8599): inside mtp_init_object_info_params
D/ ( 8599): inside initTime2PtpString:156 time array is 22
D/ ( 8599): [initTime2PtpString:162] wYear=2012 wMonth=1 wDay=1 wHour=2 wMinute=0 wSecond=5
D/ ( 8599): initTime2PtpString:171 lpTime != NULL
D/ ( 8599): initTime2PtpString:186 b4 calling mtp_utf8_to_utf16 fn
D/ ( 8599): initTime2PtpString:191 setting NumChars=17 and StringChars[16] to end
D/ ( 8599): inside initTime2PtpString:196
D/ ( 8599): inside mtp_update_property_values_mtp_object
D/ ( 8599): inside mtp_add_object_mtp_store
D/ ( 8599): object info.Object Handle:99
D/ ( 8599): object info.StorageID:327681
D/ ( 8599): Found a symbolic link [/system/csc_contents]! Ignore it.
D/ ( 8599): filename :recovery-from-boot.p
D/ ( 8599): MTP_APP Callback : 7
D/ ( 8599): inside mtp_add_file_mtp_store
D/ ( 8599): inside mtp_init_mtp_object_params
D/ ( 8599): inside mtp_init_object_info_params
D/ ( 8599): inside initTime2PtpString:156 time array is 22
D/ ( 8599): [initTime2PtpString:162] wYear=2008 wMonth=8 wDay=1 wHour=15 wMinute=0 wSecond=0
D/ ( 8599): initTime2PtpString:171 lpTime != NULL
D/ ( 8599): initTime2PtpString:186 b4 calling mtp_utf8_to_utf16 fn
D/ ( 8599): initTime2PtpString:191 setting NumChars=17 and StringChars[16] to end
D/ ( 8599): inside initTime2PtpString:196
D/ ( 8599): inside mtp_update_property_values_mtp_object
D/ ( 8599): inside mtp_add_object_mtp_store
D/ ( 8599): object info.Object Handle:100
D/ ( 8599): object info.StorageID:327681
D/ ( 8599): mtp_ifind_next : read directory (/system) error : [error : Invalid argument]
D/ ( 8599): mtp_enumerate_objects_mtp_store : Added 12 files
D/ ( 8599): ============== mtp_init_mtp_store is done
D/ ( 8599): Checking for the timer Initialization
D/ ( 8599): mtp_main_send_request_event : action[0], param1[0], param2[0]
D/ ( 8599): mtp_send_event_request is called.
D/ ( 8599): ***** sem_post error code =0
D/ ( 8599): ------------ Testing: mtp_initialize_mtp_device() is done
D/ ( 8599): device name from system properties at 1 is GT-I9305
D/ ( 8599): [mtp_init_device_info 470] read success /data/misc/radio/ahrh, IMEI []******
D/ ( 8599): AESKEY value is õžPµ²Ëû%ë<±U¾2¦
D/ ( 8599): IV value is r^<Ô9U»’Bc?2ƒÔ…RÜ©]Ù‘OXìkPX+
D/ ( 8599): [AES_Encrypt_Key 567] returning from encrypt function ******
D/ ( 8599): [mtp_init_device_info 472] after reading from encrypted file /data/misc/radio/ahrh, IMEI is [356297054531928]
D/ ( 8599): mtp_init_device_info serial no is RF1D82MJZWM
D/ ( 8599): Shailesh::registering MTP_OPCODE_WMDRM_SENDMETERCHALLENGEQUERY
D/ ( 8599): MtpExtPrintHandler |==COMMAND==|==NEED DATA PHASE==|==HANDLER==|
D/ ( 8599): MtpExtPrintHandler |==[ 0x9101]==|====[ NO ]====|==[ 0x584f4e8d ]===|
D/ ( 8599): MtpExtPrintHandler |==[ 0x9102]==|====[ YES ]====|==[ 0x584f4f55 ]===|
D/ ( 8599): MtpExtPrintHandler |==[ 0x9103]==|====[ YES ]====|==[ 0x584f5025 ]===|
D/ ( 8599): MtpExtPrintHandler |==[ 0x9104]==|====[ NO ]====|==[ 0x584f5111 ]===|
D/ ( 8599): MtpExtPrintHandler |==[ 0x9105]==|====[ YES ]====|==[ 0x584f5269 ]===|
D/ ( 8599): MtpExtPrintHandler |==[ 0x9106]==|====[ NO ]====|==[ 0x584f5365 ]===|
D/ ( 8599): MtpExtPrintHandler |==[ 0x9107]==|====[ YES ]====|==[ 0x584f54ed ]===|
D/ ( 8599): MtpExtPrintHandler |==[ 0x9108]==|====[ NO ]====|==[ 0x584f5f21 ]===|
D/ ( 8599): MtpExtPrintHandler |==[ 0x9109]==|====[ YES ]====|==[ 0x584f5f89 ]===|
D/ ( 8599): MtpExtPrintHandler |==[ 0x910a]==|====[ YES ]====|==[ 0x584f6071 ]===|
D/ ( 8599): MtpExtPrintHandler |==[ 0x910b]==|====[ NO ]====|==[ 0x584f614d ]===|
D/ ( 8599): MtpExtPrintHandler |==[ 0x910c]==|====[ YES ]====|==[ 0x584f559d ]===|
D/ ( 8599): MtpExtPrintHandler |==[ 0x910d]==|====[ NO ]====|==[ 0x584f5689 ]===|
D/ ( 8599): MtpExtPrintHandler |==[ 0x910e]==|====[ YES ]====|==[ 0x584f5815 ]===|
D/ ( 8599): MtpExtPrintHandler |==[ 0x910f]==|====[ YES ]====|==[ 0x584f58c5 ]===|
D/ ( 8599): MtpExtPrintHandler |==[ 0x9110]==|====[ NO ]====|==[ 0x584f59b1 ]===|
D/ ( 8599): MtpExtPrintHandler |==[ 0x9111]==|====[ YES ]====|==[ 0x584f5b45 ]===|
D/ ( 8599): MtpExtPrintHandler |==[ 0x9112]==|====[ NO ]====|==[ 0x584f5bf5 ]===|
D/ ( 8599): MtpExtPrintHandler |==[ 0x9113]==|====[ YES ]====|==[ 0x584f5025 ]===|
D/ ( 8599): MtpExtPrintHandler |==[ 0x9114]==|====[ YES ]====|==[ 0x584f5269 ]===|
D/ ( 8599): MtpExtPrintHandler |==[ 0x9115]==|====[ NO ]====|==[ 0x584f5365 ]===|
D/ ( 8599): MtpExtPrintHandler |==[ 0x9116]==|====[ YES ]====|==[ 0x584f54ed ]===|
D/ ( 8599): Event type = [action = 0]
D/ ( 8599): __mtp_handler_process_request: Enumeration storage[0] finished,
D/ ( 8599): + __mtp_handler_process_request: enumeration finished, but another storage enumeration is not completed.
D/ ( 8599): mtp_main_send_request_event : action[0], param1[0], param2[1]
D/ ( 8599): mtp_send_event_request is called.
D/ ( 8599): ***** sem_post error code =0
D/ ( 8599): Event type = [action = 0]
D/ ( 8599): __mtp_handler_process_request: Enumeration storage[1] finished,
D/ ( 8599): MTP_APP Callback : 25
D/ ( 8599): AttachCurrentThread() success
D/ ( 8599): Got ENV
D/ ( 8599): Got Object Class
D/ ( 8599): int check_external_storage():431 Object ID got is 1467096240
E/MTPJNIInterface( 8599): Sd-Card path/storage/extSdCard
E/MTPJNIInterface( 8599): Status for mount/Unmount :mounted
E/MTPJNIInterface( 8599): SDcard is available
D/ ( 8599): int check_external_storage():441 Return value 1
D/ ( 8599): DetachCurrentThread() success
D/ ( 8599): MMC Card is inserted
E/SQLiteLog( 8599): (21) API call with unopened database connection pointer
E/SQLiteLog( 8599): (21) misuse at line 94413 of [00bb9c9ce4]
E/SQLiteLog( 8599): (21) API call with unopened database connection pointer
E/SQLiteLog( 8599): (21) misuse at line 90928 of [00bb9c9ce4]
D/ ( 8599): delete fail ((null))
D/ ( 8599): mtp_main_check_ref_db_is_loaded : Is RefDB loaded?[No]
E/SQLiteLog( 8599): (21) API call with unopened database connection pointer
E/SQLiteLog( 8599): (21) misuse at line 90928 of [00bb9c9ce4]
D/ ( 8599): __mtp_db_ref_set_load : Failed. ((null))
E/SQLiteLog( 8599): (21) API call with unopened database connection pointer
E/SQLiteLog( 8599): (21) misuse at line 94413 of [00bb9c9ce4]
D/ ( 8599): mtp_db_reference_select_record : Select Failed (unable to open database file).
D/ ( 8599): mtp_load_object_references_mtp_device : Reference DB loading failed
D/ ( 8599): State change [1] -> [2]
W/MTPRx ( 8599): notification from stack 2
D/ ( 8599): write semphore initialisation successful
D/ ( 8599): read semphore initialisation successful
D/ ( 8599): mtp_mq_initialize : mtp_mq_initialize is called
D/ ( 8599): TRUE with ToMTP
D/ ( 8599): socket success
D/ ( 8599): bind success
D/ ( 8599): mqdes name ToMTP and socket id 43
D/ ( 8599): mtp message queue is created with [qId : 1487073260 msg id : ToMTP]
D/ ( 8599): Copy mqid to mtp_mqid 1487073260 name ToMTP Soc:43
D/ ( 8599): Copy mqid to gmpt_FromMtp_mqid 1487073260 name ToMTP Soc: 43
D/ ( 8599): mtp_mq_initialize : mtp_mq_initialize is called
D/ ( 8599): TRUE with FromMTP
D/ ( 8599): socket success
D/ ( 8599): bind success
D/ ( 8599): mqdes name FromMTP and socket id 44
D/ ( 8599): mtp message queue is created with [qId : 0 msg id : FromMTP]
D/ ( 8599): Copy mqid to gmpt_FromMtp_mqid 0 name FromMTP socket_id 44
D/ ( 8599): usb_initialize : MTP USB initialized
D/ ( 8599): Thread is created with res : 0
D/ ( 8599): Thread is created with res : 0
D/ ( 8599): Waiting for MTP USB DATA at main
D/ ( 8599): mtp_usb_initialize is enterred
D/ ( 8599): [mtp_init_device] Going to open(): /dev/usb_mtp_gadget
E/ ( 8599): [mtp_init_device] After open the MTP fd = 45 and line = 656...
D/ ( 8599): MTP_TASK_MSG_USB_DATA
D/ ( 8599): msg id (1088999432) is received
D/ ( 8599): [mtp_init_device] IOCTL SET_MTP_USER_PID Sucesss
D/ ( 8599): *****Starting mtp_io()
D/ ( 8599): State change [2] -> [3]
W/MTPRx ( 8599): notification from stack 3
D/ ( 8599): [mtp_start_io] source_thread Creation
D/ ( 8599): [mtp_start_io] sink_thread Creation
D/ ( 8599): [mtp_start_io:354] sink thread created so set th_sink
D/ ( 8599): [mtp_start_io 362] Event Thread creation successful
D/ ( 8599): [send_event 622] In send_event
D/ ( 8599): DEVICE_PHASE_IDLE
D/ ( 8599): DataLen:16 dwBytesReceived: 0
D/ ( 8599): Resetting flag g_HostCancel 0
D/ ( 8599): State change [3] -> [14]
D/ ( 8599): __mtp_handler_change_state: unknown mtpState [14]
D/ ( 8599): mtp_process_command_mtp_handle : PTP_OPCODE_OPENSESSION!!
D/ ( 8599): MTP in mtp_open_session_mtp_handle : START !!
D/ ( 8599): MTP: open session : command 1 = 0l
D/ ( 8599): MTP: open session : command 2 = 0l
D/ ( 8599): MTP: open session : transactionId = 0l
D/ ( 8599): MTP: open session : SessionId = 0l
D/ ( 8599): MTP: open session : command 0 = 1l
D/ ( 8599): MTP In mtp_get_device_info_mtp_handle in else case
D/ ( 8599): MTP In mtp_get_device_info_mtp_handle sessionId = [1l]
D/ ( 8599): mtp_send_response_mtp_handle : [SUCCESS], Opcode[0x1002], ResponseCode[0x2001], NumParams[0]!!
D/ ( 8599): mtp_open_session_mtp_handle : PTP_RESPONSECODE_OK!!
W/MTPRx ( 8599): notification from stack 14
E/MTPRx ( 8599): Open session has come remove the Messagetrue
D/ ( 8599): State change [14] -> [3]
W/MTPRx ( 8599): notification from stack 3
I/Process ( 8756): Sending signal. PID: 8756 SIG: 9
I/ActivityManager( 2374): Process com.sec.android.sCloudBackupApp (pid 8756) (adj 0) has died.
D/dalvikvm( 2374): WAIT_FOR_CONCURRENT_GC blocked 0ms
D/ ( 8599): DEVICE_PHASE_IDLE
D/ ( 8599): DataLen:12 dwBytesReceived: 0
D/ ( 8599): Resetting flag g_HostCancel 0
D/ ( 8599): State change [3] -> [14]
D/ ( 8599): __mtp_handler_change_state: unknown mtpState [14]
D/ ( 8599): mtp_process_command_mtp_handle : PTP_OPCODE_GETDEVICEINFO!!
D/ ( 8599): MTP In mtp_get_device_info_mtp_handle
D/ ( 8599): MTP In mtp_get_device_info_mtp_handle
D/ ( 8599): MTP: open session : command 0 = 0l
D/ ( 8599): MTP: open session : command 1 = 0l
D/ ( 8599): MTP: open session : command 2 = 0l
D/ ( 8599): MTP: open session : TransactionId = 1l
D/ ( 8599): MTP: open session : code = 4097l
D/ ( 8599): get device info : in else case
D/ ( 8599): init usb data
D/ ( 8599): [1481728352l]
D/ ( 8599): inside else case of g_ptp_enabled is true and setting vendor id and desc
D/ ( 8599): sizeof(wptptemp) is 512
D/ ( 8599): strlen of wptptemp is 304
D/ ( 8599): MTP: device info : dwBytesToWrite = [629l]
D/ ( 8599):
D/ ( 8599): mtp_pack_device_info : completed, cbSize[629] == pTemp-pBuf[629]
D/ ( 8599): device info packed
D/ ( 8599): result = []
D/ ( 8599): Following are the values
D/ ( 8599): = StandardVersion : 100
D/ ( 8599): = VendorExtensionID : 6
D/ ( 8599): = VendorExtensionVersion : 100
D/ ( 8599): = VendorExtensionDesc : 1481728364
D/ ( 8599): = FunctionalMode : 0
D/ ( 8599): = pOperationsSupported : 0x58509000
D/ ( 8599): = pEventsSupported : 0x58509072
D/ ( 8599): = pOperationsSupported : 0x58509000
D/ ( 8599): = pDevicePropertiesSupported : 0x5851a6e0
D/ ( 8599): = pCaptureFormats : 0x585096e2
D/ ( 8599): = pObjectFormats : 0x5850907a
D/ ( 8599): mtp_send_response_mtp_handle : [SUCCESS], Opcode[0x1001], ResponseCode[0x2001], NumParams[0]!!
D/ ( 8599): = Model : GT-I9305
D/ ( 8599): mtp_get_device_info_mtp_handle : PTP_RESPONSECODE_OK!!
W/MTPRx ( 8599): notification from stack 14
E/MTPRx ( 8599): Open session has come remove the Messagetrue
D/ ( 8599): State change [14] -> [3]
W/MTPRx ( 8599): notification from stack 3
D/dalvikvm( 4452): GC_CONCURRENT freed 478K, 7% free 17466K/18631K, paused 2ms+4ms, total 37ms
D/dalvikvm( 4452): WAIT_FOR_CONCURRENT_GC blocked 6ms
D/ ( 8599): DEVICE_PHASE_IDLE
D/ ( 8599): DataLen:16 dwBytesReceived: 0
D/ ( 8599): Resetting flag g_HostCancel 0
D/ ( 8599): mtp_process_command_mtp_handle : COMMAND[0x9801]!!
D/ ( 8599): mtp_send_response_mtp_handle : [SUCCESS], Opcode[0x9801], ResponseCode[0x2001], NumParams[0]!!
D/ ( 8599): DEVICE_PHASE_IDLE
D/ ( 8599): DataLen:16 dwBytesReceived: 0
D/ ( 8599): Resetting flag g_HostCancel 0
D/ ( 8599): mtp_process_command_mtp_handle : COMMAND[0x9801]!!
D/ ( 8599): mtp_send_response_mtp_handle : [SUCCESS], Opcode[0x9801], ResponseCode[0x2001], NumParams[0]!!
I/InputReader( 2374): Touch event's action is 0x0 (deviceType=0) [pCnt=1, s=0.13024 ]
I/power ( 2374): *** release_dvfs_lock : lockType : 1
D/PowerManagerService( 2374): releaseDVFSLockLocked : all DVFS_MIN_LIMIT are released
W/ActivityManager( 2374): mDVFSLock.release()
D/dalvikvm( 2374): GC_EXPLICIT freed 1685K, 46% free 32489K/59655K, paused 3ms+11ms, total 125ms
D/ ( 8599): DEVICE_PHASE_IDLE
D/ ( 8599): DataLen:16 dwBytesReceived: 0
D/ ( 8599): Resetting flag g_HostCancel 0
D/ ( 8599): mtp_process_command_mtp_handle : COMMAND[0x1014]!!
D/ ( 8599): mtp_send_response_mtp_handle : [SUCCESS], Opcode[0x1014], ResponseCode[0x2001], NumParams[0]!!
W/AlarmManager( 2374): FACTORY_ON= 0
D/AbsListView( 4452): Get MotionRecognitionManager
I/InputReader( 2374): Touch event's action is 0x1 (deviceType=0) [pCnt=1, s=]
D/dalvikvm( 3306): GC_CONCURRENT freed 253K, 10% free 12842K/14215K, paused 1ms+4ms, total 28ms
D/AbsListView( 4452): Get MotionRecognitionManager
D/AbsListView( 4452): Get MotionRecognitionManager
I/ApplicationUsage( 2374): Done Updating Usage Statistics in DB @ 1387583277904
D/YouTube ( 4452): apps.youtube.core.client.y.a:114 event [version=5.3.28-s100, action=PageView, label=WatchWhileActivity < Entry, value=-1]
E/SensorManager( 4452): thread start
D/SensorService( 2374): info.rates.add, set DEFAULT_EVENTS_PERIOD
D/SensorService( 2374): SensorDevice::activating sensor handle=0 ns=200000000
D/iNemoSensor( 2374): setDelay(): handle(0), en(200000000)
I/iNemoSensor( 2374): skip update_delay wanted_accel = 200000000 current delay = 200000000
I/SensorService( 2374): info.selectDelay() ns=200000000
D/iNemoSensor( 2374): setDelay(): handle(0), en(200000000)
I/iNemoSensor( 2374): skip update_delay wanted_accel = 200000000 current delay = 200000000
D/SensorService( 2374): SensorDevice::setDelay, Return(true 1, false 0) = 1
D/SensorManager( 4452): registerListener :: handle = 0 name= LSM330DLC 3-axis Accelerometer delay= 200000 Listener= android.view.OrientationEventListener$SensorEventListenerImpl@422b1050
E/YouTube ( 4452): apps.youtube.core.player.Director.F:521 Media progress reported outside media playback
D/ ( 8599): DEVICE_PHASE_IDLE
D/ ( 8599): DataLen:20 dwBytesReceived: 0
D/ ( 8599): Resetting flag g_HostCancel 0
D/ ( 8599): mtp_process_command_mtp_handle : COMMAND[0x9802]!!
D/ ( 8599): mtp_send_response_mtp_handle : [SUCCESS], Opcode[0x9802], ResponseCode[0x2001], NumParams[0]!!
D/dalvikvm( 3306): WAIT_FOR_CONCURRENT_GC blocked 0ms
D/dalvikvm( 3306): GC_EXPLICIT freed 211K, 11% free 12684K/14215K, paused 1ms+2ms, total 21ms
D/WindowManager( 2374): mInputFocus is not null.
D/YouTube ( 4452): apps.youtube.app.prefetch.PrefetchService$DeviceStateReceiver.onReceive:565 Got device state change intent: android.intent.action.ACTION_POWER_CONNECTED
D/YouTube MDX( 4452): discoveryRequestChanged : DiscoveryRequest{ selector=MediaRouteSelector{ controlCategories=[MDX_MEDIA_ROUTE_CONTROL_CATEGORY] }, activeScan=false, isValid=true }
D/YouTube MDX( 4452): Publishing routes: MediaRouteProviderDescriptor{ routes=[], isValid=true }
D/MediaScanner( 3306): Skipping:
D/MediaScanner( 3306): 7klwibgf7kdcbid(7DCRV75lpnvaubrtk7
D/MediaScanner( 3306): Skipping:
I/TwDVFSBroadcastReceiver( 3107): onLauncherIntent
D/MediaScanner( 3306): 7klwibgf7kdcbid(75ebcf7
D/PowerManager( 3107): DVFSLock : acquire : timeout : 1000
I/power ( 2374): *** acquire_dvfs_lock : lockType : 1 freq : 1400000
D/PowerManagerService( 2374): acquireDVFSLockLocked : type : DVFS_MIN_LIMIT frequency : 1400000 uid : 1000 pid : 3107 tag : TwDVFSBroadcastReceiver
D/MediaScanner( 3306): Skipping:
D/MediaScanner( 3306): 7klwibgf7kdcbid(7Budiwrd7dblb7
D/dalvikvm( 2374): WAIT_FOR_CONCURRENT_GC blocked 0ms
W/PowerManagerService( 2374): Timer 0x3->0x3|0x1
D/dalvikvm( 2374): GC_EXPLICIT freed 877K, 46% free 32357K/59655K, paused 3ms+9ms, total 103ms
I/SurfaceFlinger( 1959): id=4770(1) createSurf 0x40d96fb4 (1x1),1 flag=0, XatchWhileA
I/SurfaceFlinger( 1959): SurfaceFlinger : eMagnificationFactorChanged. magnificationFactor=1.0
I/SurfaceFlinger( 1959): SurfaceFlinger : eZoomPositionChanged. zoomX=0.0 zoomY=0.0
D/WindowManager( 2374): PhoneWindowManager: focusChangedLw
D/KeyguardViewMediator( 2374): setHidden false
D/STATUSBAR-StatusBarManagerService( 2374): setSystemUiVisibility(0x0)
D/STATUSBAR-StatusBarManagerService( 2374): manageDisableList what=0x0 pkg=WindowManager.LayoutParams
D/libEGL ( 4452): loaded /system/lib/egl/libEGL_mali.so
D/libEGL ( 4452): loaded /system/lib/egl/libGLESv1_CM_mali.so
D/libEGL ( 4452): loaded /system/lib/egl/libGLESv2_mali.so
D/ ( 4452): Device driver API match
D/ ( 4452): Device driver API version: 10
D/ ( 4452): User space API version: 10
D/ ( 4452): mali: REVISION=Linux-r2p4-02rel0 BUILD_DATE=Tue Oct 16 15:37:13 KST 2012
D/STATUSBAR-NetworkController( 2913): onDataActivity: direction=2
D/OpenGLRenderer( 4452): Enabling debug mode 0
D/STATUSBAR-NetworkController( 2913): refreshSignalCluster: data=2 bt=false
D/STATUSBAR-SignalClusterView( 2913): mSeparateMobileGroup=0
D/STATUSBAR-SignalClusterView( 2913): mSeparateMobileGroup=0
D/STATUSBAR-SignalClusterView( 2913): mSeparateMobileGroup=0
D/YouTube ( 4452): apps.youtube.app.prefetch.PrefetchService.onStartCommand:167 PrefetchService started at 20 Dec 2013 23:47:58 GMT
D/InputReader( 2374): Input event: value=1
D/KeyguardViewMediator( 2374): setHidden false
D/KeyguardViewMediator( 2374): setHidden false
D/KeyguardViewMediator( 2374): setHidden false
I/ClipboardServiceEx( 2374): Send intent for dismiss clipboard dialog inside hideCurrentInputLocked() !
W/IInputConnectionWrapper( 3156): showStatusIcon on inactive InputConnection
D/YouTube ( 4452): apps.youtube.app.prefetch.PrefetchService.p_:245 Download snapshot restored
I/SurfaceFlinger( 1959): id=4771(1109) createSurf (1440x1280),-1 flag=20000, ClackSurfac
I/SurfaceFlinger( 1959): id=4772(1110) createSurf (720x2560),-1 flag=20000, ClackSurfac
I/SurfaceFlinger( 1959): id=4773(1111) createSurf (1440x1280),-1 flag=20000, ClackSurfac
I/SurfaceFlinger( 1959): id=4774(1112) createSurf (720x2560),-1 flag=20000, ClackSurfac
I/InputDispatcher( 2374): Delivering touch to current input target: action: 0x0
I/InputDispatcher( 2374): Delivering touch to current input target: action: 0x0
I/InputDispatcher( 2374): Delivering touch to current input target: action: 0x0
I/InputDispatcher( 2374): Delivering touch to current input target: action: 0x1
I/InputDispatcher( 2374): Delivering touch to current input target: action: 0x1
I/InputDispatcher( 2374): Delivering touch to current input target: action: 0x1
D/lights ( 2374): button : 1 +
D/lights ( 2374): button : 1 -
I/PowerManagerService( 2374): Ulight 0x3->0x7|0x0
D/LightsService( 2374): setLightLocked is called
I/InputDispatcher( 2374): Delivering key to current input target: action: 0x0
I/InputDispatcher( 2374): Delivering key to current input target: action: 0x0
I/InputDispatcher( 2374): Delivering key to current input target: action: 0x0
D/YouTube ( 4452): apps.youtube.app.prefetch.PrefetchService.onDestroy:215 PrefetchService destroyed at 20 Dec 2013 23:47:58 GMT
D/MediaScanner( 3306): Skipping:
D/MediaScanner( 3306): 7klwibgf7kdcbid(75lpnvaubrtk7
D/InputReader( 2374): Input event: value=0
D/YouTube ( 4452): apps.youtube.core.client.y.a:114 event [version=5.3.28-s100, action=Search, label=WatchWhileActivity, value=-1]
D/SensorService( 2374): sensor was already activated for this ident
D/SensorService( 2374): SensorDevice::activating sensor handle=0 ns=200000000
D/iNemoSensor( 2374): setDelay(): handle(0), en(200000000)
I/iNemoSensor( 2374): skip update_delay wanted_accel = 200000000 current delay = 200000000
I/SensorService( 2374): info.selectDelay() ns=200000000
D/iNemoSensor( 2374): setDelay(): handle(0), en(200000000)
I/iNemoSensor( 2374): skip update_delay wanted_accel = 200000000 current delay = 200000000
D/SensorService( 2374): SensorDevice::setDelay, Return(true 1, false 0) = 1
D/SensorManager( 4452): registerListener :: handle = 0 name= LSM330DLC 3-axis Accelerometer delay= 200000 Listener= android.view.OrientationEventListener$SensorEventListenerImpl@423566c8
I/InputDispatcher( 2374): Delivering key to current input target: action: 0x1
I/InputDispatcher( 2374): Delivering key to current input target: action: 0x1
I/InputDispatcher( 2374): Delivering key to current input target: action: 0x1
D/YouTube ( 4452): apps.youtube.core.suggest.a.a:88 History query returning 9 rows
D/YouTube ( 4452): apps.youtube.core.suggest.a.a:88 History query returning 9 rows
D/InputReader( 2374): Input event: value=1
I/ClipboardServiceEx( 2374): mCBPickerDialog enter case. MSG_DISMISS_DIALOG
D/AbsListView( 4452): Get MotionRecognitionManager
I/SurfaceFlinger( 1959): id=4775(2) createSurf 0x40d579d4 (1x1),1 flag=0, QopupWindow
I/SurfaceFlinger( 1959): SurfaceFlinger : eMagnificationFactorChanged. magnificationFactor=1.0
I/SurfaceFlinger( 1959): SurfaceFlinger : eZoomPositionChanged. zoomX=0.0 zoomY=0.0
D/KeyguardViewMediator( 2374): setHidden false
D/dalvikvm( 2374): WAIT_FOR_CONCURRENT_GC blocked 0ms
D/InputReader( 2374): Input event: value=0
D/dalvikvm( 2374): GC_EXPLICIT freed 384K, 46% free 32266K/59655K, paused 4ms+9ms, total 108ms
I/ClipboardServiceEx( 2374): Send intent for dismiss clipboard dialog inside hideCurrentInputLocked() !
D/SensorManager( 4452): unregisterListener:: Listener= android.view.OrientationEventListener$SensorEventListenerImpl@423566c8
I/SensorManager( 4452): Set min delay = 200000
I/SensorManager( 4452): Before sending... delay = 200000
D/Sensors ( 4452): Remain listener = android.view.OrientationEventListener$SensorEventListenerImpl@422b1050
I/Sensors ( 4452): sendDelay --- 200000000
I/SensorService( 2374): info.selectDelay() ns=200000000
D/iNemoSensor( 2374): setDelay(): handle(0), en(200000000)
I/iNemoSensor( 2374): skip update_delay wanted_accel = 200000000 current delay = 200000000
D/SensorService( 2374): SensorDevice::setDelay, Return(true 1, false 0) = 1
D/SensorManager( 4452): JNI - sendDelay
I/SurfaceFlinger( 1959): id=4775 Removed QopupWindow idx=3 MapSz=3
I/SurfaceFlinger( 1959): id=4775 Removed QopupWindow idx=-2 MapSz=3
D/KeyguardViewMediator( 2374): setHidden false
I/InputDispatcher( 2374): Delivering key to current input target: action: 0x0
I/InputDispatcher( 2374): Delivering key to current input target: action: 0x0
I/InputDispatcher( 2374): Delivering key to current input target: action: 0x0
D/YouTube MDX( 4452): discoveryRequestChanged : DiscoveryRequest{ selector=MediaRouteSelector{ controlCategories=[MDX_MEDIA_ROUTE_CONTROL_CATEGORY] }, activeScan=false, isValid=true }
D/KeyguardViewMediator( 2374): setHidden false
I/SurfaceFlinger( 1959): id=4769 Removed GreezeSurfa idx=5 MapSz=3
I/SurfaceFlinger( 1959): id=4771 Removed ClackSurfac idx=5 MapSz=3
I/SurfaceFlinger( 1959): id=4769 Removed GreezeSurfa idx=-2 MapSz=3
I/SurfaceFlinger( 1959): id=4772 Removed ClackSurfac idx=5 MapSz=3
I/SurfaceFlinger( 1959): id=4771 Removed ClackSurfac idx=-2 MapSz=3
I/SurfaceFlinger( 1959): id=4772 Removed ClackSurfac idx=-2 MapSz=3
I/SurfaceFlinger( 1959): id=4773 Removed ClackSurfac idx=5 MapSz=3
I/SurfaceFlinger( 1959): id=4773 Removed ClackSurfac idx=-2 MapSz=3
I/SurfaceFlinger( 1959): id=4774 Removed ClackSurfac idx=5 MapSz=3
I/SurfaceFlinger( 1959): id=4774 Removed ClackSurfac idx=-2 MapSz=3
D/KeyguardViewMediator( 2374): setHidden false
D/KeyguardViewMediator( 2374): setHidden false
V/WindowManager( 2374): rotationForOrientationLw(orient=-1, last=1); user=0 mLidState=-1 mDockMode=0 mHdmiPlugged=false mAccelerometerDefault=false sensorRotation=1
E/SpannableStringBuilder( 4452): SPAN_EXCLUSIVE_EXCLUSIVE spans cannot have a zero length
E/SpannableStringBuilder( 4452): SPAN_EXCLUSIVE_EXCLUSIVE spans cannot have a zero length
D/Launcher.HomeFragment( 3156): onStop
D/Launcher( 3156): onStop, Launcher: 1104468464
D/dalvikvm( 3046): GC_CONCURRENT freed 3596K, 30% free 17651K/25159K, paused 2ms+3ms, total 35ms
D/dalvikvm( 3046): WAIT_FOR_CONCURRENT_GC blocked 17ms
D/dalvikvm( 3306): GC_CONCURRENT freed 218K, 10% free 12852K/14215K, paused 11ms+3ms, total 25ms
D/KJH ( 3046): [KeyboardView-init] mGuestureTraceKeyboardGapForXt9_9 : 0
D/dalvikvm( 3046): GC_CONCURRENT freed 269K, 24% free 19226K/25159K, paused 1ms+3ms, total 26ms
D/dalvikvm( 3046): WAIT_FOR_CONCURRENT_GC blocked 10ms
D/KJH ( 3046): [KeyboardView-init] mGuestureTraceKeyboardGapForXt9_9 : 0
D/ApplicationPolicy( 2374): isStatusBarNotificationAllowed: packageName = android
D/ApplicationPolicy( 2374): isStatusBarNotificationAllowed: packageName = android
D/STATUSBAR-NotificationService( 2374): Noti Alert - mSystemReady:true, AlertEnabled:true
D/PhoneStatusBar( 2913): addNotification score=0
D/PowerManagerService( 2374): mIsSipVisible : true
D/STATUSBAR-NotificationService( 2374): Noti Alert - mSystemReady:true, AlertEnabled:true
I/InputDispatcher( 2374): Delivering key to current input target: action: 0x1
I/InputDispatcher( 2374): Delivering key to current input target: action: 0x1
I/InputDispatcher( 2374): Delivering key to current input target: action: 0x1
I/ClipboardServiceEx( 2374): mCBPickerDialog enter case. MSG_DISMISS_DIALOG
D/KeyguardViewMediator( 2374): setHidden false
D/STATUSBAR-NotificationService( 2374): updateLightsLocked() : Turn off notification light
D/LightsService( 2374): [SvcLED] setSvcLedStateLocked:: id = 4, color = 0, mode = Off, set = Off
D/PowerManagerService( 2374): mIsSipVisible : false
D/PowerManagerService( 2374): mIsSipVisible : false
W/ResourceType( 2913): Attempt to retrieve bag 0x01030068 which is invalid or in a cycle.
D/KeyguardViewMediator( 2374): setHidden false
W/ResourceType( 2913): Attempt to retrieve bag 0x01030067 which is invalid or in a cycle.
D/PowerManagerService( 2374): lightSensorChangedLocked value=5 immediate=false
D/PowerManagerService( 2374): getAutoBrightnessValue : in bound ( 0 < 5 <= 15 )
D/PowerManagerService( 2374): getAutoBrightnessValue : in bound ( 0 < 5 <= 15 )
D/PowerManagerService( 2374): lcdValue 20
D/PowerManagerService( 2374): buttonValue 20
D/PowerManagerService( 2374): keyboardValue 0
D/PowerManagerService( 2374): lightSensorChangedLocked : mKeyboardLight : 0
D/StatusBar( 2913): expanding top notification at 2entry.userCollapsed() = false
D/StatusBar( 2913): expanding top notification at 2entry.userCollapsed() = false
D/StatusBar( 2913): expanding top notification at 1entry.userCollapsed() = false
I/ClipboardServiceEx( 2374): Send intent for dismiss clipboard dialog inside hideCurrentInputLocked() !
D/dalvikvm( 3306): WAIT_FOR_CONCURRENT_GC blocked 0ms
I/ClipboardServiceEx( 2374): Send intent for dismiss clipboard dialog inside hideCurrentInputLocked() !
D/SensorManager( 4452): unregisterListener:: Listener= android.view.OrientationEventListener$SensorEventListenerImpl@422b1050
D/Sensors ( 4452): Remain listener = Sending .. normal delay 200ms
I/Sensors ( 4452): sendDelay --- 200000000
I/SensorService( 2374): info.selectDelay() ns=200000000
D/iNemoSensor( 2374): setDelay(): handle(0), en(200000000)
I/iNemoSensor( 2374): skip update_delay wanted_accel = 200000000 current delay = 200000000
D/SensorService( 2374): SensorDevice::setDelay, Return(true 1, false 0) = 1
D/SensorManager( 4452): JNI - sendDelay
I/SensorManager( 4452): Set normal delay = true
D/SensorService( 2374): SensorDevice::activating sensor handle=0 ns=200000000
D/iNemoSensor( 2374): setDelay(): handle(0), en(200000000)
I/iNemoSensor( 2374): skip update_delay wanted_accel = 200000000 current delay = 200000000
I/SurfaceFlinger( 1959): id=4776(1113) createSurf (720x1280),-1 flag=30004, GreezeSurfa
V/WindowManager( 2374): rotationForOrientationLw(orient=5, last=1); user=0 mLidState=-1 mDockMode=0 mHdmiPlugged=false mAccelerometerDefault=false sensorRotation=1
I/InputReader( 2374): Reconfiguring input devices. changes=0x00000004
I/InputReader( 2374): Device reconfigured: id=6, name='sec_touchscreen', surface size is now 720x1280, mode is 1
I/SurfaceFlinger( 1959): Orientation 1=>0
D/dalvikvm( 3306): GC_EXPLICIT freed 251K, 11% free 12707K/14215K, paused 1ms+2ms, total 27ms
D/WindowManager( 2374): PhoneWindowManager: focusChangedLw
D/WindowManager( 2374): mInputFocus is not null.
I/ActivityManager( 2374): Config changed: {1 0 1.0 244mcc21mnc fi_FI sw360dp w360dp h615dp nrml long port finger -keyb/v/h -nav/h s.221}
D/STATUSBAR-QuickSettingPanel( 2913): mDisplayButtonCnt : 10 mCurButtonNum : 5
W/STATUSBAR-QuickSettingPanel( 2913): prepareTranslationXfalse 357
D/PhoneApp( 3067): updateProximitySensorMode: lock already released.
D/WindowManager( 2374): mInputFocus is not null.
D/KeyguardViewMediator( 2374): setHidden false
I/power ( 2374): *** release_dvfs_lock : lockType : 1
D/PowerManagerService( 2374): releaseDVFSLockLocked : all DVFS_MIN_LIMIT are released
D/WindowManager( 2374): mInputFocus is not null.
D/WindowManager( 2374): mInputFocus is not null.
D/WindowManager( 2374): mInputFocus is not null.
D/Launcher( 3156): onRestart, Launcher: 1104468464
D/Launcher( 3156): onStart, Launcher: 1104468464
D/Launcher.HomeFragment( 3156): onStart
D/Launcher( 3156): onResume, Launcher: 1104468464
D/KeyguardViewMediator( 2374): setHidden false
D/KeyguardViewMediator( 2374): setHidden false
D/WfdService( 2374): intent recieved android.intent.action.CONFIGURATION_CHANGED
D/WindowManager( 2374): mInputFocus is not null.
D/WindowManager( 2374): mInputFocus is not null.
D/WindowManager( 2374): mInputFocus is not null.
D/WindowManager( 2374): mInputFocus is not null.
D/SharedManager(23304): getPrefIDs() : length = 1
D/SharedManager(23304): getPrefIDs() : Shared_DCIDs1 = 9
D/dalvikvm( 2913): GC_CONCURRENT freed 5725K, 41% free 23403K/39175K, paused 2ms+13ms, total 44ms
D/ClockAlarmWidgetService(19224): [ClockAlarmWidgetService] onReceive: action = android.intent.action.CONFIGURATION_CHANGED
D/STATUSBAR-PhoneStatusBar( 2913): onConfigurationChanged
D/KeyguardViewMediator( 2374): setHidden false
V/MediaPlayer-JNI( 2913): native_finalize
V/MediaPlayer-JNI( 2913): release
E/ClockAlarmWidget(19224): [AlarmWidgetIdManager] getListItem() : itemIndex=0, widgetID:1
E/ClockAlarmWidget(19224): [AlarmWidgetIdManager] getListItem() : ItemIndex exceed ListItemCount. itemIndex=1
E/ClockAlarmWidget(19224): [AlarmWidgetIdManager] getListItem() : itemIndex=1, widgetID:1
D/KeyguardViewMediator( 2374): setHidden false
D/WindowManager( 2374): mInputFocus is not null.
D/WindowManager( 2374): mInputFocus is not null.
D/WindowManager( 2374): mInputFocus is not null.
D/KeyguardViewMediator( 2374): setHidden false
V/MediaPlayer-JNI( 2913): native_finalize
V/MediaPlayer-JNI( 2913): release
D/WindowManager( 2374): mInputFocus is not null.
D/WindowManager( 2374): mInputFocus is not null.
D/STATUSBAR-NetworkController( 2913): onReceive() - ACTION_CONFIGURATION_CHANGED
I/FlashBarService( 2991): mPkgManagerReceiver : onReceive
D/STATUSBAR-Clock( 2913): onReceive() - ACTION_CONFIGURATION_CHANGED
D/STATUSBAR-Clock( 2913): onReceive() - ACTION_CONFIGURATION_CHANGED
D/evanjs (23304): evanjs DualClockAppWidgetProvider display.getOrientation(): 0
D/ClockAlarmDataProvider(19224): getAlarm() - too many same ID alarm data. nCount: 0
D/KeyguardViewMediator( 2374): setHidden false
D/WindowManager( 2374): mInputFocus is not null.
D/WindowManager( 2374): mInputFocus is not null.
D/dalvikvm(23304): GC_FOR_ALLOC freed 1772K, 22% free 12345K/15751K, paused 26ms, total 27ms
E/Launcher( 3156): Error finding setting, default accessibility to not found: accessibility_enabled
D/Launcher.HomeFragment( 3156): onResume
D/MenuAppsGridFragment( 3156): onResume
D/dalvikvm(23304): GC_FOR_ALLOC freed 3K, 20% free 12667K/15751K, paused 22ms, total 24ms
I/dalvikvm-heap(23304): Grow heap (frag case) to 13.659MB for 649652-byte allocation
I/SurfaceFlinger( 1959): id=4777(182) createSurf 0x40e2acdc (720x1280),1 flag=0, Mauncher
I/SurfaceFlinger( 1959): SurfaceFlinger : eMagnificationFactorChanged. magnificationFactor=1.0
I/SurfaceFlinger( 1959): SurfaceFlinger : eZoomPositionChanged. zoomX=0.0 zoomY=0.0
D/WindowManager( 2374): PhoneWindowManager: focusChangedLw
D/KeyguardViewMediator( 2374): setHidden false
D/STATUSBAR-StatusBarManagerService( 2374): setSystemUiVisibility(0x0)
D/STATUSBAR-StatusBarManagerService( 2374): manageDisableList what=0x0 pkg=WindowManager.LayoutParams
I/SurfaceFlinger( 1959): id=4770 Removed XatchWhileA idx=3 MapSz=3
D/KeyguardViewMediator( 2374): setHidden false
I/SurfaceFlinger( 1959): id=4770 Removed XatchWhileA idx=-2 MapSz=3
D/dalvikvm( 2374): WAIT_FOR_CONCURRENT_GC blocked 0ms
D/dalvikvm(23304): GC_CONCURRENT freed <1K, 16% free 13301K/15751K, paused 13ms+2ms, total 31ms
D/dalvikvm(23304): WAIT_FOR_CONCURRENT_GC blocked 17ms
I/ClipboardServiceEx( 2374): Send intent for dismiss clipboard dialog inside hideCurrentInputLocked() !
W/IInputConnectionWrapper( 4452): showStatusIcon on inactive InputConnection
D/KeyguardViewMediator( 2374): setHidden false
D/dalvikvm( 3156): GC_FOR_ALLOC freed 38K, 29% free 27050K/37831K, paused 22ms, total 23ms
D/KeyguardViewMediator( 2374): setHidden false
D/KeyguardViewMediator( 2374): setHidden false
D/KeyguardViewMediator( 2374): setHidden false
D/KeyguardViewMediator( 2374): setHidden false
I/AudioService( 2374): AudioFocus abandonAudioFocus() from 4452
D/KeyguardViewMediator( 2374): setHidden false
I/SurfaceFlinger( 1959): id=4778(1114) createSurf (2560x720),-1 flag=20000, ClackSurfac
I/SurfaceFlinger( 1959): id=4779(1115) createSurf (1280x1440),-1 flag=20000, ClackSurfac
I/SurfaceFlinger( 1959): id=4780(1116) createSurf (2560x720),-1 flag=20000, ClackSurfac
I/SurfaceFlinger( 1959): id=4781(1117) createSurf (1280x1440),-1 flag=20000, ClackSurfac
D/dalvikvm( 2374): GC_EXPLICIT freed 1580K, 46% free 32297K/59655K, paused 7ms+11ms, total 147ms
D/KeyguardViewMediator( 2374): setHidden false
D/YouTube MDX( 4452): discoveryRequestChanged : null
D/YouTube MDX( 4452): discoveryRequestChanged : null
W/SignalStrength( 2374): getGsmLevel=1
W/SignalStrength( 2374): getLevel=1 (SignalStrength: 4 0 -120 -160 -120 -1 -1 99 2147483647 2147483647 2147483647 2147483647 gsm|lte 0x1)
W/SignalStrength( 2913): getGsmLevel=1
W/SignalStrength( 2913): getLevel=1 (SignalStrength: 4 0 -120 -160 -120 -1 -1 99 2147483647 2147483647 2147483647 2147483647 gsm|lte 0x1)
W/SignalStrength( 2913): getGsmLevel=1
W/SignalStrength( 2913): getLevel=1 (SignalStrength: 4 0 -120 -160 -120 -1 -1 99 2147483647 2147483647 2147483647 2147483647 gsm|lte 0x1)
W/SignalStrength( 2374): getDbm 1
W/SignalStrength( 2374): getGsmDbm=-105
W/SignalStrength( 2374): getDbm=-105
W/SignalStrength( 2374): getAsuLevel 1
W/SignalStrength( 2374): getGsmAsuLevel=4
W/SignalStrength( 2374): getAsuLevel=4
D/STATUSBAR-NetworkController( 2913): onSignalStrengthsChanged signalStrength=SignalStrength: 4 0 -120 -160 -120 -1 -1 99 2147483647 2147483647 2147483647 2147483647 gsm|lte 0x1 level=1
D/PowerManagerService( 2374): mIsLockZone = false mTiltAngle : 45.645737 value : 0
D/dalvikvm( 2374): WAIT_FOR_CONCURRENT_GC blocked 0ms
D/PowerManagerService( 2374): mIsLockZone = true mTiltAngle : 47.28696 value : 5
D/dalvikvm( 2374): GC_EXPLICIT freed 153K, 46% free 32265K/59655K, paused 4ms+19ms, total 109ms
I/SurfaceFlinger( 1959): id=4776 Removed GreezeSurfa idx=5 MapSz=3
I/SurfaceFlinger( 1959): id=4776 Removed GreezeSurfa idx=-2 MapSz=3
I/SurfaceFlinger( 1959): id=4778 Removed ClackSurfac idx=5 MapSz=3
I/SurfaceFlinger( 1959): id=4778 Removed ClackSurfac idx=-2 MapSz=3
I/SurfaceFlinger( 1959): id=4779 Removed ClackSurfac idx=5 MapSz=3
I/SurfaceFlinger( 1959): id=4779 Removed ClackSurfac idx=-2 MapSz=3
I/SurfaceFlinger( 1959): id=4780 Removed ClackSurfac idx=5 MapSz=3
I/SurfaceFlinger( 1959): id=4780 Removed ClackSurfac idx=-2 MapSz=3
I/SurfaceFlinger( 1959): id=4781 Removed ClackSurfac idx=5 MapSz=3
I/SurfaceFlinger( 1959): id=4781 Removed ClackSurfac idx=-2 MapSz=3
D/KeyguardViewMediator( 2374): setHidden false
D/KeyguardViewMediator( 2374): setHidden false
V/WindowManager( 2374): rotationForOrientationLw(orient=5, last=0); user=0 mLidState=-1 mDockMode=0 mHdmiPlugged=false mAccelerometerDefault=false sensorRotation=1
D/lights ( 2374): button : 2 +
D/lights ( 2374): button : 2 -
W/PowerManagerService( 2374): Timer 0x7->0x3|0x1
I/PowerManagerService( 2374): Ulight 0x7->0x3|0x0
D/LightsService( 2374): setLightLocked is called
D/dalvikvm( 3306): GC_CONCURRENT freed 245K, 10% free 12853K/14215K, paused 1ms+3ms, total 15ms
D/dalvikvm( 3306): WAIT_FOR_CONCURRENT_GC blocked 0ms
D/dalvikvm( 3306): GC_EXPLICIT freed 249K, 11% free 12709K/14215K, paused 1ms+2ms, total 19ms
V/AlarmManager( 2374): waitForAlarm result :8
V/AlarmManager( 2374): ClockReceiver onReceive() ACTION_TIME_TICK
W/AlarmManager( 2374): FACTORY_ON= 0
D/STATUSBAR-Clock( 2913): onReceive() - ACTION_TIME_TICK
D/STATUSBAR-Clock( 2913): onReceive() - ACTION_TIME_TICK
D/dalvikvm( 2374): WAIT_FOR_CONCURRENT_GC blocked 0ms
D/dalvikvm( 2374): GC_EXPLICIT freed 126K, 46% free 32258K/59655K, paused 3ms+7ms, total 89ms
D/ClockAlarmWidgetService(19224): [ClockAlarmWidgetService] onReceive: action = android.intent.action.TIME_TICK
E/ClockAlarmWidget(19224): [AlarmWidgetIdManager] getListItem() : itemIndex=0, widgetID:1
E/ClockAlarmWidget(19224): [AlarmWidgetIdManager] getListItem() : ItemIndex exceed ListItemCount. itemIndex=1
E/ClockAlarmWidget(19224): [AlarmWidgetIdManager] getListItem() : itemIndex=1, widgetID:1
D/ClockAlarmDataProvider(19224): getAlarm() - too many same ID alarm data. nCount: 0
D/SharedManager(23304): getPrefIDs() : length = 1
D/SharedManager(23304): getPrefIDs() : Shared_DCIDs1 = 9
D/evanjs (23304): evanjs DualClockAppWidgetProvider display.getOrientation(): 0
D/dalvikvm(23304): GC_CONCURRENT freed 1407K, 22% free 12387K/15751K, paused 11ms+2ms, total 25ms
D/dalvikvm(23304): GC_FOR_ALLOC freed 45K, 20% free 12666K/15751K, paused 13ms, total 13ms
I/dalvikvm-heap(23304): Grow heap (frag case) to 13.656MB for 646432-byte allocation
D/dalvikvm(23304): GC_CONCURRENT freed <1K, 16% free 13298K/15751K, paused 11ms+1ms, total 23ms
D/dalvikvm(23304): WAIT_FOR_CONCURRENT_GC blocked 12ms
D/AudioHardwareTinyALSA( 1962): Entering AudioStreamOutALSA standby mode
I/AudioHardwareTinyALSA( 1962): Close mHandle:42059578
D/STATUSBAR-NetworkController( 2913): onDataActivity: direction=3
D/STATUSBAR-NetworkController( 2913): refreshSignalCluster: data=2 bt=false
D/STATUSBAR-SignalClusterView( 2913): mSeparateMobileGroup=0
D/STATUSBAR-SignalClusterView( 2913): mSeparateMobileGroup=0
D/STATUSBAR-SignalClusterView( 2913): mSeparateMobileGroup=0
D/dalvikvm( 3156): GC_FOR_ALLOC freed 1474K, 28% free 27242K/37831K, paused 25ms, total 25ms
D/InputReader( 2374): Input event: value=1
D/lights ( 2374): button : 1 +
D/lights ( 2374): button : 1 -
I/InputDispatcher( 2374): Delivering key to current input target: action: 0x0
I/InputDispatcher( 2374): Delivering key to current input target: action: 0x0
I/InputDispatcher( 2374): Delivering key to current input target: action: 0x0
I/PowerManagerService( 2374): Ulight 0x3->0x7|0x0
D/LightsService( 2374): setLightLocked is called
D/InputReader( 2374): Input event: value=0
I/InputDispatcher( 2374): Delivering key to current input target: action: 0x1
I/InputDispatcher( 2374): Delivering key to current input target: action: 0x1
I/InputDispatcher( 2374): Delivering key to current input target: action: 0x1
I/ClipboardServiceEx( 2374): mCBPickerDialog enter case. MSG_DISMISS_DIALOG
D/dalvikvm( 2374): WAIT_FOR_CONCURRENT_GC blocked 0ms
D/InputReader( 2374): Input event: value=1
I/InputDispatcher( 2374): Delivering key to current input target: action: 0x0
I/InputDispatcher( 2374): Delivering key to current input target: action: 0x0
I/InputDispatcher( 2374): Delivering key to current input target: action: 0x0
D/dalvikvm( 2374): GC_EXPLICIT freed 914K, 46% free 32282K/59655K, paused 5ms+8ms, total 112ms
D/dalvikvm( 3306): GC_CONCURRENT freed 234K, 10% free 12869K/14215K, paused 1ms+3ms, total 18ms
D/InputReader( 2374): Input event: value=0
I/InputDispatcher( 2374): Delivering key to current input target: action: 0x1
I/InputDispatcher( 2374): Delivering key to current input target: action: 0x1
I/InputDispatcher( 2374): Delivering key to current input target: action: 0x1
I/ClipboardServiceEx( 2374): mCBPickerDialog enter case. MSG_DISMISS_DIALOG
I/Launcher.StuckInEdit( 3156): exitWidgetResizeMode State NORMAL
D/dalvikvm( 3306): WAIT_FOR_CONCURRENT_GC blocked 0ms
D/dalvikvm( 3306): GC_EXPLICIT freed 247K, 11% free 12696K/14215K, paused 1ms+2ms, total 19ms
D/dalvikvm( 2374): WAIT_FOR_CONCURRENT_GC blocked 0ms
D/dalvikvm( 2374): GC_EXPLICIT freed 86K, 46% free 32278K/59655K, paused 3ms+8ms, total 88ms
V/MediaScanner( 3306): processDirectory : /storage/extSdCard
D/MediaScanner( 3306): Skipping:
D/MediaScanner( 3306): 7klwibgf7fxlKdCbid7Budiwrd7dblb7
D/CacheService( 8615): onCreate
D/CacheService( 8615): onBind
D/dalvikvm( 8615): GC_CONCURRENT freed 303K, 8% free 13033K/14023K, paused 11ms+2ms, total 39ms
I/MusicLeanback( 8615): Conditions not met for autocaching.
I/MusicLeanback( 8615): Stop autocaching.
D/CacheService( 8615): onDestroy
D/dalvikvm( 2374): WAIT_FOR_CONCURRENT_GC blocked 0ms
D/dalvikvm( 2374): GC_EXPLICIT freed 132K, 46% free 32282K/59655K, paused 3ms+8ms, total 88ms
D/dalvikvm( 2374): WAIT_FOR_CONCURRENT_GC blocked 0ms
D/dalvikvm( 3306): GC_CONCURRENT freed 238K, 10% free 12848K/14215K, paused 11ms+3ms, total 26ms
D/dalvikvm( 2374): GC_EXPLICIT freed 45K, 46% free 32275K/59655K, paused 3ms+9ms, total 99ms
D/dalvikvm( 3306): WAIT_FOR_CONCURRENT_GC blocked 0ms
D/dalvikvm( 3306): GC_EXPLICIT freed 253K, 11% free 12716K/14215K, paused 3ms+2ms, total 22ms
D/dalvikvm( 2374): WAIT_FOR_CONCURRENT_GC blocked 0ms
D/dalvikvm( 2374): GC_EXPLICIT freed 34K, 46% free 32272K/59655K, paused 3ms+8ms, total 87ms
D/lights ( 2374): button : 2 +
D/lights ( 2374): button : 2 -
W/PowerManagerService( 2374): Timer 0x7->0x3|0x1
I/PowerManagerService( 2374): Ulight 0x7->0x3|0x0
D/LightsService( 2374): setLightLocked is called
D/dalvikvm( 2374): WAIT_FOR_CONCURRENT_GC blocked 0ms
D/dalvikvm( 2374): GC_EXPLICIT freed 55K, 46% free 32277K/59655K, paused 3ms+8ms, total 88ms
D/dalvikvm( 3306): GC_CONCURRENT freed 256K, 10% free 12843K/14215K, paused 12ms+3ms, total 24ms
D/dalvikvm( 3306): WAIT_FOR_CONCURRENT_GC blocked 0ms
D/dalvikvm( 3306): GC_EXPLICIT freed 251K, 11% free 12715K/14215K, paused 2ms+2ms, total 19ms
D/dalvikvm( 2374): WAIT_FOR_CONCURRENT_GC blocked 0ms
D/dalvikvm( 2374): GC_EXPLICIT freed 59K, 46% free 32277K/59655K, paused 3ms+8ms, total 88ms
D/STATUSBAR-NetworkController( 2913): onDataActivity: direction=0
D/STATUSBAR-NetworkController( 2913): refreshSignalCluster: data=2 bt=false
D/STATUSBAR-SignalClusterView( 2913): mSeparateMobileGroup=0
D/STATUSBAR-SignalClusterView( 2913): mSeparateMobileGroup=0
D/STATUSBAR-SignalClusterView( 2913): mSeparateMobileGroup=0
D/MediaScanner( 3306): Skipping:
D/MediaScanner( 3306): 7klwibgf7fxlKdCbid7DCRV75lpnvaubrtk7
D/dalvikvm( 2374): WAIT_FOR_CONCURRENT_GC blocked 0ms
D/dalvikvm( 2374): GC_EXPLICIT freed 64K, 46% free 32277K/59655K, paused 3ms+8ms, total 88ms
D/dalvikvm( 3306): GC_CONCURRENT freed 257K, 10% free 12852K/14215K, paused 11ms+3ms, total 26ms
D/dalvikvm( 3306): WAIT_FOR_CONCURRENT_GC blocked 0ms
D/dalvikvm( 3306): GC_EXPLICIT freed 253K, 11% free 12714K/14215K, paused 1ms+2ms, total 19ms
I/DBG_DM (25671): [v5_1209_1_2][Line:612][onReceive] android.intent.action.MEDIA_SCANNER_FINISHED
V/MediaScanner( 3306): prescan time: 191ms
V/MediaScanner( 3306): scan time: 7140ms (makeEntry time: 6419ms ~89%), (parsing time: 0ms ~0%), (bitmapDecoding time: 0ms ~0%), (exifExtracting time : 0ms ~0%), (bulkInserter time : 0ms ~0%)
V/MediaScanner( 3306): postscan time: 1ms (bulkDeleter : 0)
V/MediaScanner( 3306): total time: 7332ms
V/MediaScanner( 3306): checked files: 1339 directories : 193 (I: 0, U: 0)
I/DBG_DM (25671): [v5_1209_1_2][Line:3340][xdbGetFUMOStatus] xdbGetFUMOStatus : 0
I/DBG_DM (25671): [v5_1209_1_2][Line:4178][xdbGetDownloadPostponeStatus] Download Postpone status : 0
D/MediaScannerService( 3306): done scanning volume external
E/CscFactoryReceiver( 3067): onReceive android.intent.action.MEDIA_SCANNER_FINISHED
D/CscFactoryReceiver( 3067): Media DB Scanner finished.
D/CscFactoryReceiver( 3067): start service to Set Ringtone
D/CscFactoryReceiver( 3067): start service to Set Notification
D/CscFactoryReceiver( 3067): start service to Set Alarmtone
D/CscUpdateService( 3067): onStart
E/CscUpdateService( 3067): costomer file is exists : it has been preconfiged.
D/CscUpdateService( 3067): only ringtone update
E/CscParser( 3067): update(): xml file exist
D/CscUpdateService( 3067): onStart
E/CscUpdateService( 3067): costomer file is exists : it has been preconfiged.
D/CscUpdateService( 3067): only notification update
D/CscUpdateService( 3067): onStart
E/CscUpdateService( 3067): costomer file is exists : it has been preconfiged.
D/CscUpdateService( 3067): only alarmtone update
E/CscParser( 3067): update(): xml file exist
E/CscParser( 3067): update(): xml file exist
I/dalvikvm( 8940): Turning on JNI app bug workarounds for target SDK version 10...
D/dalvikvm( 8940): WAIT_FOR_CONCURRENT_GC blocked 0ms
