I/DBG_FMMDM( 5517): [v1_1302_5_2][Line:322][xdbLawmoSetLawmoOperation] nOperation = 3
I/DBG_FMMDM( 5517): [v1_1302_5_2][Line:482][xdbAmtGetDBOperation] xdbMobileTrackingDbGetOperation 0
D/dalvikvm( 5517): GC_CONCURRENT freed 262K, 8% free 12324K/13319K, paused 12ms+2ms, total 28ms
I/DBG_FMMDM( 5517): [v1_1302_5_2][Line:451][xdbAmtSetOperation] nOperation = 0
I/DBG_FMMDM( 5517): [v1_1302_5_2][Line:165][xdmInitAdpEXTInit] DmAgentType [0]
I/DBG_FMMDM( 5517): [v1_1302_5_2][Line:108][xdmInitAdpGetSIMLockState] u8xFx8VsusrftXvr1pvOTQ==
I/DBG_FMMDM( 5517): [v1_1302_5_2][Line:109][xdmInitAdpGetSIMLockState] AOJX+JTLcKpTWY4t786LYH17GUDiRQMfFKsa3yzpz2s=
I/DBG_FMMDM( 5517): [v1_1302_5_2][Line:129][xdmInitAdpGetSIMLockState] bret : true
I/DBG_FMMDM( 5517): [v1_1302_5_2][Line:650][xdbLawmoGetSimChangeAlert] SIM Change Alert = false
I/DBG_FMMDM( 5517): [v1_1302_5_2][Line:217][xdmSimChangeAlertReport] Previous state is false
I/DBG_FMMDM( 5517): [v1_1302_5_2][Line:1007][xdmGetAccountRegistration] Samsung Account Exist !!!
I/DBG_FMMDM( 5517): [v1_1302_5_2][Line:482][xdbAmtGetDBOperation] xdbMobileTrackingDbGetOperation 0
I/DBG_FMMDM( 5517): [v1_1302_5_2][Line:332][xdbLawmoGetLawmoOperation] xdbLawmoDbGetLawmoOperation: 3
I/DBG_FMMDM( 5517): [v1_1302_5_2][Line:161][xdmUIEvent] XUI_DM_IDLE_STATE :true
I/DBG_FMMDM( 5517): [v1_1302_5_2][Line:211][xdmAgentTaskHandler] XEVENT_DM_INIT : Initialized
I/DBG_FMMDM( 5517): [v1_1302_5_2][Line:993][xdmProtoIsWIFIConnected] WiFi DisConnected
I/DBG_FMMDM( 5517): [v1_1302_5_2][Line:57][xdmInitAdpGetNetStatus] SIM : Network Status is DATA CONNECTED!
I/DBG_FMMDM( 5517): [v1_1302_5_2][Line:511][xnotiPushAdpExcuteResumeNoti] nSessionSaveState:0
I/DBG_FMMDM( 5517): [v1_1302_5_2][Line:512][xnotiPushAdpExcuteResumeNoti] nNotiUiEvent:0
I/DBG_FMMDM( 5517): [v1_1302_5_2][Line:513][xnotiPushAdpExcuteResumeNoti] nNotiRetryCount:0
I/DBG_FMMDM( 5517): [v1_1302_5_2][Line:555][xnotiPushAdpExcuteResumeNoti] Current NOTI NOT SAVED State. EXIT. EXIT.
I/DBG_FMMDM( 5517): [v1_1302_5_2][Line:406][xnotiPushAdpClearSessionStatus]
I/DBG_FMMDM( 5517): [v1_1302_5_2][Line:652][xdmAgentCheckResumeNoti]
I/DBG_FMMDM( 5517): [v1_1302_5_2][Line:3127][xdbGetSessionSaveStatus] nSessionSaveState [0], nNotiUiEvent [0]
I/DBG_FMMDM( 5517): [v1_1302_5_2][Line:3175][xdbSetBackUpServerUrl]
I/DBG_FMMDM( 5517): [v1_1302_5_2][Line:2333][xdbSetChangedProtocol] lSsyJ4YI5B39xVbBgvbRitMVIDkvXSARt01dUI8PilU=
I/DBG_FMMDM( 5517): [v1_1302_5_2][Line:41][xdbNotiExistInfo] false
V/AlarmManager( 2374): ClockReceiver onReceive() ACTION_TIME_TICK
W/AlarmManager( 2374): FACTORY_ON= 0
V/AlarmManager( 2374): waitForAlarm result :8
D/STATUSBAR-Clock( 2913): onReceive() - ACTION_TIME_TICK
D/STATUSBAR-Clock( 2913): onReceive() - ACTION_TIME_TICK
D/ClockAlarmWidgetService(19224): [ClockAlarmWidgetService] onReceive: action = android.intent.action.TIME_TICK
E/ClockAlarmWidget(19224): [AlarmWidgetIdManager] getListItem() : itemIndex=0, widgetID:1
E/ClockAlarmWidget(19224): [AlarmWidgetIdManager] getListItem() : ItemIndex exceed ListItemCount. itemIndex=1
E/ClockAlarmWidget(19224): [AlarmWidgetIdManager] getListItem() : itemIndex=1, widgetID:1
D/ClockAlarmDataProvider(19224): getAlarm() - too many same ID alarm data. nCount: 0
D/SharedManager(23304): getPrefIDs() : length = 1
D/SharedManager(23304): getPrefIDs() : Shared_DCIDs1 = 9
D/evanjs (23304): evanjs DualClockAppWidgetProvider display.getOrientation(): 0
D/dalvikvm(23304): GC_CONCURRENT freed 1413K, 22% free 12387K/15751K, paused 1ms+2ms, total 12ms
D/dalvikvm(23304): WAIT_FOR_CONCURRENT_GC blocked 4ms
D/dalvikvm(23304): GC_FOR_ALLOC freed 45K, 20% free 12666K/15751K, paused 9ms, total 9ms
I/dalvikvm-heap(23304): Grow heap (frag case) to 13.662MB for 652880-byte allocation
D/dalvikvm(23304): GC_CONCURRENT freed <1K, 16% free 13304K/15751K, paused 1ms+1ms, total 9ms
D/dalvikvm(23304): WAIT_FOR_CONCURRENT_GC blocked 8ms
D/ClockWidget( 2374): refreshTime()
D/ClockWidget( 2374): TTS Message = Kello on nyt 1:44, lauantai, joulukuuta 21
D/BatteryService( 2374): update start
D/BatteryService( 2374): level:3 scale:100 status:2 health:2 present:true voltage: 3701 temperature: 312 technology: Li-ion AC powered:false USB powered:true icon:17303231 invalid charger:0
D/LightsService( 2374): [SvcLED] setSvcLedStateLocked:: id = 3, color = 0, mode = 10, set = On
D/BatteryService( 2374): turn on LED for charging
W/AlarmManager( 2374): FACTORY_ON= 0
V/AlarmManager( 2374): waitForAlarm result :4
D/STATUSBAR-BatteryController( 2913): onReceive() - ACTION_BATTERY_CHANGED
D/LightsService( 2374): [SvcLED] SvcLEDTask
D/STATUSBAR-BatteryController( 2913): onReceive() - level:3
D/STATUSBAR-BatteryController( 2913): onReceive() - plugged:2
D/STATUSBAR-BatteryController( 2913): onReceive() - BATTERY_STATUS_CHARGING:
D/STATUSBAR-PhoneStatusBar( 2913): ACTION_BATTERY_CHANGED
E/MtpService(27139): In MTPAPP onReceive:android.intent.action.BATTERY_CHANGED
E/MtpService(27139): battPlugged Type : 2
D/videowall-TranscodeService(15584): releaseTransThread.
D/SensorService( 2374): info.rates.add, set DEFAULT_EVENTS_PERIOD
D/SensorService( 2374): SensorDevice::activate (enable 1, disable 0) = 1
D/SensorService( 2374): activating sensor enable handle=3
D/SensorService( 2374): activating sensor enable, Done!
D/SensorService( 2374): SensorDevice::activating sensor handle=3 ns=200000000
I/SensorService( 2374): info.selectDelay() ns=200000000
D/SensorService( 2374): SensorDevice::setDelay, Return(true 1, false 0) = 1
D/SensorManager( 2374): registerListener :: handle = 3 name= CM36651 Light sensor delay= 200000 Listener= com.android.server.LightsService$4@423fd158
V/AlarmManager( 2374): trigger ELAPSED_REALTIME_WAKEUP or RTC_WAKEUP
D/LightsService( 2374): [SvcLED] SvcLEDReceiver::isHappyNight = true
D/SensorManager( 2374): unregisterListener:: Listener= com.android.server.LightsService$4@423fd158
D/LightsService( 2374): [SvcLED] onSensorChanged::light value = 5.0
D/SensorService( 2374): SensorDevice::activate (enable 1, disable 0) = 0
D/SensorService( 2374): activating sensor disable handle=3
D/SensorService( 2374): activating sensor disable, Done!
D/SensorService( 2374): SensorDevice::activating sensor handle=3 ns=200000000
D/lights ( 2374): write pattern : g_led_info = 8
D/lights ( 2374): led_pattern : 1 +
I/LightsService( 2374): fileWriteInt : /sys/class/sec/led/led_lowpower value : 1
D/lights ( 2374): led_pattern : 1 -
D/LightsService( 2374): setLightLocked is called
E/Watchdog( 2374): !@Sync 1461
E/MtpService(27139): In MTPAPP onReceive:android.intent.action.BATTERY_CHANGED
E/MtpService(27139): battPlugged Type : 2
D/BatteryService( 2374): update start
D/BatteryService( 2374): level:3 scale:100 status:2 health:2 present:true voltage: 3709 temperature: 318 technology: Li-ion AC powered:false USB powered:true icon:17303231 invalid charger:0
D/STATUSBAR-BatteryController( 2913): onReceive() - ACTION_BATTERY_CHANGED
D/STATUSBAR-BatteryController( 2913): onReceive() - level:3
D/STATUSBAR-BatteryController( 2913): onReceive() - plugged:2
D/STATUSBAR-BatteryController( 2913): onReceive() - BATTERY_STATUS_CHARGING:
D/STATUSBAR-PhoneStatusBar( 2913): ACTION_BATTERY_CHANGED
D/videowall-TranscodeService(15584): releaseTransThread.
D/SensorService( 2374): info.rates.add, set DEFAULT_EVENTS_PERIOD
D/SensorService( 2374): SensorDevice::activate (enable 1, disable 0) = 1
D/SensorService( 2374): activating sensor enable handle=3
D/SensorService( 2374): activating sensor enable, Done!
D/SensorService( 2374): SensorDevice::activating sensor handle=3 ns=200000000
I/SensorService( 2374): info.selectDelay() ns=200000000
D/SensorService( 2374): SensorDevice::setDelay, Return(true 1, false 0) = 1
D/SensorManager( 2374): registerListener :: handle = 3 name= CM36651 Light sensor delay= 200000 Listener= com.android.server.LightsService$4@423fd158
D/LightsService( 2374): [SvcLED] setSvcLedStateLocked:: id = 3, color = 0, mode = 10, set = On
W/AlarmManager( 2374): FACTORY_ON= 0
D/BatteryService( 2374): turn on LED for charging
V/AlarmManager( 2374): waitForAlarm result :4
D/LightsService( 2374): [SvcLED] SvcLEDTask
V/AlarmManager( 2374): trigger ELAPSED_REALTIME_WAKEUP or RTC_WAKEUP
D/LightsService( 2374): [SvcLED] SvcLEDReceiver::isHappyNight = true
D/SensorManager( 2374): unregisterListener:: Listener= com.android.server.LightsService$4@423fd158
D/SensorService( 2374): SensorDevice::activate (enable 1, disable 0) = 0
D/SensorService( 2374): activating sensor disable handle=3
D/SensorService( 2374): activating sensor disable, Done!
D/SensorService( 2374): SensorDevice::activating sensor handle=3 ns=200000000
D/lights ( 2374): write pattern : g_led_info = 8
D/lights ( 2374): led_pattern : 1 +
D/LightsService( 2374): [SvcLED] onSensorChanged::light value = 9.0
I/LightsService( 2374): fileWriteInt : /sys/class/sec/led/led_lowpower value : 1
D/lights ( 2374): led_pattern : 1 -
D/LightsService( 2374): setLightLocked is called
E/Watchdog( 2374): !@Sync 1462
V/AlarmManager( 2374): waitForAlarm result :8
V/AlarmManager( 2374): ClockReceiver onReceive() ACTION_TIME_TICK
W/AlarmManager( 2374): FACTORY_ON= 0
D/STATUSBAR-Clock( 2913): onReceive() - ACTION_TIME_TICK
D/STATUSBAR-Clock( 2913): onReceive() - ACTION_TIME_TICK
D/ClockAlarmWidgetService(19224): [ClockAlarmWidgetService] onReceive: action = android.intent.action.TIME_TICK
E/ClockAlarmWidget(19224): [AlarmWidgetIdManager] getListItem() : itemIndex=0, widgetID:1
E/ClockAlarmWidget(19224): [AlarmWidgetIdManager] getListItem() : ItemIndex exceed ListItemCount. itemIndex=1
E/ClockAlarmWidget(19224): [AlarmWidgetIdManager] getListItem() : itemIndex=1, widgetID:1
D/ClockAlarmDataProvider(19224): getAlarm() - too many same ID alarm data. nCount: 0
D/SharedManager(23304): getPrefIDs() : length = 1
D/SharedManager(23304): getPrefIDs() : Shared_DCIDs1 = 9
D/dalvikvm( 3156): GC_CONCURRENT freed 2053K, 36% free 24466K/37831K, paused 2ms+3ms, total 27ms
D/evanjs (23304): evanjs DualClockAppWidgetProvider display.getOrientation(): 0
D/dalvikvm(23304): GC_CONCURRENT freed 1378K, 22% free 12387K/15751K, paused 1ms+2ms, total 12ms
D/dalvikvm(23304): WAIT_FOR_CONCURRENT_GC blocked 6ms
D/dalvikvm(23304): GC_FOR_ALLOC freed 45K, 20% free 12666K/15751K, paused 9ms, total 9ms
I/dalvikvm-heap(23304): Grow heap (frag case) to 13.662MB for 652880-byte allocation
D/dalvikvm(23304): GC_CONCURRENT freed <1K, 16% free 13304K/15751K, paused 11ms+1ms, total 20ms
D/dalvikvm(23304): WAIT_FOR_CONCURRENT_GC blocked 8ms
D/ClockWidget( 2374): refreshTime()
D/ClockWidget( 2374): TTS Message = Kello on nyt 1:45, lauantai, joulukuuta 21
V/AlarmManager( 2374): waitForAlarm result :1
V/AlarmManager( 2374): trigger ELAPSED_REALTIME_WAKEUP or RTC_WAKEUP
D/dalvikvm(15755): WAIT_FOR_CONCURRENT_GC blocked 0ms
D/dalvikvm(15755): GC_EXPLICIT freed 314K, 8% free 12984K/14023K, paused 2ms+2ms, total 21ms
I/EventLogService(15755): Aggregate from 1387581303125 (log), 1387581303125 (data)
D/dalvikvm( 2374): GC_CONCURRENT freed 2051K, 23% free 46375K/59655K, paused 13ms+8ms, total 110ms
W/AlarmManager( 2374): FACTORY_ON= 0
D/InputReader( 2374): Input event: value=1
D/KeyguardViewMediator( 2374): onWakeKeyWhenKeyguardShowing(3)
D/KeyguardViewMediator( 2374): wakeWhenReadyLocked(3)
D/KeyguardViewMediator( 2374): handleWakeWhenReady(3)
D/LockPatternKeyguardView( 2374): onWakeKey
D/LockPatternKeyguardView( 2374): poking wake lock immediately
D/KeyguardViewMediator( 2374): pokeWakelock(10000)
D/SensorService( 2374): info.rates.add, set DEFAULT_EVENTS_PERIOD
D/SensorService( 2374): SensorDevice::activate (enable 1, disable 0) = 1
D/SensorService( 2374): activating sensor enable handle=3
D/SensorService( 2374): activating sensor enable, Done!
D/SensorService( 2374): SensorDevice::activating sensor handle=3 ns=200000000
I/SensorService( 2374): info.selectDelay() ns=200000000
D/SensorService( 2374): SensorDevice::setDelay, Return(true 1, false 0) = 1
D/SensorManager( 2374): registerListener :: handle = 3 name= CM36651 Light sensor delay= 200000 Listener= com.android.server.PowerManagerService$17@41e90d70
D/SensorService( 2374): info.rates.add, set DEFAULT_EVENTS_PERIOD
I/iNemoSensor( 2374): enable(): handle(0), en(1), what(0)
D/AkmSensor( 2374): akm_enable_sensor: Accel is enabled. (orien = 0)
I/AkmSensor( 2374): enable_accelerometer, mEnabled = 0, enable = 1
D/iNemoSensor( 2374): enable(): MASK_ACC (1) MASK_MAG (0) MASK_GYR (0)
D/iNemoSensor( 2374): enable(): mEnAcc(1) mEnMag(0) mEnGyr(0)
I/iNemoSensor( 2374): update_delay wanted_accel = 200000000
D/SensorService( 2374): SensorDevice::activate (enable 1, disable 0) = 1
D/SensorService( 2374): activating sensor enable handle=0
D/SensorService( 2374): activating sensor enable, Done!
D/SensorService( 2374): SensorDevice::activating sensor handle=0 ns=200000000
D/iNemoSensor( 2374): setDelay(): handle(0), en(200000000)
I/iNemoSensor( 2374): skip update_delay wanted_accel = 200000000 current delay = 200000000
I/SensorService( 2374): info.selectDelay() ns=200000000
D/iNemoSensor( 2374): setDelay(): handle(0), en(200000000)
I/iNemoSensor( 2374): skip update_delay wanted_accel = 200000000 current delay = 200000000
D/SensorService( 2374): SensorDevice::setDelay, Return(true 1, false 0) = 1
D/SensorManager( 2374): registerListener :: handle = 0 name= LSM330DLC 3-axis Accelerometer delay= 200000 Listener= com.android.server.PowerManagerService$18@41de9228
D/PowerManagerService( 2374): reactivateScreenLocksLocked mProxIgnoredBecauseScreenTurnedOff=true
D/PowerManagerService( 2374): Screen__On : acquireWakeLock flags=0x1000001a tag=keyguard uid=1000 pid=2374 myUID=1000 myPID=2374 myTID=2749
D/PowerManagerService( 2374): enableLightSensorLocked enable=true mLightSensorEnabled=false mAutoBrightessEnabled=true mWaitingForFirstLightSensor=false
D/PowerManagerService( 2374): lightSensorChangedLocked value=9 immediate=true
D/PowerManagerService( 2374): dropping lightSensorChangedLocked because screen is off
D/lights ( 2374): button : 1 +
D/lights ( 2374): button : 1 -
D/KeyguardViewMediator( 2374): onScreenTurnedOn, seq = 208
D/KeyguardViewMediator( 2374): notifyScreenOnLocked
D/WindowManager( 2374): mSetIgnorePWR
D/SensorService( 2374): sensor was already activated for this ident
D/SensorService( 2374): SensorDevice::activating sensor handle=0 ns=200000000
D/iNemoSensor( 2374): setDelay(): handle(0), en(200000000)
I/iNemoSensor( 2374): skip update_delay wanted_accel = 200000000 current delay = 200000000
I/SensorService( 2374): info.selectDelay() ns=200000000
D/iNemoSensor( 2374): setDelay(): handle(0), en(200000000)
I/iNemoSensor( 2374): skip update_delay wanted_accel = 200000000 current delay = 200000000
D/SensorService( 2374): SensorDevice::setDelay, Return(true 1, false 0) = 1
D/SensorManager( 2374): registerListener :: handle = 0 name= LSM330DLC 3-axis Accelerometer delay= 200000 Listener= android.view.WindowOrientationListener$SensorEventListenerImpl@423d0b28
D/ActivityManager( 2374): isFakeShutDownmode= 0
D/PowerManagerService( 2374): sendNotificationLocked on=true
I/PowerManagerService( 2374): Ulight 0x0->0x4|0x0
D/LightsService( 2374): setLightLocked is called
D/PowerManagerService( 2374): mNotificationTask : on
D/WindowOrientationListener( 2374): enable register mbSContext: false
V/WindowOrientationListener( 2374): WindowOrientationListener enabled
D/lights ( 2374): write pattern : g_led_info = 0
D/lights ( 2374): led_pattern : 0 +
D/LightsService( 2374): [SvcLED] setSvcLedStateLocked:: id = 3, color = 0, mode = Off, set = Off
D/lights ( 2374): led_pattern : 0 -
D/LightsService( 2374): setLightLocked is called
D/BatteryService( 2374): turn off LED
D/LockPatternUtils( 2374): isPcwEnable = null
D/WfdService( 2374): intent recieved android.intent.action.SCREEN_ON
I/AudioHardwareTinyALSA( 1962): setParameters(screen_state=on)
I/audio_wfd_hw( 1962): adev_set_parameters() screen_state=on
D/tms_audio_hw/AudioTmsIpc( 1962): adev_set_parameters : Enter
D/tms_audio_hw/AudioTmsIpc( 1962): adev_set_parameters : Exit
D/STATUSBAR-NotificationService( 2374): ACTION_SCREEN_ON
D/STATUSBAR-NotificationService( 2374): updateLightsLocked() : Turn off notification light
D/LightsService( 2374): [SvcLED] setSvcLedStateLocked:: id = 4, color = 0, mode = Off, set = Off
D/STATUSBAR-Clock( 2913): onReceive() - ACTION_SCREEN_ON
D/STATUSBAR-Clock( 2913): onReceive() - ACTION_SCREEN_ON
V/LockPatternKeyguardView( 2374): *** dispatchDraw() time: 211094012
D/KeyguardViewMediator( 2374): handleNotifyScreenOn
D/LockPatternKeyguardView( 2374): screen on
D/CircleLockScreen( 2374): onResume()
D/CircleUnlockRippleRenderer( 2374): onResume isUnlocked = false
D/ClockWidget( 2374): isServiceEnable = false cityId = null
D/ClockWidget( 2374): Weather Demon is not running, Set visibility to GONE
D/CircleShortcutWidget( 2374): onResume()
D/CircleLockScreen( 2374): mCallback.isShowingAndNotHidden()=true
W/AlarmManager( 2374): FACTORY_ON= 0
V/LockPatternKeyguardView( 2374): *** dispatchDraw() time: 211094054
D/FastDormancy( 3067): [FD] INTENT ACTION android.intent.action.SCREEN_ON
D/FastDormancy( 3067): [FD] mIsScreenOn: true
D/FastDormancy( 3067): [SCREEN_ON] New FD Time: 5000
I/power ( 2374): *** acquire_dvfs_lock : lockType : 1 freq : 1400000
D/lights ( 2374): LCD : 1 +
D/lights ( 2374): LCD : 1 -
I/WindowManager( 2374): Lock screen displayed!
I/PowerManagerService( 2374): Ulight 0x7->0x7|0x1
D/PowerManagerService( 2374): acquireDVFSLockLocked : type : DVFS_MIN_LIMIT frequency : 1400000 uid : 1000 pid : 2374 tag : AMOLED_Animation
D/LightsService( 2374): setLightLocked is called
I/TwDVFSBroadcastReceiver( 3107): onScreenOnIntent
D/lights ( 2374): LCD : 2 +
D/lights ( 2374): LCD : 2 -
D/LightsService( 2374): setLightLocked is called
D/lights ( 2374): LCD : 3 +
D/lights ( 2374): LCD : 3 -
D/lights ( 2374): LCD : 4 +
D/lights ( 2374): LCD : 4 -
D/LightsService( 2374): setLightLocked is called
D/LightsService( 2374): setLightLocked is called
D/lights ( 2374): LCD : 5 +
D/lights ( 2374): LCD : 5 -
D/LightsService( 2374): setLightLocked is called
D/lights ( 2374): LCD : 6 +
D/lights ( 2374): LCD : 6 -
D/LightsService( 2374): setLightLocked is called
D/lights ( 2374): LCD : 7 +
D/lights ( 2374): LCD : 7 -
D/LightsService( 2374): setLightLocked is called
D/ClockAlarmWidgetService(19224): [ClockAlarmWidgetService] onReceive: action = android.intent.action.SCREEN_ON
E/ClockAlarmWidget(19224): [AlarmWidgetIdManager] getListItem() : itemIndex=0, widgetID:1
E/ClockAlarmWidget(19224): [AlarmWidgetIdManager] getListItem() : ItemIndex exceed ListItemCount. itemIndex=1
E/ClockAlarmWidget(19224): [AlarmWidgetIdManager] getListItem() : itemIndex=1, widgetID:1
D/ClockAlarmDataProvider(19224): getAlarm() - too many same ID alarm data. nCount: 0
D/lights ( 2374): LCD : 12 +
D/lights ( 2374): LCD : 12 -
D/LightsService( 2374): setLightLocked is called
D/SharedManager(23304): getPrefIDs() : length = 1
D/SharedManager(23304): getPrefIDs() : Shared_DCIDs1 = 9
D/InputReader( 2374): Input event: value=0
D/RestrictionPolicy( 2374): isHomeKeyEnabled :true
D/lights ( 2374): LCD : 17 +
D/lights ( 2374): LCD : 17 -
D/LightsService( 2374): setLightLocked is called
E/lights ( 2374): write_int failed to open /sys/class/leds/keyboard-backlight/brightness
D/PowerManagerService( 2374): lightSensorChangedLocked value=8 immediate=true
I/PowerManagerService( 2374): fileWriteInt : /sys/class/backlight/panel/auto_brightness value : 1
D/PowerManagerService( 2374): getAutoBrightnessValue : mDynamicAutoBrightnessValue = 21 ( 0 < 8 <= 19 )
D/PowerManagerService( 2374): getAutoBrightnessValue : in bound ( 0 < 8 <= 19 )
D/PowerManagerService( 2374): lcdValue 21
D/PowerManagerService( 2374): buttonValue 21
D/PowerManagerService( 2374): keyboardValue 0
D/PowerManagerService( 2374): lightSensorChangedLocked : mKeyboardLight : 0
D/LightsService( 2374): setLightLocked is called
D/evanjs (23304): evanjs DualClockAppWidgetProvider display.getOrientation(): 0
D/lights ( 2374): LCD : 18 +
D/lights ( 2374): LCD : 18 -
D/LightsService( 2374): setLightLocked is called
D/dalvikvm(23304): GC_CONCURRENT freed 1384K, 22% free 12347K/15751K, paused 11ms+1ms, total 22ms
D/dalvikvm(23304): WAIT_FOR_CONCURRENT_GC blocked 6ms
D/lights ( 2374): LCD : 19 +
D/lights ( 2374): LCD : 19 -
D/LightsService( 2374): setLightLocked is called
D/dalvikvm(23304): GC_FOR_ALLOC freed 4K, 20% free 12666K/15751K, paused 11ms, total 11ms
I/dalvikvm-heap(23304): Grow heap (frag case) to 13.662MB for 652880-byte allocation
D/lights ( 2374): LCD : 20 +
D/lights ( 2374): LCD : 20 -
D/LightsService( 2374): setLightLocked is called
D/lights ( 2374): LCD : 21 +
D/lights ( 2374): LCD : 21 -
I/power ( 2374): *** release_dvfs_lock : lockType : 1
D/dalvikvm(23304): GC_CONCURRENT freed <1K, 16% free 13304K/15751K, paused 12ms+2ms, total 26ms
D/dalvikvm(23304): WAIT_FOR_CONCURRENT_GC blocked 14ms
D/LightsService( 2374): setLightLocked is called
I/PowerManagerService( 2374): Light Animator Finished currentValue=21
D/PowerManagerService( 2374): releaseDVFSLockLocked : all DVFS_MIN_LIMIT are released
W/SignalStrength( 2374): getGsmLevel=2
E/videowall-TranscodeReceiver(15584): broadcastMSG : android.intent.action.SCREEN_ON
W/SignalStrength( 2913): getGsmLevel=2
W/SignalStrength( 2913): getLevel=2 (SignalStrength: 8 0 -120 -160 -120 -1 -1 99 2147483647 2147483647 2147483647 2147483647 gsm|lte 0x2)
W/SignalStrength( 2913): getGsmLevel=2
W/SignalStrength( 2913): getLevel=2 (SignalStrength: 8 0 -120 -160 -120 -1 -1 99 2147483647 2147483647 2147483647 2147483647 gsm|lte 0x2)
D/STATUSBAR-NetworkController( 2913): onSignalStrengthsChanged signalStrength=SignalStrength: 8 0 -120 -160 -120 -1 -1 99 2147483647 2147483647 2147483647 2147483647 gsm|lte 0x2 level=2
D/STATUSBAR-NetworkController( 2913): refreshSignalCluster: data=2 bt=false
W/SignalStrength( 2374): getLevel=2 (SignalStrength: 8 0 -120 -160 -120 -1 -1 99 2147483647 2147483647 2147483647 2147483647 gsm|lte 0x2)
D/STATUSBAR-SignalClusterView( 2913): mSeparateMobileGroup=0
D/STATUSBAR-SignalClusterView( 2913): mSeparateMobileGroup=0
D/STATUSBAR-SignalClusterView( 2913): mSeparateMobileGroup=0
D/videowall-TranscodeService(15584): Music is = false
D/videowall-TranscodeService(15584): power : true / screen off : false
D/videowall-TranscodeService(15584): releaseTransThread.
D/YouTube MDX( 4452): Recieved intent android.intent.action.SCREEN_ON
W/SignalStrength( 2374): getDbm 1
W/SignalStrength( 2374): getGsmDbm=-97
W/SignalStrength( 2374): getDbm=-97
W/SignalStrength( 2374): getAsuLevel 1
W/SignalStrength( 2374): getGsmAsuLevel=8
W/SignalStrength( 2374): getAsuLevel=8
D/AlarmManagerService( 2374): Kernel timezone updated to -120 minutes west of GMT
D/PopupuiReceiver( 5399): onReceive() getAction : android.intent.action.NETWORK_SET_TIMEZONE
D/PopupuiReceiver( 5399): NETWORK_SET_TIME prevMCCvalue : 244
D/PopupuiReceiver( 5399): gsm.operator.numeric : 244
D/PopupuiReceiver( 5399): SAME to prevMCCvalue : mccstrcmp
W/MessageQueue( 4909): Handler (android.telephony.PhoneStateListener$2) {41e04e30} sending message to a Handler on a dead thread
W/MessageQueue( 4909): java.lang.RuntimeException: Handler (android.telephony.PhoneStateListener$2) {41e04e30} sending message to a Handler on a dead thread
W/MessageQueue( 4909): at android.os.MessageQueue.enqueueMessage(MessageQueue.java:294)
W/MessageQueue( 4909): at android.os.Handler.sendMessageAtTime(Handler.java:473)
W/MessageQueue( 4909): at android.os.Handler.sendMessageDelayed(Handler.java:446)
W/MessageQueue( 4909): at android.os.Handler.sendMessage(Handler.java:383)
W/MessageQueue( 4909): at android.os.Message.sendToTarget(Message.java:360)
W/MessageQueue( 4909): at android.telephony.PhoneStateListener$1.onServiceStateChanged(PhoneStateListener.java:327)
W/MessageQueue( 4909): at com.android.internal.telephony.IPhoneStateListener$Stub.onTransact(IPhoneStateListener.java:55)
W/MessageQueue( 4909): at android.os.Binder.execTransact(Binder.java:367)
W/MessageQueue( 4909): at dalvik.system.NativeStart.run(Native Method)
D/ContextualPageReceiver( 3156): mContextualPageReceiver: ACTION_SERVICE_STATE_CHANGED isRoaming : false
W/SignalStrength( 2913): getGsmLevel=2
W/SignalStrength( 2913): getLevel=2 (SignalStrength: 8 0 -120 -160 -120 -1 -1 99 2147483647 2147483647 2147483647 2147483647 gsm|lte 0x2)
D/STATUSBAR-NetworkController( 2913): onServiceStateChanged state=0
D/STATUSBAR-NetworkController( 2913): updateDataNetType()
D/STATUSBAR-NetworkController( 2913): Nothing, mRoamingIconId = 0
D/StatusChecker( 3516): onReceive : android.intent.action.SERVICE_STATE
D/StatusChecker( 3516): Service state changed : 0
V/LockPatternKeyguardView( 2374): *** dispatchDraw() time: 211094299
D/SurfaceFlinger( 1959): Screen about to return, flinger = 0x410cf008
D/SecTVOutService( 1959): virtual void android::SecTVOutService::setSuspendMode(uint32_t) TV suspend mode = 0
D/SecTVOutService( 1959): virtual void android::SecTVOutService::setHdmiStatus(uint32_t) HDMI cable status = 1
D/ ( 1959): bool android::SecHdmi::connect()::m_flagHWConnected() fail
E/SecTVOutService( 1959): virtual void android::SecTVOutService::setHdmiStatus(uint32_t)::mSecHdmi.connect() fail
D/WindowManager( 2374): mUnSetIgnorePWR
I/InputReader( 2374): Touch event's action is 0x0 (deviceType=0) [pCnt=1, s=0.13006 ]
I/InputDispatcher( 2374): Delivering touch to current input target: action: 0x0
I/InputDispatcher( 2374): Delivering touch to current input target: action: 0x0
I/InputDispatcher( 2374): Delivering touch to current input target: action: 0x0
D/CircleUnlockRipple( 2374): handleTouchEvent event : 0
D/CircleUnlockRipple( 2374): pokeWakelockWithTimeCheck time diffence = 978
D/KeyguardViewMediator( 2374): pokeWakelock(10000)
D/CircleUnlockRipple( 2374): pokeWakelockWithTimeCheck mCallback.pokeWakelock(AWAKE_INTERVAL_DEFAULT_MS)
D/CircleUnlockRippleRenderer( 2374): event action: 0, view = null, src = 1002
E/AudioPolicyService( 1962): getOutput() tid 2327 ++
E/AudioPolicyService( 1962): getOutput() tid 2327 --
V/AudioPolicyManagerBase( 1962): getOutput() stream 1, samplingRate 0, format 0, channelMask 3, flags 0
V/AudioPolicyManagerBase( 1962): getOutputsForDevice device 0002 -> 0002
V/AudioPolicyManagerBase( 1962): getOutput() returns output 2
E/AudioPolicyService( 1962): getOutput() tid 1962 ++
E/AudioPolicyService( 1962): getOutput() tid 1962 --
V/AudioPolicyManagerBase( 1962): getOutput() stream 1, samplingRate 0, format 0, channelMask 3, flags 0
V/AudioPolicyManagerBase( 1962): getOutputsForDevice device 0002 -> 0002
V/AudioPolicyManagerBase( 1962): getOutput() returns output 2
E/AudioPolicyService( 1962): getOutput() tid 29207 ++
E/AudioPolicyService( 1962): getOutput() tid 29207 --
V/AudioPolicyManagerBase( 1962): getOutput() stream 1, samplingRate 44100, format 1, channelMask 3, flags 4
V/AudioPolicyManagerBase( 1962): getOutputsForDevice device 0002 -> 0002
V/AudioPolicyManagerBase( 1962): getOutput() returns output 2
V/LvOutput( 1962): initCheck: 0
V/LvOutput( 1962): attachEffects: attach processing to output 2, stream 1, session 623, mode 0
V/LvOutput( 1962): attachEffects: no output processing needs to be attached to this stream
V/LvOutput( 1962): LvOutput::setAllProcessorEnabled(false) mOutputs.size(2)
V/AudioPolicyManagerBase( 1962): startOutput() output 2, stream 1, session 623
V/AudioPolicyManagerBase( 1962): changeRefCount() stream 1, count 1
E/AudioPolicyManagerBase( 1962): unknown stream type
E/AudioPolicyManagerBase( 1962): unknown stream type
E/AudioPolicyManagerBase( 1962): unknown stream type
E/AudioPolicyManagerBase( 1962): unknown stream type
E/AudioPolicyManagerBase( 1962): unknown stream type
V/AudioPolicyManagerBase( 1962): getNewDevice() selected device 2
V/AudioPolicyManagerBase( 1962): setOutputDevice() output 2 device 0002 force 0 delayMs 0
V/AudioPolicyManagerBase( 1962): setOutputDevice() prevDevice 0002
V/AudioPolicyManagerBase( 1962): setOutputDevice() setting same device 0002 or null device for output 2
D/PowerManagerService( 2374): acquireWakeLock flags=0x1000001a tag=keyguard uid=1000 pid=2374 myUID=1000 myPID=2374 myTID=2749
I/AudioMixer( 1962): setParameter(TRACK, FORMAT, 0x1)
E/AudioMixer( 1962): MOON > checkSEC_PCM ++ 1
I/AudioHardwareTinyALSA( 1962): AudioStreamOutALSA::write setDevice
D/AudioHardwareTinyALSA( 1962): OutALSA::setDevice: mode = 0, newDevice=0x2, currentDevice=0x2 ,force= 0
D/AudioHardwareTinyALSA( 1962): OutALSA::setDevice: mDevice 0x2, newDevice = 0x2
D/AudioHardwareTinyALSA( 1962): setOutputVolume
D/TinyUCM ( 1962): setModifier Normal, en=1
I/AudioHardwareTinyALSA( 1962): OutALSA::setDevice: mHandle NULL mode[0], Device[00000002]
I/AudioHardwareTinyALSA( 1962): Open: mDefaults->direction=0 device=0
D/AudioHardwareTinyALSA( 1962): Channel: 2, Samplerate: 44100, Format: 0, Peroid Size: 1024, Period Count: 4
D/AudioHardwareTinyALSA( 1962): setPcmInterface: Stream=0x1, iSamplerate=16000++
D/AudioHardwareTinyALSA( 1962): setPcmInterface--
D/CircleUnlockRipple( 2374): handleTouchEvent event : 2
D/CircleUnlockRipple( 2374): pokeWakelockWithTimeCheck time diffence = 1004
D/KeyguardViewMediator( 2374): pokeWakelock(10000)
D/CircleUnlockRipple( 2374): pokeWakelockWithTimeCheck mCallback.pokeWakelock(AWAKE_INTERVAL_DEFAULT_MS)
D/CircleUnlockRippleRenderer( 2374): event action: 2, view = null, src = 1002
D/PowerManagerService( 2374): acquireWakeLock flags=0x1000001a tag=keyguard uid=1000 pid=2374 myUID=1000 myPID=2374 myTID=2749
D/CircleUnlockRipple( 2374): handleTouchEvent event : 2
D/CircleUnlockRipple( 2374): pokeWakelockWithTimeCheck time diffence = 1021
D/KeyguardViewMediator( 2374): pokeWakelock(10000)
D/CircleUnlockRipple( 2374): pokeWakelockWithTimeCheck mCallback.pokeWakelock(AWAKE_INTERVAL_DEFAULT_MS)
D/CircleUnlockRippleRenderer( 2374): event action: 2, view = null, src = 1002
D/PowerManagerService( 2374): acquireWakeLock flags=0x1000001a tag=keyguard uid=1000 pid=2374 myUID=1000 myPID=2374 myTID=2749
D/CircleUnlockRipple( 2374): handleTouchEvent event : 2
D/CircleUnlockRipple( 2374): pokeWakelockWithTimeCheck time diffence = 1037
D/KeyguardViewMediator( 2374): pokeWakelock(10000)
D/PowerManagerService( 2374): acquireWakeLock flags=0x1000001a tag=keyguard uid=1000 pid=2374 myUID=1000 myPID=2374 myTID=2749
D/CircleUnlockRipple( 2374): pokeWakelockWithTimeCheck mCallback.pokeWakelock(AWAKE_INTERVAL_DEFAULT_MS)
D/CircleUnlockRippleRenderer( 2374): event action: 2, view = null, src = 1002
D/CircleUnlockRipple( 2374): handleTouchEvent event : 2
D/CircleUnlockRipple( 2374): pokeWakelockWithTimeCheck time diffence = 1054
D/KeyguardViewMediator( 2374): pokeWakelock(10000)
D/CircleUnlockRipple( 2374): pokeWakelockWithTimeCheck mCallback.pokeWakelock(AWAKE_INTERVAL_DEFAULT_MS)
D/CircleUnlockRippleRenderer( 2374): event action: 2, view = null, src = 1002
D/PowerManagerService( 2374): acquireWakeLock flags=0x1000001a tag=keyguard uid=1000 pid=2374 myUID=1000 myPID=2374 myTID=2749
D/CircleUnlockRipple( 2374): handleTouchEvent event : 2
D/CircleUnlockRipple( 2374): pokeWakelockWithTimeCheck time diffence = 1071
D/KeyguardViewMediator( 2374): pokeWakelock(10000)
D/CircleUnlockRipple( 2374): pokeWakelockWithTimeCheck mCallback.pokeWakelock(AWAKE_INTERVAL_DEFAULT_MS)
D/CircleUnlockRippleRenderer( 2374): event action: 2, view = null, src = 1002
E/AudioPolicyService( 1962): getOutput() tid 2306 ++
E/AudioPolicyService( 1962): getOutput() tid 2306 --
V/AudioPolicyManagerBase( 1962): getOutput() stream 1, samplingRate 0, format 0, channelMask 3, flags 0
V/AudioPolicyManagerBase( 1962): getOutputsForDevice device 0002 -> 0002
V/AudioPolicyManagerBase( 1962): getOutput() returns output 2
E/AudioPolicyService( 1962): getOutput() tid 2327 ++
E/AudioPolicyService( 1962): getOutput() tid 2327 --
V/AudioPolicyManagerBase( 1962): getOutput() stream 1, samplingRate 0, format 0, channelMask 3, flags 0
V/AudioPolicyManagerBase( 1962): getOutputsForDevice device 0002 -> 0002
V/AudioPolicyManagerBase( 1962): getOutput() returns output 2
E/AudioPolicyService( 1962): getOutput() tid 1962 ++
E/AudioPolicyService( 1962): getOutput() tid 1962 --
V/AudioPolicyManagerBase( 1962): getOutput() stream 1, samplingRate 48000, format 1, channelMask 1, flags 4
V/AudioPolicyManagerBase( 1962): getOutputsForDevice device 0002 -> 0002
V/AudioPolicyManagerBase( 1962): getOutput() returns output 2
D/PowerManagerService( 2374): acquireWakeLock flags=0x1000001a tag=keyguard uid=1000 pid=2374 myUID=1000 myPID=2374 myTID=2749
V/LvOutput( 1962): initCheck: 0
V/LvOutput( 1962): attachEffects: attach processing to output 2, stream 1, session 624, mode 0
V/LvOutput( 1962): attachEffects: no output processing needs to be attached to this stream
V/LvOutput( 1962): LvOutput::setAllProcessorEnabled(false) mOutputs.size(2)
V/AudioPolicyManagerBase( 1962): startOutput() output 2, stream 1, session 624
V/AudioPolicyManagerBase( 1962): changeRefCount() stream 1, count 2
I/AudioMixer( 1962): setParameter(TRACK, FORMAT, 0x1)
E/AudioMixer( 1962): MOON > checkSEC_PCM ++ 1
I/AudioMixer( 1962): AudioMixer::track_t::setResampler channelCount 1
E/AudioMixer( 1962): MOON > checkSEC_PCM ++ 1
I/AudioResampler( 1962): AudioResampler::AudioResampler() 1 bits, 1 channels
E/AudioResampler( 1962): Unsupported sample format, 1 bits, 1 channels
I/AudioResampler( 1962): new MM resampler(48000 -> 44100, 1)
D/CircleUnlockRipple( 2374): handleTouchEvent event : 2
D/CircleUnlockRipple( 2374): pokeWakelockWithTimeCheck time diffence = 1138
D/KeyguardViewMediator( 2374): pokeWakelock(10000)
D/CircleUnlockRipple( 2374): pokeWakelockWithTimeCheck mCallback.pokeWakelock(AWAKE_INTERVAL_DEFAULT_MS)
D/CircleUnlockRippleRenderer( 2374): event action: 2, view = null, src = 1002
D/LockPatternUtils( 2374): isPcwEnable = null
D/KeyguardViewMediator( 2374): keyguardDone(true)
D/KeyguardViewMediator( 2374): handleKeyguardDone
D/KeyguardViewMediator( 2374): handleHide
E/AudioPolicyService( 1962): getOutput() tid 2329 ++
E/AudioPolicyService( 1962): getOutput() tid 2329 --
V/AudioPolicyManagerBase( 1962): getOutput() stream 1, samplingRate 0, format 0, channelMask 3, flags 0
V/AudioPolicyManagerBase( 1962): getOutputsForDevice device 0002 -> 0002
V/AudioPolicyManagerBase( 1962): getOutput() returns output 2
E/AudioPolicyService( 1962): getOutput() tid 2306 ++
E/AudioPolicyService( 1962): getOutput() tid 2306 --
V/AudioPolicyManagerBase( 1962): getOutput() stream 1, samplingRate 0, format 0, channelMask 3, flags 0
V/AudioPolicyManagerBase( 1962): getOutputsForDevice device 0002 -> 0002
V/AudioPolicyManagerBase( 1962): getOutput() returns output 2
E/AudioPolicyService( 1962): getOutput() tid 2327 ++
E/AudioPolicyService( 1962): getOutput() tid 2327 --
V/AudioPolicyManagerBase( 1962): getOutput() stream 1, samplingRate 44100, format 1, channelMask 1, flags 4
V/AudioPolicyManagerBase( 1962): getOutputsForDevice device 0002 -> 0002
V/AudioPolicyManagerBase( 1962): getOutput() returns output 2
V/LvOutput( 1962): initCheck: 0
D/PowerManagerService( 2374): acquireWakeLock flags=0x1000001a tag=keyguard uid=1000 pid=2374 myUID=1000 myPID=2374 myTID=2749
V/LvOutput( 1962): attachEffects: attach processing to output 2, stream 1, session 625, mode 0
V/LvOutput( 1962): attachEffects: no output processing needs to be attached to this stream
V/LvOutput( 1962): LvOutput::setAllProcessorEnabled(false) mOutputs.size(2)
V/AudioPolicyManagerBase( 1962): startOutput() output 2, stream 1, session 625
V/AudioPolicyManagerBase( 1962): changeRefCount() stream 1, count 3
V/AudioPolicyManagerBase( 1962): releaseOutput() 2
D/Launcher( 3156): onRestart, Launcher: 1104468464
D/Launcher( 3156): onStart, Launcher: 1104468464
D/Launcher.HomeFragment( 3156): onStart
D/Launcher( 3156): onResume, Launcher: 1104468464
D/KeyguardViewMediator( 2374): setHidden false
D/KeyguardViewMediator( 2374): adjustUserActivityLocked mShowing: false mHidden: false
D/KeyguardViewMediator( 2374): setHidden false
I/FlashBarService( 2991): mPkgManagerReceiver : onReceive
D/PowerManagerService( 2374): enableUserActivity true
D/LockPatternUtils( 2374): isPcwEnable = null
D/KeyguardViewMediator( 2374): adjustStatusBarLocked: mShowing=false mHidden=false isSecure=false --> flags=0x0
I/AudioMixer( 1962): setParameter(TRACK, FORMAT, 0x1)
E/AudioMixer( 1962): MOON > checkSEC_PCM ++ 1
D/STATUSBAR-StatusBarManagerService( 2374): manageDisableList what=0x0 pkg=android
E/KeyguardViewMediator( 2374): 3. Lockscreen unlock
E/KeyguardViewMediator( 2374): Phone is boot completed. so can broadcast
D/PhoneStatusBar( 2913): disable: < expand icons alerts ticker system_info BACK HOME recent* CLOCK > D/lights ( 2374): button : 2 +
D/lights ( 2374): button : 2 -
E/KeyguardViewMediator( 2374): Phone is boot completed. so can broadcast
D/CircleUnlockRipple( 2374): handleTouchEvent event : 2
D/CircleUnlockRipple( 2374): pokeWakelockWithTimeCheck time diffence = 1177
D/KeyguardViewMediator( 2374): pokeWakelock canceled by the showing condition
D/CircleUnlockRipple( 2374): pokeWakelockWithTimeCheck mCallback.pokeWakelock(AWAKE_INTERVAL_DEFAULT_MS)
D/CircleUnlockRippleRenderer( 2374): event action: 2, view = null, src = 1002
D/CircleUnlockRippleRenderer( 2374): cleanUp
V/SoundPoolThread( 2374): Got message m=1, mData=0
V/SoundPoolThread( 2374): goodbye
V/SoundPoolThread( 2374): return from quit
D/PowerManagerService( 2374): releaseWakeLockLocked flags=0x0 tag=keyguard myUID=1000 myPID=2374 myTID=2749
I/PowerManagerService( 2374): Ulight 0x7->0x3|0x0
D/LightsService( 2374): setLightLocked is called
D/STATUSBAR-NotificationService( 2374): ACTION_USER_PRESENT
D/LightsService( 2374): [SvcLED] setSvcLedStateLocked:: id = 4, color = 0, mode = Off, set = Off
E/MotionRecognitionService( 2374): mReceiver.onReceive : ACTION_USER_PRESENT :: UNLOCK SCREEN
V/LvOutput( 1962): initCheck: 0
V/LvOutput( 1962): detachEffects: detach processing for output 2, stream 1, session 624
V/LvOutput( 1962): detachEffects: no output processing was attached to this stream
V/AudioPolicyManagerBase( 1962): stopOutput() output 2, stream 1, session 624
V/AudioPolicyManagerBase( 1962): changeRefCount() stream 1, count 2
V/AudioPolicyManagerBase( 1962): releaseOutput() 2
V/LvOutput( 1962): initCheck: 0
V/LvOutput( 1962): detachEffects: detach processing for output 2, stream 1, session 623
V/LvOutput( 1962): detachEffects: no output processing was attached to this stream
V/AudioPolicyManagerBase( 1962): stopOutput() output 2, stream 1, session 623
V/AudioPolicyManagerBase( 1962): changeRefCount() stream 1, count 1
V/AudioPolicyManagerBase( 1962): releaseOutput() 2
V/SoundPoolThread( 2374): return from quit
D/YouTube ( 4452): apps.youtube.app.prefetch.g.onReceive:366 Received: android.intent.action.USER_PRESENT
E/MTPRx (27139): In MtpReceiverandroid.intent.action.USER_PRESENT
E/MTPRx (27139): check value of boot_completed is1
E/MTPRx (27139): check booting is completed_sys.boot_completed
E/MTPRx (27139): Sd-Card path/storage/extSdCard
D/WindowManager( 2374): PhoneWindowManager: focusChangedLw
D/KeyguardViewMediator( 2374): setHidden false
E/MTPRx (27139): Status for mount/Unmount :mounted
E/MTPRx (27139): SDcard is available
E/MTPRx (27139): The value of first_boot is 1
E/MTPRx (27139): [ 662] The value of first_boot is 1NORMAL SEQUENCE
D/WindowManager( 2374): mInputFocus is not null.
D/WindowManager( 2374): mInputFocus is not null.
D/CircleUnlockRipple( 2374): handleTouchEvent event : 2
D/CircleUnlockRipple( 2374): pokeWakelockWithTimeCheck time diffence = 1235
D/KeyguardViewMediator( 2374): pokeWakelock canceled by the showing condition
D/CircleUnlockRipple( 2374): pokeWakelockWithTimeCheck mCallback.pokeWakelock(AWAKE_INTERVAL_DEFAULT_MS)
D/CircleUnlockRippleRenderer( 2374): event action: 2, view = null, src = 1002
D/CircleUnlockRippleRenderer( 2374): cleanUp
D/LockPatternKeyguardView( 2374): unfocused
D/CircleLockScreen( 2374): unfocused
D/WindowManager( 2374): PhoneWindowManager: focusChangedLw
D/KeyguardViewMediator( 2374): setHidden false
D/CircleUnlockRipple( 2374): handleTouchEvent event : 2
D/CircleUnlockRipple( 2374): pokeWakelockWithTimeCheck time diffence = 1248
D/KeyguardViewMediator( 2374): pokeWakelock canceled by the showing condition
D/CircleUnlockRipple( 2374): pokeWakelockWithTimeCheck mCallback.pokeWakelock(AWAKE_INTERVAL_DEFAULT_MS)
D/CircleUnlockRippleRenderer( 2374): event action: 2, view = null, src = 1002
D/CircleUnlockRippleRenderer( 2374): cleanUp
D/STATUSBAR-StatusBarManagerService( 2374): setSystemUiVisibility(0x0)
D/STATUSBAR-StatusBarManagerService( 2374): manageDisableList what=0x0 pkg=WindowManager.LayoutParams
D/PhoneStatusBar( 2913): disable: < expand icons alerts ticker system_info back* home* recent clock* > D/CircleUnlockRipple( 2374): handleTouchEvent event : 2
D/CircleUnlockRipple( 2374): pokeWakelockWithTimeCheck time diffence = 1254
D/KeyguardViewMediator( 2374): pokeWakelock canceled by the showing condition
D/CircleUnlockRipple( 2374): pokeWakelockWithTimeCheck mCallback.pokeWakelock(AWAKE_INTERVAL_DEFAULT_MS)
D/CircleUnlockRippleRenderer( 2374): event action: 2, view = null, src = 1002
D/CircleUnlockRippleRenderer( 2374): cleanUp
D/KeyguardViewMediator( 2374): setHidden false
D/KeyguardViewMediator( 2374): setHidden false
D/CircleUnlockRipple( 2374): handleTouchEvent event : 2
D/CircleUnlockRipple( 2374): pokeWakelockWithTimeCheck time diffence = 1272
D/KeyguardViewMediator( 2374): pokeWakelock canceled by the showing condition
D/CircleUnlockRipple( 2374): pokeWakelockWithTimeCheck mCallback.pokeWakelock(AWAKE_INTERVAL_DEFAULT_MS)
D/CircleUnlockRippleRenderer( 2374): event action: 2, view = null, src = 1002
D/CircleUnlockRippleRenderer( 2374): cleanUp
D/dalvikvm( 2931): WAIT_FOR_CONCURRENT_GC blocked 0ms
D/CircleUnlockRipple( 2374): handleTouchEvent event : 2
D/CircleUnlockRipple( 2374): pokeWakelockWithTimeCheck time diffence = 1288
D/KeyguardViewMediator( 2374): pokeWakelock canceled by the showing condition
D/CircleUnlockRipple( 2374): pokeWakelockWithTimeCheck mCallback.pokeWakelock(AWAKE_INTERVAL_DEFAULT_MS)
D/CircleUnlockRippleRenderer( 2374): event action: 2, view = null, src = 1002
D/CircleUnlockRippleRenderer( 2374): cleanUp
D/KeyguardViewMediator( 2374): setHidden false
D/CircleUnlockRipple( 2374): handleTouchEvent event : 2
D/CircleUnlockRipple( 2374): pokeWakelockWithTimeCheck time diffence = 1306
D/KeyguardViewMediator( 2374): pokeWakelock canceled by the showing condition
D/CircleUnlockRipple( 2374): pokeWakelockWithTimeCheck mCallback.pokeWakelock(AWAKE_INTERVAL_DEFAULT_MS)
D/CircleUnlockRippleRenderer( 2374): event action: 2, view = null, src = 1002
D/CircleUnlockRippleRenderer( 2374): cleanUp
D/KeyguardViewMediator( 2374): setHidden false
D/dalvikvm( 2931): GC_EXPLICIT freed 209K, 7% free 12280K/13191K, paused 3ms+2ms, total 25ms
I/InputReader( 2374): Touch event's action is 0x1 (deviceType=0) [pCnt=1, s=]
I/InputDispatcher( 2374): Delivering touch to current input target: action: 0x1
I/InputDispatcher( 2374): Delivering touch to current input target: action: 0x1
I/InputDispatcher( 2374): Delivering touch to current input target: action: 0x1
D/CircleUnlockRipple( 2374): handleTouchEvent event : 2
D/CircleUnlockRipple( 2374): pokeWakelockWithTimeCheck time diffence = 1314
D/KeyguardViewMediator( 2374): pokeWakelock canceled by the showing condition
D/CircleUnlockRipple( 2374): pokeWakelockWithTimeCheck mCallback.pokeWakelock(AWAKE_INTERVAL_DEFAULT_MS)
D/CircleUnlockRippleRenderer( 2374): event action: 2, view = null, src = 1002
D/CircleUnlockRippleRenderer( 2374): cleanUp
D/CircleUnlockRipple( 2374): handleTouchEvent event : 1
D/CircleUnlockRipple( 2374): pokeWakelockWithTimeCheck time diffence = 1315
D/KeyguardViewMediator( 2374): pokeWakelock canceled by the showing condition
D/CircleUnlockRipple( 2374): pokeWakelockWithTimeCheck mCallback.pokeWakelock(AWAKE_INTERVAL_DEFAULT_MS)
D/CircleUnlockRippleRenderer( 2374): event action: 1, view = null, src = 1002
D/KeyguardViewMediator( 2374): setHidden false
E/Launcher( 3156): Error finding setting, default accessibility to not found: accessibility_enabled
D/Launcher.HomeFragment( 3156): onResume
D/MenuAppsGridFragment( 3156): onResume
D/KeyguardViewMediator( 2374): setHidden false
W/InputMethodManagerService( 2374): Window already focused, ignoring focus gain of: com.android.internal.view.IInputMethodClient$Stub$Proxy@427660c8 attribute=android.view.inputmethod.EditorInfo@4275bd70
D/KeyguardViewMediator( 2374): setHidden false
D/KeyguardViewMediator( 2374): setHidden false
E/SpannableStringBuilder( 3156): SPAN_EXCLUSIVE_EXCLUSIVE spans cannot have a zero length
E/SpannableStringBuilder( 3156): SPAN_EXCLUSIVE_EXCLUSIVE spans cannot have a zero length
D/KeyguardViewMediator( 2374): setHidden false
D/KeyguardViewMediator( 2374): setHidden false
D/KeyguardViewMediator( 2374): setHidden false
D/KeyguardViewMediator( 2374): setHidden false
D/KeyguardViewMediator( 2374): setHidden false
D/KeyguardViewMediator( 2374): setHidden false
D/KeyguardViewMediator( 2374): setHidden false
I/SurfaceFlinger( 1959): id=4700 Removed Leyguard idx=5 MapSz=4
I/SurfaceFlinger( 1959): id=4700 Removed Leyguard idx=-2 MapSz=4
D/CircleLockScreen( 2374): onPause()
D/CircleShortcutWidget( 2374): onPause()
D/CircleLockScreen( 2374): cleanUp()
D/CircleUnlockRippleRenderer( 2374): cleanUp
D/CircleShortcutWidget( 2374): cleanUp()
V/LvOutput( 1962): initCheck: 0
V/LvOutput( 1962): detachEffects: detach processing for output 2, stream 1, session 625
V/LvOutput( 1962): detachEffects: no output processing was attached to this stream
V/AudioPolicyManagerBase( 1962): stopOutput() output 2, stream 1, session 625
V/AudioPolicyManagerBase( 1962): changeRefCount() stream 1, count 0
E/AudioPolicyManagerBase( 1962): unknown stream type
E/AudioPolicyManagerBase( 1962): unknown stream type
E/AudioPolicyManagerBase( 1962): unknown stream type
E/AudioPolicyManagerBase( 1962): unknown stream type
E/AudioPolicyManagerBase( 1962): unknown stream type
E/AudioPolicyManagerBase( 1962): unknown stream type
V/AudioPolicyManagerBase( 1962): getNewDevice() selected device 0
V/AudioPolicyManagerBase( 1962): setOutputDevice() output 2 device 0000 force 0 delayMs 184
V/AudioPolicyManagerBase( 1962): setOutputDevice() prevDevice 0002
V/AudioPolicyManagerBase( 1962): setOutputDevice() setting same device 0000 or null device for output 2
D/KeyguardViewMediator( 2374): setHidden false
D/KeyguardViewMediator( 2374): setHidden false
D/KeyguardViewMediator( 2374): setHidden false
D/KeyguardViewMediator( 2374): setHidden false
W/SurfaceView( 2374): CHECK surface infomation creating=false formatChanged=false sizeChanged=false visible=false visibleChanged=true surfaceChanged=true realSizeChanged=false redrawNeeded=false left=false top=false
I/SurfaceFlinger( 1959): id=4701 Removed TurfaceView idx=4 MapSz=3
D/KeyguardViewMediator( 2374): setHidden false
I/SurfaceFlinger( 1959): id=4701 Removed TurfaceView idx=-2 MapSz=3
D/WallpaperWidget( 2374): cleanUp()
D/KeyguardViewMediator( 2374): setHidden false
D/LockPatternUtils( 2374): isPcwEnable = null
D/KeyguardViewMediator( 2374): adjustStatusBarLocked: mShowing=false mHidden=false isSecure=false --> flags=0x0
D/STATUSBAR-StatusBarManagerService( 2374): manageDisableList what=0x0 pkg=android
D/STATUSBAR-NetworkController( 2913): onDataActivity: direction=2
D/STATUSBAR-NetworkController( 2913): refreshSignalCluster: data=2 bt=false
D/STATUSBAR-SignalClusterView( 2913): mSeparateMobileGroup=0
D/STATUSBAR-SignalClusterView( 2913): mSeparateMobileGroup=0
D/STATUSBAR-SignalClusterView( 2913): mSeparateMobileGroup=0
I/InputReader( 2374): Touch event's action is 0x0 (deviceType=0) [pCnt=1, s=0.13007 ]
I/InputDispatcher( 2374): Delivering touch to current input target: action: 0x0
I/InputDispatcher( 2374): Delivering touch to current input target: action: 0x0
I/InputDispatcher( 2374): Delivering touch to current input target: action: 0x0
I/InputDispatcher( 2374): Delivering touch to current input target: action: 0x0
I/InputReader( 2374): Touch event's action is 0x1 (deviceType=0) [pCnt=1, s=]
I/InputDispatcher( 2374): Delivering touch to current input target: action: 0x1
I/InputDispatcher( 2374): Delivering touch to current input target: action: 0x1
I/InputDispatcher( 2374): Delivering touch to current input target: action: 0x1
I/InputDispatcher( 2374): Delivering touch to current input target: action: 0x1
I/Launcher.StuckInEdit( 3156): exitWidgetResizeMode State NORMAL
I/TwDVFSBroadcastReceiver( 3107): onLauncherIntent
D/PowerManager( 3107): DVFSLock : acquire : timeout : 1000
I/power ( 2374): *** acquire_dvfs_lock : lockType : 1 freq : 1400000
D/PowerManagerService( 2374): acquireDVFSLockLocked : type : DVFS_MIN_LIMIT frequency : 1400000 uid : 1000 pid : 3107 tag : TwDVFSBroadcastReceiver
D/Launcher.MenuAppsGrid( 3156): StateObj::getAppsList() item count = 60
D/CellLayoutChildren( 3156): setCellDimensions. width: 164, height: 188, gapX: 8, gapY: 4
D/CellLayout( 3156): setGridSize(4, 5)
D/CellLayoutChildren( 3156): setCellDimensions. width: 164, height: 188, gapX: 8, gapY: 4
D/CellLayout( 3156): setGridSize(4, 5)
D/CellLayoutChildren( 3156): setCellDimensions. width: 164, height: 188, gapX: 8, gapY: 4
D/CellLayout( 3156): setGridSize(4, 5)
E/SpannableStringBuilder( 3156): SPAN_EXCLUSIVE_EXCLUSIVE spans cannot have a zero length
E/SpannableStringBuilder( 3156): SPAN_EXCLUSIVE_EXCLUSIVE spans cannot have a zero length
D/STATUSBAR-NetworkController( 2913): onDataActivity: direction=1
D/STATUSBAR-NetworkController( 2913): refreshSignalCluster: data=2 bt=false
D/STATUSBAR-SignalClusterView( 2913): mSeparateMobileGroup=0
D/STATUSBAR-SignalClusterView( 2913): mSeparateMobileGroup=0
D/STATUSBAR-SignalClusterView( 2913): mSeparateMobileGroup=0
I/power ( 2374): *** release_dvfs_lock : lockType : 1
D/PowerManagerService( 2374): releaseDVFSLockLocked : all DVFS_MIN_LIMIT are released
I/InputReader( 2374): Touch event's action is 0x0 (deviceType=0) [pCnt=1, s=0.13008 ]
I/InputDispatcher( 2374): Delivering touch to current input target: action: 0x0
