D/KeyguardViewMediator( 2374): setHidden false
I/SurfaceFlinger( 1959): id=4544 Removed KobManagerA idx=4 MapSz=3
I/SurfaceFlinger( 1959): id=4544 Removed KobManagerA idx=-2 MapSz=3
D/KeyguardViewMediator( 2374): setHidden false
D/AlarmManagerService( 2374): Kernel timezone updated to -120 minutes west of GMT
D/KeyguardViewMediator( 2374): setHidden false
W/MessageQueue( 4909): Handler (android.telephony.PhoneStateListener$2) {41e04e30} sending message to a Handler on a dead thread
W/MessageQueue( 4909): java.lang.RuntimeException: Handler (android.telephony.PhoneStateListener$2) {41e04e30} sending message to a Handler on a dead thread
W/MessageQueue( 4909): at android.os.MessageQueue.enqueueMessage(MessageQueue.java:294)
W/MessageQueue( 4909): at android.os.Handler.sendMessageAtTime(Handler.java:473)
W/MessageQueue( 4909): at android.os.Handler.sendMessageDelayed(Handler.java:446)
W/MessageQueue( 4909): at android.os.Handler.sendMessage(Handler.java:383)
W/MessageQueue( 4909): at android.os.Message.sendToTarget(Message.java:360)
W/MessageQueue( 4909): at android.telephony.PhoneStateListener$1.onServiceStateChanged(PhoneStateListener.java:327)
W/MessageQueue( 4909): at com.android.internal.telephony.IPhoneStateListener$Stub.onTransact(IPhoneStateListener.java:55)
W/MessageQueue( 4909): at android.os.Binder.execTransact(Binder.java:367)
W/MessageQueue( 4909): at dalvik.system.NativeStart.run(Native Method)
W/SignalStrength( 2913): getGsmLevel=1
W/SignalStrength( 2913): getLevel=1 (SignalStrength: 3 0 -120 -160 -120 -1 -1 99 2147483647 2147483647 2147483647 2147483647 gsm|lte 0x1)
D/PopupuiReceiver( 5399): onReceive() getAction : android.intent.action.NETWORK_SET_TIMEZONE
D/PopupuiReceiver( 5399): NETWORK_SET_TIME prevMCCvalue : 244
D/PopupuiReceiver( 5399): gsm.operator.numeric : 244
D/PopupuiReceiver( 5399): SAME to prevMCCvalue : mccstrcmp
D/ContextualPageReceiver( 3156): mContextualPageReceiver: ACTION_SERVICE_STATE_CHANGED isRoaming : false
D/KeyguardViewMediator( 2374): setHidden false
D/StatusChecker( 3516): onReceive : android.intent.action.SERVICE_STATE
D/StatusChecker( 3516): Service state changed : 0
I/InputReader( 2374): Touch event's action is 0x0 (deviceType=0) [pCnt=1, s=0.12919 ]
I/InputDispatcher( 2374): Delivering touch to current input target: action: 0x0
I/InputDispatcher( 2374): Delivering touch to current input target: action: 0x0
I/InputDispatcher( 2374): Delivering touch to current input target: action: 0x0
I/InputDispatcher( 2374): Delivering touch to current input target: action: 0x0
I/InputReader( 2374): Touch event's action is 0x1 (deviceType=0) [pCnt=1, s=]
I/InputDispatcher( 2374): Delivering touch to current input target: action: 0x1
I/InputDispatcher( 2374): Delivering touch to current input target: action: 0x1
I/InputDispatcher( 2374): Delivering touch to current input target: action: 0x1
I/InputDispatcher( 2374): Delivering touch to current input target: action: 0x1
I/Launcher.StuckInEdit( 3156): exitWidgetResizeMode State NORMAL
I/TwDVFSBroadcastReceiver( 3107): onLauncherIntent
D/PowerManager( 3107): DVFSLock : acquire : timeout : 1000
I/power ( 2374): *** acquire_dvfs_lock : lockType : 1 freq : 1400000
D/Launcher.MenuAppsGrid( 3156): StateObj::getAppsList() item count = 60
D/CellLayoutChildren( 3156): setCellDimensions. width: 164, height: 188, gapX: 8, gapY: 4
D/CellLayout( 3156): setGridSize(4, 5)
D/CellLayoutChildren( 3156): setCellDimensions. width: 164, height: 188, gapX: 8, gapY: 4
D/CellLayout( 3156): setGridSize(4, 5)
D/CellLayoutChildren( 3156): setCellDimensions. width: 164, height: 188, gapX: 8, gapY: 4
D/CellLayout( 3156): setGridSize(4, 5)
D/FastDormancy( 3067): [FD] ON default: true
D/FastDormancy( 3067): getDormancyFlag() return mDormFlag = true
D/FastDormancy( 3067): Before mDormFlag: true in getCapaDormancy()
D/FastDormancy( 3067): After mDormFlag: true in getCapaDormancy()
W/FastDormancy( 3067): ======= ENTER DORMANCY =======
D/FastDormancy( 3067): ======= FAST DORMANCY Enter =======
E/SpannableStringBuilder( 3156): SPAN_EXCLUSIVE_EXCLUSIVE spans cannot have a zero length
E/SpannableStringBuilder( 3156): SPAN_EXCLUSIVE_EXCLUSIVE spans cannot have a zero length
D/AlarmManagerService( 2374): Kernel timezone updated to -120 minutes west of GMT
W/SignalStrength( 2913): getGsmLevel=1
W/SignalStrength( 2913): getLevel=1 (SignalStrength: 3 0 -120 -160 -120 -1 -1 99 2147483647 2147483647 2147483647 2147483647 gsm|lte 0x1)
W/MessageQueue( 4909): Handler (android.telephony.PhoneStateListener$2) {41e04e30} sending message to a Handler on a dead thread
W/MessageQueue( 4909): java.lang.RuntimeException: Handler (android.telephony.PhoneStateListener$2) {41e04e30} sending message to a Handler on a dead thread
W/MessageQueue( 4909): at android.os.MessageQueue.enqueueMessage(MessageQueue.java:294)
W/MessageQueue( 4909): at android.os.Handler.sendMessageAtTime(Handler.java:473)
W/MessageQueue( 4909): at android.os.Handler.sendMessageDelayed(Handler.java:446)
W/MessageQueue( 4909): at android.os.Handler.sendMessage(Handler.java:383)
W/MessageQueue( 4909): at android.os.Message.sendToTarget(Message.java:360)
W/MessageQueue( 4909): at android.telephony.PhoneStateListener$1.onServiceStateChanged(PhoneStateListener.java:327)
W/MessageQueue( 4909): at com.android.internal.telephony.IPhoneStateListener$Stub.onTransact(IPhoneStateListener.java:55)
W/MessageQueue( 4909): at android.os.Binder.execTransact(Binder.java:367)
W/MessageQueue( 4909): at dalvik.system.NativeStart.run(Native Method)
D/PopupuiReceiver( 5399): onReceive() getAction : android.intent.action.NETWORK_SET_TIMEZONE
D/PopupuiReceiver( 5399): NETWORK_SET_TIME prevMCCvalue : 244
D/PopupuiReceiver( 5399): gsm.operator.numeric : 244
D/PopupuiReceiver( 5399): SAME to prevMCCvalue : mccstrcmp
D/ContextualPageReceiver( 3156): mContextualPageReceiver: ACTION_SERVICE_STATE_CHANGED isRoaming : false
D/StatusChecker( 3516): onReceive : android.intent.action.SERVICE_STATE
D/StatusChecker( 3516): Service state changed : 0
I/power ( 2374): *** release_dvfs_lock : lockType : 1
W/SignalStrength( 2374): getGsmLevel=1
W/SignalStrength( 2374): getLevel=1 (SignalStrength: 4 0 -120 -160 -120 -1 -1 99 2147483647 2147483647 2147483647 2147483647 gsm|lte 0x1)
W/SignalStrength( 2913): getGsmLevel=1
W/SignalStrength( 2913): getLevel=1 (SignalStrength: 4 0 -120 -160 -120 -1 -1 99 2147483647 2147483647 2147483647 2147483647 gsm|lte 0x1)
W/SignalStrength( 2913): getGsmLevel=1
W/SignalStrength( 2913): getLevel=1 (SignalStrength: 4 0 -120 -160 -120 -1 -1 99 2147483647 2147483647 2147483647 2147483647 gsm|lte 0x1)
W/SignalStrength( 2374): getDbm 1
W/SignalStrength( 2374): getGsmDbm=-105
W/SignalStrength( 2374): getDbm=-105
W/SignalStrength( 2374): getAsuLevel 1
W/SignalStrength( 2374): getGsmAsuLevel=4
W/SignalStrength( 2374): getAsuLevel=4
I/InputReader( 2374): Touch event's action is 0x0 (deviceType=0) [pCnt=1, s=0.12920 ]
I/InputDispatcher( 2374): Delivering touch to current input target: action: 0x0
I/InputDispatcher( 2374): Delivering touch to current input target: action: 0x0
I/InputDispatcher( 2374): Delivering touch to current input target: action: 0x0
I/InputDispatcher( 2374): Delivering touch to current input target: action: 0x0
I/TwDVFSBroadcastReceiver( 3107): onLauncherIntent
D/PowerManager( 3107): DVFSLock : acquire : timeout : 1000
I/power ( 2374): *** acquire_dvfs_lock : lockType : 1 freq : 1400000
I/InputReader( 2374): Touch event's action is 0x1 (deviceType=0) [pCnt=1, s=]
I/InputDispatcher( 2374): Delivering touch to current input target: action: 0x1
I/InputDispatcher( 2374): Delivering touch to current input target: action: 0x1
I/InputDispatcher( 2374): Delivering touch to current input target: action: 0x1
I/InputDispatcher( 2374): Delivering touch to current input target: action: 0x1
I/power ( 2374): *** release_dvfs_lock : lockType : 1
I/InputReader( 2374): Touch event's action is 0x0 (deviceType=0) [pCnt=1, s=0.12921 ]
I/InputDispatcher( 2374): Delivering touch to current input target: action: 0x0
I/InputDispatcher( 2374): Delivering touch to current input target: action: 0x0
I/InputDispatcher( 2374): Delivering touch to current input target: action: 0x0
I/InputDispatcher( 2374): Delivering touch to current input target: action: 0x0
I/TwDVFSBroadcastReceiver( 3107): onLauncherIntent
D/PowerManager( 3107): DVFSLock : acquire : timeout : 1000
I/power ( 2374): *** acquire_dvfs_lock : lockType : 1 freq : 1400000
I/InputReader( 2374): Touch event's action is 0x1 (deviceType=0) [pCnt=1, s=]
I/InputDispatcher( 2374): Delivering touch to current input target: action: 0x1
I/InputDispatcher( 2374): Delivering touch to current input target: action: 0x1
I/InputDispatcher( 2374): Delivering touch to current input target: action: 0x1
I/InputDispatcher( 2374): Delivering touch to current input target: action: 0x1
I/InputReader( 2374): Touch event's action is 0x0 (deviceType=0) [pCnt=1, s=0.12922 ]
I/InputDispatcher( 2374): Delivering touch to current input target: action: 0x0
I/InputDispatcher( 2374): Delivering touch to current input target: action: 0x0
I/InputDispatcher( 2374): Delivering touch to current input target: action: 0x0
I/InputDispatcher( 2374): Delivering touch to current input target: action: 0x0
I/power ( 2374): *** release_dvfs_lock : lockType : 1
I/TwDVFSBroadcastReceiver( 3107): onLauncherIntent
D/PowerManager( 3107): DVFSLock : acquire : timeout : 1000
I/power ( 2374): *** acquire_dvfs_lock : lockType : 1 freq : 1400000
I/InputReader( 2374): Touch event's action is 0x1 (deviceType=0) [pCnt=1, s=]
I/InputDispatcher( 2374): Delivering touch to current input target: action: 0x1
I/InputDispatcher( 2374): Delivering touch to current input target: action: 0x1
I/InputDispatcher( 2374): Delivering touch to current input target: action: 0x1
I/InputDispatcher( 2374): Delivering touch to current input target: action: 0x1
D/Launcher.HomeFragment( 3156): onPause
D/Launcher( 3156): onPause, Launcher: 1104468464
I/SurfaceFlinger( 1959): id=4547(418) createSurf 0x40d95754 (1x1),1 flag=400, tecond
I/SurfaceFlinger( 1959): SurfaceFlinger : eMagnificationFactorChanged. magnificationFactor=1.0
I/SurfaceFlinger( 1959): SurfaceFlinger : eZoomPositionChanged. zoomX=0.0 zoomY=0.0
D/KeyguardViewMediator( 2374): setHidden false
D/dalvikvm(27591): Late-enabling CheckJNI
I/dalvikvm(27591): Turning on JNI app bug workarounds for target SDK version 12...
D/WindowManager( 2374): PhoneWindowManager: focusChangedLw
D/KeyguardViewMediator( 2374): setHidden false
D/dalvikvm(27591): Trying to load lib /data/data/blobby.test.second/lib/libSDL2.so 0x41d58518
D/dalvikvm(27591): Added shared lib /data/data/blobby.test.second/lib/libSDL2.so 0x41d58518
D/KeyguardViewMediator( 2374): setHidden false
D/dalvikvm(27591): Trying to load lib /data/data/blobby.test.second/lib/libmain.so 0x41d58518
D/dalvikvm(27591): Added shared lib /data/data/blobby.test.second/lib/libmain.so 0x41d58518
D/dalvikvm(27591): No JNI_OnLoad found in /data/data/blobby.test.second/lib/libmain.so 0x41d58518, skipping init
D/KeyguardViewMediator( 2374): setHidden false
D/KeyguardViewMediator( 2374): setHidden false
D/KeyguardViewMediator( 2374): setHidden false
D/Launcher( 3156): onTrimMemory. Level: 20
D/KeyguardViewMediator( 2374): setHidden false
D/dalvikvm(10676): GC_CONCURRENT freed 328K, 8% free 12835K/13895K, paused 12ms+1ms, total 40ms
V/SDL (27591): onResume()
I/SurfaceFlinger( 1959): id=4548(1) createSurf 0x40d91ca4 (1x1),1 flag=0, tecondActiv
I/SurfaceFlinger( 1959): SurfaceFlinger : eMagnificationFactorChanged. magnificationFactor=1.0
I/SurfaceFlinger( 1959): SurfaceFlinger : eZoomPositionChanged. zoomX=0.0 zoomY=0.0
D/WindowManager( 2374): PhoneWindowManager: focusChangedLw
D/KeyguardViewMediator( 2374): setHidden false
V/PhoneStatusBar( 2913): setLightsOn(true)
D/KeyguardViewMediator( 2374): setHidden false
D/dalvikvm( 2374): GC_CONCURRENT freed 1495K, 46% free 32543K/59655K, paused 4ms+9ms, total 128ms
D/libEGL (27591): loaded /system/lib/egl/libEGL_mali.so
D/libEGL (27591): loaded /system/lib/egl/libGLESv1_CM_mali.so
D/libEGL (27591): loaded /system/lib/egl/libGLESv2_mali.so
D/ (27591): Device driver API match
D/ (27591): Device driver API version: 10
D/ (27591): User space API version: 10
D/ (27591): mali: REVISION=Linux-r2p4-02rel0 BUILD_DATE=Tue Oct 16 15:37:13 KST 2012
D/OpenGLRenderer(27591): Enabling debug mode 0
I/SurfaceFlinger( 1959): id=4549(2) createSurf 0x40e2acdc (720x1280),4 flag=400, TurfaceView
I/SurfaceFlinger( 1959): SurfaceFlinger : eMagnificationFactorChanged. magnificationFactor=1.0
I/SurfaceFlinger( 1959): SurfaceFlinger : eZoomPositionChanged. zoomX=0.0 zoomY=0.0
D/KeyguardViewMediator( 2374): setHidden false
V/SDL (27591): surfaceCreated()
V/SDL (27591): surfaceChanged()
V/SDL (27591): pixel format RGB_565
V/SDL (27591): Window size:720x1280
E/SensorManager(27591): thread start
D/SensorService( 2374): info.rates.add, set DEFAULT_EVENTS_PERIOD
D/SensorService( 2374): SensorDevice::activating sensor handle=0 ns=200000000
D/iNemoSensor( 2374): setDelay(): handle(0), en(200000000)
I/iNemoSensor( 2374): skip update_delay wanted_accel = 200000000 current delay = 200000000
I/SensorService( 2374): info.selectDelay() ns=20000000
D/iNemoSensor( 2374): setDelay(): handle(0), en(20000000)
I/iNemoSensor( 2374): update_delay wanted_accel = 20000000
D/SensorService( 2374): SensorDevice::setDelay, Return(true 1, false 0) = 1
D/SensorManager(27591): registerListener :: handle = 0 name= LSM330DLC 3-axis Accelerometer delay= 20000 Listener= org.libsdl.app.SDLSurface@41d5f438
I/SDL (27591): SDL_Android_Init()
I/SDL (27591): SDL_Android_Init() finished!
D/KeyguardViewMediator( 2374): setHidden false
D/KeyguardViewMediator( 2374): setHidden false
D/KeyguardViewMediator( 2374): setHidden false
D/KeyguardViewMediator( 2374): setHidden false
V/SDL (27591): onWindowFocusChanged(): true
I/ClipboardServiceEx( 2374): Send intent for dismiss clipboard dialog inside hideCurrentInputLocked() !
D/KeyguardViewMediator( 2374): setHidden false
D/KeyguardViewMediator( 2374): setHidden false
D/Launcher.HomeFragment( 3156): onStop
D/Launcher( 3156): onStop, Launcher: 1104468464
D/AkmSensor( 2374): MeasureSNGLoop: interval.interval = 20000000, doze_max = 19600, prms->enabled = 2
D/KeyguardViewMediator( 2374): setHidden false
I/SurfaceFlinger( 1959): id=4546 Removed Mauncher idx=2 MapSz=5
I/SurfaceFlinger( 1959): id=4546 Removed Mauncher idx=-2 MapSz=5
D/KeyguardViewMediator( 2374): setHidden false
D/KeyguardViewMediator( 2374): setHidden false
I/SurfaceFlinger( 1959): id=4547 Removed tecond idx=4 MapSz=4
I/SurfaceFlinger( 1959): id=4547 Removed tecond idx=-2 MapSz=4
D/KeyguardViewMediator( 2374): setHidden false
D/KeyguardViewMediator( 2374): setHidden false
I/power ( 2374): *** release_dvfs_lock : lockType : 1
D/InputReader( 2374): Input event: value=1
D/RestrictionPolicy( 2374): isHomeKeyEnabled :true
D/InputReader( 2374): Input event: value=0
D/RestrictionPolicy( 2374): isHomeKeyEnabled :true
D/RestrictionPolicy( 2374): isHomeKeyEnabled :true
D/KeyguardViewMediator( 2374): setHidden false
D/dalvikvm( 2913): GC_CONCURRENT freed 5946K, 36% free 23103K/35783K, paused 5ms+14ms, total 70ms
D/dalvikvm( 2913): WAIT_FOR_CONCURRENT_GC blocked 42ms
D/KeyguardViewMediator( 2374): setHidden false
V/SDL (27591): onPause()
V/SDL (27591): nativePause()
D/WindowManager( 2374): PhoneWindowManager: focusChangedLw
D/SensorManager(27591): unregisterListener:: Listener= org.libsdl.app.SDLSurface@41d5f438
D/Sensors (27591): Remain listener = Sending .. normal delay 200ms
I/Sensors (27591): sendDelay --- 200000000
I/SensorService( 2374): info.selectDelay() ns=200000000
D/iNemoSensor( 2374): setDelay(): handle(0), en(200000000)
I/iNemoSensor( 2374): update_delay wanted_accel = 200000000
D/SensorService( 2374): SensorDevice::setDelay, Return(true 1, false 0) = 1
D/SensorManager(27591): JNI - sendDelay
I/SensorManager(27591): Set normal delay = true
D/SensorService( 2374): SensorDevice::activating sensor handle=0 ns=200000000
D/iNemoSensor( 2374): setDelay(): handle(0), en(200000000)
I/iNemoSensor( 2374): skip update_delay wanted_accel = 200000000 current delay = 200000000
D/AkmSensor( 2374): MeasureSNGLoop: interval.interval = 200000000, doze_max = 196000, prms->enabled = 2
D/KeyguardViewMediator( 2374): setHidden false
D/KeyguardViewMediator( 2374): setHidden false
V/SDL (27591): onWindowFocusChanged(): false
I/Launcher.StuckInEdit( 3156): exitWidgetResizeMode State NORMAL
D/Launcher( 3156): onRestart, Launcher: 1104468464
D/Launcher( 3156): onStart, Launcher: 1104468464
D/Launcher.HomeFragment( 3156): onStart
D/Launcher( 3156): onResume, Launcher: 1104468464
I/FlashBarService( 2991): mPkgManagerReceiver : onReceive
E/Launcher( 3156): Error finding setting, default accessibility to not found: accessibility_enabled
D/Launcher.HomeFragment( 3156): onResume
D/MenuAppsGridFragment( 3156): onResume
I/SurfaceFlinger( 1959): id=4550(158) createSurf 0x40d90f44 (720x1280),1 flag=0, Mauncher
I/SurfaceFlinger( 1959): SurfaceFlinger : eMagnificationFactorChanged. magnificationFactor=1.0
I/SurfaceFlinger( 1959): SurfaceFlinger : eZoomPositionChanged. zoomX=0.0 zoomY=0.0
D/WindowManager( 2374): PhoneWindowManager: focusChangedLw
D/KeyguardViewMediator( 2374): setHidden false
I/ClipboardServiceEx( 2374): Send intent for dismiss clipboard dialog inside hideCurrentInputLocked() !
D/KeyguardViewMediator( 2374): setHidden false
D/KeyguardViewMediator( 2374): setHidden false
D/KeyguardViewMediator( 2374): setHidden false
D/KeyguardViewMediator( 2374): setHidden false
D/KeyguardViewMediator( 2374): setHidden false
V/SDL (27591): surfaceDestroyed()
W/SurfaceView(27591): CHECK surface infomation creating=false formatChanged=false sizeChanged=false visible=false visibleChanged=true surfaceChanged=true realSizeChanged=false redrawNeeded=false left=false top=false
D/KeyguardViewMediator( 2374): setHidden false
D/KeyguardViewMediator( 2374): setHidden false
D/InputReader( 2374): Input event: value=1
D/RestrictionPolicy( 2374): isHomeKeyEnabled :true
D/KeyguardViewMediator( 2374): setHidden false
I/SurfaceFlinger( 1959): id=4548 Removed tecondActiv idx=5 MapSz=4
I/SurfaceFlinger( 1959): id=4548 Removed tecondActiv idx=-2 MapSz=4
I/SurfaceFlinger( 1959): id=4549 Removed TurfaceView idx=4 MapSz=3
D/KeyguardViewMediator( 2374): setHidden false
D/KeyguardViewMediator( 2374): setHidden false
D/RestrictionPolicy( 2374): isHomeKeyEnabled :true
D/dalvikvm( 2913): GC_CONCURRENT freed 565K, 32% free 24584K/35783K, paused 13ms+4ms, total 41ms
D/dalvikvm( 2913): WAIT_FOR_CONCURRENT_GC blocked 30ms
D/dalvikvm( 2913): GC_FOR_ALLOC freed 61K, 27% free 26265K/35783K, paused 16ms, total 16ms
D/dalvikvm( 2913): GC_CONCURRENT freed 21K, 21% free 28272K/35783K, paused 2ms+2ms, total 18ms
D/dalvikvm( 2913): WAIT_FOR_CONCURRENT_GC blocked 13ms
D/RestrictionPolicy( 2374): isHomeKeyEnabled :true
D/WindowManager( 2374): Home long press behavior, keyguardOn = false
D/RestrictionPolicy( 2374): isHomeKeyEnabled :true
D/RestrictionPolicy( 2374): isHomeKeyEnabled :true
D/RestrictionPolicy( 2374): isHomeKeyEnabled :true
W/WindowManager( 2374): interceptKeyBeforeDispatching with IVoIPInterface
I/SurfaceFlinger( 1959): id=4551(21) createSurf 0x40d9238c (720x1280),1 flag=0, SecentsPane
I/SurfaceFlinger( 1959): SurfaceFlinger : eMagnificationFactorChanged. magnificationFactor=1.0
I/SurfaceFlinger( 1959): SurfaceFlinger : eZoomPositionChanged. zoomX=0.0 zoomY=0.0
D/WindowManager( 2374): PhoneWindowManager: focusChangedLw
D/KeyguardViewMediator( 2374): setHidden false
D/RestrictionPolicy( 2374): isHomeKeyEnabled :true
D/RestrictionPolicy( 2374): isHomeKeyEnabled :true
D/KeyguardViewMediator( 2374): setHidden false
D/RestrictionPolicy( 2374): isHomeKeyEnabled :true
D/RestrictionPolicy( 2374): isHomeKeyEnabled :true
D/RestrictionPolicy( 2374): isHomeKeyEnabled :true
D/RestrictionPolicy( 2374): isHomeKeyEnabled :true
D/KeyguardViewMediator( 2374): setHidden false
D/KeyguardViewMediator( 2374): setHidden false
D/RestrictionPolicy( 2374): isHomeKeyEnabled :true
D/InputReader( 2374): Input event: value=0
D/RestrictionPolicy( 2374): isHomeKeyEnabled :true
I/InputReader( 2374): Touch event's action is 0x0 (deviceType=0) [pCnt=1, s=0.12923 ]
I/InputDispatcher( 2374): Delivering touch to current input target: action: 0x0
I/InputDispatcher( 2374): Delivering touch to current input target: action: 0x0
I/InputDispatcher( 2374): Delivering touch to current input target: action: 0x0
I/InputReader( 2374): Touch event's action is 0x1 (deviceType=0) [pCnt=1, s=]
I/InputDispatcher( 2374): Delivering touch to current input target: action: 0x1
I/InputDispatcher( 2374): Delivering touch to current input target: action: 0x1
I/InputDispatcher( 2374): Delivering touch to current input target: action: 0x1
D/KeyguardViewMediator( 2374): setHidden false
D/Launcher.HomeFragment( 3156): onPause
D/Launcher( 3156): onPause, Launcher: 1104468464
I/power ( 2374): *** acquire_dvfs_lock : lockType : 1 freq : 1000000
D/KeyguardViewMediator( 2374): setHidden false
V/SDL (27591): onResume()
D/KeyguardViewMediator( 2374): setHidden false
I/SurfaceFlinger( 1959): id=4552(3) createSurf 0x42ccae0c (720x1280),4 flag=400, TurfaceView
I/SurfaceFlinger( 1959): SurfaceFlinger : eMagnificationFactorChanged. magnificationFactor=1.0
I/SurfaceFlinger( 1959): SurfaceFlinger : eZoomPositionChanged. zoomX=0.0 zoomY=0.0
D/KeyguardViewMediator( 2374): setHidden false
V/SDL (27591): surfaceCreated()
V/SDL (27591): surfaceChanged()
V/SDL (27591): pixel format RGB_565
V/SDL (27591): Window size:720x1280
I/SurfaceFlinger( 1959): id=4549 Removed TurfaceView idx=-2 MapSz=5
I/SurfaceFlinger( 1959): id=4553(4) createSurf 0x40d9ae84 (720x1280),1 flag=0, tecondActiv
I/SurfaceFlinger( 1959): SurfaceFlinger : eMagnificationFactorChanged. magnificationFactor=1.0
I/SurfaceFlinger( 1959): SurfaceFlinger : eZoomPositionChanged. zoomX=0.0 zoomY=0.0
D/KeyguardViewMediator( 2374): setHidden false
D/Launcher( 3156): onTrimMemory. Level: 20
D/KeyguardViewMediator( 2374): setHidden false
D/KeyguardViewMediator( 2374): setHidden false
D/KeyguardViewMediator( 2374): setHidden false
D/KeyguardViewMediator( 2374): setHidden false
D/KeyguardViewMediator( 2374): setHidden false
I/SurfaceFlinger( 1959): id=4554(1018) createSurf 0x40e2964c (328x290),1 flag=4, uhumbnail a
D/KeyguardViewMediator( 2374): setHidden false
D/KeyguardViewMediator( 2374): setHidden false
D/KeyguardViewMediator( 2374): setHidden false
D/KeyguardViewMediator( 2374): setHidden false
D/Launcher.HomeFragment( 3156): onStop
D/Launcher( 3156): onStop, Launcher: 1104468464
D/KeyguardViewMediator( 2374): setHidden false
D/WindowManager( 2374): PhoneWindowManager: focusChangedLw
D/KeyguardViewMediator( 2374): setHidden false
V/SDL (27591): onWindowFocusChanged(): true
V/SDL (27591): nativeResume()
D/SensorService( 2374): info.rates.add, set DEFAULT_EVENTS_PERIOD
D/SensorService( 2374): SensorDevice::activating sensor handle=0 ns=200000000
D/iNemoSensor( 2374): setDelay(): handle(0), en(200000000)
I/iNemoSensor( 2374): skip update_delay wanted_accel = 200000000 current delay = 200000000
I/SensorService( 2374): info.selectDelay() ns=20000000
D/iNemoSensor( 2374): setDelay(): handle(0), en(20000000)
I/iNemoSensor( 2374): update_delay wanted_accel = 20000000
V/PhoneStatusBar( 2913): setLightsOn(true)
D/SensorService( 2374): SensorDevice::setDelay, Return(true 1, false 0) = 1
D/SensorManager(27591): registerListener :: handle = 0 name= LSM330DLC 3-axis Accelerometer delay= 20000 Listener= org.libsdl.app.SDLSurface@41d5f438
I/ClipboardServiceEx( 2374): Send intent for dismiss clipboard dialog inside hideCurrentInputLocked() !
D/KeyguardViewMediator( 2374): setHidden false
I/SurfaceFlinger( 1959): id=4550 Removed Mauncher idx=2 MapSz=6
I/SurfaceFlinger( 1959): id=4550 Removed Mauncher idx=-2 MapSz=6
D/AkmSensor( 2374): MeasureSNGLoop: interval.interval = 20000000, doze_max = 19600, prms->enabled = 2
D/KeyguardViewMediator( 2374): setHidden false
I/SurfaceFlinger( 1959): id=4551 Removed SecentsPane idx=7 MapSz=5
I/SurfaceFlinger( 1959): id=4551 Removed SecentsPane idx=-2 MapSz=5
D/KeyguardViewMediator( 2374): setHidden false
I/SurfaceFlinger( 1959): id=4554 Removed uhumbnail a idx=4 MapSz=4
I/SurfaceFlinger( 1959): id=4554 Removed uhumbnail a idx=-2 MapSz=4
I/power ( 2374): *** release_dvfs_lock : lockType : 1
D/KeyguardViewMediator( 2374): setHidden false
D/KeyguardViewMediator( 2374): setHidden false
D/InputReader( 2374): Input event: value=1
I/InputDispatcher( 2374): Delivering key to current input target: action: 0x0
I/InputDispatcher( 2374): Delivering key to current input target: action: 0x0
I/InputDispatcher( 2374): Delivering key to current input target: action: 0x0
D/InputReader( 2374): Input event: value=0
I/InputDispatcher( 2374): Delivering key to current input target: action: 0x1
I/InputDispatcher( 2374): Delivering key to current input target: action: 0x1
I/InputDispatcher( 2374): Delivering key to current input target: action: 0x1
I/ClipboardServiceEx( 2374): mCBPickerDialog enter case. MSG_DISMISS_DIALOG
W/SignalStrength( 2374): getGsmLevel=1
W/SignalStrength( 2913): getGsmLevel=1
W/SignalStrength( 2913): getLevel=1 (SignalStrength: 3 0 -120 -160 -120 -1 -1 99 2147483647 2147483647 2147483647 2147483647 gsm|lte 0x1)
W/SignalStrength( 2374): getLevel=1 (SignalStrength: 3 0 -120 -160 -120 -1 -1 99 2147483647 2147483647 2147483647 2147483647 gsm|lte 0x1)
W/SignalStrength( 2913): getGsmLevel=1
W/SignalStrength( 2913): getLevel=1 (SignalStrength: 3 0 -120 -160 -120 -1 -1 99 2147483647 2147483647 2147483647 2147483647 gsm|lte 0x1)
W/SignalStrength( 2374): getDbm 1
W/SignalStrength( 2374): getGsmDbm=-107
W/SignalStrength( 2374): getDbm=-107
W/SignalStrength( 2374): getAsuLevel 1
W/SignalStrength( 2374): getGsmAsuLevel=3
W/SignalStrength( 2374): getAsuLevel=3
D/dalvikvm( 2374): GC_CONCURRENT freed 2316K, 47% free 32174K/59655K, paused 10ms+13ms, total 162ms
E/Watchdog( 2374): !@Sync 1449
D/AlarmManagerService( 2374): Kernel timezone updated to -120 minutes west of GMT
D/PopupuiReceiver( 5399): onReceive() getAction : android.intent.action.NETWORK_SET_TIMEZONE
D/PopupuiReceiver( 5399): NETWORK_SET_TIME prevMCCvalue : 244
D/PopupuiReceiver( 5399): gsm.operator.numeric : 244
D/PopupuiReceiver( 5399): SAME to prevMCCvalue : mccstrcmp
W/SignalStrength( 2913): getGsmLevel=1
W/MessageQueue( 4909): Handler (android.telephony.PhoneStateListener$2) {41e04e30} sending message to a Handler on a dead thread
W/MessageQueue( 4909): java.lang.RuntimeException: Handler (android.telephony.PhoneStateListener$2) {41e04e30} sending message to a Handler on a dead thread
W/MessageQueue( 4909): at android.os.MessageQueue.enqueueMessage(MessageQueue.java:294)
W/MessageQueue( 4909): at android.os.Handler.sendMessageAtTime(Handler.java:473)
W/MessageQueue( 4909): at android.os.Handler.sendMessageDelayed(Handler.java:446)
W/MessageQueue( 4909): at android.os.Handler.sendMessage(Handler.java:383)
W/MessageQueue( 4909): at android.os.Message.sendToTarget(Message.java:360)
W/MessageQueue( 4909): at android.telephony.PhoneStateListener$1.onServiceStateChanged(PhoneStateListener.java:327)
W/MessageQueue( 4909): at com.android.internal.telephony.IPhoneStateListener$Stub.onTransact(IPhoneStateListener.java:55)
W/MessageQueue( 4909): at android.os.Binder.execTransact(Binder.java:367)
W/MessageQueue( 4909): at dalvik.system.NativeStart.run(Native Method)
W/SignalStrength( 2913): getLevel=1 (SignalStrength: 3 0 -120 -160 -120 -1 -1 99 2147483647 2147483647 2147483647 2147483647 gsm|lte 0x1)
D/ContextualPageReceiver( 3156): mContextualPageReceiver: ACTION_SERVICE_STATE_CHANGED isRoaming : false
D/StatusChecker( 3516): onReceive : android.intent.action.SERVICE_STATE
D/StatusChecker( 3516): Service state changed : 0
D/InputReader( 2374): Input event: value=1
D/RestrictionPolicy( 2374): isHomeKeyEnabled :true
D/RestrictionPolicy( 2374): isHomeKeyEnabled :true
D/InputReader( 2374): Input event: value=0
D/RestrictionPolicy( 2374): isHomeKeyEnabled :true
D/KeyguardViewMediator( 2374): setHidden false
D/KeyguardViewMediator( 2374): setHidden false
V/SDL (27591): onPause()
V/SDL (27591): nativePause()
D/WindowManager( 2374): PhoneWindowManager: focusChangedLw
D/SensorManager(27591): unregisterListener:: Listener= org.libsdl.app.SDLSurface@41d5f438
D/Sensors (27591): Remain listener = Sending .. normal delay 200ms
I/Sensors (27591): sendDelay --- 200000000
I/SensorService( 2374): info.selectDelay() ns=200000000
D/iNemoSensor( 2374): setDelay(): handle(0), en(200000000)
I/iNemoSensor( 2374): update_delay wanted_accel = 200000000
D/SensorService( 2374): SensorDevice::setDelay, Return(true 1, false 0) = 1
D/SensorManager(27591): JNI - sendDelay
I/SensorManager(27591): Set normal delay = true
D/SensorService( 2374): SensorDevice::activating sensor handle=0 ns=200000000
D/iNemoSensor( 2374): setDelay(): handle(0), en(200000000)
I/iNemoSensor( 2374): skip update_delay wanted_accel = 200000000 current delay = 200000000
D/AkmSensor( 2374): MeasureSNGLoop: interval.interval = 200000000, doze_max = 196000, prms->enabled = 2
D/KeyguardViewMediator( 2374): setHidden false
I/Launcher.StuckInEdit( 3156): exitWidgetResizeMode State NORMAL
D/Launcher( 3156): onRestart, Launcher: 1104468464
D/Launcher( 3156): onStart, Launcher: 1104468464
D/Launcher.HomeFragment( 3156): onStart
D/Launcher( 3156): onResume, Launcher: 1104468464
D/KeyguardViewMediator( 2374): setHidden false
I/FlashBarService( 2991): mPkgManagerReceiver : onReceive
V/SDL (27591): onWindowFocusChanged(): false
E/Launcher( 3156): Error finding setting, default accessibility to not found: accessibility_enabled
D/Launcher.HomeFragment( 3156): onResume
D/MenuAppsGridFragment( 3156): onResume
I/SurfaceFlinger( 1959): id=4555(159) createSurf 0x40ddbbc4 (720x1280),1 flag=0, Mauncher
I/SurfaceFlinger( 1959): SurfaceFlinger : eMagnificationFactorChanged. magnificationFactor=1.0
I/SurfaceFlinger( 1959): SurfaceFlinger : eZoomPositionChanged. zoomX=0.0 zoomY=0.0
D/WindowManager( 2374): PhoneWindowManager: focusChangedLw
D/KeyguardViewMediator( 2374): setHidden false
I/ClipboardServiceEx( 2374): Send intent for dismiss clipboard dialog inside hideCurrentInputLocked() !
D/KeyguardViewMediator( 2374): setHidden false
D/KeyguardViewMediator( 2374): setHidden false
D/KeyguardViewMediator( 2374): setHidden false
D/KeyguardViewMediator( 2374): setHidden false
D/KeyguardViewMediator( 2374): setHidden false
V/SDL (27591): surfaceDestroyed()
W/SurfaceView(27591): CHECK surface infomation creating=false formatChanged=false sizeChanged=false visible=false visibleChanged=true surfaceChanged=true realSizeChanged=false redrawNeeded=false left=false top=false
D/KeyguardViewMediator( 2374): setHidden false
D/KeyguardViewMediator( 2374): setHidden false
W/SignalStrength( 2913): getGsmLevel=0
W/SignalStrength( 2913): getLevel=0 (SignalStrength: 2 0 -120 -160 -120 -1 -1 99 2147483647 2147483647 2147483647 2147483647 gsm|lte 0x0)
W/SignalStrength( 2913): getGsmLevel=0
W/SignalStrength( 2913): getLevel=0 (SignalStrength: 2 0 -120 -160 -120 -1 -1 99 2147483647 2147483647 2147483647 2147483647 gsm|lte 0x0)
W/SignalStrength( 2374): getGsmLevel=0
W/SignalStrength( 2374): getLevel=0 (SignalStrength: 2 0 -120 -160 -120 -1 -1 99 2147483647 2147483647 2147483647 2147483647 gsm|lte 0x0)
W/SignalStrength( 2374): getDbm 1
W/SignalStrength( 2374): getGsmDbm=-109
W/SignalStrength( 2374): getDbm=-109
W/SignalStrength( 2374): getAsuLevel 1
W/SignalStrength( 2374): getGsmAsuLevel=2
W/SignalStrength( 2374): getAsuLevel=2
D/KeyguardViewMediator( 2374): setHidden false
I/SurfaceFlinger( 1959): id=4553 Removed tecondActiv idx=5 MapSz=4
I/SurfaceFlinger( 1959): id=4553 Removed tecondActiv idx=-2 MapSz=4
I/SurfaceFlinger( 1959): id=4552 Removed TurfaceView idx=4 MapSz=3
D/KeyguardViewMediator( 2374): setHidden false
D/KeyguardViewMediator( 2374): setHidden false
I/InputReader( 2374): Touch event's action is 0x0 (deviceType=0) [pCnt=1, s=0.12924 ]
I/InputDispatcher( 2374): Delivering touch to current input target: action: 0x0
I/InputDispatcher( 2374): Delivering touch to current input target: action: 0x0
I/InputDispatcher( 2374): Delivering touch to current input target: action: 0x0
I/InputDispatcher( 2374): Delivering touch to current input target: action: 0x0
I/InputReader( 2374): Touch event's action is 0x1 (deviceType=0) [pCnt=1, s=]
I/InputDispatcher( 2374): Delivering touch to current input target: action: 0x1
I/InputDispatcher( 2374): Delivering touch to current input target: action: 0x1
I/InputDispatcher( 2374): Delivering touch to current input target: action: 0x1
I/InputDispatcher( 2374): Delivering touch to current input target: action: 0x1
I/Launcher.StuckInEdit( 3156): exitWidgetResizeMode State NORMAL
D/dalvikvm( 2931): WAIT_FOR_CONCURRENT_GC blocked 0ms
D/dalvikvm( 2931): GC_EXPLICIT freed 210K, 7% free 12281K/13191K, paused 2ms+3ms, total 25ms
D/Launcher.MenuAppsGrid( 3156): StateObj::getAppsList() item count = 60
D/CellLayoutChildren( 3156): setCellDimensions. width: 164, height: 188, gapX: 8, gapY: 4
D/CellLayout( 3156): setGridSize(4, 5)
D/CellLayoutChildren( 3156): setCellDimensions. width: 164, height: 188, gapX: 8, gapY: 4
D/CellLayout( 3156): setGridSize(4, 5)
D/CellLayoutChildren( 3156): setCellDimensions. width: 164, height: 188, gapX: 8, gapY: 4
D/CellLayout( 3156): setGridSize(4, 5)
I/TwDVFSBroadcastReceiver( 3107): onLauncherIntent
D/PowerManager( 3107): DVFSLock : acquire : timeout : 1000
I/power ( 2374): *** acquire_dvfs_lock : lockType : 1 freq : 1400000
E/SpannableStringBuilder( 3156): SPAN_EXCLUSIVE_EXCLUSIVE spans cannot have a zero length
E/SpannableStringBuilder( 3156): SPAN_EXCLUSIVE_EXCLUSIVE spans cannot have a zero length
D/AlarmManagerService( 2374): Kernel timezone updated to -120 minutes west of GMT
W/SignalStrength( 2913): getGsmLevel=0
W/SignalStrength( 2913): getLevel=0 (SignalStrength: 2 0 -120 -160 -120 -1 -1 99 2147483647 2147483647 2147483647 2147483647 gsm|lte 0x0)
W/MessageQueue( 4909): Handler (android.telephony.PhoneStateListener$2) {41e04e30} sending message to a Handler on a dead thread
W/MessageQueue( 4909): java.lang.RuntimeException: Handler (android.telephony.PhoneStateListener$2) {41e04e30} sending message to a Handler on a dead thread
W/MessageQueue( 4909): at android.os.MessageQueue.enqueueMessage(MessageQueue.java:294)
W/MessageQueue( 4909): at android.os.Handler.sendMessageAtTime(Handler.java:473)
W/MessageQueue( 4909): at android.os.Handler.sendMessageDelayed(Handler.java:446)
W/MessageQueue( 4909): at android.os.Handler.sendMessage(Handler.java:383)
W/MessageQueue( 4909): at android.os.Message.sendToTarget(Message.java:360)
W/MessageQueue( 4909): at android.telephony.PhoneStateListener$1.onServiceStateChanged(PhoneStateListener.java:327)
W/MessageQueue( 4909): at com.android.internal.telephony.IPhoneStateListener$Stub.onTransact(IPhoneStateListener.java:55)
W/MessageQueue( 4909): at android.os.Binder.execTransact(Binder.java:367)
W/MessageQueue( 4909): at dalvik.system.NativeStart.run(Native Method)
D/PopupuiReceiver( 5399): onReceive() getAction : android.intent.action.NETWORK_SET_TIMEZONE
D/PopupuiReceiver( 5399): NETWORK_SET_TIME prevMCCvalue : 244
D/PopupuiReceiver( 5399): gsm.operator.numeric : 244
D/PopupuiReceiver( 5399): SAME to prevMCCvalue : mccstrcmp
D/ContextualPageReceiver( 3156): mContextualPageReceiver: ACTION_SERVICE_STATE_CHANGED isRoaming : false
D/StatusChecker( 3516): onReceive : android.intent.action.SERVICE_STATE
D/StatusChecker( 3516): Service state changed : 0
I/power ( 2374): *** release_dvfs_lock : lockType : 1
I/InputReader( 2374): Touch event's action is 0x0 (deviceType=0) [pCnt=1, s=0.12925 ]
I/InputDispatcher( 2374): Delivering touch to current input target: action: 0x0
I/InputDispatcher( 2374): Delivering touch to current input target: action: 0x0
I/InputDispatcher( 2374): Delivering touch to current input target: action: 0x0
I/InputDispatcher( 2374): Delivering touch to current input target: action: 0x0
I/TwDVFSBroadcastReceiver( 3107): onLauncherIntent
D/PowerManager( 3107): DVFSLock : acquire : timeout : 1000
I/power ( 2374): *** acquire_dvfs_lock : lockType : 1 freq : 1400000
I/InputReader( 2374): Touch event's action is 0x1 (deviceType=0) [pCnt=1, s=]
I/InputDispatcher( 2374): Delivering touch to current input target: action: 0x1
I/InputDispatcher( 2374): Delivering touch to current input target: action: 0x1
I/InputDispatcher( 2374): Delivering touch to current input target: action: 0x1
I/InputDispatcher( 2374): Delivering touch to current input target: action: 0x1
W/SignalStrength( 2374): getGsmLevel=0
W/SignalStrength( 2374): getLevel=0 (SignalStrength: 1 0 -120 -160 -120 -1 -1 99 2147483647 2147483647 2147483647 2147483647 gsm|lte 0x0)
W/SignalStrength( 2913): getGsmLevel=0
W/SignalStrength( 2913): getLevel=0 (SignalStrength: 1 0 -120 -160 -120 -1 -1 99 2147483647 2147483647 2147483647 2147483647 gsm|lte 0x0)
W/SignalStrength( 2913): getGsmLevel=0
W/SignalStrength( 2913): getLevel=0 (SignalStrength: 1 0 -120 -160 -120 -1 -1 99 2147483647 2147483647 2147483647 2147483647 gsm|lte 0x0)
W/SignalStrength( 2374): getDbm 1
W/SignalStrength( 2374): getGsmDbm=-111
W/SignalStrength( 2374): getDbm=-111
W/SignalStrength( 2374): getAsuLevel 1
W/SignalStrength( 2374): getGsmAsuLevel=1
W/SignalStrength( 2374): getAsuLevel=1
I/InputReader( 2374): Touch event's action is 0x0 (deviceType=0) [pCnt=1, s=0.12926 ]
I/InputDispatcher( 2374): Delivering touch to current input target: action: 0x0
I/InputDispatcher( 2374): Delivering touch to current input target: action: 0x0
I/InputDispatcher( 2374): Delivering touch to current input target: action: 0x0
I/InputDispatcher( 2374): Delivering touch to current input target: action: 0x0
I/TwDVFSBroadcastReceiver( 3107): onLauncherIntent
D/PowerManager( 3107): DVFSLock : acquire : timeout : 1000
I/InputReader( 2374): Touch event's action is 0x1 (deviceType=0) [pCnt=1, s=]
I/InputDispatcher( 2374): Delivering touch to current input target: action: 0x1
I/InputDispatcher( 2374): Delivering touch to current input target: action: 0x1
I/InputDispatcher( 2374): Delivering touch to current input target: action: 0x1
I/InputDispatcher( 2374): Delivering touch to current input target: action: 0x1
D/Launcher.HomeFragment( 3156): onPause
D/Launcher( 3156): onPause, Launcher: 1104468464
I/power ( 2374): *** acquire_dvfs_lock : lockType : 1 freq : 1400000
D/WindowManager( 2374): PhoneWindowManager: focusChangedLw
D/KeyguardViewMediator( 2374): setHidden false
I/SurfaceFlinger( 1959): id=4556(419) createSurf 0x40d91ca4 (1x1),1 flag=400, tettings
I/SurfaceFlinger( 1959): SurfaceFlinger : eMagnificationFactorChanged. magnificationFactor=1.0
I/SurfaceFlinger( 1959): SurfaceFlinger : eZoomPositionChanged. zoomX=0.0 zoomY=0.0
D/KeyguardViewMediator( 2374): setHidden false
D/AbsListView( 3199): Get MotionRecognitionManager
D/Launcher( 3156): onTrimMemory. Level: 20
W/System.err( 3199): Removed 2131428268
W/System.err( 3199): Removed 2131428281
D/KeyguardViewMediator( 2374): setHidden false
D/KeyguardViewMediator( 2374): setHidden false
D/KeyguardViewMediator( 2374): setHidden false
I/WifiEnabler( 3199): Resume : 1
I/BluetoothPolicyService( 2374): isBluetoothEnabled
D/KeyguardViewMediator( 2374): setHidden false
W/System.err( 3199): Removed 2131428268
W/System.err( 3199): Removed 2131428281
I/SurfaceFlinger( 1959): id=4557(34) createSurf 0x40e2964c (1x1),1 flag=400, Tettings
I/SurfaceFlinger( 1959): SurfaceFlinger : eMagnificationFactorChanged. magnificationFactor=1.0
I/SurfaceFlinger( 1959): SurfaceFlinger : eZoomPositionChanged. zoomX=0.0 zoomY=0.0
D/WindowManager( 2374): PhoneWindowManager: focusChangedLw
D/KeyguardViewMediator( 2374): setHidden false
D/KeyguardViewMediator( 2374): setHidden false
I/BluetoothPolicyService( 2374): isBluetoothEnabled
D/KeyguardViewMediator( 2374): setHidden false
I/ClipboardServiceEx( 2374): Send intent for dismiss clipboard dialog inside hideCurrentInputLocked() !
D/KeyguardViewMediator( 2374): setHidden false
D/KeyguardViewMediator( 2374): setHidden false
D/Launcher.HomeFragment( 3156): onStop
D/Launcher( 3156): onStop, Launcher: 1104468464
D/KeyguardViewMediator( 2374): setHidden false
I/SurfaceFlinger( 1959): id=4555 Removed Mauncher idx=2 MapSz=4
I/SurfaceFlinger( 1959): id=4555 Removed Mauncher idx=-2 MapSz=4
D/KeyguardViewMediator( 2374): setHidden false
I/SurfaceFlinger( 1959): id=4556 Removed tettings idx=4 MapSz=3
I/SurfaceFlinger( 1959): id=4556 Removed tettings idx=-2 MapSz=3
D/KeyguardViewMediator( 2374): setHidden false
D/KeyguardViewMediator( 2374): setHidden false
I/power ( 2374): *** release_dvfs_lock : lockType : 1
I/InputReader( 2374): Touch event's action is 0x0 (deviceType=0) [pCnt=1, s=0.12927 ]
I/InputDispatcher( 2374): Delivering touch to current input target: action: 0x0
I/InputDispatcher( 2374): Delivering touch to current input target: action: 0x0
I/InputDispatcher( 2374): Delivering touch to current input target: action: 0x0
W/SignalStrength( 2374): getGsmLevel=0
W/SignalStrength( 2374): getLevel=0 (SignalStrength: 2 0 -120 -160 -120 -1 -1 99 2147483647 2147483647 2147483647 2147483647 gsm|lte 0x0)
W/SignalStrength( 2913): getGsmLevel=0
W/SignalStrength( 2913): getLevel=0 (SignalStrength: 2 0 -120 -160 -120 -1 -1 99 2147483647 2147483647 2147483647 2147483647 gsm|lte 0x0)
W/SignalStrength( 2913): getGsmLevel=0
W/SignalStrength( 2913): getLevel=0 (SignalStrength: 2 0 -120 -160 -120 -1 -1 99 2147483647 2147483647 2147483647 2147483647 gsm|lte 0x0)
W/SignalStrength( 2374): getDbm 1
W/SignalStrength( 2374): getGsmDbm=-109
W/SignalStrength( 2374): getDbm=-109
W/SignalStrength( 2374): getAsuLevel 1
W/SignalStrength( 2374): getGsmAsuLevel=2
W/SignalStrength( 2374): getAsuLevel=2
I/DVFSHelper( 3199): acquire::
I/DVFSHelper( 3199): prepareIntent:: BOOST_TYPE_TOUCH
I/TwDVFSBroadcastReceiver( 3107): onListViewScrollIntent
D/PowerManager( 3107): DVFSLock : acquire : timeout : 15000
I/power ( 2374): *** acquire_dvfs_lock : lockType : 1 freq : 800000
I/InputReader( 2374): Touch event's action is 0x1 (deviceType=0) [pCnt=1, s=]
I/InputDispatcher( 2374): Delivering touch to current input target: action: 0x1
I/InputDispatcher( 2374): Delivering touch to current input target: action: 0x1
I/InputDispatcher( 2374): Delivering touch to current input target: action: 0x1
D/dalvikvm( 2374): GC_CONCURRENT freed 1445K, 46% free 32668K/59655K, paused 15ms+10ms, total 131ms
I/DVFSHelper( 3199): release::
I/power ( 2374): *** release_dvfs_lock : lockType : 1
I/InputReader( 2374): Touch event's action is 0x0 (deviceType=0) [pCnt=1, s=0.12928 ]
I/InputDispatcher( 2374): Delivering touch to current input target: action: 0x0
I/InputDispatcher( 2374): Delivering touch to current input target: action: 0x0
I/InputDispatcher( 2374): Delivering touch to current input target: action: 0x0
I/DVFSHelper( 3199): acquire::
I/DVFSHelper( 3199): prepareIntent:: BOOST_TYPE_TOUCH
I/TwDVFSBroadcastReceiver( 3107): onListViewScrollIntent
D/PowerManager( 3107): DVFSLock : acquire : timeout : 15000
I/power ( 2374): *** acquire_dvfs_lock : lockType : 1 freq : 800000
W/SignalStrength( 2374): getGsmLevel=1
W/SignalStrength( 2374): getLevel=1 (SignalStrength: 2 0 -120 -160 -120 -1 -1 99 2147483647 2147483647 2147483647 2147483647 gsm|lte 0x1)
W/SignalStrength( 2913): getGsmLevel=1
W/SignalStrength( 2913): getLevel=1 (SignalStrength: 2 0 -120 -160 -120 -1 -1 99 2147483647 2147483647 2147483647 2147483647 gsm|lte 0x1)
W/SignalStrength( 2913): getGsmLevel=1
W/SignalStrength( 2913): getLevel=1 (SignalStrength: 2 0 -120 -160 -120 -1 -1 99 2147483647 2147483647 2147483647 2147483647 gsm|lte 0x1)
W/SignalStrength( 2374): getDbm 1
W/SignalStrength( 2374): getGsmDbm=-109
W/SignalStrength( 2374): getDbm=-109
W/SignalStrength( 2374): getAsuLevel 1
W/SignalStrength( 2374): getGsmAsuLevel=2
W/SignalStrength( 2374): getAsuLevel=2
I/InputReader( 2374): Touch event's action is 0x1 (deviceType=0) [pCnt=1, s=]
I/InputDispatcher( 2374): Delivering touch to current input target: action: 0x1
I/InputDispatcher( 2374): Delivering touch to current input target: action: 0x1
I/InputDispatcher( 2374): Delivering touch to current input target: action: 0x1
I/DVFSHelper( 3199): release::
I/power ( 2374): *** release_dvfs_lock : lockType : 1
I/InputReader( 2374): Touch event's action is 0x0 (deviceType=0) [pCnt=1, s=0.12929 ]
I/InputDispatcher( 2374): Delivering touch to current input target: action: 0x0
I/InputDispatcher( 2374): Delivering touch to current input target: action: 0x0
I/InputDispatcher( 2374): Delivering touch to current input target: action: 0x0
I/InputReader( 2374): Touch event's action is 0x1 (deviceType=0) [pCnt=1, s=]
I/InputDispatcher( 2374): Delivering touch to current input target: action: 0x1
I/InputDispatcher( 2374): Delivering touch to current input target: action: 0x1
I/InputDispatcher( 2374): Delivering touch to current input target: action: 0x1
I/power ( 2374): *** acquire_dvfs_lock : lockType : 1 freq : 1000000
I/WifiEnabler( 3199): Pause : 1
I/BluetoothPolicyService( 2374): isBluetoothEnabled
D/WindowManager( 2374): PhoneWindowManager: focusChangedLw
D/KeyguardViewMediator( 2374): setHidden false
D/AbsListView( 3199): Get MotionRecognitionManager
D/AbsListView( 3199): Get MotionRecognitionManager
I/SurfaceFlinger( 1959): id=4558(35) createSurf 0x410abd64 (1x1),1 flag=400, TubSettings
I/SurfaceFlinger( 1959): SurfaceFlinger : eMagnificationFactorChanged. magnificationFactor=1.0
I/SurfaceFlinger( 1959): SurfaceFlinger : eZoomPositionChanged. zoomX=0.0 zoomY=0.0
D/WindowManager( 2374): PhoneWindowManager: focusChangedLw
D/KeyguardViewMediator( 2374): setHidden false
W/System.err( 3199): Removed 2131428268
W/System.err( 3199): Removed 2131428281
D/KeyguardViewMediator( 2374): setHidden false
D/KeyguardViewMediator( 2374): setHidden false
I/ClipboardServiceEx( 2374): Send intent for dismiss clipboard dialog inside hideCurrentInputLocked() !
D/KeyguardViewMediator( 2374): setHidden false
W/System.err( 3199): Removed 2131428268
W/System.err( 3199): Removed 2131428281
D/KeyguardViewMediator( 2374): setHidden false
E/SpannableStringBuilder( 3199): SPAN_EXCLUSIVE_EXCLUSIVE spans cannot have a zero length
E/SpannableStringBuilder( 3199): SPAN_EXCLUSIVE_EXCLUSIVE spans cannot have a zero length
D/KeyguardViewMediator( 2374): setHidden false
I/power ( 2374): *** release_dvfs_lock : lockType : 1
D/KeyguardViewMediator( 2374): setHidden false
I/SurfaceFlinger( 1959): id=4557 Removed Tettings idx=2 MapSz=3
I/SurfaceFlinger( 1959): id=4557 Removed Tettings idx=-2 MapSz=3
D/KeyguardViewMediator( 2374): setHidden false
I/InputReader( 2374): Touch event's action is 0x0 (deviceType=0) [pCnt=1, s=0.12930 ]
I/InputDispatcher( 2374): Delivering touch to current input target: action: 0x0
I/InputDispatcher( 2374): Delivering touch to current input target: action: 0x0
I/InputDispatcher( 2374): Delivering touch to current input target: action: 0x0
I/InputReader( 2374): Touch event's action is 0x1 (deviceType=0) [pCnt=1, s=]
I/InputDispatcher( 2374): Delivering touch to current input target: action: 0x1
I/InputDispatcher( 2374): Delivering touch to current input target: action: 0x1
I/InputDispatcher( 2374): Delivering touch to current input target: action: 0x1
E/SecTVOutService( 1959): onTransact::default
D/InputReader( 2374): Input event: value=1
I/InputDispatcher( 2374): Delivering key to current input target: action: 0x0
I/InputDispatcher( 2374): Delivering key to current input target: action: 0x0
I/InputDispatcher( 2374): Delivering key to current input target: action: 0x0
D/InputReader( 2374): Input event: value=0
I/InputDispatcher( 2374): Delivering key to current input target: action: 0x1
I/InputDispatcher( 2374): Delivering key to current input target: action: 0x1
I/InputDispatcher( 2374): Delivering key to current input target: action: 0x1
I/ClipboardServiceEx( 2374): mCBPickerDialog enter case. MSG_DISMISS_DIALOG
I/power ( 2374): *** acquire_dvfs_lock : lockType : 1 freq : 1000000
D/InputReader( 2374): Input event: value=1
D/KeyguardViewMediator( 2374): setHidden false
I/InputDispatcher( 2374): Delivering key to current input target: action: 0x0
I/InputDispatcher( 2374): Delivering key to current input target: action: 0x0
I/InputDispatcher( 2374): Delivering key to current input target: action: 0x0
I/WifiEnabler( 3199): Resume : 1
I/BluetoothPolicyService( 2374): isBluetoothEnabled
I/SurfaceFlinger( 1959): id=4559(36) createSurf 0x40d9100c (720x1280),1 flag=400, Tettings
I/SurfaceFlinger( 1959): SurfaceFlinger : eMagnificationFactorChanged. magnificationFactor=1.0
I/SurfaceFlinger( 1959): SurfaceFlinger : eZoomPositionChanged. zoomX=0.0 zoomY=0.0
D/WindowManager( 2374): PhoneWindowManager: focusChangedLw
D/KeyguardViewMediator( 2374): setHidden false
I/InputDispatcher( 2374): Delivering key to current input target: action: 0x1
I/ClipboardServiceEx( 2374): mCBPickerDialog enter case. MSG_DISMISS_DIALOG
W/System.err( 3199): Removed 2131428268
W/System.err( 3199): Removed 2131428281
I/ClipboardServiceEx( 2374): Send intent for dismiss clipboard dialog inside hideCurrentInputLocked() !
D/InputReader( 2374): Input event: value=0
I/InputDispatcher( 2374): Delivering key to current input target: action: 0x1
I/InputDispatcher( 2374): Delivering key to current input target: action: 0x1
I/InputDispatcher( 2374): Delivering key to current input target: action: 0x1
D/KeyguardViewMediator( 2374): setHidden false
D/KeyguardViewMediator( 2374): setHidden false
I/ClipboardServiceEx( 2374): mCBPickerDialog enter case. MSG_DISMISS_DIALOG
D/KeyguardViewMediator( 2374): setHidden false
D/dalvikvm( 3199): GC_CONCURRENT freed 1217K, 6% free 36659K/38919K, paused 12ms+12ms, total 61ms
D/AbsListView( 3199): [unregisterDoubleTapMotionListener]
I/MotionRecognitionManager( 3199): .unregisterListener : / listener count = 0->0, listener=android.widget.AbsListView$4@435fd748
