D/SensorService( 2374): SensorDevice::activating sensor handle=0 ns=200000000
D/iNemoSensor( 2374): setDelay(): handle(0), en(200000000)
I/iNemoSensor( 2374): skip update_delay wanted_accel = 200000000 current delay = 200000000
I/SensorService( 2374): info.selectDelay() ns=20000000
D/iNemoSensor( 2374): setDelay(): handle(0), en(20000000)
I/iNemoSensor( 2374): update_delay wanted_accel = 20000000
D/SensorService( 2374): SensorDevice::setDelay, Return(true 1, false 0) = 1
D/SensorManager(26317): registerListener :: handle = 0 name= LSM330DLC 3-axis Accelerometer delay= 20000 Listener= org.libsdl.app.SDLSurface@41d5af48
I/SDL (26317): SDL_Android_Init()
I/SDL (26317): SDL_Android_Init() finished!
D/KeyguardViewMediator( 2374): setHidden false
D/KeyguardViewMediator( 2374): setHidden false
D/KeyguardViewMediator( 2374): setHidden false
D/KeyguardViewMediator( 2374): setHidden false
V/SDL (26317): onWindowFocusChanged(): true
I/ClipboardServiceEx( 2374): Send intent for dismiss clipboard dialog inside hideCurrentInputLocked() !
D/KeyguardViewMediator( 2374): setHidden false
D/KeyguardViewMediator( 2374): setHidden false
D/AkmSensor( 2374): MeasureSNGLoop: interval.interval = 20000000, doze_max = 19600, prms->enabled = 2
D/KeyguardViewMediator( 2374): setHidden false
D/KeyguardViewMediator( 2374): setHidden false
I/SurfaceFlinger( 1959): id=4532 Removed tecond idx=6 MapSz=5
I/SurfaceFlinger( 1959): id=4532 Removed tecond idx=-2 MapSz=5
D/KeyguardViewMediator( 2374): setHidden false
D/KeyguardViewMediator( 2374): setHidden false
I/SurfaceFlinger( 1959): id=4531 Removed JnstallAppP idx=2 MapSz=4
I/SurfaceFlinger( 1959): id=4531 Removed JnstallAppP idx=-2 MapSz=4
D/KeyguardViewMediator( 2374): setHidden false
D/AlarmManagerService( 2374): Kernel timezone updated to -120 minutes west of GMT
W/MessageQueue( 4909): Handler (android.telephony.PhoneStateListener$2) {41e04e30} sending message to a Handler on a dead thread
W/MessageQueue( 4909): java.lang.RuntimeException: Handler (android.telephony.PhoneStateListener$2) {41e04e30} sending message to a Handler on a dead thread
W/MessageQueue( 4909): at android.os.MessageQueue.enqueueMessage(MessageQueue.java:294)
W/MessageQueue( 4909): at android.os.Handler.sendMessageAtTime(Handler.java:473)
W/MessageQueue( 4909): at android.os.Handler.sendMessageDelayed(Handler.java:446)
W/MessageQueue( 4909): at android.os.Handler.sendMessage(Handler.java:383)
W/MessageQueue( 4909): at android.os.Message.sendToTarget(Message.java:360)
W/MessageQueue( 4909): at android.telephony.PhoneStateListener$1.onServiceStateChanged(PhoneStateListener.java:327)
W/MessageQueue( 4909): at com.android.internal.telephony.IPhoneStateListener$Stub.onTransact(IPhoneStateListener.java:55)
W/MessageQueue( 4909): at android.os.Binder.execTransact(Binder.java:367)
W/MessageQueue( 4909): at dalvik.system.NativeStart.run(Native Method)
D/PopupuiReceiver( 5399): onReceive() getAction : android.intent.action.NETWORK_SET_TIMEZONE
D/PopupuiReceiver( 5399): NETWORK_SET_TIME prevMCCvalue : 244
D/PopupuiReceiver( 5399): gsm.operator.numeric : 244
D/PopupuiReceiver( 5399): SAME to prevMCCvalue : mccstrcmp
W/SignalStrength( 2913): getGsmLevel=2
W/SignalStrength( 2913): getLevel=2 (SignalStrength: 7 0 -120 -160 -120 -1 -1 99 2147483647 2147483647 2147483647 2147483647 gsm|lte 0x2)
D/ContextualPageReceiver( 3156): mContextualPageReceiver: ACTION_SERVICE_STATE_CHANGED isRoaming : false
I/WifiService( 2374): Booster FLAG : 1
I/WifiService( 2374): mBoosterFLAG : 1
I/WifiService( 2374): current booster mode : FullMode
D/StatusChecker( 3516): onReceive : android.intent.action.SERVICE_STATE
D/StatusChecker( 3516): Service state changed : 0
D/LTE_WIDGET( 3067): TelephonyManager.DATA_CONNECTED:,isConnectedData = true
D/PhoneApp( 3067): mReceiver: ACTION_ANY_DATA_CONNECTION_STATE_CHANGED
D/NotificationMgr( 3067): hideDataDisconnectedRoaming()...
D/dalvikvm(16872): GC_CONCURRENT freed 632K, 10% free 12512K/13831K, paused 12ms+1ms, total 25ms
D/dalvikvm(16872): WAIT_FOR_CONCURRENT_GC blocked 3ms
D/dalvikvm(16872): GC_CONCURRENT freed 400K, 9% free 12624K/13831K, paused 3ms+2ms, total 14ms
D/dalvikvm(16872): WAIT_FOR_CONCURRENT_GC blocked 5ms
I/power ( 2374): *** release_dvfs_lock : lockType : 1
D/KeyguardViewMediator( 2374): setHidden false
D/KeyguardViewMediator( 2374): setHidden false
D/InputReader( 2374): Input event: value=1
D/RestrictionPolicy( 2374): isHomeKeyEnabled :true
D/InputReader( 2374): Input event: value=0
D/RestrictionPolicy( 2374): isHomeKeyEnabled :true
D/RestrictionPolicy( 2374): isHomeKeyEnabled :true
D/KeyguardViewMediator( 2374): setHidden false
D/KeyguardViewMediator( 2374): setHidden false
V/SDL (26317): onPause()
V/SDL (26317): nativePause()
D/WindowManager( 2374): PhoneWindowManager: focusChangedLw
D/SensorManager(26317): unregisterListener:: Listener= org.libsdl.app.SDLSurface@41d5af48
D/Sensors (26317): Remain listener = Sending .. normal delay 200ms
I/Sensors (26317): sendDelay --- 200000000
I/SensorService( 2374): info.selectDelay() ns=200000000
D/iNemoSensor( 2374): setDelay(): handle(0), en(200000000)
I/iNemoSensor( 2374): update_delay wanted_accel = 200000000
D/SensorService( 2374): SensorDevice::setDelay, Return(true 1, false 0) = 1
D/SensorManager(26317): JNI - sendDelay
I/SensorManager(26317): Set normal delay = true
D/SensorService( 2374): SensorDevice::activating sensor handle=0 ns=200000000
D/iNemoSensor( 2374): setDelay(): handle(0), en(200000000)
I/iNemoSensor( 2374): skip update_delay wanted_accel = 200000000 current delay = 200000000
D/AkmSensor( 2374): MeasureSNGLoop: interval.interval = 200000000, doze_max = 196000, prms->enabled = 2
D/KeyguardViewMediator( 2374): setHidden false
V/SDL (26317): onWindowFocusChanged(): false
D/KeyguardViewMediator( 2374): setHidden false
I/Launcher.StuckInEdit( 3156): exitWidgetResizeMode State NORMAL
D/Launcher( 3156): onRestart, Launcher: 1104468464
D/Launcher( 3156): onStart, Launcher: 1104468464
D/Launcher.HomeFragment( 3156): onStart
D/Launcher( 3156): onResume, Launcher: 1104468464
I/FlashBarService( 2991): mPkgManagerReceiver : onReceive
E/Launcher( 3156): Error finding setting, default accessibility to not found: accessibility_enabled
D/Launcher.HomeFragment( 3156): onResume
D/MenuAppsGridFragment( 3156): onResume
D/Launcher.MenuAppsGrid( 3156): StateObj::getAppsList() item count = 60
D/CellLayoutChildren( 3156): setCellDimensions. width: 164, height: 188, gapX: 8, gapY: 4
D/CellLayout( 3156): setGridSize(4, 5)
D/CellLayoutChildren( 3156): setCellDimensions. width: 164, height: 188, gapX: 8, gapY: 4
D/CellLayout( 3156): setGridSize(4, 5)
D/CellLayoutChildren( 3156): setCellDimensions. width: 164, height: 188, gapX: 8, gapY: 4
D/CellLayout( 3156): setGridSize(4, 5)
I/SurfaceFlinger( 1959): id=4535(155) createSurf 0x410ac0fc (720x1280),1 flag=0, Mauncher
I/SurfaceFlinger( 1959): SurfaceFlinger : eMagnificationFactorChanged. magnificationFactor=1.0
I/SurfaceFlinger( 1959): SurfaceFlinger : eZoomPositionChanged. zoomX=0.0 zoomY=0.0
D/WindowManager( 2374): PhoneWindowManager: focusChangedLw
D/KeyguardViewMediator( 2374): setHidden false
I/ClipboardServiceEx( 2374): Send intent for dismiss clipboard dialog inside hideCurrentInputLocked() !
D/KeyguardViewMediator( 2374): setHidden false
D/KeyguardViewMediator( 2374): setHidden false
D/KeyguardViewMediator( 2374): setHidden false
D/KeyguardViewMediator( 2374): setHidden false
D/KeyguardViewMediator( 2374): setHidden false
V/SDL (26317): surfaceDestroyed()
W/SurfaceView(26317): CHECK surface infomation creating=false formatChanged=false sizeChanged=false visible=false visibleChanged=true surfaceChanged=true realSizeChanged=false redrawNeeded=false left=false top=false
D/KeyguardViewMediator( 2374): setHidden false
W/SignalStrength( 2374): getGsmLevel=2
W/SignalStrength( 2913): getGsmLevel=2
W/SignalStrength( 2913): getLevel=2 (SignalStrength: 6 0 -120 -160 -120 -1 -1 99 2147483647 2147483647 2147483647 2147483647 gsm|lte 0x2)
W/SignalStrength( 2374): getLevel=2 (SignalStrength: 6 0 -120 -160 -120 -1 -1 99 2147483647 2147483647 2147483647 2147483647 gsm|lte 0x2)
W/SignalStrength( 2913): getGsmLevel=2
W/SignalStrength( 2913): getLevel=2 (SignalStrength: 6 0 -120 -160 -120 -1 -1 99 2147483647 2147483647 2147483647 2147483647 gsm|lte 0x2)
W/SignalStrength( 2374): getDbm 1
W/SignalStrength( 2374): getGsmDbm=-101
W/SignalStrength( 2374): getDbm=-101
W/SignalStrength( 2374): getAsuLevel 1
W/SignalStrength( 2374): getGsmAsuLevel=6
W/SignalStrength( 2374): getAsuLevel=6
D/KeyguardViewMediator( 2374): setHidden false
D/KeyguardViewMediator( 2374): setHidden false
I/SurfaceFlinger( 1959): id=4533 Removed tecondActiv idx=4 MapSz=4
I/SurfaceFlinger( 1959): id=4533 Removed tecondActiv idx=-2 MapSz=4
I/SurfaceFlinger( 1959): id=4534 Removed TurfaceView idx=3 MapSz=3
D/KeyguardViewMediator( 2374): setHidden false
D/KeyguardViewMediator( 2374): setHidden false
D/InputReader( 2374): Input event: value=1
D/RestrictionPolicy( 2374): isHomeKeyEnabled :true
D/RestrictionPolicy( 2374): isHomeKeyEnabled :true
D/dalvikvm( 2913): GC_FOR_ALLOC freed 513K, 33% free 24244K/35783K, paused 15ms, total 15ms
D/dalvikvm( 2913): GC_FOR_ALLOC freed 62K, 28% free 25884K/35783K, paused 15ms, total 15ms
D/dalvikvm( 2913): GC_FOR_ALLOC freed 58K, 24% free 27522K/35783K, paused 14ms, total 14ms
D/RestrictionPolicy( 2374): isHomeKeyEnabled :true
D/WindowManager( 2374): Home long press behavior, keyguardOn = false
D/RestrictionPolicy( 2374): isHomeKeyEnabled :true
D/RestrictionPolicy( 2374): isHomeKeyEnabled :true
D/RestrictionPolicy( 2374): isHomeKeyEnabled :true
W/WindowManager( 2374): interceptKeyBeforeDispatching with IVoIPInterface
I/SurfaceFlinger( 1959): id=4536(18) createSurf 0x410abc1c (720x1280),1 flag=0, SecentsPane
I/SurfaceFlinger( 1959): SurfaceFlinger : eMagnificationFactorChanged. magnificationFactor=1.0
I/SurfaceFlinger( 1959): SurfaceFlinger : eZoomPositionChanged. zoomX=0.0 zoomY=0.0
D/WindowManager( 2374): PhoneWindowManager: focusChangedLw
D/KeyguardViewMediator( 2374): setHidden false
D/RestrictionPolicy( 2374): isHomeKeyEnabled :true
D/KeyguardViewMediator( 2374): setHidden false
D/RestrictionPolicy( 2374): isHomeKeyEnabled :true
D/RestrictionPolicy( 2374): isHomeKeyEnabled :true
D/RestrictionPolicy( 2374): isHomeKeyEnabled :true
D/KeyguardViewMediator( 2374): setHidden false
D/KeyguardViewMediator( 2374): setHidden false
D/RestrictionPolicy( 2374): isHomeKeyEnabled :true
D/RestrictionPolicy( 2374): isHomeKeyEnabled :true
D/InputReader( 2374): Input event: value=0
D/RestrictionPolicy( 2374): isHomeKeyEnabled :true
D/RestrictionPolicy( 2374): isHomeKeyEnabled :true
I/InputReader( 2374): Touch event's action is 0x0 (deviceType=0) [pCnt=1, s=0.12914 ]
I/InputDispatcher( 2374): Delivering touch to current input target: action: 0x0
I/InputDispatcher( 2374): Delivering touch to current input target: action: 0x0
I/InputDispatcher( 2374): Delivering touch to current input target: action: 0x0
I/InputReader( 2374): Touch event's action is 0x1 (deviceType=0) [pCnt=1, s=]
I/InputDispatcher( 2374): Delivering touch to current input target: action: 0x1
I/InputDispatcher( 2374): Delivering touch to current input target: action: 0x1
I/InputDispatcher( 2374): Delivering touch to current input target: action: 0x1
D/dalvikvm( 2374): GC_CONCURRENT freed 1593K, 45% free 32940K/59655K, paused 4ms+8ms, total 92ms
D/dalvikvm( 2374): WAIT_FOR_CONCURRENT_GC blocked 73ms
D/KeyguardViewMediator( 2374): setHidden false
D/Launcher.HomeFragment( 3156): onPause
D/Launcher( 3156): onPause, Launcher: 1104468464
I/power ( 2374): *** acquire_dvfs_lock : lockType : 1 freq : 1000000
D/KeyguardViewMediator( 2374): setHidden false
V/SDL (26317): onResume()
D/KeyguardViewMediator( 2374): setHidden false
D/Launcher( 3156): onTrimMemory. Level: 20
I/SurfaceFlinger( 1959): id=4537(3) createSurf 0x40d91ca4 (720x1280),4 flag=400, TurfaceView
I/SurfaceFlinger( 1959): SurfaceFlinger : eMagnificationFactorChanged. magnificationFactor=1.0
I/SurfaceFlinger( 1959): SurfaceFlinger : eZoomPositionChanged. zoomX=0.0 zoomY=0.0
D/KeyguardViewMediator( 2374): setHidden false
V/SDL (26317): surfaceCreated()
V/SDL (26317): surfaceChanged()
V/SDL (26317): pixel format RGB_565
V/SDL (26317): Window size:720x1280
I/SurfaceFlinger( 1959): id=4534 Removed TurfaceView idx=-2 MapSz=5
I/SurfaceFlinger( 1959): id=4538(4) createSurf 0x40d56c04 (720x1280),1 flag=0, tecondActiv
D/dalvikvm( 3139): GC_CONCURRENT freed 457K, 9% free 12300K/13511K, paused 11ms+3ms, total 31ms
I/SurfaceFlinger( 1959): SurfaceFlinger : eMagnificationFactorChanged. magnificationFactor=1.0
I/SurfaceFlinger( 1959): SurfaceFlinger : eZoomPositionChanged. zoomX=0.0 zoomY=0.0
D/KeyguardViewMediator( 2374): setHidden false
D/KeyguardViewMediator( 2374): setHidden false
D/KeyguardViewMediator( 2374): setHidden false
D/KeyguardViewMediator( 2374): setHidden false
D/KeyguardViewMediator( 2374): setHidden false
D/KeyguardViewMediator( 2374): setHidden false
I/SurfaceFlinger( 1959): id=4539(1017) createSurf 0x428d1f9c (328x290),1 flag=4, uhumbnail a
D/AlarmManagerService( 2374): Kernel timezone updated to -120 minutes west of GMT
W/MessageQueue( 4909): Handler (android.telephony.PhoneStateListener$2) {41e04e30} sending message to a Handler on a dead thread
W/MessageQueue( 4909): java.lang.RuntimeException: Handler (android.telephony.PhoneStateListener$2) {41e04e30} sending message to a Handler on a dead thread
W/MessageQueue( 4909): at android.os.MessageQueue.enqueueMessage(MessageQueue.java:294)
W/MessageQueue( 4909): at android.os.Handler.sendMessageAtTime(Handler.java:473)
W/MessageQueue( 4909): at android.os.Handler.sendMessageDelayed(Handler.java:446)
W/MessageQueue( 4909): at android.os.Handler.sendMessage(Handler.java:383)
W/MessageQueue( 4909): at android.os.Message.sendToTarget(Message.java:360)
W/MessageQueue( 4909): at android.telephony.PhoneStateListener$1.onServiceStateChanged(PhoneStateListener.java:327)
W/MessageQueue( 4909): at com.android.internal.telephony.IPhoneStateListener$Stub.onTransact(IPhoneStateListener.java:55)
W/MessageQueue( 4909): at android.os.Binder.execTransact(Binder.java:367)
W/MessageQueue( 4909): at dalvik.system.NativeStart.run(Native Method)
D/PopupuiReceiver( 5399): onReceive() getAction : android.intent.action.NETWORK_SET_TIMEZONE
D/PopupuiReceiver( 5399): NETWORK_SET_TIME prevMCCvalue : 244
D/PopupuiReceiver( 5399): gsm.operator.numeric : 244
D/PopupuiReceiver( 5399): SAME to prevMCCvalue : mccstrcmp
I/WifiService( 2374): Booster FLAG : 1
I/WifiService( 2374): mBoosterFLAG : 1
I/WifiService( 2374): current booster mode : FullMode
D/KeyguardViewMediator( 2374): setHidden false
D/KeyguardViewMediator( 2374): setHidden false
D/LTE_WIDGET( 3067): TelephonyManager.DATA_CONNECTED:,isConnectedData = true
D/KeyguardViewMediator( 2374): setHidden false
D/StatusChecker( 3516): onReceive : android.intent.action.SERVICE_STATE
D/StatusChecker( 3516): Service state changed : 0
D/PhoneApp( 3067): mReceiver: ACTION_ANY_DATA_CONNECTION_STATE_CHANGED
D/NotificationMgr( 3067): hideDataDisconnectedRoaming()...
D/KeyguardViewMediator( 2374): setHidden false
W/SignalStrength( 2913): getGsmLevel=2
W/SignalStrength( 2913): getLevel=2 (SignalStrength: 6 0 -120 -160 -120 -1 -1 99 2147483647 2147483647 2147483647 2147483647 gsm|lte 0x2)
D/ContextualPageReceiver( 3156): mContextualPageReceiver: ACTION_SERVICE_STATE_CHANGED isRoaming : false
D/Launcher.HomeFragment( 3156): onStop
D/Launcher( 3156): onStop, Launcher: 1104468464
D/KeyguardViewMediator( 2374): setHidden false
D/WindowManager( 2374): PhoneWindowManager: focusChangedLw
D/KeyguardViewMediator( 2374): setHidden false
V/SDL (26317): onWindowFocusChanged(): true
V/SDL (26317): nativeResume()
D/SensorService( 2374): info.rates.add, set DEFAULT_EVENTS_PERIOD
D/SensorService( 2374): SensorDevice::activating sensor handle=0 ns=200000000
D/iNemoSensor( 2374): setDelay(): handle(0), en(200000000)
I/iNemoSensor( 2374): skip update_delay wanted_accel = 200000000 current delay = 200000000
V/PhoneStatusBar( 2913): setLightsOn(true)
I/SensorService( 2374): info.selectDelay() ns=20000000
D/iNemoSensor( 2374): setDelay(): handle(0), en(20000000)
I/iNemoSensor( 2374): update_delay wanted_accel = 20000000
D/SensorService( 2374): SensorDevice::setDelay, Return(true 1, false 0) = 1
D/SensorManager(26317): registerListener :: handle = 0 name= LSM330DLC 3-axis Accelerometer delay= 20000 Listener= org.libsdl.app.SDLSurface@41d5af48
I/ClipboardServiceEx( 2374): Send intent for dismiss clipboard dialog inside hideCurrentInputLocked() !
D/KeyguardViewMediator( 2374): setHidden false
I/SurfaceFlinger( 1959): id=4535 Removed Mauncher idx=2 MapSz=6
I/SurfaceFlinger( 1959): id=4535 Removed Mauncher idx=-2 MapSz=6
D/AkmSensor( 2374): MeasureSNGLoop: interval.interval = 20000000, doze_max = 19600, prms->enabled = 2
D/KeyguardViewMediator( 2374): setHidden false
I/SurfaceFlinger( 1959): id=4536 Removed SecentsPane idx=7 MapSz=5
I/SurfaceFlinger( 1959): id=4536 Removed SecentsPane idx=-2 MapSz=5
D/KeyguardViewMediator( 2374): setHidden false
D/FastDormancy( 3067): [FD] ON default: true
D/FastDormancy( 3067): getDormancyFlag() return mDormFlag = true
D/FastDormancy( 3067): Before mDormFlag: true in getCapaDormancy()
D/FastDormancy( 3067): After mDormFlag: true in getCapaDormancy()
W/FastDormancy( 3067): ======= ENTER DORMANCY =======
D/FastDormancy( 3067): ======= FAST DORMANCY Enter =======
I/SurfaceFlinger( 1959): id=4539 Removed uhumbnail a idx=5 MapSz=4
I/SurfaceFlinger( 1959): id=4539 Removed uhumbnail a idx=-2 MapSz=4
I/power ( 2374): *** release_dvfs_lock : lockType : 1
D/KeyguardViewMediator( 2374): setHidden false
D/KeyguardViewMediator( 2374): setHidden false
W/SignalStrength( 2374): getGsmLevel=1
W/SignalStrength( 2374): getLevel=1 (SignalStrength: 5 0 -120 -160 -120 -1 -1 99 2147483647 2147483647 2147483647 2147483647 gsm|lte 0x1)
W/SignalStrength( 2913): getGsmLevel=1
W/SignalStrength( 2913): getLevel=1 (SignalStrength: 5 0 -120 -160 -120 -1 -1 99 2147483647 2147483647 2147483647 2147483647 gsm|lte 0x1)
W/SignalStrength( 2913): getGsmLevel=1
W/SignalStrength( 2913): getLevel=1 (SignalStrength: 5 0 -120 -160 -120 -1 -1 99 2147483647 2147483647 2147483647 2147483647 gsm|lte 0x1)
W/SignalStrength( 2374): getDbm 1
W/SignalStrength( 2374): getGsmDbm=-103
W/SignalStrength( 2374): getDbm=-103
W/SignalStrength( 2374): getAsuLevel 1
W/SignalStrength( 2374): getGsmAsuLevel=5
W/SignalStrength( 2374): getAsuLevel=5
W/Uploader(15767): No account for auth token provided
D/AlarmManagerService( 2374): Kernel timezone updated to -120 minutes west of GMT
W/SignalStrength( 2913): getGsmLevel=1
W/MessageQueue( 4909): Handler (android.telephony.PhoneStateListener$2) {41e04e30} sending message to a Handler on a dead thread
W/MessageQueue( 4909): java.lang.RuntimeException: Handler (android.telephony.PhoneStateListener$2) {41e04e30} sending message to a Handler on a dead thread
W/MessageQueue( 4909): at android.os.MessageQueue.enqueueMessage(MessageQueue.java:294)
W/MessageQueue( 4909): at android.os.Handler.sendMessageAtTime(Handler.java:473)
W/MessageQueue( 4909): at android.os.Handler.sendMessageDelayed(Handler.java:446)
W/MessageQueue( 4909): at android.os.Handler.sendMessage(Handler.java:383)
W/MessageQueue( 4909): at android.os.Message.sendToTarget(Message.java:360)
W/MessageQueue( 4909): at android.telephony.PhoneStateListener$1.onServiceStateChanged(PhoneStateListener.java:327)
W/MessageQueue( 4909): at com.android.internal.telephony.IPhoneStateListener$Stub.onTransact(IPhoneStateListener.java:55)
W/MessageQueue( 4909): at android.os.Binder.execTransact(Binder.java:367)
W/MessageQueue( 4909): at dalvik.system.NativeStart.run(Native Method)
W/SignalStrength( 2913): getLevel=1 (SignalStrength: 5 0 -120 -160 -120 -1 -1 99 2147483647 2147483647 2147483647 2147483647 gsm|lte 0x1)
D/PopupuiReceiver( 5399): onReceive() getAction : android.intent.action.NETWORK_SET_TIMEZONE
D/PopupuiReceiver( 5399): NETWORK_SET_TIME prevMCCvalue : 244
D/PopupuiReceiver( 5399): gsm.operator.numeric : 244
D/PopupuiReceiver( 5399): SAME to prevMCCvalue : mccstrcmp
D/ContextualPageReceiver( 3156): mContextualPageReceiver: ACTION_SERVICE_STATE_CHANGED isRoaming : false
D/StatusChecker( 3516): onReceive : android.intent.action.SERVICE_STATE
D/StatusChecker( 3516): Service state changed : 0
D/dalvikvm( 3516): GC_CONCURRENT freed 410K, 9% free 12160K/13319K, paused 1ms+1ms, total 14ms
W/SignalStrength( 2374): getGsmLevel=1
W/SignalStrength( 2374): getLevel=1 (SignalStrength: 4 0 -120 -160 -120 -1 -1 99 2147483647 2147483647 2147483647 2147483647 gsm|lte 0x1)
W/SignalStrength( 2913): getGsmLevel=1
W/SignalStrength( 2913): getLevel=1 (SignalStrength: 4 0 -120 -160 -120 -1 -1 99 2147483647 2147483647 2147483647 2147483647 gsm|lte 0x1)
W/SignalStrength( 2913): getGsmLevel=1
W/SignalStrength( 2913): getLevel=1 (SignalStrength: 4 0 -120 -160 -120 -1 -1 99 2147483647 2147483647 2147483647 2147483647 gsm|lte 0x1)
W/SignalStrength( 2374): getDbm 1
W/SignalStrength( 2374): getGsmDbm=-105
W/SignalStrength( 2374): getDbm=-105
W/SignalStrength( 2374): getAsuLevel 1
W/SignalStrength( 2374): getGsmAsuLevel=4
W/SignalStrength( 2374): getAsuLevel=4
D/InputReader( 2374): Input event: value=1
D/lights ( 2374): button : 1 +
D/lights ( 2374): button : 1 -
I/InputDispatcher( 2374): Delivering key to current input target: action: 0x0
I/InputDispatcher( 2374): Delivering key to current input target: action: 0x0
I/InputDispatcher( 2374): Delivering key to current input target: action: 0x0
D/InputReader( 2374): Input event: value=0
I/InputDispatcher( 2374): Delivering key to current input target: action: 0x1
I/InputDispatcher( 2374): Delivering key to current input target: action: 0x1
I/InputDispatcher( 2374): Delivering key to current input target: action: 0x1
I/ClipboardServiceEx( 2374): mCBPickerDialog enter case. MSG_DISMISS_DIALOG
D/InputReader( 2374): Input event: value=1
I/InputDispatcher( 2374): Delivering key to current input target: action: 0x0
I/InputDispatcher( 2374): Delivering key to current input target: action: 0x0
I/InputDispatcher( 2374): Delivering key to current input target: action: 0x0
D/InputReader( 2374): Input event: value=0
I/InputDispatcher( 2374): Delivering key to current input target: action: 0x1
I/InputDispatcher( 2374): Delivering key to current input target: action: 0x1
I/InputDispatcher( 2374): Delivering key to current input target: action: 0x1
I/ClipboardServiceEx( 2374): mCBPickerDialog enter case. MSG_DISMISS_DIALOG
E/Watchdog( 2374): !@Sync 1448
D/InputReader( 2374): Input event: value=1
I/InputDispatcher( 2374): Delivering key to current input target: action: 0x0
I/InputDispatcher( 2374): Delivering key to current input target: action: 0x0
I/InputDispatcher( 2374): Delivering key to current input target: action: 0x0
D/InputReader( 2374): Input event: value=0
I/InputDispatcher( 2374): Delivering key to current input target: action: 0x1
I/InputDispatcher( 2374): Delivering key to current input target: action: 0x1
I/InputDispatcher( 2374): Delivering key to current input target: action: 0x1
I/ClipboardServiceEx( 2374): mCBPickerDialog enter case. MSG_DISMISS_DIALOG
D/InputReader( 2374): Input event: value=1
I/InputDispatcher( 2374): Delivering key to current input target: action: 0x0
I/InputDispatcher( 2374): Delivering key to current input target: action: 0x0
I/InputDispatcher( 2374): Delivering key to current input target: action: 0x0
D/InputReader( 2374): Input event: value=0
I/InputDispatcher( 2374): Delivering key to current input target: action: 0x1
I/InputDispatcher( 2374): Delivering key to current input target: action: 0x1
I/InputDispatcher( 2374): Delivering key to current input target: action: 0x1
I/ClipboardServiceEx( 2374): mCBPickerDialog enter case. MSG_DISMISS_DIALOG
D/InputReader( 2374): Input event: value=1
I/InputDispatcher( 2374): Delivering key to current input target: action: 0x0
I/InputDispatcher( 2374): Delivering key to current input target: action: 0x0
I/InputDispatcher( 2374): Delivering key to current input target: action: 0x0
D/InputReader( 2374): Input event: value=0
I/InputDispatcher( 2374): Delivering key to current input target: action: 0x1
I/InputDispatcher( 2374): Delivering key to current input target: action: 0x1
I/InputDispatcher( 2374): Delivering key to current input target: action: 0x1
I/ClipboardServiceEx( 2374): mCBPickerDialog enter case. MSG_DISMISS_DIALOG
D/AlarmManagerService( 2374): Kernel timezone updated to -120 minutes west of GMT
D/PopupuiReceiver( 5399): onReceive() getAction : android.intent.action.NETWORK_SET_TIMEZONE
D/PopupuiReceiver( 5399): NETWORK_SET_TIME prevMCCvalue : 244
D/PopupuiReceiver( 5399): gsm.operator.numeric : 244
D/PopupuiReceiver( 5399): SAME to prevMCCvalue : mccstrcmp
W/MessageQueue( 4909): Handler (android.telephony.PhoneStateListener$2) {41e04e30} sending message to a Handler on a dead thread
W/MessageQueue( 4909): java.lang.RuntimeException: Handler (android.telephony.PhoneStateListener$2) {41e04e30} sending message to a Handler on a dead thread
W/MessageQueue( 4909): at android.os.MessageQueue.enqueueMessage(MessageQueue.java:294)
W/MessageQueue( 4909): at android.os.Handler.sendMessageAtTime(Handler.java:473)
W/MessageQueue( 4909): at android.os.Handler.sendMessageDelayed(Handler.java:446)
W/MessageQueue( 4909): at android.os.Handler.sendMessage(Handler.java:383)
W/MessageQueue( 4909): at android.os.Message.sendToTarget(Message.java:360)
W/MessageQueue( 4909): at android.telephony.PhoneStateListener$1.onServiceStateChanged(PhoneStateListener.java:327)
W/MessageQueue( 4909): at com.android.internal.telephony.IPhoneStateListener$Stub.onTransact(IPhoneStateListener.java:55)
W/MessageQueue( 4909): at android.os.Binder.execTransact(Binder.java:367)
W/MessageQueue( 4909): at dalvik.system.NativeStart.run(Native Method)
D/ContextualPageReceiver( 3156): mContextualPageReceiver: ACTION_SERVICE_STATE_CHANGED isRoaming : false
I/WifiService( 2374): Booster FLAG : 1
I/WifiService( 2374): mBoosterFLAG : 1
I/WifiService( 2374): current booster mode : FullMode
W/SignalStrength( 2913): getGsmLevel=1
W/SignalStrength( 2913): getLevel=1 (SignalStrength: 4 0 -120 -160 -120 -1 -1 99 2147483647 2147483647 2147483647 2147483647 gsm|lte 0x1)
D/StatusChecker( 3516): onReceive : android.intent.action.SERVICE_STATE
D/StatusChecker( 3516): Service state changed : 0
D/LTE_WIDGET( 3067): TelephonyManager.DATA_CONNECTED:,isConnectedData = true
D/PhoneApp( 3067): mReceiver: ACTION_ANY_DATA_CONNECTION_STATE_CHANGED
D/NotificationMgr( 3067): hideDataDisconnectedRoaming()...
D/AlarmManagerService( 2374): Kernel timezone updated to -120 minutes west of GMT
W/MessageQueue( 4909): Handler (android.telephony.PhoneStateListener$2) {41e04e30} sending message to a Handler on a dead thread
W/MessageQueue( 4909): java.lang.RuntimeException: Handler (android.telephony.PhoneStateListener$2) {41e04e30} sending message to a Handler on a dead thread
W/MessageQueue( 4909): at android.os.MessageQueue.enqueueMessage(MessageQueue.java:294)
W/MessageQueue( 4909): at android.os.Handler.sendMessageAtTime(Handler.java:473)
W/MessageQueue( 4909): at android.os.Handler.sendMessageDelayed(Handler.java:446)
W/MessageQueue( 4909): at android.os.Handler.sendMessage(Handler.java:383)
W/MessageQueue( 4909): at android.os.Message.sendToTarget(Message.java:360)
W/MessageQueue( 4909): at android.telephony.PhoneStateListener$1.onServiceStateChanged(PhoneStateListener.java:327)
W/MessageQueue( 4909): at com.android.internal.telephony.IPhoneStateListener$Stub.onTransact(IPhoneStateListener.java:55)
W/MessageQueue( 4909): at android.os.Binder.execTransact(Binder.java:367)
W/MessageQueue( 4909): at dalvik.system.NativeStart.run(Native Method)
W/SignalStrength( 2913): getGsmLevel=1
W/SignalStrength( 2913): getLevel=1 (SignalStrength: 4 0 -120 -160 -120 -1 -1 99 2147483647 2147483647 2147483647 2147483647 gsm|lte 0x1)
D/PopupuiReceiver( 5399): onReceive() getAction : android.intent.action.NETWORK_SET_TIMEZONE
D/PopupuiReceiver( 5399): NETWORK_SET_TIME prevMCCvalue : 244
D/PopupuiReceiver( 5399): gsm.operator.numeric : 244
D/PopupuiReceiver( 5399): SAME to prevMCCvalue : mccstrcmp
D/ContextualPageReceiver( 3156): mContextualPageReceiver: ACTION_SERVICE_STATE_CHANGED isRoaming : false
D/StatusChecker( 3516): onReceive : android.intent.action.SERVICE_STATE
D/StatusChecker( 3516): Service state changed : 0
D/dalvikvm(15767): GC_CONCURRENT freed 327K, 8% free 13114K/14215K, paused 12ms+3ms, total 29ms
W/Uploader(15767): No account for auth token provided
D/lights ( 2374): button : 2 +
D/lights ( 2374): button : 2 -
D/InputReader( 2374): Input event: value=1
D/RestrictionPolicy( 2374): isHomeKeyEnabled :true
D/InputReader( 2374): Input event: value=0
D/RestrictionPolicy( 2374): isHomeKeyEnabled :true
D/RestrictionPolicy( 2374): isHomeKeyEnabled :true
D/KeyguardViewMediator( 2374): setHidden false
D/dalvikvm( 2913): GC_CONCURRENT freed 5966K, 35% free 23589K/35783K, paused 3ms+3ms, total 23ms
D/dalvikvm( 2913): WAIT_FOR_CONCURRENT_GC blocked 14ms
D/KeyguardViewMediator( 2374): setHidden false
D/dalvikvm( 2374): GC_FOR_ALLOC freed 2625K, 47% free 32174K/59655K, paused 86ms, total 86ms
V/SDL (26317): onPause()
V/SDL (26317): nativePause()
D/WindowManager( 2374): PhoneWindowManager: focusChangedLw
D/SensorManager(26317): unregisterListener:: Listener= org.libsdl.app.SDLSurface@41d5af48
D/Sensors (26317): Remain listener = Sending .. normal delay 200ms
I/Sensors (26317): sendDelay --- 200000000
I/SensorService( 2374): info.selectDelay() ns=200000000
D/iNemoSensor( 2374): setDelay(): handle(0), en(200000000)
I/iNemoSensor( 2374): update_delay wanted_accel = 200000000
D/SensorService( 2374): SensorDevice::setDelay, Return(true 1, false 0) = 1
D/SensorManager(26317): JNI - sendDelay
I/SensorManager(26317): Set normal delay = true
D/SensorService( 2374): SensorDevice::activating sensor handle=0 ns=200000000
D/iNemoSensor( 2374): setDelay(): handle(0), en(200000000)
I/iNemoSensor( 2374): skip update_delay wanted_accel = 200000000 current delay = 200000000
D/KeyguardViewMediator( 2374): setHidden false
V/SDL (26317): onWindowFocusChanged(): false
D/KeyguardViewMediator( 2374): setHidden false
I/Launcher.StuckInEdit( 3156): exitWidgetResizeMode State NORMAL
D/Launcher( 3156): onRestart, Launcher: 1104468464
D/Launcher( 3156): onStart, Launcher: 1104468464
D/Launcher.HomeFragment( 3156): onStart
D/Launcher( 3156): onResume, Launcher: 1104468464
D/AkmSensor( 2374): MeasureSNGLoop: interval.interval = 200000000, doze_max = 196000, prms->enabled = 2
I/FlashBarService( 2991): mPkgManagerReceiver : onReceive
D/dalvikvm( 3156): WAIT_FOR_CONCURRENT_GC blocked 0ms
D/dalvikvm( 3156): GC_EXPLICIT freed 1992K, 36% free 24477K/37831K, paused 2ms+5ms, total 35ms
E/Launcher( 3156): Error finding setting, default accessibility to not found: accessibility_enabled
D/Launcher.HomeFragment( 3156): onResume
D/MenuAppsGridFragment( 3156): onResume
I/SurfaceFlinger( 1959): id=4540(156) createSurf 0x40f5c15c (720x1280),1 flag=0, Mauncher
I/SurfaceFlinger( 1959): SurfaceFlinger : eMagnificationFactorChanged. magnificationFactor=1.0
I/SurfaceFlinger( 1959): SurfaceFlinger : eZoomPositionChanged. zoomX=0.0 zoomY=0.0
D/WindowManager( 2374): PhoneWindowManager: focusChangedLw
D/KeyguardViewMediator( 2374): setHidden false
I/ClipboardServiceEx( 2374): Send intent for dismiss clipboard dialog inside hideCurrentInputLocked() !
D/KeyguardViewMediator( 2374): setHidden false
D/KeyguardViewMediator( 2374): setHidden false
D/KeyguardViewMediator( 2374): setHidden false
D/KeyguardViewMediator( 2374): setHidden false
D/KeyguardViewMediator( 2374): setHidden false
V/SDL (26317): surfaceDestroyed()
W/SurfaceView(26317): CHECK surface infomation creating=false formatChanged=false sizeChanged=false visible=false visibleChanged=true surfaceChanged=true realSizeChanged=false redrawNeeded=false left=false top=false
D/KeyguardViewMediator( 2374): setHidden false
D/KeyguardViewMediator( 2374): setHidden false
D/KeyguardViewMediator( 2374): setHidden false
I/SurfaceFlinger( 1959): id=4538 Removed tecondActiv idx=5 MapSz=4
I/SurfaceFlinger( 1959): id=4538 Removed tecondActiv idx=-2 MapSz=4
I/SurfaceFlinger( 1959): id=4537 Removed TurfaceView idx=4 MapSz=3
D/KeyguardViewMediator( 2374): setHidden false
D/KeyguardViewMediator( 2374): setHidden false
E/DataRouter( 1953): After the usb select
E/DataRouter( 1953): read length is zero
E/DataRouter( 1953): dr_usb_deinit
E/DataRouter( 1953): dr_usb_init
E/DataRouter( 1953): USB Interface is open with 0xa
E/DataRouter( 1953): USB interface is now configured for usb_fd = 0xa
E/DataRouter( 1953): pcsyncreset
D/Kies ( 1954): [DR->KIES]Received data notification
D/Kies ( 1954): dr_process_kies_app(0)
E/DataRouter( 1953): read usb data[len:0]
E/DataRouter( 1953): read usb data message:
E/DataRouter( 1953): Before the usb select
D/connfw ( 1957): [DR->CONNFW]Received data notification
E/DTT ( 1956): [DR->DTT]Received data notification
D/Kies ( 1954): child pid = 26994.
D/Kies (26994): child pid = 0.
D/Kies (26994): execute sh.
D/AndroidRuntime(26997):
D/AndroidRuntime(26997): >>>>>> AndroidRuntime START com.android.internal.os.RuntimeInit <<<<<<
D/AndroidRuntime(26997): CheckJNI is OFF
D/AndroidRuntime(26997): setted country_code = Nordic
D/AndroidRuntime(26997): setted countryiso_code = SE
D/AndroidRuntime(26997): setted sales_code = NEE
D/AndroidRuntime(26997): readGMSProperty: start
D/AndroidRuntime(26997): readGMSProperty: already setted!!
D/AndroidRuntime(26997): readGMSProperty: end
D/AndroidRuntime(26997): addProductProperty: start
D/dalvikvm(26997): Trying to load lib libjavacore.so 0x0
D/dalvikvm(26997): Added shared lib libjavacore.so 0x0
D/dalvikvm(26997): Trying to load lib libnativehelper.so 0x0
D/dalvikvm(26997): Added shared lib libnativehelper.so 0x0
D/dalvikvm(26997): Note: class Landroid/app/ActivityManagerNative; has 153 unimplemented (abstract) methods
D/AndroidRuntime(26997): Calling main entry com.android.commands.am.Am
D/sml (15868): KIES_WSSERVICE_STOP
I/sml (15868): IsRemain_Asyncing nothing
D/AndroidRuntime(26997): Shutting down VM
D/dalvikvm(26997): GC_CONCURRENT freed 101K, 86% free 591K/4096K, paused 0ms+0ms, total 4ms
E/MtpService( 3286): In MTPAPP onReceive:android.intent.action.BATTERY_CHANGED
E/MtpService( 3286): battPlugged Type : 0
E/MtpService( 3286): Plug Type is coming zero so finishing service:
W/MTPRx ( 3286): notification from stack 19
W/MTPRx ( 3286): USB removed
W/MTPRx ( 3286): MTP_RUNNING_STATUS = 1
E/MTPRx ( 3286): In usbRemoved Status bar enabled
D/videowall-TranscodeService(15584): releaseTransThread.
I/KIES_RECEIVE(15925): [APK BnR] Receive KIES_USB_DISCONNECT
E/MTPRx ( 3286): Sending Broadcast
E/MtpService( 3286): onDestroy.
E/MTPJNIInterface( 3286): noti = 3
D/ ( 3286): In Noti-handler, Notify type = [3]
D/ ( 3286): __mtp_handler_eh_notify is called.
D/ ( 3286): __mtp_handler_eh_notify noti type = 3
D/ ( 3286): __mtp_handler_eh_notify: USB plugged out.
D/ ( 3286): [__mtp_handler_eh_notify:538] Notification type is nType 3
D/ ( 3286): mtp_main_cancel_initialization : MTP_SET_CANCELACTION! [TRUE]
D/ ( 3286): [__mtp_handler_eh_notify:546] is_connected = 1 and is_enumeration_finished = 1
D/ ( 3286): [__mtp_handler_eh_notify:587] Enumeration is Complete and hence exiting the Mtp App
D/ ( 3286): in stopMtpApp method
D/ ( 3286): Object ID got is 1467067920
D/ ( 3286): Got Method ID
D/ ( 3286): gbin_sem_mtp semphore destroy successful
D/ ( 3286): [__mtp_handler_eh_notify:622] sending event to event handler thread to close...
D/ ( 3286): mtp_main_send_request_event : action[12], param1[1], param2[0]
D/ ( 3286): mtp_send_event_request is called.
D/ ( 3286): ***** sem_post error code =0
D/ ( 3286): [__mtp_handler_eh_notify:631] starting mtp_deinitialize() ...
D/ ( 3286): Deinitialize MTP Start
D/ ( 3286): cleaning MP3 properties
D/ ( 3286): cleaning WMA properties
D/ ( 3286): cleaning WMV properties
D/ ( 3286): cleaning ALBUM properties
D/ ( 3286): cleaning default properties
D/ ( 3286): Deinitialize MTP End
D/ ( 3286): mtp_uninstall_storage is called
D/ ( 3286): [__mtp_handler_eh_notify:656] Checking for MMC_INSERTED and kill data threads ...
D/ ( 3286): [__mtp_handler_eh_notify:661] calling mtp_g_fs_mtp_init() ...
D/ ( 3286): ************** In mtp_g_fs_mtp_init to kill the threads
D/ ( 3286): [mtp_g_fs_mtp_init] ********* gfs_mode = 0 mtp_clean_usb_driver
D/ ( 3286): [mtp_g_fs_mtp_init] ************ Calling mtp_usb_mtp_finalize fn
D/ ( 3286): ****** [mtp_usb_mtp_finalize] Calling mtp_stop_io
D/ ( 3286): mtp_stop_io going to kill source thread, th_source value = 1
D/WindowManager( 2374): PhoneWindowManager: focusChangedLw
V/MediaPlayer-JNI( 2913): native_setup
V/MediaPlayer( 2913): constructor
V/MediaPlayer( 2913): setListener
V/MediaPlayer-JNI( 2913): setAudioStreamType: 5
V/MediaPlayer( 2913): MediaPlayer::setAudioStreamType
V/MediaPlayer-JNI( 2913): setDataSourceFD: fd 77
V/MediaPlayer( 2913): setDataSource(77, 0, 576460752303423487)
V/MediaPlayerService( 1962): Client(53) constructor
V/MediaPlayerService( 1962): Create new client(53) from pid 2913, uid 1000,
V/MediaPlayerService( 1962): setDataSource fd=67, offset=0, length=576460752303423487
V/MediaPlayerService( 1962): st_dev = 45837
V/MediaPlayerService( 1962): st_mode = 33188
V/MediaPlayerService( 1962): st_uid = 0
V/MediaPlayerService( 1962): st_gid = 0
V/MediaPlayerService( 1962): st_size = 15259
V/MediaPlayerService( 1962): calculated length = 15259
V/MediaPlayerService( 1962): player type = 3
V/MediaPlayerService( 1962): create StagefrightPlayer
V/AwesomePlayer( 1962): setDefault
V/AwesomePlayer( 1962): constructor
V/AwesomePlayer( 1962): setDefault
I/AwesomePlayer( 1962): reset
I/AwesomePlayer( 1962): cancel player events
V/AwesomePlayer( 1962): mAudioTrackVector clear
V/StagefrightPlayer( 1962): StagefrightPlayer
V/AwesomePlayer( 1962): setListener
V/StagefrightPlayer( 1962): initCheck
V/AwesomePlayer( 1962): AwesomePlayer running on behalf of uid 1000
V/AudioSink( 1962): AudioOutput(619)
V/StagefrightPlayer( 1962): setDataSource(67, 0, 15259)
V/AwesomePlayer( 1962): setDataSource (70, 0, 15259)
I/AwesomePlayer( 1962): cancel player events
V/AwesomePlayer( 1962): mAudioTrackVector clear
V/AwesomePlayer( 1962): track of type 'audio/vorbis' does not publish bitrate
V/AwesomePlayer( 1962): mBitrate = -1 bits/sec
W/AwesomePlayer( 1962): couldn't get userdata - Weather
W/AwesomePlayer( 1962): couldn't get userdata - Authorization
W/AwesomePlayer( 1962): couldn't get userdata - SnapShot
V/AwesomePlayer( 1962): current audio track (0)
V/AwesomePlayer( 1962): current audio track (0) is added to vector[0]
V/AwesomePlayer( 1962): setDataSource_l: Audio(1), Video(0)
I/AwesomePlayer( 1962): AwesomePlayer::setDataSource_l():: This is not a DRM content
V/MediaPlayerService( 1962): setDataSource
V/MediaPlayer-JNI( 2913): setLooping: 0
V/MediaPlayer( 2913): MediaPlayer::setLooping
V/MediaPlayerService( 1962): [53] setLooping(0)
V/StagefrightPlayer( 1962): setLooping
V/AwesomePlayer( 1962): setLooping (0)
V/MediaPlayer( 2913): setVideoSurfaceTexture
V/MediaPlayerService( 1962): [53] setVideoSurfaceTexture(0x0)
V/MediaPlayer( 2913): prepare
V/MediaPlayerService( 1962): [53] setAudioStreamType(5)
V/MediaPlayerService( 1962): [53] prepareAsync
V/AwesomePlayer( 1962): prepareAsync
V/AwesomePlayer( 1962): onPrepareAsyncEvent
V/AwesomePlayer( 1962): notifyListner_l() msg (5-MEDIA_SET_VIDEO_SIZE), ext1 (0), ext2 (0)
V/MediaPlayerService( 1962): [53] notify (0x42074808, 5, 0, 0)
V/AwesomePlayer( 1962): notifyListner_l() msg (1-MEDIA_PREPARED), ext1 (0), ext2 (0)
V/MediaPlayerService( 1962): [53] notify (0x42074808, 1, 0, 0)
V/MediaPlayer( 2913): message received msg=5, ext1=0, ext2=0
V/MediaPlayer( 2913): New video size 0 x 0
V/MediaPlayer( 2913): callback application
V/MediaPlayer( 2913): back from callback
V/MediaPlayer( 2913): message received msg=1, ext1=0, ext2=0
V/MediaPlayer( 2913): prepared
V/MediaPlayer( 2913): signal application thread
V/MediaPlayer( 2913): callback application
V/MediaPlayer( 2913): prepare complete - status=0
V/MediaPlayer( 2913): back from callback
I/AudioService( 2374): AudioFocus requestAudioFocus() from 2913 focusChangeHint:3
V/MediaPlayer-JNI( 2913): start
V/MediaPlayer( 2913): start
V/MediaPlayerService( 1962): [53] setLooping(0)
V/StagefrightPlayer( 1962): setLooping
V/AwesomePlayer( 1962): setLooping (0)
V/MediaPlayerService( 1962): [53] setVolume(1.000000, 1.000000)
V/AudioSink( 1962): setVolume(1.000000, 1.000000)
V/MediaPlayerService( 1962): [53] setAuxEffectSendLevel(0.000000)
V/AudioSink( 1962): setAuxEffectSendLevel(0.000000)
V/MediaPlayerService( 1962): [53] start
V/StagefrightPlayer( 1962): setLooping
V/AwesomePlayer( 1962): setLooping (0)
V/StagefrightPlayer( 1962): start
V/AwesomePlayer( 1962): play
V/AwesomePlayer( 1962): AwesomePlayer::play_l():: This is not a DRM content
I/AudioPlayer( 1962): Audioplayer kKeyAudioPCMFormat:1, 1, 0
I/AudioPlayer( 1962): Audioplayer1 (1, 1)
V/AudioSink( 1962): open(22050, 1, 0x0, 1, 4, 619)
E/AudioPolicyService( 1962): getOutput() tid 2327 ++
E/AudioPolicyService( 1962): getOutput() tid 2327 --
V/AudioPolicyManagerBase( 1962): getOutput() stream 5, samplingRate 0, format 0, channelMask 3, flags 0
V/AudioPolicyManagerBase( 1962): getOutputsForDevice device 0002 -> 0002
V/AudioPolicyManagerBase( 1962): getOutput() returns output 2
E/AudioPolicyService( 1962): getOutput() tid 2327 ++
E/AudioPolicyService( 1962): getOutput() tid 2327 --
V/AudioPolicyManagerBase( 1962): getOutput() stream 5, samplingRate 0, format 0, channelMask 3, flags 0
V/AudioPolicyManagerBase( 1962): getOutputsForDevice device 0002 -> 0002
V/AudioPolicyManagerBase( 1962): getOutput() returns output 2
E/AudioPolicyService( 1962): getOutput() tid 2327 ++
E/AudioPolicyService( 1962): getOutput() tid 2327 --
V/AudioPolicyManagerBase( 1962): getOutput() stream 5, samplingRate 22050, format 1, channelMask 1, flags 0
V/AudioPolicyManagerBase( 1962): getOutputsForDevice device 0002 -> 0002
V/AudioPolicyManagerBase( 1962): getOutput() returns output 2
V/AudioSink( 1962): setVolume
E/AudioPolicyService( 1962): getOutput() tid 2327 ++
E/AudioPolicyService( 1962): getOutput() tid 2327 --
V/AudioPolicyManagerBase( 1962): getOutput() stream 5, samplingRate 0, format 0, channelMask 3, flags 0
V/AudioPolicyManagerBase( 1962): getOutputsForDevice device 0002 -> 0002
V/AudioPolicyManagerBase( 1962): getOutput() returns output 2
V/AudioSink( 1962): start
V/LvOutput( 1962): initCheck: 0
V/LvOutput( 1962): attachEffects: attach processing to output 2, stream 5, session 619, mode 0
V/LvOutput( 1962): attachEffects: no output processing needs to be attached to this stream
V/LvOutput( 1962): LvOutput::setAllProcessorEnabled(false) mOutputs.size(2)
V/AudioPolicyManagerBase( 1962): startOutput() output 2, stream 5, session 619
V/AudioPolicyManagerBase( 1962): changeRefCount() stream 5, count 1
E/AudioPolicyManagerBase( 1962): unknown stream type
E/AudioPolicyManagerBase( 1962): unknown stream type
E/AudioPolicyManagerBase( 1962): unknown stream type
V/AudioPolicyManagerBase( 1962): getNewDevice() selected device 2
V/AudioPolicyManagerBase( 1962): setOutputDevice() output 2 device 0002 force 0 delayMs 0
V/AudioPolicyManagerBase( 1962): setOutputDevice() prevDevice 0002
V/AudioPolicyManagerBase( 1962): setOutputDevice() setting same device 0002 or null device for output 2
V/MediaPlayer-JNI( 2913): release
V/MediaPlayer( 2913): setListener
V/MediaPlayer( 2913): disconnect
V/MediaPlayerService( 1962): disconnect(52) from pid 2913
V/StagefrightPlayer( 1962): reset
I/AwesomePlayer( 1962): reset
I/AwesomePlayer( 1962): cancel player events
V/AwesomePlayer( 1962): mAudioTrackVector clear
V/AudioSink( 1962): stop
I/AudioSink( 1962): +++ close
V/AudioPolicyManagerBase( 1962): releaseOutput() 2
I/AudioSink( 1962): --- close
I/OMXCodec( 1962): [OMX.google.vorbis.decoder] stop() sendCommand(0x1fd, OMX_CommandStateSet, OMX_StateIdle)
I/OMXCodec( 1962): [OMX.google.vorbis.decoder] stopped in state 1
V/StagefrightPlayer( 1962): ~StagefrightPlayer
V/StagefrightPlayer( 1962): reset
I/AwesomePlayer( 1962): reset
I/AwesomePlayer( 1962): cancel player events
V/AwesomePlayer( 1962): mAudioTrackVector clear
I/AwesomePlayer( 1962): reset
I/AwesomePlayer( 1962): cancel player events
V/AwesomePlayer( 1962): mAudioTrackVector clear
V/AwesomePlayer( 1962): ~AwesomePlayer()
V/MediaPlayer( 2913): destructor
V/MediaPlayerService( 1962): Client(52) destructor pid = 2913
V/MediaPlayer( 2913): disconnect
I/AudioSink( 1962): +++ close
I/AudioSink( 1962): --- close
V/MediaPlayerService( 1962): disconnect(52) from pid 2913
I/MediaPlayer( 2913): Don't send intent. msg.arg1 = 0, msg.arg2 = 0
I/SurfaceFlinger( 1959): id=4541(19) createSurf 0x428f795c (1x1),1 flag=0,
I/SurfaceFlinger( 1959): SurfaceFlinger : eMagnificationFactorChanged. magnificationFactor=1.0
I/SurfaceFlinger( 1959): SurfaceFlinger : eZoomPositionChanged. zoomX=0.0 zoomY=0.0
D/KeyguardViewMediator( 2374): setHidden false
I/AudioMixer( 1962): setParameter(TRACK, FORMAT, 0x1)
E/AudioMixer( 1962): MOON > checkSEC_PCM ++ 1
I/AudioMixer( 1962): AudioMixer::track_t::setResampler channelCount 1
E/AudioMixer( 1962): MOON > checkSEC_PCM ++ 1
I/AudioResampler( 1962): AudioResampler::AudioResampler() 1 bits, 1 channels
E/AudioResampler( 1962): Unsupported sample format, 1 bits, 1 channels
I/AudioResampler( 1962): new MM resampler(22050 -> 44100, 1)
I/AudioHardwareTinyALSA( 1962): AudioStreamOutALSA::write setDevice
D/AudioHardwareTinyALSA( 1962): OutALSA::setDevice: mode = 0, newDevice=0x2, currentDevice=0x2 ,force= 0
D/AudioHardwareTinyALSA( 1962): OutALSA::setDevice: mDevice 0x2, newDevice = 0x2
D/AudioHardwareTinyALSA( 1962): setOutputVolume
D/TinyUCM ( 1962): setModifier Normal, en=1
I/AudioHardwareTinyALSA( 1962): OutALSA::setDevice: mHandle NULL mode[0], Device[00000002]
I/AudioHardwareTinyALSA( 1962): Open: mDefaults->direction=0 device=0
D/AudioHardwareTinyALSA( 1962): Channel: 2, Samplerate: 44100, Format: 0, Peroid Size: 1024, Period Count: 4
D/AudioHardwareTinyALSA( 1962): setPcmInterface: Stream=0x1, iSamplerate=16000++
D/AudioHardwareTinyALSA( 1962): setPcmInterface--
D/KeyguardViewMediator( 2374): setHidden false
D/InputReader( 2374): Input event: value=1
D/RestrictionPolicy( 2374): isHomeKeyEnabled :true
D/Kies ( 1954): sending intent finished.
D/Kies ( 1954): KIES_WSSERVICE_STOP sending intent result = 1.
D/Kies ( 1954): child pid = 27037.
D/Kies (27037): child pid = 0.
D/Kies (27037): execute sh.
D/RestrictionPolicy( 2374): isHomeKeyEnabled :true
I/InputDispatcher( 2374): Delivering key to current input target: action: 0x0
I/InputDispatcher( 2374): Delivering key to current input target: action: 0x0
I/InputDispatcher( 2374): Delivering key to current input target: action: 0x0
D/KeyguardViewMediator( 2374): setHidden false
D/KeyguardViewMediator( 2374): setHidden false
D/AndroidRuntime(27038):
D/AndroidRuntime(27038): >>>>>> AndroidRuntime START com.android.internal.os.RuntimeInit <<<<<<
D/AndroidRuntime(27038): CheckJNI is OFF
D/AndroidRuntime(27038): setted country_code = Nordic
D/AndroidRuntime(27038): setted countryiso_code = SE
D/AndroidRuntime(27038): setted sales_code = NEE
D/AndroidRuntime(27038): readGMSProperty: start
D/AndroidRuntime(27038): readGMSProperty: already setted!!
D/AndroidRuntime(27038): readGMSProperty: end
D/AndroidRuntime(27038): addProductProperty: start
D/dalvikvm(27038): Trying to load lib libjavacore.so 0x0
D/dalvikvm(27038): Added shared lib libjavacore.so 0x0
D/dalvikvm(27038): Trying to load lib libnativehelper.so 0x0
D/dalvikvm(27038): Added shared lib libnativehelper.so 0x0
D/dalvikvm(27038): Note: class Landroid/app/ActivityManagerNative; has 153 unimplemented (abstract) methods
D/KeyguardViewMediator( 2374): setHidden false
D/AndroidRuntime(27038): Calling main entry com.android.commands.am.Am
D/RestrictionPolicy( 2374): isHomeKeyEnabled :true
I/InputDispatcher( 2374): Delivering key to current input target: action: 0x0
I/InputDispatcher( 2374): Delivering key to current input target: action: 0x0
I/InputDispatcher( 2374): Delivering key to current input target: action: 0x0
D/RestrictionPolicy( 2374): isHomeKeyEnabled :true
I/InputDispatcher( 2374): Delivering key to current input target: action: 0x0
I/InputDispatcher( 2374): Delivering key to current input target: action: 0x0
I/InputDispatcher( 2374): Delivering key to current input target: action: 0x0
D/dalvikvm(11361): GC_CONCURRENT freed 1572K, 13% free 15855K/18119K, paused 12ms+2ms, total 40ms
D/dalvikvm(11361): WAIT_FOR_CONCURRENT_GC blocked 16ms
D/RestrictionPolicy( 2374): isHomeKeyEnabled :true
I/InputDispatcher( 2374): Delivering key to current input target: action: 0x0
I/InputDispatcher( 2374): Delivering key to current input target: action: 0x0
I/InputDispatcher( 2374): Delivering key to current input target: action: 0x0
D/RestrictionPolicy( 2374): isHomeKeyEnabled :true
I/InputDispatcher( 2374): Delivering key to current input target: action: 0x0
I/InputDispatcher( 2374): Delivering key to current input target: action: 0x0
I/InputDispatcher( 2374): Delivering key to current input target: action: 0x0
D/Finsky (11361): [1] 5.onFinished: Installation state replication succeeded.
D/RestrictionPolicy( 2374): isHomeKeyEnabled :true
I/InputDispatcher( 2374): Delivering key to current input target: action: 0x0
I/InputDispatcher( 2374): Delivering key to current input target: action: 0x0
I/InputDispatcher( 2374): Delivering key to current input target: action: 0x0
E/OMXCodec( 1962): [OMX.google.vorbis.decoder] err = -1011
D/RestrictionPolicy( 2374): isHomeKeyEnabled :true
I/InputDispatcher( 2374): Delivering key to current input target: action: 0x0
I/InputDispatcher( 2374): Delivering key to current input target: action: 0x0
I/InputDispatcher( 2374): Delivering key to current input target: action: 0x0
